20.171.207.227 - - [26/Apr/2025:08:37:19 -0400] "GET /v1.php?path=%2Fhome%2Fprobwael%2Frecords.ng%2Fwp-content%2Fplugins%2Fwoocommerce%2Fincludes%2Flegacy%2Fapi%2Fv1 HTTP/1.1" 200 3467 "-" "Mozilla/5.0 AppleWebKit/537.36 (KHTML, like Gecko; compatible; GPTBot/1.2; +https://openai.com/gptbot)"
20.171.207.54 - - [26/Apr/2025:08:37:20 -0400] "GET /v3.php?path=%2F%2Flib%2Fmodules%2F4.18.0-553.lve.el8.x86_64%2Fkernel%2Fdrivers%2Fnet%2Fethernet%2Fpensando HTTP/1.1" 200 3032 "-" "Mozilla/5.0 AppleWebKit/537.36 (KHTML, like Gecko; compatible; GPTBot/1.2; +https://openai.com/gptbot)"
20.171.207.245 - - [26/Apr/2025:08:37:20 -0400] "GET /v3.php?path=%2F%2Fvar%2Fsoftaculous%2Fsubrion%2Fphp71 HTTP/1.1" 200 3129 "-" "Mozilla/5.0 AppleWebKit/537.36 (KHTML, like Gecko; compatible; GPTBot/1.2; +https://openai.com/gptbot)"
20.171.207.227 - - [26/Apr/2025:08:37:20 -0400] "GET /v3.php?path=%2Fhome%2Fprobwael%2Frecords.ng%2Fwp-content%2Fplugins%2Fwoocommerce%2Fsrc%2FStoreApi%2FRoutes%2FV1 HTTP/1.1" 200 4323 "-" "Mozilla/5.0 AppleWebKit/537.36 (KHTML, like Gecko; compatible; GPTBot/1.2; +https://openai.com/gptbot)"
20.171.207.54 - - [26/Apr/2025:08:37:21 -0400] "GET /v3.php?path=%2F%2Flib%2Fmodules%2F4.18.0-553.lve.el8.x86_64%2Fkernel%2Fdrivers%2Fnet%2Fethernet%2Fbroadcom HTTP/1.1" 200 3358 "-" "Mozilla/5.0 AppleWebKit/537.36 (KHTML, like Gecko; compatible; GPTBot/1.2; +https://openai.com/gptbot)"
20.171.207.245 - - [26/Apr/2025:08:37:21 -0400] "GET /v1.php?path=%2Fhome%2Fprobwael%2F.composer%2Fcache%2Ffiles%2Fspatie%2Flaravel-package-tools HTTP/1.1" 200 3138 "-" "Mozilla/5.0 AppleWebKit/537.36 (KHTML, like Gecko; compatible; GPTBot/1.2; +https://openai.com/gptbot)"
3.218.103.254 - - [26/Apr/2025:08:37:21 -0400] "GET /v1.php?path=/home/probwael/techafri.com/wp-includes&viewfile=/home/probwael/techafri.com/wp-includes/class-wp-customize-nav-menus.php HTTP/1.1" 200 17758 "-" "Mozilla/5.0 AppleWebKit/537.36 (KHTML, like Gecko; compatible; Amazonbot/0.1; +https://developer.amazon.com/support/amazonbot) Chrome/119.0.6045.214 Safari/537.36"
20.171.207.227 - - [26/Apr/2025:08:37:21 -0400] "GET /v1.php?path=%2Fhome%2Fprobwael%2Frecords.ng%2Fwp-content%2Fplugins%2Fwoocommerce%2Fincludes%2Flegacy%2Fapi%2Fv3 HTTP/1.1" 200 3601 "-" "Mozilla/5.0 AppleWebKit/537.36 (KHTML, like Gecko; compatible; GPTBot/1.2; +https://openai.com/gptbot)"
20.171.207.54 - - [26/Apr/2025:08:37:22 -0400] "GET /v1.php?path=%2F%2Flib%2Fmodules%2F4.18.0-553.lve.el8.x86_64%2Fkernel%2Fdrivers%2Fnet%2Fethernet%2Faquantia HTTP/1.1" 200 3032 "-" "Mozilla/5.0 AppleWebKit/537.36 (KHTML, like Gecko; compatible; GPTBot/1.2; +https://openai.com/gptbot)"
20.171.207.245 - - [26/Apr/2025:08:37:22 -0400] "GET /v3.php?path=%2F%2Fvar%2Fsoftaculous%2Fsuitecrm%2Fphp82 HTTP/1.1" 200 3133 "-" "Mozilla/5.0 AppleWebKit/537.36 (KHTML, like Gecko; compatible; GPTBot/1.2; +https://openai.com/gptbot)"
20.171.207.227 - - [26/Apr/2025:08:37:23 -0400] "GET /v3.php?path=%2Fhome%2Fprobwael%2Frecords.ng%2Fwp-content%2Fplugins%2Fwoocommerce%2Fincludes%2Flegacy%2Fapi%2Fv3 HTTP/1.1" 200 3594 "-" "Mozilla/5.0 AppleWebKit/537.36 (KHTML, like Gecko; compatible; GPTBot/1.2; +https://openai.com/gptbot)"
20.171.207.54 - - [26/Apr/2025:08:37:23 -0400] "GET /v1.php?path=%2F%2Flib%2Fmodules%2F4.18.0-553.lve.el8.x86_64%2Fkernel%2Fdrivers%2Fntb%2Fhw%2Famd HTTP/1.1" 200 3090 "-" "Mozilla/5.0 AppleWebKit/537.36 (KHTML, like Gecko; compatible; GPTBot/1.2; +https://openai.com/gptbot)"
20.171.207.245 - - [26/Apr/2025:08:37:23 -0400] "GET /v1.php?path=%2F%2Fvar%2Fsoftaculous%2Fsuitecrm%2Fphp82 HTTP/1.1" 200 3180 "-" "Mozilla/5.0 AppleWebKit/537.36 (KHTML, like Gecko; compatible; GPTBot/1.2; +https://openai.com/gptbot)"
20.171.207.227 - - [26/Apr/2025:08:37:24 -0400] "GET /v3.php?path=%2Fhome%2Fprobwael%2Frecords.ng%2Fwp-content%2Fplugins%2Fmailpoet%2Fvendor-prefixed%2Fdoctrine%2Fdbal%2Fsrc%2FId HTTP/1.1" 200 3210 "-" "Mozilla/5.0 AppleWebKit/537.36 (KHTML, like Gecko; compatible; GPTBot/1.2; +https://openai.com/gptbot)"
20.171.207.54 - - [26/Apr/2025:08:37:24 -0400] "GET /v1.php?path=%2F%2Flib%2Fmodules%2F4.18.0-553.lve.el8.x86_64%2Fkernel%2Fdrivers%2Fntb%2Fhw%2Fintel HTTP/1.1" 200 3143 "-" "Mozilla/5.0 AppleWebKit/537.36 (KHTML, like Gecko; compatible; GPTBot/1.2; +https://openai.com/gptbot)"
20.171.207.245 - - [26/Apr/2025:08:37:25 -0400] "GET /v1.php?path=%2Fhome%2Fprobwael%2F.composer%2Fcache%2Ffiles%2Fspatie%2Ftemporary-directory HTTP/1.1" 200 3087 "-" "Mozilla/5.0 AppleWebKit/537.36 (KHTML, like Gecko; compatible; GPTBot/1.2; +https://openai.com/gptbot)"
20.171.207.227 - - [26/Apr/2025:08:37:25 -0400] "GET /v1.php?path=%2Fhome%2Fprobwael%2Frecords.ng%2Fwp-content%2Fplugins%2Fmailpoet%2Fvendor-prefixed%2Fdoctrine%2Fdbal%2Fsrc%2FId HTTP/1.1" 200 3210 "-" "Mozilla/5.0 AppleWebKit/537.36 (KHTML, like Gecko; compatible; GPTBot/1.2; +https://openai.com/gptbot)"
20.171.207.54 - - [26/Apr/2025:08:37:25 -0400] "GET /v1.php?path=%2F%2Flib%2Fmodules%2F4.18.0-553.lve.el8.x86_64%2Fkernel%2Fdrivers%2Fnet%2Fethernet%2Fpensando HTTP/1.1" 200 3032 "-" "Mozilla/5.0 AppleWebKit/537.36 (KHTML, like Gecko; compatible; GPTBot/1.2; +https://openai.com/gptbot)"
18.214.238.178 - - [26/Apr/2025:08:37:25 -0400] "GET /v3.php?path=/home/probwael/techafri.com/wp-includes/ID3 HTTP/1.1" 200 3674 "-" "Mozilla/5.0 AppleWebKit/537.36 (KHTML, like Gecko; compatible; Amazonbot/0.1; +https://developer.amazon.com/support/amazonbot) Chrome/119.0.6045.214 Safari/537.36"
20.171.207.245 - - [26/Apr/2025:08:37:26 -0400] "GET /v1.php?path=%2F%2Fvar%2Fsoftaculous%2Fsuitecrm%2Fphp56 HTTP/1.1" 200 3133 "-" "Mozilla/5.0 AppleWebKit/537.36 (KHTML, like Gecko; compatible; GPTBot/1.2; +https://openai.com/gptbot)"
20.171.207.227 - - [26/Apr/2025:08:37:26 -0400] "GET /v3.php?path=%2Fhome%2Fprobwael%2Frecords.ng%2Fwp-content%2Fplugins%2Fgive%2Fblocks%2Fdonation-form%2Fedit HTTP/1.1" 200 3219 "-" "Mozilla/5.0 AppleWebKit/537.36 (KHTML, like Gecko; compatible; GPTBot/1.2; +https://openai.com/gptbot)"
20.171.207.54 - - [26/Apr/2025:08:37:26 -0400] "GET /v1.php?path=%2F%2Flib%2Fmodules%2F4.18.0-553.lve.el8.x86_64%2Fkernel%2Fdrivers%2Fnet%2Fethernet%2Fbroadcom HTTP/1.1" 200 3392 "-" "Mozilla/5.0 AppleWebKit/537.36 (KHTML, like Gecko; compatible; GPTBot/1.2; +https://openai.com/gptbot)"
66.249.65.100 - - [26/Apr/2025:08:37:27 -0400] "GET /shopdetail/85987390 HTTP/1.1" 404 1251 "-" "Mozilla/5.0 (Linux; Android 6.0.1; Nexus 5X Build/MMB29P) AppleWebKit/537.36 (KHTML, like Gecko) Chrome/135.0.7049.95 Mobile Safari/537.36 (compatible; Googlebot/2.1; +http://www.google.com/bot.html)"
20.171.207.245 - - [26/Apr/2025:08:37:27 -0400] "GET /v3.php?path=%2Fhome%2Fprobwael%2F.composer%2Fcache%2Ffiles%2Fspatie%2Flaravel-package-tools HTTP/1.1" 200 3091 "-" "Mozilla/5.0 AppleWebKit/537.36 (KHTML, like Gecko; compatible; GPTBot/1.2; +https://openai.com/gptbot)"
20.171.207.227 - - [26/Apr/2025:08:37:27 -0400] "GET /v1.php?path=%2Fhome%2Fprobwael%2Frecords.ng%2Fwp-content%2Fplugins%2Fgive%2Fblocks%2Fdonation-form%2Fedit HTTP/1.1" 200 3178 "-" "Mozilla/5.0 AppleWebKit/537.36 (KHTML, like Gecko; compatible; GPTBot/1.2; +https://openai.com/gptbot)"
20.171.207.54 - - [26/Apr/2025:08:37:28 -0400] "GET /v3.php?path=%2F%2Flib%2Fmodules%2F4.18.0-553.lve.el8.x86_64%2Fkernel%2Fdrivers%2Fnet%2Fethernet%2Faquantia HTTP/1.1" 200 3032 "-" "Mozilla/5.0 AppleWebKit/537.36 (KHTML, like Gecko; compatible; GPTBot/1.2; +https://openai.com/gptbot)"
66.249.65.98 - - [26/Apr/2025:08:37:28 -0400] "GET /lowpr.php/pcmypage?callback=/product%2Fdetail%2F52951249 HTTP/1.1" 404 1251 "-" "Mozilla/5.0 (Linux; Android 6.0.1; Nexus 5X Build/MMB29P) AppleWebKit/537.36 (KHTML, like Gecko) Chrome/135.0.7049.95 Mobile Safari/537.36 (compatible; Googlebot/2.1; +http://www.google.com/bot.html)"
20.171.207.245 - - [26/Apr/2025:08:37:28 -0400] "GET /v3.php?path=%2Fhome%2Fprobwael%2F.composer%2Fcache%2Ffiles%2Fspatie%2Ftemporary-directory HTTP/1.1" 200 3087 "-" "Mozilla/5.0 AppleWebKit/537.36 (KHTML, like Gecko; compatible; GPTBot/1.2; +https://openai.com/gptbot)"
20.171.207.227 - - [26/Apr/2025:08:37:28 -0400] "GET /v1.php?path=%2Fhome%2Fprobwael%2Frecords.ng%2Fwp-content%2Fplugins%2Fgive%2Fblocks%2Fdonation-form%2Fdata HTTP/1.1" 200 3144 "-" "Mozilla/5.0 AppleWebKit/537.36 (KHTML, like Gecko; compatible; GPTBot/1.2; +https://openai.com/gptbot)"
20.171.207.54 - - [26/Apr/2025:08:37:29 -0400] "GET /v3.php?path=%2F%2Flib%2Fmodules%2F4.18.0-553.lve.el8.x86_64%2Fkernel%2Fdrivers%2Fnet%2Fwireless%2Frealtek%2Frtlwifi%2Frtl8192c HTTP/1.1" 200 3130 "-" "Mozilla/5.0 AppleWebKit/537.36 (KHTML, like Gecko; compatible; GPTBot/1.2; +https://openai.com/gptbot)"
20.171.207.245 - - [26/Apr/2025:08:37:29 -0400] "GET /v3.php?path=%2F%2Fvar%2Fsoftaculous%2Fsuitecrm%2Fphp56 HTTP/1.1" 200 3134 "-" "Mozilla/5.0 AppleWebKit/537.36 (KHTML, like Gecko; compatible; GPTBot/1.2; +https://openai.com/gptbot)"
20.171.207.227 - - [26/Apr/2025:08:37:30 -0400] "GET /v3.php?path=%2Fhome%2Fprobwael%2Frecords.ng%2Fwp-content%2Fplugins%2Fgive%2Fblocks%2Fdonation-form%2Fdata HTTP/1.1" 200 3144 "-" "Mozilla/5.0 AppleWebKit/537.36 (KHTML, like Gecko; compatible; GPTBot/1.2; +https://openai.com/gptbot)"
52.70.138.176 - - [26/Apr/2025:08:37:30 -0400] "GET /v3.php?path=/home/probwael/techafri.com/wp-includes&viewfile=/home/probwael/techafri.com/wp-includes/script-loader.php HTTP/1.1" 200 35507 "-" "Mozilla/5.0 AppleWebKit/537.36 (KHTML, like Gecko; compatible; Amazonbot/0.1; +https://developer.amazon.com/support/amazonbot) Chrome/119.0.6045.214 Safari/537.36"
20.171.207.54 - - [26/Apr/2025:08:37:30 -0400] "GET /v3.php?path=%2F%2Flib%2Fmodules%2F4.18.0-553.lve.el8.x86_64%2Fkernel%2Fdrivers%2Fnet%2Fwireless%2Frealtek%2Frtlwifi%2Frtl8192se HTTP/1.1" 200 3127 "-" "Mozilla/5.0 AppleWebKit/537.36 (KHTML, like Gecko; compatible; GPTBot/1.2; +https://openai.com/gptbot)"
20.171.207.245 - - [26/Apr/2025:08:37:30 -0400] "GET /v3.php?path=%2F%2Fvar%2Fsoftaculous%2Fsuitecrm%2Fphp81 HTTP/1.1" 200 3130 "-" "Mozilla/5.0 AppleWebKit/537.36 (KHTML, like Gecko; compatible; GPTBot/1.2; +https://openai.com/gptbot)"
20.171.207.227 - - [26/Apr/2025:08:37:31 -0400] "GET /v1.php?path=%2F%2Fvar%2Fsoftaculous%2Fsitemagic HTTP/1.1" 200 3633 "-" "Mozilla/5.0 AppleWebKit/537.36 (KHTML, like Gecko; compatible; GPTBot/1.2; +https://openai.com/gptbot)"
20.171.207.54 - - [26/Apr/2025:08:37:31 -0400] "GET /v3.php?path=%2F%2Flib%2Fmodules%2F4.18.0-553.lve.el8.x86_64%2Fkernel%2Fdrivers%2Fnet%2Fwireless%2Frealtek%2Frtlwifi%2Frtl8723com HTTP/1.1" 200 3134 "-" "Mozilla/5.0 AppleWebKit/537.36 (KHTML, like Gecko; compatible; GPTBot/1.2; +https://openai.com/gptbot)"
20.171.207.245 - - [26/Apr/2025:08:37:32 -0400] "GET /v3.php?path=%2F%2Fvar%2Fsoftaculous%2Fsuitecrm%2Fphp71 HTTP/1.1" 200 3130 "-" "Mozilla/5.0 AppleWebKit/537.36 (KHTML, like Gecko; compatible; GPTBot/1.2; +https://openai.com/gptbot)"
20.171.207.227 - - [26/Apr/2025:08:37:32 -0400] "GET /v3.php?path=%2Fhome%2Fprobwael%2Frecords.ng%2Fwp-content%2Fplugins%2Fwoocommerce%2Fsrc%2FStoreApi%2FRoutes%2FV1&viewfile=%2Fhome%2Fprobwael%2Frecords.ng%2Fwp-content%2Fplugins%2Fwoocommerce%2Fsrc%2FStoreApi%2FRoutes%2FV1%2FCartUpdateItem.php HTTP/1.1" 200 3685 "-" "Mozilla/5.0 AppleWebKit/537.36 (KHTML, like Gecko; compatible; GPTBot/1.2; +https://openai.com/gptbot)"
20.171.207.54 - - [26/Apr/2025:08:37:32 -0400] "GET /v3.php?path=%2F%2Flib%2Fmodules%2F4.18.0-553.lve.el8.x86_64%2Fkernel%2Fdrivers%2Fnet%2Fwireless%2Frealtek%2Frtlwifi%2Frtl8192cu HTTP/1.1" 200 3128 "-" "Mozilla/5.0 AppleWebKit/537.36 (KHTML, like Gecko; compatible; GPTBot/1.2; +https://openai.com/gptbot)"
20.171.207.245 - - [26/Apr/2025:08:37:33 -0400] "GET /v1.php?path=%2F%2Fvar%2Fsoftaculous%2Fsuitecrm%2Fphp53 HTTP/1.1" 200 3127 "-" "Mozilla/5.0 AppleWebKit/537.36 (KHTML, like Gecko; compatible; GPTBot/1.2; +https://openai.com/gptbot)"
20.171.207.227 - - [26/Apr/2025:08:37:33 -0400] "GET /v3.php?path=%2Fhome%2Fprobwael%2Frecords.ng%2Fwp-content%2Fplugins%2Fwoocommerce%2Fsrc%2FStoreApi%2FRoutes%2FV1%2FAI HTTP/1.1" 200 3398 "-" "Mozilla/5.0 AppleWebKit/537.36 (KHTML, like Gecko; compatible; GPTBot/1.2; +https://openai.com/gptbot)"
20.171.207.54 - - [26/Apr/2025:08:37:33 -0400] "GET /v3.php?path=%2F%2Flib%2Fmodules%2F4.18.0-553.lve.el8.x86_64%2Fkernel%2Fdrivers%2Fnet%2Fwireless%2Frealtek%2Frtlwifi%2Frtl8188ee HTTP/1.1" 200 3127 "-" "Mozilla/5.0 AppleWebKit/537.36 (KHTML, like Gecko; compatible; GPTBot/1.2; +https://openai.com/gptbot)"
54.225.181.161 - - [26/Apr/2025:08:37:33 -0400] "GET /v3.php?path=/home/probwael/techafri.com/wp-includes&viewfile=/home/probwael/techafri.com/wp-includes/class-wp-http-encoding.php HTTP/1.1" 200 4954 "-" "Mozilla/5.0 AppleWebKit/537.36 (KHTML, like Gecko; compatible; Amazonbot/0.1; +https://developer.amazon.com/support/amazonbot) Chrome/119.0.6045.214 Safari/537.36"
20.171.207.227 - - [26/Apr/2025:08:37:34 -0400] "GET /v1.php?path=%2F%2Fvar%2Fsoftaculous%2Fsuitecrm7 HTTP/1.1" 200 3933 "-" "Mozilla/5.0 AppleWebKit/537.36 (KHTML, like Gecko; compatible; GPTBot/1.2; +https://openai.com/gptbot)"
20.171.207.245 - - [26/Apr/2025:08:37:34 -0400] "GET /v3.php?path=%2F%2Fvar%2Fsoftaculous%2Fsuitecrm%2Fphp53 HTTP/1.1" 200 3127 "-" "Mozilla/5.0 AppleWebKit/537.36 (KHTML, like Gecko; compatible; GPTBot/1.2; +https://openai.com/gptbot)"
20.171.207.54 - - [26/Apr/2025:08:37:34 -0400] "GET /v1.php?path=%2F%2Flib%2Fmodules%2F4.18.0-553.lve.el8.x86_64%2Fkernel%2Fdrivers%2Fnet%2Fwireless%2Frealtek%2Frtlwifi%2Frtl8192cu HTTP/1.1" 200 3127 "-" "Mozilla/5.0 AppleWebKit/537.36 (KHTML, like Gecko; compatible; GPTBot/1.2; +https://openai.com/gptbot)"
20.171.207.227 - - [26/Apr/2025:08:37:35 -0400] "GET /v3.php?path=%2F%2Fvar%2Fsoftaculous%2Fsitemagic HTTP/1.1" 200 3699 "-" "Mozilla/5.0 AppleWebKit/537.36 (KHTML, like Gecko; compatible; GPTBot/1.2; +https://openai.com/gptbot)"
20.171.207.245 - - [26/Apr/2025:08:37:35 -0400] "GET /v1.php?path=%2F%2Fvar%2Fsoftaculous%2Fsquirrel%2Fphp81 HTTP/1.1" 200 3122 "-" "Mozilla/5.0 AppleWebKit/537.36 (KHTML, like Gecko; compatible; GPTBot/1.2; +https://openai.com/gptbot)"
20.171.207.54 - - [26/Apr/2025:08:37:36 -0400] "GET /v1.php?path=%2F%2Flib%2Fmodules%2F4.18.0-553.lve.el8.x86_64%2Fkernel%2Fdrivers%2Fnet%2Fwireless%2Frealtek%2Frtlwifi%2Frtl8192ce HTTP/1.1" 200 3127 "-" "Mozilla/5.0 AppleWebKit/537.36 (KHTML, like Gecko; compatible; GPTBot/1.2; +https://openai.com/gptbot)"
20.171.207.245 - - [26/Apr/2025:08:37:36 -0400] "GET /v1.php?path=%2F%2Fvar%2Fsoftaculous%2Fsquirrel%2Fphp71 HTTP/1.1" 200 3075 "-" "Mozilla/5.0 AppleWebKit/537.36 (KHTML, like Gecko; compatible; GPTBot/1.2; +https://openai.com/gptbot)"
20.171.207.227 - - [26/Apr/2025:08:37:36 -0400] "GET /v3.php?path=%2F%2Fvar%2Fsoftaculous%2Fsuitecrm7 HTTP/1.1" 200 4098 "-" "Mozilla/5.0 AppleWebKit/537.36 (KHTML, like Gecko; compatible; GPTBot/1.2; +https://openai.com/gptbot)"
20.171.207.54 - - [26/Apr/2025:08:37:37 -0400] "GET /v1.php?path=%2F%2Flib%2Fmodules%2F4.18.0-553.lve.el8.x86_64%2Fkernel%2Fdrivers%2Fnet%2Fwireless%2Frealtek%2Frtlwifi%2Frtl8723ae HTTP/1.1" 200 3127 "-" "Mozilla/5.0 AppleWebKit/537.36 (KHTML, like Gecko; compatible; GPTBot/1.2; +https://openai.com/gptbot)"
20.171.207.245 - - [26/Apr/2025:08:37:37 -0400] "GET /v1.php?path=%2F%2Fvar%2Fsoftaculous%2Fsuitecrm%2Fphp71 HTTP/1.1" 200 3129 "-" "Mozilla/5.0 AppleWebKit/537.36 (KHTML, like Gecko; compatible; GPTBot/1.2; +https://openai.com/gptbot)"
54.197.102.71 - - [26/Apr/2025:08:37:37 -0400] "GET /v3.php?path=/home/probwael/techafri.com/wp-includes&viewfile=/home/probwael/techafri.com/wp-includes/class-wp-customize-widgets.php HTTP/1.1" 200 20062 "-" "Mozilla/5.0 AppleWebKit/537.36 (KHTML, like Gecko; compatible; Amazonbot/0.1; +https://developer.amazon.com/support/amazonbot) Chrome/119.0.6045.214 Safari/537.36"
20.171.207.227 - - [26/Apr/2025:08:37:38 -0400] "GET /v3.php?path=%2F%2Fvar%2Fsoftaculous%2Flivesite%2Fphp71 HTTP/1.1" 200 3072 "-" "Mozilla/5.0 AppleWebKit/537.36 (KHTML, like Gecko; compatible; GPTBot/1.2; +https://openai.com/gptbot)"
20.171.207.54 - - [26/Apr/2025:08:37:38 -0400] "GET /v3.php?path=%2F%2Flib%2Fmodules%2F4.18.0-553.lve.el8.x86_64%2Fkernel%2Fdrivers%2Fnet%2Fwireless%2Frealtek%2Frtlwifi%2Frtl8192de HTTP/1.1" 200 3127 "-" "Mozilla/5.0 AppleWebKit/537.36 (KHTML, like Gecko; compatible; GPTBot/1.2; +https://openai.com/gptbot)"
20.171.207.245 - - [26/Apr/2025:08:37:39 -0400] "GET /v1.php?path=%2F%2Fvar%2Fsoftaculous%2Fsuitecrm%2Fphp81 HTTP/1.1" 200 3130 "-" "Mozilla/5.0 AppleWebKit/537.36 (KHTML, like Gecko; compatible; GPTBot/1.2; +https://openai.com/gptbot)"
20.171.207.227 - - [26/Apr/2025:08:37:39 -0400] "GET /v1.php?path=%2F%2Fvar%2Fsoftaculous%2Flitforum%2Fphp56 HTTP/1.1" 200 3134 "-" "Mozilla/5.0 AppleWebKit/537.36 (KHTML, like Gecko; compatible; GPTBot/1.2; +https://openai.com/gptbot)"
20.171.207.54 - - [26/Apr/2025:08:37:39 -0400] "GET /v1.php?path=%2F%2Flib%2Fmodules%2F4.18.0-553.lve.el8.x86_64%2Fkernel%2Fdrivers%2Fnet%2Fwireless%2Frealtek%2Frtlwifi%2Frtl8192se HTTP/1.1" 200 3127 "-" "Mozilla/5.0 AppleWebKit/537.36 (KHTML, like Gecko; compatible; GPTBot/1.2; +https://openai.com/gptbot)"
20.171.207.227 - - [26/Apr/2025:08:37:40 -0400] "GET /v3.php?path=%2F%2Fvar%2Fsoftaculous%2Flivesite%2Fphp56 HTTP/1.1" 200 3073 "-" "Mozilla/5.0 AppleWebKit/537.36 (KHTML, like Gecko; compatible; GPTBot/1.2; +https://openai.com/gptbot)"
20.171.207.245 - - [26/Apr/2025:08:37:40 -0400] "GET /v3.php?path=%2Fhome%2Fprobwael%2F.composer%2Fcache%2Ffiles%2Fsebastian%2Fcode-unit-reverse-lookup HTTP/1.1" 200 3102 "-" "Mozilla/5.0 AppleWebKit/537.36 (KHTML, like Gecko; compatible; GPTBot/1.2; +https://openai.com/gptbot)"
20.171.207.54 - - [26/Apr/2025:08:37:40 -0400] "GET /v3.php?path=%2F%2Flib%2Fmodules%2F4.18.0-553.lve.el8.x86_64%2Fkernel%2Fdrivers%2Fnet%2Fwireless%2Frealtek%2Frtlwifi%2Frtl8723be HTTP/1.1" 200 3127 "-" "Mozilla/5.0 AppleWebKit/537.36 (KHTML, like Gecko; compatible; GPTBot/1.2; +https://openai.com/gptbot)"
20.171.207.245 - - [26/Apr/2025:08:37:41 -0400] "GET /v3.php?path=%2F%2Fvar%2Fsoftaculous%2Fsymfony3 HTTP/1.1" 200 3491 "-" "Mozilla/5.0 AppleWebKit/537.36 (KHTML, like Gecko; compatible; GPTBot/1.2; +https://openai.com/gptbot)"
20.171.207.227 - - [26/Apr/2025:08:37:41 -0400] "GET /v3.php?path=%2F%2Fvar%2Fsoftaculous%2Fwp52%2Flanguages HTTP/1.1" 200 3963 "-" "Mozilla/5.0 AppleWebKit/537.36 (KHTML, like Gecko; compatible; GPTBot/1.2; +https://openai.com/gptbot)"
20.171.207.54 - - [26/Apr/2025:08:37:41 -0400] "GET /v3.php?path=%2F%2Flib%2Fmodules%2F4.18.0-553.lve.el8.x86_64%2Fkernel%2Fdrivers%2Fnet%2Fwireless%2Frealtek%2Frtlwifi%2Frtl8192ee HTTP/1.1" 200 3127 "-" "Mozilla/5.0 AppleWebKit/537.36 (KHTML, like Gecko; compatible; GPTBot/1.2; +https://openai.com/gptbot)"
54.197.102.71 - - [26/Apr/2025:08:37:41 -0400] "GET /v3.php?path=/home/probwael/techafri.com/wp-includes&viewfile=/home/probwael/techafri.com/wp-includes/class-wp-duotone.php HTTP/1.1" 200 12548 "-" "Mozilla/5.0 AppleWebKit/537.36 (KHTML, like Gecko; compatible; Amazonbot/0.1; +https://developer.amazon.com/support/amazonbot) Chrome/119.0.6045.214 Safari/537.36"
20.171.207.245 - - [26/Apr/2025:08:37:42 -0400] "GET /v1.php?path=%2F%2Fvar%2Fsoftaculous%2Fstripe%2Fimages HTTP/1.1" 200 3019 "-" "Mozilla/5.0 AppleWebKit/537.36 (KHTML, like Gecko; compatible; GPTBot/1.2; +https://openai.com/gptbot)"
20.171.207.227 - - [26/Apr/2025:08:37:42 -0400] "GET /v1.php?path=%2F%2Fvar%2Fsoftaculous%2Fwp52%2Flanguages HTTP/1.1" 200 4017 "-" "Mozilla/5.0 AppleWebKit/537.36 (KHTML, like Gecko; compatible; GPTBot/1.2; +https://openai.com/gptbot)"
20.171.207.54 - - [26/Apr/2025:08:37:43 -0400] "GET /v1.php?path=%2F%2Flib%2Fmodules%2F4.18.0-553.lve.el8.x86_64%2Fkernel%2Fdrivers%2Fnet%2Fwireless%2Frealtek%2Frtlwifi%2Frtl8723com HTTP/1.1" 200 3133 "-" "Mozilla/5.0 AppleWebKit/537.36 (KHTML, like Gecko; compatible; GPTBot/1.2; +https://openai.com/gptbot)"
20.171.207.227 - - [26/Apr/2025:08:37:43 -0400] "GET /v1.php?path=%2F%2Fvar%2Fsoftaculous%2Fwp62%2Flanguages HTTP/1.1" 200 3931 "-" "Mozilla/5.0 AppleWebKit/537.36 (KHTML, like Gecko; compatible; GPTBot/1.2; +https://openai.com/gptbot)"
20.171.207.245 - - [26/Apr/2025:08:37:43 -0400] "GET /v3.php?path=%2F%2Fvar%2Fsoftaculous%2Fsquirrel HTTP/1.1" 200 3573 "-" "Mozilla/5.0 AppleWebKit/537.36 (KHTML, like Gecko; compatible; GPTBot/1.2; +https://openai.com/gptbot)"
20.171.207.54 - - [26/Apr/2025:08:37:44 -0400] "GET /v3.php?path=%2F%2Flib%2Fmodules%2F4.18.0-553.lve.el8.x86_64%2Fkernel%2Fdrivers%2Fnet%2Fwireless%2Frealtek%2Frtlwifi%2Frtl8192ce HTTP/1.1" 200 3127 "-" "Mozilla/5.0 AppleWebKit/537.36 (KHTML, like Gecko; compatible; GPTBot/1.2; +https://openai.com/gptbot)"
20.171.207.227 - - [26/Apr/2025:08:37:44 -0400] "GET /v3.php?path=%2F%2Fvar%2Fsoftaculous%2Flitforum%2Fphp81 HTTP/1.1" 200 3129 "-" "Mozilla/5.0 AppleWebKit/537.36 (KHTML, like Gecko; compatible; GPTBot/1.2; +https://openai.com/gptbot)"
20.171.207.245 - - [26/Apr/2025:08:37:44 -0400] "GET /v3.php?path=%2F%2Fvar%2Fsoftaculous%2Fsitecake HTTP/1.1" 200 3587 "-" "Mozilla/5.0 AppleWebKit/537.36 (KHTML, like Gecko; compatible; GPTBot/1.2; +https://openai.com/gptbot)"
20.171.207.54 - - [26/Apr/2025:08:37:45 -0400] "GET /v3.php?path=%2F%2Flib%2Fmodules%2F4.18.0-553.lve.el8.x86_64%2Fkernel%2Fdrivers%2Fnet%2Fwireless%2Frealtek%2Frtlwifi%2Frtl8723ae HTTP/1.1" 200 3127 "-" "Mozilla/5.0 AppleWebKit/537.36 (KHTML, like Gecko; compatible; GPTBot/1.2; +https://openai.com/gptbot)"
44.208.223.68 - - [26/Apr/2025:08:37:45 -0400] "GET /v1.php?path=/home/probwael/techafri.com/wp-includes&viewfile=/home/probwael/techafri.com/wp-includes/class-wp-locale.php HTTP/1.1" 200 6238 "-" "Mozilla/5.0 AppleWebKit/537.36 (KHTML, like Gecko; compatible; Amazonbot/0.1; +https://developer.amazon.com/support/amazonbot) Chrome/119.0.6045.214 Safari/537.36"
20.171.207.227 - - [26/Apr/2025:08:37:46 -0400] "GET /v3.php?path=%2F%2Fvar%2Fsoftaculous%2Flitforum%2Fphp71 HTTP/1.1" 200 3126 "-" "Mozilla/5.0 AppleWebKit/537.36 (KHTML, like Gecko; compatible; GPTBot/1.2; +https://openai.com/gptbot)"
20.171.207.245 - - [26/Apr/2025:08:37:46 -0400] "GET /v3.php?path=%2F%2Fvar%2Fsoftaculous%2Fstripe%2Fimages HTTP/1.1" 200 3019 "-" "Mozilla/5.0 AppleWebKit/537.36 (KHTML, like Gecko; compatible; GPTBot/1.2; +https://openai.com/gptbot)"
20.171.207.54 - - [26/Apr/2025:08:37:46 -0400] "GET /v1.php?path=%2F%2Flib%2Fmodules%2F4.18.0-553.lve.el8.x86_64%2Fkernel%2Fdrivers%2Fnet%2Fwireless%2Frealtek%2Frtlwifi%2Frtl8188ee HTTP/1.1" 200 3127 "-" "Mozilla/5.0 AppleWebKit/537.36 (KHTML, like Gecko; compatible; GPTBot/1.2; +https://openai.com/gptbot)"
20.171.207.227 - - [26/Apr/2025:08:37:47 -0400] "GET /v1.php?path=%2F%2Fvar%2Fsoftaculous%2Flivesite%2Fphp56 HTTP/1.1" 200 3073 "-" "Mozilla/5.0 AppleWebKit/537.36 (KHTML, like Gecko; compatible; GPTBot/1.2; +https://openai.com/gptbot)"
20.171.207.245 - - [26/Apr/2025:08:37:47 -0400] "GET /v3.php?path=%2F%2Fvar%2Fsoftaculous%2Fsmf%2Flanguages HTTP/1.1" 200 2651 "-" "Mozilla/5.0 AppleWebKit/537.36 (KHTML, like Gecko; compatible; GPTBot/1.2; +https://openai.com/gptbot)"
20.171.207.54 - - [26/Apr/2025:08:37:47 -0400] "GET /v1.php?path=%2F%2Flib%2Fmodules%2F4.18.0-553.lve.el8.x86_64%2Fkernel%2Fdrivers%2Fnet%2Fwireless%2Frealtek%2Frtlwifi%2Frtl8192c HTTP/1.1" 200 3168 "-" "Mozilla/5.0 AppleWebKit/537.36 (KHTML, like Gecko; compatible; GPTBot/1.2; +https://openai.com/gptbot)"
20.171.207.227 - - [26/Apr/2025:08:37:48 -0400] "GET /v1.php?path=%2F%2Fvar%2Fsoftaculous%2Focart23%2Fimages HTTP/1.1" 200 3057 "-" "Mozilla/5.0 AppleWebKit/537.36 (KHTML, like Gecko; compatible; GPTBot/1.2; +https://openai.com/gptbot)"
20.171.207.245 - - [26/Apr/2025:08:37:48 -0400] "GET /v1.php?path=%2F%2Fvar%2Fsoftaculous%2Fsnipeit HTTP/1.1" 200 3882 "-" "Mozilla/5.0 AppleWebKit/537.36 (KHTML, like Gecko; compatible; GPTBot/1.2; +https://openai.com/gptbot)"
20.171.207.54 - - [26/Apr/2025:08:37:48 -0400] "GET /v1.php?path=%2F%2Flib%2Fmodules%2F4.18.0-553.lve.el8.x86_64%2Fkernel%2Fdrivers%2Fnet%2Fwireless%2Frealtek%2Frtlwifi%2Frtl8192ee HTTP/1.1" 200 3127 "-" "Mozilla/5.0 AppleWebKit/537.36 (KHTML, like Gecko; compatible; GPTBot/1.2; +https://openai.com/gptbot)"
20.171.207.227 - - [26/Apr/2025:08:37:49 -0400] "GET /v3.php?path=%2F%2Fvar%2Fsoftaculous%2Flivesite%2Fphp81 HTTP/1.1" 200 3073 "-" "Mozilla/5.0 AppleWebKit/537.36 (KHTML, like Gecko; compatible; GPTBot/1.2; +https://openai.com/gptbot)"
20.171.207.245 - - [26/Apr/2025:08:37:49 -0400] "GET /v1.php?path=%2F%2Fvar%2Fsoftaculous%2Fsuitecrm%2Fphp71&viewfile=%2F%2Fvar%2Fsoftaculous%2Fsuitecrm%2Fphp71%2Fimport.php HTTP/1.1" 200 6390 "-" "Mozilla/5.0 AppleWebKit/537.36 (KHTML, like Gecko; compatible; GPTBot/1.2; +https://openai.com/gptbot)"
184.72.84.154 - - [26/Apr/2025:08:37:49 -0400] "GET /v3.php?path=/home/probwael/techafri.com/wp-includes&viewfile=/home/probwael/techafri.com/wp-includes/block-template.php HTTP/1.1" 200 7814 "-" "Mozilla/5.0 AppleWebKit/537.36 (KHTML, like Gecko; compatible; Amazonbot/0.1; +https://developer.amazon.com/support/amazonbot) Chrome/119.0.6045.214 Safari/537.36"
20.171.207.54 - - [26/Apr/2025:08:37:49 -0400] "GET /v1.php?path=%2F%2Flib%2Fmodules%2F4.18.0-553.lve.el8.x86_64%2Fkernel%2Fdrivers%2Fnet%2Fwireless%2Frealtek%2Frtlwifi%2Frtl8821ae HTTP/1.1" 200 3127 "-" "Mozilla/5.0 AppleWebKit/537.36 (KHTML, like Gecko; compatible; GPTBot/1.2; +https://openai.com/gptbot)"
20.171.207.227 - - [26/Apr/2025:08:37:50 -0400] "GET /v3.php?path=%2F%2Fvar%2Fsoftaculous%2Fwp62%2Flanguages HTTP/1.1" 200 3931 "-" "Mozilla/5.0 AppleWebKit/537.36 (KHTML, like Gecko; compatible; GPTBot/1.2; +https://openai.com/gptbot)"
20.171.207.245 - - [26/Apr/2025:08:37:50 -0400] "GET /v1.php?path=%2F%2Fvar%2Fsoftaculous%2Fsitecake HTTP/1.1" 200 3498 "-" "Mozilla/5.0 AppleWebKit/537.36 (KHTML, like Gecko; compatible; GPTBot/1.2; +https://openai.com/gptbot)"
20.171.207.54 - - [26/Apr/2025:08:37:51 -0400] "GET /v3.php?path=%2F%2Flib%2Fmodules%2F4.18.0-553.lve.el8.x86_64%2Fkernel%2Fdrivers%2Fnet%2Fwireless%2Frealtek%2Frtlwifi%2Frtl8821ae HTTP/1.1" 200 3127 "-" "Mozilla/5.0 AppleWebKit/537.36 (KHTML, like Gecko; compatible; GPTBot/1.2; +https://openai.com/gptbot)"
20.171.207.227 - - [26/Apr/2025:08:37:51 -0400] "GET /v1.php?path=%2F%2Fvar%2Fsoftaculous%2Flivesite%2Fphp53 HTTP/1.1" 200 3072 "-" "Mozilla/5.0 AppleWebKit/537.36 (KHTML, like Gecko; compatible; GPTBot/1.2; +https://openai.com/gptbot)"
20.171.207.245 - - [26/Apr/2025:08:37:51 -0400] "GET /v1.php?path=%2F%2Fvar%2Fsoftaculous%2Fsmf%2Flanguages HTTP/1.1" 200 2651 "-" "Mozilla/5.0 AppleWebKit/537.36 (KHTML, like Gecko; compatible; GPTBot/1.2; +https://openai.com/gptbot)"
20.171.207.54 - - [26/Apr/2025:08:37:52 -0400] "GET /v1.php?path=%2F%2Flib%2Fmodules%2F4.18.0-553.lve.el8.x86_64%2Fkernel%2Fdrivers%2Fnet%2Fwireless%2Frealtek%2Frtlwifi%2Frtl8192de HTTP/1.1" 200 3127 "-" "Mozilla/5.0 AppleWebKit/537.36 (KHTML, like Gecko; compatible; GPTBot/1.2; +https://openai.com/gptbot)"
20.171.207.227 - - [26/Apr/2025:08:37:53 -0400] "GET /v3.php?path=%2F%2Fvar%2Fsoftaculous%2Flitforum%2Fphp56 HTTP/1.1" 200 3134 "-" "Mozilla/5.0 AppleWebKit/537.36 (KHTML, like Gecko; compatible; GPTBot/1.2; +https://openai.com/gptbot)"
20.171.207.245 - - [26/Apr/2025:08:37:53 -0400] "GET /v3.php?path=%2F%2Fvar%2Fsoftaculous%2Fsnipeit HTTP/1.1" 200 3843 "-" "Mozilla/5.0 AppleWebKit/537.36 (KHTML, like Gecko; compatible; GPTBot/1.2; +https://openai.com/gptbot)"
20.171.207.54 - - [26/Apr/2025:08:37:53 -0400] "GET /v3.php?path=%2F%2Flib%2Fmodules%2F4.18.0-553.lve.el8.x86_64%2Fkernel%2Fdrivers%2Fnet%2Fppp HTTP/1.1" 200 3314 "-" "Mozilla/5.0 AppleWebKit/537.36 (KHTML, like Gecko; compatible; GPTBot/1.2; +https://openai.com/gptbot)"
52.200.93.170 - - [26/Apr/2025:08:37:53 -0400] "GET /v3.php?path=/home/probwael/techafri.com/wp-includes&viewfile=/home/probwael/techafri.com/wp-includes/class.wp-scripts.php HTTP/1.1" 200 3051 "-" "Mozilla/5.0 AppleWebKit/537.36 (KHTML, like Gecko; compatible; Amazonbot/0.1; +https://developer.amazon.com/support/amazonbot) Chrome/119.0.6045.214 Safari/537.36"
20.171.207.245 - - [26/Apr/2025:08:37:54 -0400] "GET /v1.php?path=%2F%2Fvar%2Fsoftaculous%2Fsubrion HTTP/1.1" 200 3846 "-" "Mozilla/5.0 AppleWebKit/537.36 (KHTML, like Gecko; compatible; GPTBot/1.2; +https://openai.com/gptbot)"
20.171.207.227 - - [26/Apr/2025:08:37:54 -0400] "GET /v3.php?path=%2Fhome%2Fprobwael%2Fit.techafri.com%2Fwp-content%2Fplugins%2Fthe-events-calendar%2Fcommon%2Fvendor%2Fwoocommerce%2Faction-scheduler%2Fclasses%2FWP_CLI&viewfile=%2Fhome%2Fprobwael%2Fit.techafri.com%2Fwp-content%2Fplugins%2Fthe-events-calendar%2Fcommon%2Fvendor%2Fwoocommerce%2Faction-scheduler%2Fclasses%2FWP_CLI%2FActionScheduler_WPCLI_QueueRunner.php HTTP/1.1" 200 5030 "-" "Mozilla/5.0 AppleWebKit/537.36 (KHTML, like Gecko; compatible; GPTBot/1.2; +https://openai.com/gptbot)"
20.171.207.54 - - [26/Apr/2025:08:37:54 -0400] "GET /v1.php?path=%2F%2Flib%2Fmodules%2F4.18.0-553.lve.el8.x86_64%2Fkernel%2Fdrivers%2Fnet%2Fppp HTTP/1.1" 200 3314 "-" "Mozilla/5.0 AppleWebKit/537.36 (KHTML, like Gecko; compatible; GPTBot/1.2; +https://openai.com/gptbot)"
20.171.207.227 - - [26/Apr/2025:08:37:55 -0400] "GET /v1.php?path=%2Fhome%2Fprobwael%2Frecords.ng%2Fwp-content%2Fplugins%2Fwordpress-seo%2Fjs%2Fdist HTTP/1.1" 200 5184 "-" "Mozilla/5.0 AppleWebKit/537.36 (KHTML, like Gecko; compatible; GPTBot/1.2; +https://openai.com/gptbot)"
20.171.207.245 - - [26/Apr/2025:08:37:55 -0400] "GET /v3.php?path=%2F%2Fvar%2Fsoftaculous%2Fsquirrel%2Fphp56 HTTP/1.1" 200 3076 "-" "Mozilla/5.0 AppleWebKit/537.36 (KHTML, like Gecko; compatible; GPTBot/1.2; +https://openai.com/gptbot)"
20.171.207.54 - - [26/Apr/2025:08:37:55 -0400] "GET /v1.php?path=%2F%2Flib%2Fmodules%2F4.18.0-553.lve.el8.x86_64%2Fkernel%2Fdrivers%2Fnet%2Fethernet%2Faquantia%2Fatlantic HTTP/1.1" 200 3102 "-" "Mozilla/5.0 AppleWebKit/537.36 (KHTML, like Gecko; compatible; GPTBot/1.2; +https://openai.com/gptbot)"
20.171.207.245 - - [26/Apr/2025:08:37:56 -0400] "GET /v3.php?path=%2F%2Fvar%2Fsoftaculous%2Fsitecake%2Fphp53 HTTP/1.1" 200 3008 "-" "Mozilla/5.0 AppleWebKit/537.36 (KHTML, like Gecko; compatible; GPTBot/1.2; +https://openai.com/gptbot)"
20.171.207.227 - - [26/Apr/2025:08:37:56 -0400] "GET /v3.php?path=%2Fhome%2Fprobwael%2Frecords.ng%2Fwp-content%2Fplugins%2Fwordpress-seo%2Fjs%2Fdist HTTP/1.1" 200 5135 "-" "Mozilla/5.0 AppleWebKit/537.36 (KHTML, like Gecko; compatible; GPTBot/1.2; +https://openai.com/gptbot)"
20.171.207.54 - - [26/Apr/2025:08:37:56 -0400] "GET /v3.php?path=%2F%2Flib%2Fmodules%2F4.18.0-553.lve.el8.x86_64%2Fkernel%2Fdrivers%2Fnet%2Fethernet%2Faquantia%2Fatlantic HTTP/1.1" 200 3103 "-" "Mozilla/5.0 AppleWebKit/537.36 (KHTML, like Gecko; compatible; GPTBot/1.2; +https://openai.com/gptbot)"
20.171.207.227 - - [26/Apr/2025:08:37:57 -0400] "GET /v1.php?path=%2Fhome%2Fprobwael%2Fpublic_html%2Fnc_assets%2Fcss HTTP/1.1" 200 3028 "-" "Mozilla/5.0 AppleWebKit/537.36 (KHTML, like Gecko; compatible; GPTBot/1.2; +https://openai.com/gptbot)"
20.171.207.245 - - [26/Apr/2025:08:37:57 -0400] "GET /v3.php?path=%2F%2Fvar%2Fsoftaculous%2Fsquirrel%2Fphp81 HTTP/1.1" 200 3075 "-" "Mozilla/5.0 AppleWebKit/537.36 (KHTML, like Gecko; compatible; GPTBot/1.2; +https://openai.com/gptbot)"
184.73.35.182 - - [26/Apr/2025:08:37:57 -0400] "GET /v3.php?path=/home/probwael/techafri.com/wp-includes&viewfile=/home/probwael/techafri.com/wp-includes/plugin.php HTTP/1.1" 200 11191 "-" "Mozilla/5.0 AppleWebKit/537.36 (KHTML, like Gecko; compatible; Amazonbot/0.1; +https://developer.amazon.com/support/amazonbot) Chrome/119.0.6045.214 Safari/537.36"
20.171.207.54 - - [26/Apr/2025:08:37:57 -0400] "GET /v3.php?path=%2F%2Flib%2Fmodules%2F4.18.0-553.lve.el8.x86_64%2Fkernel%2Fdrivers%2Fnet%2Fethernet%2Fnetronome HTTP/1.1" 200 3030 "-" "Mozilla/5.0 AppleWebKit/537.36 (KHTML, like Gecko; compatible; GPTBot/1.2; +https://openai.com/gptbot)"
20.171.207.245 - - [26/Apr/2025:08:37:58 -0400] "GET /v3.php?path=%2F%2Fvar%2Fsoftaculous%2Fsmf%2Flanguages HTTP/1.1" 200 2651 "-" "Mozilla/5.0 AppleWebKit/537.36 (KHTML, like Gecko; compatible; GPTBot/1.2; +https://openai.com/gptbot)"
20.171.207.227 - - [26/Apr/2025:08:37:58 -0400] "GET /v1.php?path=%2F%2Fvar%2Fsoftaculous%2Flivesite%2Fphp56&viewfile=%2F%2Fvar%2Fsoftaculous%2Flivesite%2Fphp56%2Fedit.php HTTP/1.1" 200 6218 "-" "Mozilla/5.0 AppleWebKit/537.36 (KHTML, like Gecko; compatible; GPTBot/1.2; +https://openai.com/gptbot)"
20.171.207.54 - - [26/Apr/2025:08:37:59 -0400] "GET /v1.php?path=%2F%2Flib%2Fmodules%2F4.18.0-553.lve.el8.x86_64%2Fkernel%2Fdrivers%2Fnet%2Fethernet%2Fnetronome HTTP/1.1" 200 3030 "-" "Mozilla/5.0 AppleWebKit/537.36 (KHTML, like Gecko; compatible; GPTBot/1.2; +https://openai.com/gptbot)"
20.171.207.227 - - [26/Apr/2025:08:37:59 -0400] "GET /v1.php?path=%2Fhome%2Fprobwael%2Fpublic_html%2Fimages%2Fsvg HTTP/1.1" 200 3053 "-" "Mozilla/5.0 AppleWebKit/537.36 (KHTML, like Gecko; compatible; GPTBot/1.2; +https://openai.com/gptbot)"
20.171.207.245 - - [26/Apr/2025:08:37:59 -0400] "GET /v3.php?path=%2F%2Fvar%2Fsoftaculous%2Fsquirrel%2Fphp71 HTTP/1.1" 200 3075 "-" "Mozilla/5.0 AppleWebKit/537.36 (KHTML, like Gecko; compatible; GPTBot/1.2; +https://openai.com/gptbot)"
20.171.207.54 - - [26/Apr/2025:08:38:00 -0400] "GET /v1.php?path=%2F%2Flib%2Fmodules%2F4.18.0-553.lve.el8.x86_64%2Fkernel%2Fdrivers%2Fuwb%2Fi1480 HTTP/1.1" 200 3258 "-" "Mozilla/5.0 AppleWebKit/537.36 (KHTML, like Gecko; compatible; GPTBot/1.2; +https://openai.com/gptbot)"
20.171.207.245 - - [26/Apr/2025:08:38:00 -0400] "GET /v1.php?path=%2F%2Fvar%2Fsoftaculous%2Fsnipeit%2Fphp82 HTTP/1.1" 200 3125 "-" "Mozilla/5.0 AppleWebKit/537.36 (KHTML, like Gecko; compatible; GPTBot/1.2; +https://openai.com/gptbot)"
20.171.207.227 - - [26/Apr/2025:08:38:01 -0400] "GET /v3.php?path=%2Fhome%2Fprobwael%2F.trash%2Fpublic%2Fcategory HTTP/1.1" 200 2491 "-" "Mozilla/5.0 AppleWebKit/537.36 (KHTML, like Gecko; compatible; GPTBot/1.2; +https://openai.com/gptbot)"
20.171.207.54 - - [26/Apr/2025:08:38:01 -0400] "GET /v3.php?path=%2F%2Flib%2Fmodules%2F4.18.0-553.lve.el8.x86_64%2Fkernel%2Fdrivers%2Fuwb%2Fi1480 HTTP/1.1" 200 3259 "-" "Mozilla/5.0 AppleWebKit/537.36 (KHTML, like Gecko; compatible; GPTBot/1.2; +https://openai.com/gptbot)"
98.82.107.102 - - [26/Apr/2025:08:38:02 -0400] "GET /v1.php?path=/home/probwael/techafri.com/wp-includes&viewfile=/home/probwael/techafri.com/wp-includes/compat.php HTTP/1.1" 200 6724 "-" "Mozilla/5.0 AppleWebKit/537.36 (KHTML, like Gecko; compatible; Amazonbot/0.1; +https://developer.amazon.com/support/amazonbot) Chrome/119.0.6045.214 Safari/537.36"
20.171.207.227 - - [26/Apr/2025:08:38:02 -0400] "GET /v1.php?path=%2Fhome%2Fprobwael%2F.trash%2Fpublic%2Fcategory HTTP/1.1" 200 2491 "-" "Mozilla/5.0 AppleWebKit/537.36 (KHTML, like Gecko; compatible; GPTBot/1.2; +https://openai.com/gptbot)"
20.171.207.245 - - [26/Apr/2025:08:38:02 -0400] "GET /v1.php?path=%2F%2Fvar%2Fsoftaculous%2Fsnipeit%2Fphp81 HTTP/1.1" 200 3125 "-" "Mozilla/5.0 AppleWebKit/537.36 (KHTML, like Gecko; compatible; GPTBot/1.2; +https://openai.com/gptbot)"
20.171.207.54 - - [26/Apr/2025:08:38:02 -0400] "GET /v1.php?path=%2F%2Flib%2Fmodules%2F4.18.0-553.lve.el8.x86_64%2Fkernel%2Fdrivers%2Fmisc%2Fcb710 HTTP/1.1" 200 3071 "-" "Mozilla/5.0 AppleWebKit/537.36 (KHTML, like Gecko; compatible; GPTBot/1.2; +https://openai.com/gptbot)"
20.171.207.245 - - [26/Apr/2025:08:38:03 -0400] "GET /v1.php?path=%2F%2Fvar%2Fsoftaculous%2Fsnipeit%2Fphp71 HTTP/1.1" 200 3123 "-" "Mozilla/5.0 AppleWebKit/537.36 (KHTML, like Gecko; compatible; GPTBot/1.2; +https://openai.com/gptbot)"
20.171.207.227 - - [26/Apr/2025:08:38:03 -0400] "GET /v3.php?path=%2Fhome%2Fprobwael%2Fpublic_html%2Fnc_assets%2Fcss HTTP/1.1" 200 3028 "-" "Mozilla/5.0 AppleWebKit/537.36 (KHTML, like Gecko; compatible; GPTBot/1.2; +https://openai.com/gptbot)"
20.171.207.54 - - [26/Apr/2025:08:38:03 -0400] "GET /v3.php?path=%2F%2Flib%2Fmodules%2F4.18.0-553.lve.el8.x86_64%2Fkernel%2Fdrivers%2Fmisc%2Fcb710 HTTP/1.1" 200 3071 "-" "Mozilla/5.0 AppleWebKit/537.36 (KHTML, like Gecko; compatible; GPTBot/1.2; +https://openai.com/gptbot)"
20.171.207.245 - - [26/Apr/2025:08:38:04 -0400] "GET /v1.php?path=%2F%2Fvar%2Fsoftaculous%2Fsnipeit%2Fphp56 HTTP/1.1" 200 3125 "-" "Mozilla/5.0 AppleWebKit/537.36 (KHTML, like Gecko; compatible; GPTBot/1.2; +https://openai.com/gptbot)"
20.171.207.227 - - [26/Apr/2025:08:38:04 -0400] "GET /v3.php?path=%2Fhome%2Fprobwael%2Fpublic_html%2Fimages%2Fsvg HTTP/1.1" 200 3054 "-" "Mozilla/5.0 AppleWebKit/537.36 (KHTML, like Gecko; compatible; GPTBot/1.2; +https://openai.com/gptbot)"
20.171.207.54 - - [26/Apr/2025:08:38:04 -0400] "GET /v3.php?path=%2F%2Flib%2Fmodules%2F4.18.0-553.lve.el8.x86_64%2Fkernel%2Fdrivers%2Fnet%2Fethernet%2Fmicrosoft HTTP/1.1" 200 3031 "-" "Mozilla/5.0 AppleWebKit/537.36 (KHTML, like Gecko; compatible; GPTBot/1.2; +https://openai.com/gptbot)"
20.171.207.245 - - [26/Apr/2025:08:38:05 -0400] "GET /v3.php?path=%2F%2Fvar%2Fsoftaculous%2Fsnipeit&viewfile=%2F%2Fvar%2Fsoftaculous%2Fsnipeit%2Finstall.js HTTP/1.1" 200 3184 "-" "Mozilla/5.0 AppleWebKit/537.36 (KHTML, like Gecko; compatible; GPTBot/1.2; +https://openai.com/gptbot)"
20.171.207.227 - - [26/Apr/2025:08:38:05 -0400] "GET /v3.php?path=%2F%2Fvar%2Fsoftaculous%2Fwp57%2Fimages HTTP/1.1" 200 3007 "-" "Mozilla/5.0 AppleWebKit/537.36 (KHTML, like Gecko; compatible; GPTBot/1.2; +https://openai.com/gptbot)"
54.152.163.42 - - [26/Apr/2025:08:38:05 -0400] "GET /v1.php?path=/home/probwael/techafri.com/wp-admin&viewfile=/home/probwael/techafri.com/wp-admin/export-personal-data.php HTTP/1.1" 200 5773 "-" "Mozilla/5.0 AppleWebKit/537.36 (KHTML, like Gecko; compatible; Amazonbot/0.1; +https://developer.amazon.com/support/amazonbot) Chrome/119.0.6045.214 Safari/537.36"
20.171.207.54 - - [26/Apr/2025:08:38:06 -0400] "GET /v1.php?path=%2F%2Flib%2Fmodules%2F4.18.0-553.lve.el8.x86_64%2Fkernel%2Fdrivers%2Fnet%2Fethernet%2Fmicrosoft HTTP/1.1" 200 3031 "-" "Mozilla/5.0 AppleWebKit/537.36 (KHTML, like Gecko; compatible; GPTBot/1.2; +https://openai.com/gptbot)"
20.171.207.245 - - [26/Apr/2025:08:38:06 -0400] "GET /v3.php?path=%2F%2Fvar%2Fsoftaculous%2Fsnipeit%2Fphp82 HTTP/1.1" 200 3125 "-" "Mozilla/5.0 AppleWebKit/537.36 (KHTML, like Gecko; compatible; GPTBot/1.2; +https://openai.com/gptbot)"
20.171.207.227 - - [26/Apr/2025:08:38:06 -0400] "GET /v3.php?path=%2F%2Fvar%2Fsoftaculous%2Fwp49%2Fimages HTTP/1.1" 200 3007 "-" "Mozilla/5.0 AppleWebKit/537.36 (KHTML, like Gecko; compatible; GPTBot/1.2; +https://openai.com/gptbot)"
20.171.207.54 - - [26/Apr/2025:08:38:07 -0400] "GET /v3.php?path=%2F%2Flib%2Fmodules%2F4.18.0-553.lve.el8.x86_64%2Fkernel%2Fnet%2F802 HTTP/1.1" 200 3163 "-" "Mozilla/5.0 AppleWebKit/537.36 (KHTML, like Gecko; compatible; GPTBot/1.2; +https://openai.com/gptbot)"
20.171.207.245 - - [26/Apr/2025:08:38:07 -0400] "GET /v3.php?path=%2F%2Fvar%2Fsoftaculous%2Fsnipeit%2Fphp53 HTTP/1.1" 200 3125 "-" "Mozilla/5.0 AppleWebKit/537.36 (KHTML, like Gecko; compatible; GPTBot/1.2; +https://openai.com/gptbot)"
20.171.207.227 - - [26/Apr/2025:08:38:07 -0400] "GET /v1.php?path=%2F%2Fvar%2Fsoftaculous%2Fwp65%2Fimages HTTP/1.1" 200 3008 "-" "Mozilla/5.0 AppleWebKit/537.36 (KHTML, like Gecko; compatible; GPTBot/1.2; +https://openai.com/gptbot)"
20.171.207.54 - - [26/Apr/2025:08:38:08 -0400] "GET /v1.php?path=%2F%2Flib%2Fmodules%2F4.18.0-553.lve.el8.x86_64%2Fkernel%2Fnet%2F802 HTTP/1.1" 200 3163 "-" "Mozilla/5.0 AppleWebKit/537.36 (KHTML, like Gecko; compatible; GPTBot/1.2; +https://openai.com/gptbot)"
20.171.207.245 - - [26/Apr/2025:08:38:08 -0400] "GET /v1.php?path=%2F%2Fvar%2Fsoftaculous%2Fsubrion%2Fphp71 HTTP/1.1" 200 3129 "-" "Mozilla/5.0 AppleWebKit/537.36 (KHTML, like Gecko; compatible; GPTBot/1.2; +https://openai.com/gptbot)"
20.171.207.227 - - [26/Apr/2025:08:38:09 -0400] "GET /v1.php?path=%2Fhome%2Fprobwael%2Fpublic_html%2Fnc_assets%2Fcss HTTP/1.1" 200 3028 "-" "Mozilla/5.0 AppleWebKit/537.36 (KHTML, like Gecko; compatible; GPTBot/1.2; +https://openai.com/gptbot)"
20.171.207.54 - - [26/Apr/2025:08:38:09 -0400] "GET /v1.php?path=%2F%2Flib%2Fmodules%2F4.18.0-553.lve.el8.x86_64%2Fkernel%2Fnet%2Fnetfilter HTTP/1.1" 200 6668 "-" "Mozilla/5.0 AppleWebKit/537.36 (KHTML, like Gecko; compatible; GPTBot/1.2; +https://openai.com/gptbot)"
20.171.207.245 - - [26/Apr/2025:08:38:10 -0400] "GET /v1.php?path=%2F%2Fvar%2Fsoftaculous%2Fsubrion%2Fphp81 HTTP/1.1" 200 3207 "-" "Mozilla/5.0 AppleWebKit/537.36 (KHTML, like Gecko; compatible; GPTBot/1.2; +https://openai.com/gptbot)"
20.171.207.227 - - [26/Apr/2025:08:38:10 -0400] "GET /v1.php?path=%2F%2Fvar%2Fsoftaculous%2Fmw19%2Fimages HTTP/1.1" 200 3012 "-" "Mozilla/5.0 AppleWebKit/537.36 (KHTML, like Gecko; compatible; GPTBot/1.2; +https://openai.com/gptbot)"
20.171.207.54 - - [26/Apr/2025:08:38:10 -0400] "GET /v3.php?path=%2F%2Flib%2Fmodules%2F4.18.0-553.lve.el8.x86_64%2Fkernel%2Fnet%2Fnetfilter HTTP/1.1" 200 6668 "-" "Mozilla/5.0 AppleWebKit/537.36 (KHTML, like Gecko; compatible; GPTBot/1.2; +https://openai.com/gptbot)"
20.171.207.245 - - [26/Apr/2025:08:38:11 -0400] "GET /v1.php?path=%2F%2Fvar%2Fsoftaculous%2Fsnipeit%2Fphp53 HTTP/1.1" 200 3125 "-" "Mozilla/5.0 AppleWebKit/537.36 (KHTML, like Gecko; compatible; GPTBot/1.2; +https://openai.com/gptbot)"
20.171.207.227 - - [26/Apr/2025:08:38:11 -0400] "GET /v3.php?path=%2F%2Fvar%2Fsoftaculous%2Fwp60%2Fimages HTTP/1.1" 200 3009 "-" "Mozilla/5.0 AppleWebKit/537.36 (KHTML, like Gecko; compatible; GPTBot/1.2; +https://openai.com/gptbot)"
20.171.207.54 - - [26/Apr/2025:08:38:11 -0400] "GET /v1.php?path=%2F%2Flib%2Fmodules%2F4.18.0-553.lve.el8.x86_64%2Fkernel%2Fdrivers%2Fuwb%2Fi1480%2Fdfu HTTP/1.1" 200 3093 "-" "Mozilla/5.0 AppleWebKit/537.36 (KHTML, like Gecko; compatible; GPTBot/1.2; +https://openai.com/gptbot)"
20.171.207.245 - - [26/Apr/2025:08:38:12 -0400] "GET /v3.php?path=%2F%2Fvar%2Fsoftaculous%2Fsnipeit%2Fphp56 HTTP/1.1" 200 3125 "-" "Mozilla/5.0 AppleWebKit/537.36 (KHTML, like Gecko; compatible; GPTBot/1.2; +https://openai.com/gptbot)"
3.223.181.32 - - [26/Apr/2025:08:38:12 -0400] "GET /v1.php?path=/home/probwael/techafri.com/wp-includes&viewfile=/home/probwael/techafri.com/wp-includes/rss-functions.php HTTP/1.1" 200 3042 "-" "Mozilla/5.0 AppleWebKit/537.36 (KHTML, like Gecko; compatible; Amazonbot/0.1; +https://developer.amazon.com/support/amazonbot) Chrome/119.0.6045.214 Safari/537.36"
20.171.207.227 - - [26/Apr/2025:08:38:12 -0400] "GET /v3.php?path=%2F%2Fvar%2Fsoftaculous%2Fwp54%2Fimages HTTP/1.1" 200 3007 "-" "Mozilla/5.0 AppleWebKit/537.36 (KHTML, like Gecko; compatible; GPTBot/1.2; +https://openai.com/gptbot)"
20.171.207.54 - - [26/Apr/2025:08:38:13 -0400] "GET /v3.php?path=%2F%2Flib%2Fmodules%2F4.18.0-553.lve.el8.x86_64%2Fkernel%2Fdrivers%2Fuwb%2Fi1480%2Fdfu HTTP/1.1" 200 3093 "-" "Mozilla/5.0 AppleWebKit/537.36 (KHTML, like Gecko; compatible; GPTBot/1.2; +https://openai.com/gptbot)"
20.171.207.245 - - [26/Apr/2025:08:38:13 -0400] "GET /v3.php?path=%2F%2Fvar%2Fsoftaculous%2Fsnipeit%2Fphp81 HTTP/1.1" 200 3167 "-" "Mozilla/5.0 AppleWebKit/537.36 (KHTML, like Gecko; compatible; GPTBot/1.2; +https://openai.com/gptbot)"
20.171.207.227 - - [26/Apr/2025:08:38:13 -0400] "GET /v1.php?path=%2F%2Fvar%2Fsoftaculous%2Fwp53%2Fimages HTTP/1.1" 200 3008 "-" "Mozilla/5.0 AppleWebKit/537.36 (KHTML, like Gecko; compatible; GPTBot/1.2; +https://openai.com/gptbot)"
20.171.207.54 - - [26/Apr/2025:08:38:14 -0400] "GET /v3.php?path=%2F%2Flib%2Fmodules%2F4.18.0-553.lve.el8.x86_64%2Fkernel%2Fdrivers%2Fnet%2Fethernet%2Fmellanox%2Fmlx4 HTTP/1.1" 200 3140 "-" "Mozilla/5.0 AppleWebKit/537.36 (KHTML, like Gecko; compatible; GPTBot/1.2; +https://openai.com/gptbot)"
20.171.207.245 - - [26/Apr/2025:08:38:14 -0400] "GET /v1.php?path=%2F%2Fvar%2Fsoftaculous%2Fsubrion%2Fphp56 HTTP/1.1" 200 3125 "-" "Mozilla/5.0 AppleWebKit/537.36 (KHTML, like Gecko; compatible; GPTBot/1.2; +https://openai.com/gptbot)"
20.171.207.227 - - [26/Apr/2025:08:38:14 -0400] "GET /v1.php?path=%2F%2Fvar%2Fsoftaculous%2Fmw14%2Fimages HTTP/1.1" 200 3013 "-" "Mozilla/5.0 AppleWebKit/537.36 (KHTML, like Gecko; compatible; GPTBot/1.2; +https://openai.com/gptbot)"
20.171.207.54 - - [26/Apr/2025:08:38:15 -0400] "GET /v3.php?path=%2F%2Flib%2Fmodules%2F4.18.0-553.lve.el8.x86_64%2Fkernel%2Fdrivers%2Fnet%2Fethernet%2Fmellanox%2Fmlx5 HTTP/1.1" 200 3041 "-" "Mozilla/5.0 AppleWebKit/537.36 (KHTML, like Gecko; compatible; GPTBot/1.2; +https://openai.com/gptbot)"
20.171.207.245 - - [26/Apr/2025:08:38:15 -0400] "GET /v3.php?path=%2F%2Fvar%2Fsoftaculous%2Fsnipeit%2Fphp71 HTTP/1.1" 200 3123 "-" "Mozilla/5.0 AppleWebKit/537.36 (KHTML, like Gecko; compatible; GPTBot/1.2; +https://openai.com/gptbot)"
20.171.207.227 - - [26/Apr/2025:08:38:16 -0400] "GET /v1.php?path=%2F%2Fvar%2Fsoftaculous%2Fwp64%2Fimages HTTP/1.1" 200 3012 "-" "Mozilla/5.0 AppleWebKit/537.36 (KHTML, like Gecko; compatible; GPTBot/1.2; +https://openai.com/gptbot)"
20.171.207.54 - - [26/Apr/2025:08:38:16 -0400] "GET /v1.php?path=%2F%2Flib%2Fmodules%2F4.18.0-553.lve.el8.x86_64%2Fkernel%2Fdrivers%2Fnet%2Fwireless%2Fintel%2Fiwlwifi HTTP/1.1" 200 3296 "-" "Mozilla/5.0 AppleWebKit/537.36 (KHTML, like Gecko; compatible; GPTBot/1.2; +https://openai.com/gptbot)"
20.171.207.245 - - [26/Apr/2025:08:38:17 -0400] "GET /v1.php?path=%2F%2Fvar%2Fsoftaculous%2Fsubrion%2Fphp53 HTTP/1.1" 200 3127 "-" "Mozilla/5.0 AppleWebKit/537.36 (KHTML, like Gecko; compatible; GPTBot/1.2; +https://openai.com/gptbot)"
52.4.76.156 - - [26/Apr/2025:08:38:17 -0400] "GET /v3.php?path=/home/probwael/techafri.com/wp-includes&viewfile=/home/probwael/techafri.com/wp-includes/session.php HTTP/1.1" 200 2972 "-" "Mozilla/5.0 AppleWebKit/537.36 (KHTML, like Gecko; compatible; Amazonbot/0.1; +https://developer.amazon.com/support/amazonbot) Chrome/119.0.6045.214 Safari/537.36"
20.171.207.227 - - [26/Apr/2025:08:38:17 -0400] "GET /v3.php?path=%2F%2Fvar%2Fsoftaculous%2Fmw19%2Fimages HTTP/1.1" 200 3012 "-" "Mozilla/5.0 AppleWebKit/537.36 (KHTML, like Gecko; compatible; GPTBot/1.2; +https://openai.com/gptbot)"
20.171.207.54 - - [26/Apr/2025:08:38:17 -0400] "GET /v1.php?path=%2F%2Flib%2Fmodules%2F4.18.0-553.lve.el8.x86_64%2Fkernel%2Fdrivers%2Fnet%2Fethernet%2Fbroadcom%2Fbnxt HTTP/1.1" 200 3109 "-" "Mozilla/5.0 AppleWebKit/537.36 (KHTML, like Gecko; compatible; GPTBot/1.2; +https://openai.com/gptbot)"
20.171.207.245 - - [26/Apr/2025:08:38:18 -0400] "GET /v1.php?path=%2F%2Fvar%2Fsoftaculous%2Fsitecake%2Fphp71 HTTP/1.1" 200 3008 "-" "Mozilla/5.0 AppleWebKit/537.36 (KHTML, like Gecko; compatible; GPTBot/1.2; +https://openai.com/gptbot)"
44.195.145.102 - - [26/Apr/2025:08:38:18 -0400] "GET /v1.php?path=/home/probwael/techafri.com/wp-admin&viewfile=/home/probwael/techafri.com/wp-admin/install-helper.php HTTP/1.1" 200 4773 "-" "Mozilla/5.0 AppleWebKit/537.36 (KHTML, like Gecko; compatible; Amazonbot/0.1; +https://developer.amazon.com/support/amazonbot) Chrome/119.0.6045.214 Safari/537.36"
20.171.207.227 - - [26/Apr/2025:08:38:18 -0400] "GET /v1.php?path=%2F%2Fvar%2Fsoftaculous%2Fwp49%2Fimages HTTP/1.1" 200 3007 "-" "Mozilla/5.0 AppleWebKit/537.36 (KHTML, like Gecko; compatible; GPTBot/1.2; +https://openai.com/gptbot)"
20.171.207.54 - - [26/Apr/2025:08:38:18 -0400] "GET /v1.php?path=%2F%2Flib%2Fmodules%2F4.18.0-553.lve.el8.x86_64%2Fkernel%2Fdrivers%2Fnet%2Fethernet%2Fmellanox%2Fmlx4 HTTP/1.1" 200 3140 "-" "Mozilla/5.0 AppleWebKit/537.36 (KHTML, like Gecko; compatible; GPTBot/1.2; +https://openai.com/gptbot)"
20.171.207.245 - - [26/Apr/2025:08:38:19 -0400] "GET /v1.php?path=%2F%2Fvar%2Fsoftaculous%2Fsitecake%2Fphp81 HTTP/1.1" 200 3055 "-" "Mozilla/5.0 AppleWebKit/537.36 (KHTML, like Gecko; compatible; GPTBot/1.2; +https://openai.com/gptbot)"
20.171.207.227 - - [26/Apr/2025:08:38:19 -0400] "GET /v1.php?path=%2F%2Fvar%2Fsoftaculous%2Fwp50%2Fimages HTTP/1.1" 200 3007 "-" "Mozilla/5.0 AppleWebKit/537.36 (KHTML, like Gecko; compatible; GPTBot/1.2; +https://openai.com/gptbot)"
20.171.207.54 - - [26/Apr/2025:08:38:20 -0400] "GET /v3.php?path=%2F%2Flib%2Fmodules%2F4.18.0-553.lve.el8.x86_64%2Fkernel%2Fdrivers%2Fnet%2Fethernet%2Fnetronome%2Fnfp HTTP/1.1" 200 3103 "-" "Mozilla/5.0 AppleWebKit/537.36 (KHTML, like Gecko; compatible; GPTBot/1.2; +https://openai.com/gptbot)"
51.222.253.17 - - [26/Apr/2025:08:38:20 -0400] "GET /the-new-moto-g-stylus-and-g-power-are-surprisingly-adept-cameraphones/ HTTP/1.1" 404 1251 "-" "Mozilla/5.0 (compatible; AhrefsBot/7.0; +http://ahrefs.com/robot/)"
20.171.207.245 - - [26/Apr/2025:08:38:20 -0400] "GET /v3.php?path=%2F%2Fvar%2Fsoftaculous%2Fsitecake%2Fphp56 HTTP/1.1" 200 3008 "-" "Mozilla/5.0 AppleWebKit/537.36 (KHTML, like Gecko; compatible; GPTBot/1.2; +https://openai.com/gptbot)"
20.171.207.227 - - [26/Apr/2025:08:38:20 -0400] "GET /v1.php?path=%2F%2Fvar%2Fsoftaculous%2Fwp67%2Fimages HTTP/1.1" 200 3011 "-" "Mozilla/5.0 AppleWebKit/537.36 (KHTML, like Gecko; compatible; GPTBot/1.2; +https://openai.com/gptbot)"
20.171.207.54 - - [26/Apr/2025:08:38:21 -0400] "GET /v1.php?path=%2F%2Flib%2Fmodules%2F4.18.0-553.lve.el8.x86_64%2Fkernel%2Fdrivers%2Fnet%2Fethernet%2Fnetronome%2Fnfp HTTP/1.1" 200 3103 "-" "Mozilla/5.0 AppleWebKit/537.36 (KHTML, like Gecko; compatible; GPTBot/1.2; +https://openai.com/gptbot)"
20.171.207.245 - - [26/Apr/2025:08:38:21 -0400] "GET /v1.php?path=%2F%2Fvar%2Fsoftaculous%2Fsitecake%2Fphp53 HTTP/1.1" 200 3008 "-" "Mozilla/5.0 AppleWebKit/537.36 (KHTML, like Gecko; compatible; GPTBot/1.2; +https://openai.com/gptbot)"
20.171.207.227 - - [26/Apr/2025:08:38:21 -0400] "GET /v1.php?path=%2F%2Fvar%2Fsoftaculous%2Fwp58%2Fimages HTTP/1.1" 200 3008 "-" "Mozilla/5.0 AppleWebKit/537.36 (KHTML, like Gecko; compatible; GPTBot/1.2; +https://openai.com/gptbot)"
20.171.207.54 - - [26/Apr/2025:08:38:22 -0400] "GET /v3.php?path=%2F%2Flib%2Fmodules%2F4.18.0-553.lve.el8.x86_64%2Fkernel%2Fnet%2Fnetfilter&viewfile=%2F%2Flib%2Fmodules%2F4.18.0-553.lve.el8.x86_64%2Fkernel%2Fnet%2Fnetfilter%2Fnft_objref.ko.xz HTTP/1.1" 200 2885 "-" "Mozilla/5.0 AppleWebKit/537.36 (KHTML, like Gecko; compatible; GPTBot/1.2; +https://openai.com/gptbot)"
