66.249.74.98 - - [26/Apr/2025:11:10:15 -0400] "GET /store.php?Fort-Lauderdale_Add-to-cart/mexico-lottery HTTP/1.1" 200 181 "-" "Mozilla/5.0 (Linux; Android 6.0.1; Nexus 5X Build/MMB29P) AppleWebKit/537.36 (KHTML, like Gecko) Chrome/135.0.7049.95 Mobile Safari/537.36 (compatible; GoogleOther)"
2a03:2880:f800:f:: - - [26/Apr/2025:11:10:15 -0400] "GET /good.php/shopdetail/22632063137.html HTTP/1.1" 200 0 "-" "meta-externalagent/1.1 (+https://developers.facebook.com/docs/sharing/webmasters/crawler)"
40.77.167.7 - - [26/Apr/2025:11:10:15 -0400] "GET /?s=%D0%BA%D0%BE%D1%80%D1%8F%D0%B6%D0%BC%D0%B0+%D0%B2+%D0%B0%D0%BF%D1%80%D0%B5%D0%BB%D0%B5+2025 HTTP/1.1" 200 13648 "-" "Mozilla/5.0 AppleWebKit/537.36 (KHTML, like Gecko; compatible; bingbot/2.0; +http://www.bing.com/bingbot.htm) Chrome/116.0.1938.76 Safari/537.36"
66.249.74.97 - - [26/Apr/2025:11:10:22 -0400] "GET /store.php?Product-detail/byu777%20games%20win HTTP/1.1" 200 181 "-" "Mozilla/5.0 (Linux; Android 6.0.1; Nexus 5X Build/MMB29P) AppleWebKit/537.36 (KHTML, like Gecko) Chrome/135.0.7049.95 Mobile Safari/537.36 (compatible; GoogleOther)"
51.222.253.12 - - [26/Apr/2025:11:10:24 -0400] "GET /good.php/shopdetail/14646863137.html HTTP/1.1" 200 0 "-" "Mozilla/5.0 (compatible; AhrefsBot/7.0; +http://ahrefs.com/robot/)"
66.249.74.97 - - [26/Apr/2025:11:10:27 -0400] "GET /store.php?Bellingham_Add-to-cart/Okada-app-big HTTP/1.1" 200 181 "-" "Mozilla/5.0 (Linux; Android 6.0.1; Nexus 5X Build/MMB29P) AppleWebKit/537.36 (KHTML, like Gecko) Chrome/135.0.7049.95 Mobile Safari/537.36 (compatible; GoogleOther)"
66.249.74.97 - - [26/Apr/2025:11:10:31 -0400] "GET /store.php?Rockford/kkjili-register-review HTTP/1.1" 200 181 "-" "Mozilla/5.0 (Linux; Android 6.0.1; Nexus 5X Build/MMB29P) AppleWebKit/537.36 (KHTML, like Gecko) Chrome/135.0.7049.95 Mobile Safari/537.36 (compatible; GoogleOther)"
2a03:2880:f800:12:: - - [26/Apr/2025:11:10:32 -0400] "GET /good.php/shopdetail/35783593137.html HTTP/1.1" 200 0 "-" "meta-externalagent/1.1 (+https://developers.facebook.com/docs/sharing/webmasters/crawler)"
40.77.167.7 - - [26/Apr/2025:11:10:33 -0400] "GET /food-whiskey-tepd HTTP/1.1" 404 9386 "-" "Mozilla/5.0 AppleWebKit/537.36 (KHTML, like Gecko; compatible; bingbot/2.0; +http://www.bing.com/bingbot.htm) Chrome/116.0.1938.76 Safari/537.36"
2a03:2880:f800:19:: - - [26/Apr/2025:11:10:35 -0400] "GET /good.php/shopdetail/32818993137.html HTTP/1.1" 200 0 "-" "meta-externalagent/1.1 (+https://developers.facebook.com/docs/sharing/webmasters/crawler)"
51.222.253.11 - - [26/Apr/2025:11:10:40 -0400] "GET /good.php/shopdetail/14800273137.html HTTP/1.1" 200 0 "-" "Mozilla/5.0 (compatible; AhrefsBot/7.0; +http://ahrefs.com/robot/)"
66.249.74.105 - - [26/Apr/2025:11:10:45 -0400] "GET /store.php?Galveston/jilievo-register-online HTTP/1.1" 200 181 "-" "Mozilla/5.0 (Linux; Android 6.0.1; Nexus 5X Build/MMB29P) AppleWebKit/537.36 (KHTML, like Gecko) Chrome/135.0.7049.95 Mobile Safari/537.36 (compatible; GoogleOther)"
66.249.74.105 - - [26/Apr/2025:11:10:50 -0400] "GET /store.php?Erie/bigwin-games HTTP/1.1" 200 181 "-" "Mozilla/5.0 (Linux; Android 6.0.1; Nexus 5X Build/MMB29P) AppleWebKit/537.36 (KHTML, like Gecko) Chrome/135.0.7049.95 Mobile Safari/537.36 (compatible; GoogleOther)"
2a03:2880:f800:18:: - - [26/Apr/2025:11:10:53 -0400] "GET /good.php/shopdetail/34087363137.html HTTP/1.1" 200 0 "-" "meta-externalagent/1.1 (+https://developers.facebook.com/docs/sharing/webmasters/crawler)"
51.222.253.3 - - [26/Apr/2025:11:10:56 -0400] "GET /good.php/shopdetail/14849193137.html HTTP/1.1" 200 0 "-" "Mozilla/5.0 (compatible; AhrefsBot/7.0; +http://ahrefs.com/robot/)"
66.249.74.105 - - [26/Apr/2025:11:10:57 -0400] "GET /store.php?Racine/casino-7 HTTP/1.1" 200 181 "-" "Mozilla/5.0 (Linux; Android 6.0.1; Nexus 5X Build/MMB29P) AppleWebKit/537.36 (KHTML, like Gecko) Chrome/135.0.7049.95 Mobile Safari/537.36 (compatible; GoogleOther)"
2a03:2880:f800:1d:: - - [26/Apr/2025:11:11:04 -0400] "GET /good.php/shopdetail/3041103137.html HTTP/1.1" 200 0 "-" "meta-externalagent/1.1 (+https://developers.facebook.com/docs/sharing/webmasters/crawler)"
2a03:2880:f800:18:: - - [26/Apr/2025:11:11:07 -0400] "GET /good.php/shopdetail/23898293137.html HTTP/1.1" 200 0 "-" "meta-externalagent/1.1 (+https://developers.facebook.com/docs/sharing/webmasters/crawler)"
2a03:2880:f800:5:: - - [26/Apr/2025:11:11:07 -0400] "GET /good.php/shopdetail/38213163137.html HTTP/1.1" 200 0 "-" "meta-externalagent/1.1 (+https://developers.facebook.com/docs/sharing/webmasters/crawler)"
2a03:2880:f800:14:: - - [26/Apr/2025:11:11:08 -0400] "GET /good.php/shopdetail/16792063137.html HTTP/1.1" 200 0 "-" "meta-externalagent/1.1 (+https://developers.facebook.com/docs/sharing/webmasters/crawler)"
162.0.215.210 - - [26/Apr/2025:11:11:11 -0400] "POST /wp-cron.php?doing_wp_cron=1745680271.7817049026489257812500 HTTP/1.1" 200 0 "-" "WordPress/6.8; https://oiltrain.org"
66.249.74.106 - - [26/Apr/2025:11:11:11 -0400] "GET /store.php-Springfield_Add-to-cart/z-casino-photos HTTP/1.1" 404 9388 "-" "Mozilla/5.0 (Linux; Android 6.0.1; Nexus 5X Build/MMB29P) AppleWebKit/537.36 (KHTML, like Gecko) Chrome/135.0.7049.95 Mobile Safari/537.36 (compatible; GoogleOther)"
51.222.253.4 - - [26/Apr/2025:11:11:12 -0400] "GET /good.php/shopdetail/14870093137.html HTTP/1.1" 200 0 "-" "Mozilla/5.0 (compatible; AhrefsBot/7.0; +http://ahrefs.com/robot/)"
162.0.215.210 - - [26/Apr/2025:11:11:12 -0400] "POST /wp-admin/admin-ajax.php?action=async_litespeed&nonce=8YxBgzkcO24IYDotx6M6SrrRiIbe8lxR&litespeed_type=imgoptm HTTP/1.1" 200 5 "-" "WordPress/6.8; https://oiltrain.org"
2a03:2880:f800:1:: - - [26/Apr/2025:11:11:13 -0400] "GET /good.php/shopdetail/29633313137.html HTTP/1.1" 200 0 "-" "meta-externalagent/1.1 (+https://developers.facebook.com/docs/sharing/webmasters/crawler)"
185.199.236.107 - - [26/Apr/2025:11:11:13 -0400] "POST /wp-login.php HTTP/1.1" 200 2064 "https://oiltrain.org" "Mozilla/5.0 (Macintosh; Intel Mac OS X 13_3) AppleWebKit/537.36 (KHTML, like Gecko) Chrome/126.0.0.0 Safari/537.36"
66.249.74.106 - - [26/Apr/2025:11:11:15 -0400] "GET /store.php?Enid/casino-luck-today HTTP/1.1" 200 181 "-" "Mozilla/5.0 (Linux; Android 6.0.1; Nexus 5X Build/MMB29P) AppleWebKit/537.36 (KHTML, like Gecko) Chrome/135.0.7049.95 Mobile Safari/537.36 (compatible; GoogleOther)"
66.249.74.105 - - [26/Apr/2025:11:11:22 -0400] "GET /store.php?Montreal/fjili-baccarat-jili HTTP/1.1" 200 181 "-" "Mozilla/5.0 (Linux; Android 6.0.1; Nexus 5X Build/MMB29P) AppleWebKit/537.36 (KHTML, like Gecko) Chrome/135.0.7049.95 Mobile Safari/537.36 (compatible; GoogleOther)"
2a03:2880:f800:10:: - - [26/Apr/2025:11:11:23 -0400] "GET /good.php/shopdetail/34919793137.html HTTP/1.1" 200 0 "-" "meta-externalagent/1.1 (+https://developers.facebook.com/docs/sharing/webmasters/crawler)"
51.222.253.5 - - [26/Apr/2025:11:11:25 -0400] "GET /good.php/shopdetail/14892853137.html HTTP/1.1" 200 0 "-" "Mozilla/5.0 (compatible; AhrefsBot/7.0; +http://ahrefs.com/robot/)"
66.249.74.105 - - [26/Apr/2025:11:11:26 -0400] "GET /store.php?LaSalle/poker-okada HTTP/1.1" 200 181 "-" "Mozilla/5.0 (Linux; Android 6.0.1; Nexus 5X Build/MMB29P) AppleWebKit/537.36 (KHTML, like Gecko) Chrome/135.0.7049.95 Mobile Safari/537.36 (compatible; GoogleOther)"
66.249.74.105 - - [26/Apr/2025:11:11:30 -0400] "GET /store.php?Fort-Wayne/panaloko-casino HTTP/1.1" 200 181 "-" "Mozilla/5.0 (Linux; Android 6.0.1; Nexus 5X Build/MMB29P) AppleWebKit/537.36 (KHTML, like Gecko) Chrome/135.0.7049.95 Mobile Safari/537.36 (compatible; GoogleOther)"
2a03:2880:f800:12:: - - [26/Apr/2025:11:11:36 -0400] "GET /good.php/shopdetail/11729913137.html HTTP/1.1" 200 0 "-" "meta-externalagent/1.1 (+https://developers.facebook.com/docs/sharing/webmasters/crawler)"
66.249.74.105 - - [26/Apr/2025:11:11:37 -0400] "GET /store.php?What-We-Do/Wagi777%20register%20baccarat HTTP/1.1" 200 181 "-" "Mozilla/5.0 (Linux; Android 6.0.1; Nexus 5X Build/MMB29P) AppleWebKit/537.36 (KHTML, like Gecko) Chrome/135.0.7049.95 Mobile Safari/537.36 (compatible; GoogleOther)"
51.222.253.16 - - [26/Apr/2025:11:11:42 -0400] "GET /good.php/shopdetail/14963553137.html HTTP/1.1" 200 0 "-" "Mozilla/5.0 (compatible; AhrefsBot/7.0; +http://ahrefs.com/robot/)"
2a03:2880:f800:8:: - - [26/Apr/2025:11:11:44 -0400] "GET /good.php/shopdetail/4512013137.html HTTP/1.1" 200 0 "-" "meta-externalagent/1.1 (+https://developers.facebook.com/docs/sharing/webmasters/crawler)"
162.0.215.210 - - [26/Apr/2025:11:11:46 -0400] "POST /wp-cron.php?doing_wp_cron=1745680306.4549779891967773437500 HTTP/1.1" 200 0 "-" "WordPress/6.8; https://oiltrain.org"
20.15.133.174 - - [26/Apr/2025:11:11:46 -0400] "GET /kitchen-tea-cups-11i74 HTTP/1.1" 404 9386 "-" "Mozilla/5.0 AppleWebKit/537.36 (KHTML, like Gecko; compatible; bingbot/2.0; +http://www.bing.com/bingbot.htm) Chrome/116.0.1938.76 Safari/537.36"
40.77.167.7 - - [26/Apr/2025:11:11:51 -0400] "GET /tablets-smartphones-58ql HTTP/1.1" 404 9386 "-" "Mozilla/5.0 AppleWebKit/537.36 (KHTML, like Gecko; compatible; bingbot/2.0; +http://www.bing.com/bingbot.htm) Chrome/116.0.1938.76 Safari/537.36"
162.0.215.210 - - [26/Apr/2025:11:11:52 -0400] "POST /wp-cron.php?doing_wp_cron=1745680312.1145179271697998046875 HTTP/1.1" 200 0 "-" "WordPress/6.8; https://oiltrain.org"
66.249.74.105 - - [26/Apr/2025:11:11:51 -0400] "GET /store.php-LongIsland_Add-to-cart/nuebe789-lucky-big HTTP/1.1" 404 9386 "-" "Mozilla/5.0 (Linux; Android 6.0.1; Nexus 5X Build/MMB29P) AppleWebKit/537.36 (KHTML, like Gecko) Chrome/135.0.7049.95 Mobile Safari/537.36 (compatible; GoogleOther)"
85.208.96.210 - - [26/Apr/2025:11:11:53 -0400] "GET /home-appliances-electric-heaters-m970 HTTP/1.1" 404 9388 "-" "Mozilla/5.0 (compatible; SemrushBot/7~bl; +http://www.semrush.com/bot.html)"
2a03:2880:f800:b:: - - [26/Apr/2025:11:11:55 -0400] "GET /good.php/shopdetail/12305113137.html HTTP/1.1" 200 0 "-" "meta-externalagent/1.1 (+https://developers.facebook.com/docs/sharing/webmasters/crawler)"
66.249.74.105 - - [26/Apr/2025:11:11:56 -0400] "GET /store.php?WarnerRobins/casino-day HTTP/1.1" 200 181 "-" "Mozilla/5.0 (Linux; Android 6.0.1; Nexus 5X Build/MMB29P) AppleWebKit/537.36 (KHTML, like Gecko) Chrome/135.0.7049.95 Mobile Safari/537.36 (compatible; GoogleOther)"
51.222.253.16 - - [26/Apr/2025:11:11:59 -0400] "GET /good.php/shopdetail/15042263137.html HTTP/1.1" 200 0 "-" "Mozilla/5.0 (compatible; AhrefsBot/7.0; +http://ahrefs.com/robot/)"
66.249.74.106 - - [26/Apr/2025:11:12:00 -0400] "GET /store.php?Mc-Allen/playfastcasino-login HTTP/1.1" 200 181 "-" "Mozilla/5.0 (Linux; Android 6.0.1; Nexus 5X Build/MMB29P) AppleWebKit/537.36 (KHTML, like Gecko) Chrome/135.0.7049.95 Mobile Safari/537.36 (compatible; GoogleOther)"
2a03:2880:f800:19:: - - [26/Apr/2025:11:12:01 -0400] "GET /good.php/shopdetail/21027333137.html HTTP/1.1" 200 0 "-" "meta-externalagent/1.1 (+https://developers.facebook.com/docs/sharing/webmasters/crawler)"
66.249.74.107 - - [26/Apr/2025:11:12:04 -0400] "GET /store.php?New-Haven/dreamplay-price HTTP/1.1" 200 181 "-" "Mozilla/5.0 (Linux; Android 6.0.1; Nexus 5X Build/MMB29P) AppleWebKit/537.36 (KHTML, like Gecko) Chrome/135.0.7049.95 Mobile Safari/537.36 (compatible; GoogleOther)"
2a03:2880:f800:1d:: - - [26/Apr/2025:11:12:07 -0400] "GET /good.php/shopdetail/14482783137.html HTTP/1.1" 200 0 "-" "meta-externalagent/1.1 (+https://developers.facebook.com/docs/sharing/webmasters/crawler)"
66.249.74.106 - - [26/Apr/2025:11:12:08 -0400] "GET /store.php?Sudbury_Add-to-cart/how-to-see-sss-number HTTP/1.1" 200 181 "-" "Mozilla/5.0 (Linux; Android 6.0.1; Nexus 5X Build/MMB29P) AppleWebKit/537.36 (KHTML, like Gecko) Chrome/135.0.7049.95 Mobile Safari/537.36 (compatible; GoogleOther)"
162.0.215.210 - - [26/Apr/2025:11:12:10 -0400] "POST /wp-cron.php?doing_wp_cron=1745680330.5046660900115966796875 HTTP/1.1" 200 0 "-" "WordPress/6.8; https://oiltrain.org"
52.167.144.216 - - [26/Apr/2025:11:12:10 -0400] "GET /?s=%D0%BF%D0%BE%D0%B3%D0%BE%D0%B4%D0%BF+%D0%B3%D1%80%D0%BE%D0%B4%D0%BD%D0%BE HTTP/1.1" 200 13589 "-" "Mozilla/5.0 AppleWebKit/537.36 (KHTML, like Gecko; compatible; bingbot/2.0; +http://www.bing.com/bingbot.htm) Chrome/116.0.1938.76 Safari/537.36"
162.0.215.210 - - [26/Apr/2025:11:12:11 -0400] "POST /wp-admin/admin-ajax.php?action=async_litespeed&nonce=fVRQr33S9y2xTMHcc0eMHMXI9RsWz1ZT&litespeed_type=imgoptm HTTP/1.1" 200 5 "-" "WordPress/6.8; https://oiltrain.org"
52.167.144.216 - - [26/Apr/2025:11:12:11 -0400] "GET /?s=%D0%BA%D0%B8%D1%81%D0%BB%D0%BE%D0%B2%D0%BE%D0%B4%D1%81%D0%BA+%D0%BF%D0%BE%D0%B3%D0%BE%D0%B4%D0%B0 HTTP/1.1" 200 13617 "-" "Mozilla/5.0 AppleWebKit/537.36 (KHTML, like Gecko; compatible; bingbot/2.0; +http://www.bing.com/bingbot.htm) Chrome/116.0.1938.76 Safari/537.36"
66.249.74.106 - - [26/Apr/2025:11:12:11 -0400] "GET /store.php?Gadsden/gambitcity-jili-register HTTP/1.1" 200 181 "-" "Mozilla/5.0 (Linux; Android 6.0.1; Nexus 5X Build/MMB29P) AppleWebKit/537.36 (KHTML, like Gecko) Chrome/135.0.7049.95 Mobile Safari/537.36 (compatible; GoogleOther)"
40.77.167.48 - - [26/Apr/2025:11:12:12 -0400] "GET /sports-clubs-2dkx5 HTTP/1.1" 404 9386 "-" "Mozilla/5.0 AppleWebKit/537.36 (KHTML, like Gecko; compatible; bingbot/2.0; +http://www.bing.com/bingbot.htm) Chrome/116.0.1938.76 Safari/537.36"
52.167.144.216 - - [26/Apr/2025:11:12:12 -0400] "GET /tablets-smartphones-qiy4 HTTP/1.1" 404 9386 "-" "Mozilla/5.0 AppleWebKit/537.36 (KHTML, like Gecko; compatible; bingbot/2.0; +http://www.bing.com/bingbot.htm) Chrome/116.0.1938.76 Safari/537.36"
52.167.144.216 - - [26/Apr/2025:11:12:13 -0400] "GET /sports-clubs-omlg HTTP/1.1" 404 9386 "-" "Mozilla/5.0 AppleWebKit/537.36 (KHTML, like Gecko; compatible; bingbot/2.0; +http://www.bing.com/bingbot.htm) Chrome/116.0.1938.76 Safari/537.36"
52.167.144.216 - - [26/Apr/2025:11:12:13 -0400] "GET /tickets-restaurant-hf9j HTTP/1.1" 404 9386 "-" "Mozilla/5.0 AppleWebKit/537.36 (KHTML, like Gecko; compatible; bingbot/2.0; +http://www.bing.com/bingbot.htm) Chrome/116.0.1938.76 Safari/537.36"
2a03:2880:f800:10:: - - [26/Apr/2025:11:12:15 -0400] "GET /good.php/shopdetail/22842473137.html HTTP/1.1" 200 0 "-" "meta-externalagent/1.1 (+https://developers.facebook.com/docs/sharing/webmasters/crawler)"
66.249.74.105 - - [26/Apr/2025:11:12:15 -0400] "GET /store.php?Montgomery/phcash-jili HTTP/1.1" 200 181 "-" "Mozilla/5.0 (Linux; Android 6.0.1; Nexus 5X Build/MMB29P) AppleWebKit/537.36 (KHTML, like Gecko) Chrome/135.0.7049.95 Mobile Safari/537.36 (compatible; GoogleOther)"
51.222.253.3 - - [26/Apr/2025:11:12:20 -0400] "GET /good.php/shopdetail/15047013137.html HTTP/1.1" 200 0 "-" "Mozilla/5.0 (compatible; AhrefsBot/7.0; +http://ahrefs.com/robot/)"
162.0.215.210 - - [26/Apr/2025:11:12:21 -0400] "POST /wp-cron.php?doing_wp_cron=1745680341.0718359947204589843750 HTTP/1.1" 200 0 "-" "WordPress/6.8; https://oiltrain.org"
2a03:2880:f800:7:: - - [26/Apr/2025:11:12:21 -0400] "GET /good.php/shopdetail/23517593137.html HTTP/1.1" 200 0 "-" "meta-externalagent/1.1 (+https://developers.facebook.com/docs/sharing/webmasters/crawler)"
40.77.167.7 - - [26/Apr/2025:11:12:20 -0400] "GET /tickets-accommodation-tickets-115n2 HTTP/1.1" 404 9386 "-" "Mozilla/5.0 AppleWebKit/537.36 (KHTML, like Gecko; compatible; bingbot/2.0; +http://www.bing.com/bingbot.htm) Chrome/116.0.1938.76 Safari/537.36"
66.249.74.105 - - [26/Apr/2025:11:12:23 -0400] "GET /store.php?Norwalk/tg7777-register HTTP/1.1" 200 181 "-" "Mozilla/5.0 (Linux; Android 6.0.1; Nexus 5X Build/MMB29P) AppleWebKit/537.36 (KHTML, like Gecko) Chrome/135.0.7049.95 Mobile Safari/537.36 (compatible; GoogleOther)"
66.249.74.105 - - [26/Apr/2025:11:12:37 -0400] "GET /store.php?Canton/100-free HTTP/1.1" 200 181 "-" "Mozilla/5.0 (Linux; Android 6.0.1; Nexus 5X Build/MMB29P) AppleWebKit/537.36 (KHTML, like Gecko) Chrome/135.0.7049.95 Mobile Safari/537.36 (compatible; GoogleOther)"
51.222.253.9 - - [26/Apr/2025:11:12:39 -0400] "GET /good.php/shopdetail/15213873137.html HTTP/1.1" 200 0 "-" "Mozilla/5.0 (compatible; AhrefsBot/7.0; +http://ahrefs.com/robot/)"
66.249.74.105 - - [26/Apr/2025:11:12:41 -0400] "GET /store.php?Fairfax/zeppelin-bet HTTP/1.1" 200 181 "-" "Mozilla/5.0 (Linux; Android 6.0.1; Nexus 5X Build/MMB29P) AppleWebKit/537.36 (KHTML, like Gecko) Chrome/135.0.7049.95 Mobile Safari/537.36 (compatible; GoogleOther)"
2a03:2880:f800:4:: - - [26/Apr/2025:11:12:53 -0400] "GET /good.php/shopdetail/2825003137.html HTTP/1.1" 200 0 "-" "meta-externalagent/1.1 (+https://developers.facebook.com/docs/sharing/webmasters/crawler)"
51.222.253.5 - - [26/Apr/2025:11:12:53 -0400] "GET /good.php/shopdetail/15247813137.html HTTP/1.1" 200 0 "-" "Mozilla/5.0 (compatible; AhrefsBot/7.0; +http://ahrefs.com/robot/)"
162.0.215.210 - - [26/Apr/2025:11:12:54 -0400] "POST /wp-cron.php?doing_wp_cron=1745680373.8854079246520996093750 HTTP/1.1" 200 0 "-" "WordPress/6.8; https://oiltrain.org"
40.77.167.48 - - [26/Apr/2025:11:12:53 -0400] "GET /hobbies-prints-2kigw HTTP/1.1" 404 9386 "-" "Mozilla/5.0 AppleWebKit/537.36 (KHTML, like Gecko; compatible; bingbot/2.0; +http://www.bing.com/bingbot.htm) Chrome/116.0.1938.76 Safari/537.36"
66.249.74.105 - - [26/Apr/2025:11:12:56 -0400] "GET /store.php?Rockville_Add-to-cart/hula-ng-football HTTP/1.1" 200 181 "-" "Mozilla/5.0 (Linux; Android 6.0.1; Nexus 5X Build/MMB29P) AppleWebKit/537.36 (KHTML, like Gecko) Chrome/135.0.7049.95 Mobile Safari/537.36 (compatible; GoogleOther)"
66.249.74.105 - - [26/Apr/2025:11:13:00 -0400] "GET /store.php?Irving/fjili777-register-betgame HTTP/1.1" 200 181 "-" "Mozilla/5.0 (Linux; Android 6.0.1; Nexus 5X Build/MMB29P) AppleWebKit/537.36 (KHTML, like Gecko) Chrome/135.0.7049.95 Mobile Safari/537.36 (compatible; GoogleOther)"
2a03:2880:f800:13:: - - [26/Apr/2025:11:13:04 -0400] "GET /good.php/shopdetail/20838273137.html HTTP/1.1" 200 0 "-" "meta-externalagent/1.1 (+https://developers.facebook.com/docs/sharing/webmasters/crawler)"
162.0.215.210 - - [26/Apr/2025:11:13:05 -0400] "POST /wp-cron.php?doing_wp_cron=1745680385.5329740047454833984375 HTTP/1.1" 200 0 "-" "WordPress/6.8; https://oiltrain.org"
52.167.144.216 - - [26/Apr/2025:11:13:04 -0400] "GET /tools-others-2iqkd HTTP/1.1" 404 9386 "-" "Mozilla/5.0 AppleWebKit/537.36 (KHTML, like Gecko; compatible; bingbot/2.0; +http://www.bing.com/bingbot.htm) Chrome/116.0.1938.76 Safari/537.36"
51.222.253.3 - - [26/Apr/2025:11:13:07 -0400] "GET /good.php/shopdetail/15282403137.html HTTP/1.1" 200 0 "-" "Mozilla/5.0 (compatible; AhrefsBot/7.0; +http://ahrefs.com/robot/)"
162.0.215.210 - - [26/Apr/2025:11:13:06 -0400] "POST /wp-admin/admin-ajax.php?action=async_litespeed&nonce=9Uxq5AHNW7VaTgu21SuIJfBJ1PJyjF3o&litespeed_type=imgoptm HTTP/1.1" 200 0 "-" "WordPress/6.8; https://oiltrain.org"
66.249.74.105 - - [26/Apr/2025:11:13:07 -0400] "GET /store.php?Meriden/boss-casino HTTP/1.1" 200 181 "-" "Mozilla/5.0 (Linux; Android 6.0.1; Nexus 5X Build/MMB29P) AppleWebKit/537.36 (KHTML, like Gecko) Chrome/135.0.7049.95 Mobile Safari/537.36 (compatible; GoogleOther)"
2a03:2880:f800:7:: - - [26/Apr/2025:11:13:08 -0400] "GET /good.php/shopdetail/26878293137.html HTTP/1.1" 200 0 "-" "meta-externalagent/1.1 (+https://developers.facebook.com/docs/sharing/webmasters/crawler)"
40.77.167.48 - - [26/Apr/2025:11:13:11 -0400] "GET /books-sports-di4x HTTP/1.1" 404 9388 "-" "Mozilla/5.0 AppleWebKit/537.36 (KHTML, like Gecko; compatible; bingbot/2.0; +http://www.bing.com/bingbot.htm) Chrome/116.0.1938.76 Safari/537.36"
2a03:2880:f800:a:: - - [26/Apr/2025:11:13:22 -0400] "GET /good.php/shopdetail/4495063137.html HTTP/1.1" 200 0 "-" "meta-externalagent/1.1 (+https://developers.facebook.com/docs/sharing/webmasters/crawler)"
51.222.253.12 - - [26/Apr/2025:11:13:23 -0400] "GET /good.php/shopdetail/1531313137.html HTTP/1.1" 200 0 "-" "Mozilla/5.0 (compatible; AhrefsBot/7.0; +http://ahrefs.com/robot/)"
2a03:2880:f800:5:: - - [26/Apr/2025:11:13:25 -0400] "GET /good.php/shopdetail/12719513137.html HTTP/1.1" 200 0 "-" "meta-externalagent/1.1 (+https://developers.facebook.com/docs/sharing/webmasters/crawler)"
2a03:2880:f800:a:: - - [26/Apr/2025:11:13:28 -0400] "GET /good.php/shopdetail/28271733137.html HTTP/1.1" 200 0 "-" "meta-externalagent/1.1 (+https://developers.facebook.com/docs/sharing/webmasters/crawler)"
2a03:2880:f800:6:: - - [26/Apr/2025:11:13:32 -0400] "GET /good.php/shopdetail/17326413137.html HTTP/1.1" 200 0 "-" "meta-externalagent/1.1 (+https://developers.facebook.com/docs/sharing/webmasters/crawler)"
51.222.253.9 - - [26/Apr/2025:11:13:38 -0400] "GET /good.php/shopdetail/15321673137.html HTTP/1.1" 200 0 "-" "Mozilla/5.0 (compatible; AhrefsBot/7.0; +http://ahrefs.com/robot/)"
2a03:2880:f800:11:: - - [26/Apr/2025:11:13:42 -0400] "GET /good.php/shopdetail/32488773137.html HTTP/1.1" 200 0 "-" "meta-externalagent/1.1 (+https://developers.facebook.com/docs/sharing/webmasters/crawler)"
66.249.74.105 - - [26/Apr/2025:11:13:11 -0400] "GET /store.php?Baton-Rouge/swerte99-casino-bingo-card HTTP/1.1" 200 181 "-" "Mozilla/5.0 (Linux; Android 6.0.1; Nexus 5X Build/MMB29P) AppleWebKit/537.36 (KHTML, like Gecko) Chrome/135.0.7049.95 Mobile Safari/537.36 (compatible; GoogleOther)"
162.0.215.210 - - [26/Apr/2025:11:13:44 -0400] "POST /wp-cron.php?doing_wp_cron=1745680424.6322450637817382812500 HTTP/1.1" 200 0 "-" "WordPress/6.8; https://oiltrain.org"
66.249.74.105 - - [26/Apr/2025:11:13:43 -0400] "GET /fashion-jackets-2br1k HTTP/1.1" 404 9386 "-" "Mozilla/5.0 (Linux; Android 6.0.1; Nexus 5X Build/MMB29P) AppleWebKit/537.36 (KHTML, like Gecko) Chrome/135.0.7049.95 Mobile Safari/537.36 (compatible; Googlebot/2.1; +http://www.google.com/bot.html)"
66.249.74.105 - - [26/Apr/2025:11:13:49 -0400] "GET /feed/ HTTP/1.1" 304 0 "-" "Mozilla/5.0 (compatible; Googlebot/2.1; +http://www.google.com/bot.html)"
2a03:2880:f800:d:: - - [26/Apr/2025:11:13:53 -0400] "GET /good.php/shopdetail/20767973137.html HTTP/1.1" 200 0 "-" "meta-externalagent/1.1 (+https://developers.facebook.com/docs/sharing/webmasters/crawler)"
66.249.74.105 - - [26/Apr/2025:11:13:54 -0400] "GET /store.php?Manhattan/1xbet-nfl HTTP/1.1" 200 181 "-" "Mozilla/5.0 (Linux; Android 6.0.1; Nexus 5X Build/MMB29P) AppleWebKit/537.36 (KHTML, like Gecko) Chrome/135.0.7049.95 Mobile Safari/537.36 (compatible; GoogleOther)"
2a03:2880:f800:16:: - - [26/Apr/2025:11:13:56 -0400] "GET /good.php/shopdetail/1242723137.html HTTP/1.1" 200 0 "-" "meta-externalagent/1.1 (+https://developers.facebook.com/docs/sharing/webmasters/crawler)"
51.222.253.8 - - [26/Apr/2025:11:13:56 -0400] "GET /good.php/shopdetail/15514493137.html HTTP/1.1" 200 0 "-" "Mozilla/5.0 (compatible; AhrefsBot/7.0; +http://ahrefs.com/robot/)"
2a03:2880:f800:e:: - - [26/Apr/2025:11:13:57 -0400] "GET /good.php/shopdetail/14134493137.html HTTP/1.1" 200 0 "-" "meta-externalagent/1.1 (+https://developers.facebook.com/docs/sharing/webmasters/crawler)"
162.0.215.210 - - [26/Apr/2025:11:14:02 -0400] "POST /wp-cron.php?doing_wp_cron=1745680442.4853670597076416015625 HTTP/1.1" 200 0 "-" "WordPress/6.8; https://oiltrain.org"
2a03:2880:f800:1d:: - - [26/Apr/2025:11:14:02 -0400] "GET /good.php/shopdetail/31713253137.html HTTP/1.1" 200 0 "-" "meta-externalagent/1.1 (+https://developers.facebook.com/docs/sharing/webmasters/crawler)"
40.77.167.7 - - [26/Apr/2025:11:14:01 -0400] "GET /outdoor-yachts-1sbkj HTTP/1.1" 404 9386 "-" "Mozilla/5.0 AppleWebKit/537.36 (KHTML, like Gecko; compatible; bingbot/2.0; +http://www.bing.com/bingbot.htm) Chrome/116.0.1938.76 Safari/537.36"
162.0.215.210 - - [26/Apr/2025:11:14:03 -0400] "POST /wp-admin/admin-ajax.php?action=async_litespeed&nonce=OmkCDeA3Cs6kGhfMCOoGC89M6DLyENaf&litespeed_type=imgoptm HTTP/1.1" 200 5 "-" "WordPress/6.8; https://oiltrain.org"
2a03:2880:f800:6:: - - [26/Apr/2025:11:14:03 -0400] "GET /good.php/shopdetail/3759913137.html HTTP/1.1" 200 0 "-" "meta-externalagent/1.1 (+https://developers.facebook.com/docs/sharing/webmasters/crawler)"
51.222.253.1 - - [26/Apr/2025:11:14:09 -0400] "GET /good.php/shopdetail/15592583137.html HTTP/1.1" 200 0 "-" "Mozilla/5.0 (compatible; AhrefsBot/7.0; +http://ahrefs.com/robot/)"
40.77.167.7 - - [26/Apr/2025:11:14:13 -0400] "GET /smartphones-ipads-1g6xa HTTP/1.1" 404 9386 "-" "Mozilla/5.0 AppleWebKit/537.36 (KHTML, like Gecko; compatible; bingbot/2.0; +http://www.bing.com/bingbot.htm) Chrome/116.0.1938.76 Safari/537.36"
2a03:2880:f800:6:: - - [26/Apr/2025:11:14:14 -0400] "GET /good.php/shopdetail/2427133137.html HTTP/1.1" 200 0 "-" "meta-externalagent/1.1 (+https://developers.facebook.com/docs/sharing/webmasters/crawler)"
51.222.253.2 - - [26/Apr/2025:11:14:20 -0400] "GET /good.php/shopdetail/15604493137.html HTTP/1.1" 200 0 "-" "Mozilla/5.0 (compatible; AhrefsBot/7.0; +http://ahrefs.com/robot/)"
2a03:2880:f800:1:: - - [26/Apr/2025:11:14:21 -0400] "GET /good.php/shopdetail/955493137.html HTTP/1.1" 200 0 "-" "meta-externalagent/1.1 (+https://developers.facebook.com/docs/sharing/webmasters/crawler)"
2a03:2880:f800:a:: - - [26/Apr/2025:11:14:21 -0400] "GET /good.php/shopdetail/12087043137.html HTTP/1.1" 200 0 "-" "meta-externalagent/1.1 (+https://developers.facebook.com/docs/sharing/webmasters/crawler)"
2a03:2880:f800:12:: - - [26/Apr/2025:11:14:21 -0400] "GET /good.php/shopdetail/22987973137.html HTTP/1.1" 200 0 "-" "meta-externalagent/1.1 (+https://developers.facebook.com/docs/sharing/webmasters/crawler)"
66.249.74.106 - - [26/Apr/2025:11:14:22 -0400] "GET /store.php?Syracuse/jili-10 HTTP/1.1" 200 181 "-" "Mozilla/5.0 (Linux; Android 6.0.1; Nexus 5X Build/MMB29P) AppleWebKit/537.36 (KHTML, like Gecko) Chrome/135.0.7049.95 Mobile Safari/537.36 (compatible; GoogleOther)"
40.77.167.7 - - [26/Apr/2025:11:14:25 -0400] "GET /?s=%D1%81%D0%B5%D0%BD%D0%B3%D0%BE%D0%BA%D1%83+%D1%80%D0%B0%D1%81%D0%BA%D0%B0%D0%B7%D0%B0%D0%BB+%D0%BF%D1%80%D0%BE+%D0%B4%D1%80%D0%B0%D0%B3%D0%BE%D0%BD%D0%B0 HTTP/1.1" 200 13647 "-" "Mozilla/5.0 AppleWebKit/537.36 (KHTML, like Gecko; compatible; bingbot/2.0; +http://www.bing.com/bingbot.htm) Chrome/116.0.1938.76 Safari/537.36"
2a03:2880:f800:9:: - - [26/Apr/2025:11:14:27 -0400] "GET /good.php/shopdetail/24441893137.html HTTP/1.1" 200 0 "-" "meta-externalagent/1.1 (+https://developers.facebook.com/docs/sharing/webmasters/crawler)"
40.77.167.48 - - [26/Apr/2025:11:14:30 -0400] "GET /hobbies-guitars-tp33 HTTP/1.1" 404 9386 "-" "Mozilla/5.0 AppleWebKit/537.36 (KHTML, like Gecko; compatible; bingbot/2.0; +http://www.bing.com/bingbot.htm) Chrome/116.0.1938.76 Safari/537.36"
51.222.253.3 - - [26/Apr/2025:11:14:33 -0400] "GET /good.php/shopdetail/156303137.html HTTP/1.1" 200 0 "-" "Mozilla/5.0 (compatible; AhrefsBot/7.0; +http://ahrefs.com/robot/)"
2a03:2880:f800:14:: - - [26/Apr/2025:11:14:36 -0400] "GET /good.php/shopdetail/18157403137.html HTTP/1.1" 200 0 "-" "meta-externalagent/1.1 (+https://developers.facebook.com/docs/sharing/webmasters/crawler)"
2a03:2880:f800:1b:: - - [26/Apr/2025:11:14:38 -0400] "GET /good.php/shopdetail/26604103137.html HTTP/1.1" 200 0 "-" "meta-externalagent/1.1 (+https://developers.facebook.com/docs/sharing/webmasters/crawler)"
66.249.74.106 - - [26/Apr/2025:11:14:47 -0400] "GET /store.php?New-York-City_Add-to-cart/kupon-lvbet HTTP/1.1" 200 181 "-" "Mozilla/5.0 (Linux; Android 6.0.1; Nexus 5X Build/MMB29P) AppleWebKit/537.36 (KHTML, like Gecko) Chrome/135.0.7049.95 Mobile Safari/537.36 (compatible; GoogleOther)"
2a03:2880:f800:15:: - - [26/Apr/2025:11:14:48 -0400] "GET /good.php/shopdetail/15684833137.html HTTP/1.1" 200 0 "-" "meta-externalagent/1.1 (+https://developers.facebook.com/docs/sharing/webmasters/crawler)"
2a03:2880:f800:10:: - - [26/Apr/2025:11:14:49 -0400] "GET /good.php/shopdetail/3809683137.html HTTP/1.1" 200 0 "-" "meta-externalagent/1.1 (+https://developers.facebook.com/docs/sharing/webmasters/crawler)"
2a03:2880:f800:19:: - - [26/Apr/2025:11:14:51 -0400] "GET /good.php/shopdetail/36018053137.html HTTP/1.1" 200 0 "-" "meta-externalagent/1.1 (+https://developers.facebook.com/docs/sharing/webmasters/crawler)"
2a03:2880:f800:12:: - - [26/Apr/2025:11:14:53 -0400] "GET /good.php/shopdetail/10279823137.html HTTP/1.1" 200 0 "-" "meta-externalagent/1.1 (+https://developers.facebook.com/docs/sharing/webmasters/crawler)"
51.222.253.16 - - [26/Apr/2025:11:14:54 -0400] "GET /good.php/shopdetail/15716913137.html HTTP/1.1" 200 0 "-" "Mozilla/5.0 (compatible; AhrefsBot/7.0; +http://ahrefs.com/robot/)"
2a03:2880:f800:1:: - - [26/Apr/2025:11:14:56 -0400] "GET /good.php/shopdetail/15206263137.html HTTP/1.1" 200 0 "-" "meta-externalagent/1.1 (+https://developers.facebook.com/docs/sharing/webmasters/crawler)"
2a03:2880:f800:1a:: - - [26/Apr/2025:11:14:57 -0400] "GET /good.php/shopdetail/11053593137.html HTTP/1.1" 200 0 "-" "meta-externalagent/1.1 (+https://developers.facebook.com/docs/sharing/webmasters/crawler)"
2a03:2880:f800:1d:: - - [26/Apr/2025:11:15:03 -0400] "GET /good.php/shopdetail/2046813137.html HTTP/1.1" 200 0 "-" "meta-externalagent/1.1 (+https://developers.facebook.com/docs/sharing/webmasters/crawler)"
51.222.253.14 - - [26/Apr/2025:11:15:06 -0400] "GET /good.php/shopdetail/15938343137.html HTTP/1.1" 200 0 "-" "Mozilla/5.0 (compatible; AhrefsBot/7.0; +http://ahrefs.com/robot/)"
66.249.74.106 - - [26/Apr/2025:11:15:09 -0400] "GET /store.php?O%27Neill_Add-to-cart/phdream-fortune-lottery HTTP/1.1" 200 181 "-" "Mozilla/5.0 (Linux; Android 6.0.1; Nexus 5X Build/MMB29P) AppleWebKit/537.36 (KHTML, like Gecko) Chrome/135.0.7049.95 Mobile Safari/537.36 (compatible; GoogleOther)"
2a03:2880:f800:a:: - - [26/Apr/2025:11:15:09 -0400] "GET /good.php/shopdetail/11823953137.html HTTP/1.1" 200 0 "-" "meta-externalagent/1.1 (+https://developers.facebook.com/docs/sharing/webmasters/crawler)"
2a03:2880:f800:16:: - - [26/Apr/2025:11:15:09 -0400] "GET /good.php/shopdetail/12603993137.html HTTP/1.1" 200 0 "-" "meta-externalagent/1.1 (+https://developers.facebook.com/docs/sharing/webmasters/crawler)"
2a03:2880:f800:8:: - - [26/Apr/2025:11:15:12 -0400] "GET /good.php/shopdetail/14310283137.html HTTP/1.1" 200 0 "-" "meta-externalagent/1.1 (+https://developers.facebook.com/docs/sharing/webmasters/crawler)"
2a03:2880:f800:3:: - - [26/Apr/2025:11:15:13 -0400] "GET /good.php/shopdetail/29922263137.html HTTP/1.1" 200 0 "-" "meta-externalagent/1.1 (+https://developers.facebook.com/docs/sharing/webmasters/crawler)"
2a03:2880:f800:8:: - - [26/Apr/2025:11:15:14 -0400] "GET /good.php/shopdetail/9444133137.html HTTP/1.1" 200 0 "-" "meta-externalagent/1.1 (+https://developers.facebook.com/docs/sharing/webmasters/crawler)"
2001:4860:7:70a::e - - [26/Apr/2025:11:15:15 -0400] "GET /store.php?FAQs/thisvod HTTP/1.1" 200 181 "https://www.google.com/" "Mozilla/5.0 (Linux; Android 10; K) AppleWebKit/537.36 (KHTML, like Gecko) Chrome/135.0.0.0 Mobile Safari/537.36"
2a03:2880:f800:9:: - - [26/Apr/2025:11:15:18 -0400] "GET /good.php/shopdetail/7174433137.html HTTP/1.1" 200 0 "-" "meta-externalagent/1.1 (+https://developers.facebook.com/docs/sharing/webmasters/crawler)"
2a03:2880:f800:1a:: - - [26/Apr/2025:11:15:19 -0400] "GET /good.php/shopdetail/33263683137.html HTTP/1.1" 200 0 "-" "meta-externalagent/1.1 (+https://developers.facebook.com/docs/sharing/webmasters/crawler)"
51.222.253.16 - - [26/Apr/2025:11:15:21 -0400] "GET /good.php/shopdetail/16023183137.html HTTP/1.1" 200 0 "-" "Mozilla/5.0 (compatible; AhrefsBot/7.0; +http://ahrefs.com/robot/)"
2a03:2880:f800:19:: - - [26/Apr/2025:11:15:21 -0400] "GET /good.php/shopdetail/27656813137.html HTTP/1.1" 200 0 "-" "meta-externalagent/1.1 (+https://developers.facebook.com/docs/sharing/webmasters/crawler)"
2a03:2880:f800:d:: - - [26/Apr/2025:11:15:21 -0400] "GET /good.php/shopdetail/20310383137.html HTTP/1.1" 200 0 "-" "meta-externalagent/1.1 (+https://developers.facebook.com/docs/sharing/webmasters/crawler)"
66.249.74.105 - - [26/Apr/2025:11:15:28 -0400] "GET /store.php?Bellingham_Add-to-cart/poker-holdem HTTP/1.1" 200 181 "-" "Mozilla/5.0 (Linux; Android 6.0.1; Nexus 5X Build/MMB29P) AppleWebKit/537.36 (KHTML, like Gecko) Chrome/135.0.7049.95 Mobile Safari/537.36 (compatible; GoogleOther)"
2a03:2880:f800:d:: - - [26/Apr/2025:11:15:29 -0400] "GET /good.php/shopdetail/27573493137.html HTTP/1.1" 200 0 "-" "meta-externalagent/1.1 (+https://developers.facebook.com/docs/sharing/webmasters/crawler)"
2a03:2880:f800:19:: - - [26/Apr/2025:11:15:33 -0400] "GET /good.php/shopdetail/36604333137.html HTTP/1.1" 200 0 "-" "meta-externalagent/1.1 (+https://developers.facebook.com/docs/sharing/webmasters/crawler)"
51.222.253.2 - - [26/Apr/2025:11:15:33 -0400] "GET /good.php/shopdetail/16141283137.html HTTP/1.1" 200 0 "-" "Mozilla/5.0 (compatible; AhrefsBot/7.0; +http://ahrefs.com/robot/)"
2a03:2880:f800:19:: - - [26/Apr/2025:11:15:33 -0400] "GET /good.php/shopdetail/25217573137.html HTTP/1.1" 200 0 "-" "meta-externalagent/1.1 (+https://developers.facebook.com/docs/sharing/webmasters/crawler)"
2a03:2880:f800:1a:: - - [26/Apr/2025:11:15:38 -0400] "GET /good.php/shopdetail/28878153137.html HTTP/1.1" 200 0 "-" "meta-externalagent/1.1 (+https://developers.facebook.com/docs/sharing/webmasters/crawler)"
2a03:2880:f800:5:: - - [26/Apr/2025:11:15:40 -0400] "GET /good.php/shopdetail/32514563137.html HTTP/1.1" 200 0 "-" "meta-externalagent/1.1 (+https://developers.facebook.com/docs/sharing/webmasters/crawler)"
66.249.74.105 - - [26/Apr/2025:11:15:46 -0400] "GET /store.php?Salina/888.com-big-jackpot HTTP/1.1" 200 181 "-" "Mozilla/5.0 (Linux; Android 6.0.1; Nexus 5X Build/MMB29P) AppleWebKit/537.36 (KHTML, like Gecko) Chrome/135.0.7049.95 Mobile Safari/537.36 (compatible; GoogleOther)"
51.222.253.11 - - [26/Apr/2025:11:15:47 -0400] "GET /good.php/shopdetail/16201263137.html HTTP/1.1" 200 0 "-" "Mozilla/5.0 (compatible; AhrefsBot/7.0; +http://ahrefs.com/robot/)"
2a03:2880:f800:19:: - - [26/Apr/2025:11:15:50 -0400] "GET /good.php/shopdetail/33772323137.html HTTP/1.1" 200 0 "-" "meta-externalagent/1.1 (+https://developers.facebook.com/docs/sharing/webmasters/crawler)"
2a03:2880:f800:d:: - - [26/Apr/2025:11:15:58 -0400] "GET /good.php/shopdetail/22151843137.html HTTP/1.1" 200 0 "-" "meta-externalagent/1.1 (+https://developers.facebook.com/docs/sharing/webmasters/crawler)"
66.249.74.105 - - [26/Apr/2025:11:16:01 -0400] "GET /store.php?Red-Wing/bingo-plus-promo-code HTTP/1.1" 200 181 "-" "Mozilla/5.0 (Linux; Android 6.0.1; Nexus 5X Build/MMB29P) AppleWebKit/537.36 (KHTML, like Gecko) Chrome/135.0.7049.95 Mobile Safari/537.36 (compatible; GoogleOther)"
51.222.253.20 - - [26/Apr/2025:11:16:03 -0400] "GET /good.php/shopdetail/16327883137.html HTTP/1.1" 200 0 "-" "Mozilla/5.0 (compatible; AhrefsBot/7.0; +http://ahrefs.com/robot/)"
2a03:2880:f800:16:: - - [26/Apr/2025:11:16:04 -0400] "GET /good.php/shopdetail/3741773137.html HTTP/1.1" 200 0 "-" "meta-externalagent/1.1 (+https://developers.facebook.com/docs/sharing/webmasters/crawler)"
2a03:2880:f800:10:: - - [26/Apr/2025:11:16:05 -0400] "GET /good.php/shopdetail/38300673137.html HTTP/1.1" 200 0 "-" "meta-externalagent/1.1 (+https://developers.facebook.com/docs/sharing/webmasters/crawler)"
2a03:2880:f800:2:: - - [26/Apr/2025:11:16:07 -0400] "GET /good.php/shopdetail/22329823137.html HTTP/1.1" 200 0 "-" "meta-externalagent/1.1 (+https://developers.facebook.com/docs/sharing/webmasters/crawler)"
2a03:2880:f800:b:: - - [26/Apr/2025:11:16:13 -0400] "GET /good.php/shopdetail/19767193137.html HTTP/1.1" 200 0 "-" "meta-externalagent/1.1 (+https://developers.facebook.com/docs/sharing/webmasters/crawler)"
66.249.74.105 - - [26/Apr/2025:11:16:15 -0400] "GET /store.php?Dayton/smile-music-bingo HTTP/1.1" 200 181 "-" "Mozilla/5.0 (Linux; Android 6.0.1; Nexus 5X Build/MMB29P) AppleWebKit/537.36 (KHTML, like Gecko) Chrome/135.0.7049.95 Mobile Safari/537.36 (compatible; GoogleOther)"
51.222.253.7 - - [26/Apr/2025:11:16:16 -0400] "GET /good.php/shopdetail/16380603137.html HTTP/1.1" 200 0 "-" "Mozilla/5.0 (compatible; AhrefsBot/7.0; +http://ahrefs.com/robot/)"
2a03:2880:f800:c:: - - [26/Apr/2025:11:16:20 -0400] "GET /good.php/shopdetail/4317523137.html HTTP/1.1" 200 0 "-" "meta-externalagent/1.1 (+https://developers.facebook.com/docs/sharing/webmasters/crawler)"
162.0.215.210 - - [26/Apr/2025:11:16:27 -0400] "POST /wp-cron.php?doing_wp_cron=1745680587.1521840095520019531250 HTTP/1.1" 200 0 "-" "WordPress/6.8; https://oiltrain.org"
66.249.74.105 - - [26/Apr/2025:11:16:27 -0400] "GET /store.php?Paterson/magic-sea-casino HTTP/1.1" 200 181 "-" "Mozilla/5.0 (Linux; Android 6.0.1; Nexus 5X Build/MMB29P) AppleWebKit/537.36 (KHTML, like Gecko) Chrome/135.0.7049.95 Mobile Safari/537.36 (compatible; GoogleOther)"
52.167.144.216 - - [26/Apr/2025:11:16:26 -0400] "GET /?s=%D0%BF%D1%80%D0%BE%D0%B3%D0%BD%D0%BE%D0%B7+%D0%BF%D0%BE%D0%B3%D0%BE%D0%B4%D1%8B+%D0%B2+%D0%BB%D0%B0%D0%BD%D0%B3%D0%B5%D0%BF%D0%B0%D1%81%D0%B5+%D0%BD%D0%B0+3+%D0%B4%D0%BD%D1%8F HTTP/1.1" 200 13723 "-" "Mozilla/5.0 AppleWebKit/537.36 (KHTML, like Gecko; compatible; bingbot/2.0; +http://www.bing.com/bingbot.htm) Chrome/116.0.1938.76 Safari/537.36"
162.0.215.210 - - [26/Apr/2025:11:16:28 -0400] "POST /wp-admin/admin-ajax.php?action=async_litespeed&nonce=vU1l7Ch2Lvl9ePacP6b7iRBOpOQ6aApn&litespeed_type=imgoptm HTTP/1.1" 200 0 "-" "WordPress/6.8; https://oiltrain.org"
2a03:2880:f800:9:: - - [26/Apr/2025:11:16:29 -0400] "GET /good.php/shopdetail/33355723137.html HTTP/1.1" 200 0 "-" "meta-externalagent/1.1 (+https://developers.facebook.com/docs/sharing/webmasters/crawler)"
51.222.253.5 - - [26/Apr/2025:11:16:33 -0400] "GET /good.php/shopdetail/16386233137.html HTTP/1.1" 200 0 "-" "Mozilla/5.0 (compatible; AhrefsBot/7.0; +http://ahrefs.com/robot/)"
2a03:2880:f800:8:: - - [26/Apr/2025:11:16:37 -0400] "GET /good.php/shopdetail/30963893137.html HTTP/1.1" 200 0 "-" "meta-externalagent/1.1 (+https://developers.facebook.com/docs/sharing/webmasters/crawler)"
66.249.74.105 - - [26/Apr/2025:11:16:38 -0400] "GET /store.php?Syracuse/mains-de-poker HTTP/1.1" 200 181 "-" "Mozilla/5.0 (Linux; Android 6.0.1; Nexus 5X Build/MMB29P) AppleWebKit/537.36 (KHTML, like Gecko) Chrome/135.0.7049.95 Mobile Safari/537.36 (compatible; GoogleOther)"
2a03:2880:f800:1a:: - - [26/Apr/2025:11:16:39 -0400] "GET /good.php/shopdetail/22242673137.html HTTP/1.1" 200 0 "-" "meta-externalagent/1.1 (+https://developers.facebook.com/docs/sharing/webmasters/crawler)"
51.222.253.16 - - [26/Apr/2025:11:16:47 -0400] "GET /good.php/shopdetail/16404233137.html HTTP/1.1" 200 0 "-" "Mozilla/5.0 (compatible; AhrefsBot/7.0; +http://ahrefs.com/robot/)"
66.249.74.105 - - [26/Apr/2025:11:16:47 -0400] "GET /store.php?Cambridge/bet365-entrar HTTP/1.1" 200 181 "-" "Mozilla/5.0 (Linux; Android 6.0.1; Nexus 5X Build/MMB29P) AppleWebKit/537.36 (KHTML, like Gecko) Chrome/135.0.7049.95 Mobile Safari/537.36 (compatible; GoogleOther)"
2a03:2880:f800:18:: - - [26/Apr/2025:11:16:50 -0400] "GET /good.php/shopdetail/20495823137.html HTTP/1.1" 200 0 "-" "meta-externalagent/1.1 (+https://developers.facebook.com/docs/sharing/webmasters/crawler)"
2a03:2880:f800:1a:: - - [26/Apr/2025:11:16:53 -0400] "GET /good.php/shopdetail/1151603137.html HTTP/1.1" 200 0 "-" "meta-externalagent/1.1 (+https://developers.facebook.com/docs/sharing/webmasters/crawler)"
66.249.74.105 - - [26/Apr/2025:11:16:56 -0400] "GET /store.php?Des-Moines/retabet-casino HTTP/1.1" 200 181 "-" "Mozilla/5.0 (Linux; Android 6.0.1; Nexus 5X Build/MMB29P) AppleWebKit/537.36 (KHTML, like Gecko) Chrome/135.0.7049.95 Mobile Safari/537.36 (compatible; GoogleOther)"
2a03:2880:f800:c:: - - [26/Apr/2025:11:16:59 -0400] "GET /good.php/shopdetail/13158843137.html HTTP/1.1" 200 0 "-" "meta-externalagent/1.1 (+https://developers.facebook.com/docs/sharing/webmasters/crawler)"
2a03:2880:f800:8:: - - [26/Apr/2025:11:17:02 -0400] "GET /good.php/shopdetail/16519663137.html HTTP/1.1" 200 0 "-" "meta-externalagent/1.1 (+https://developers.facebook.com/docs/sharing/webmasters/crawler)"
162.0.215.210 - - [26/Apr/2025:11:17:02 -0400] "POST /wp-cron.php?doing_wp_cron=1745680622.4345750808715820312500 HTTP/1.1" 200 0 "-" "WordPress/6.8; https://oiltrain.org"
2a03:2880:f800:16:: - - [26/Apr/2025:11:17:01 -0400] "GET /advanced-hse-course/ HTTP/1.1" 200 19946 "-" "meta-externalagent/1.1 (+https://developers.facebook.com/docs/sharing/webmasters/crawler)"
51.222.253.16 - - [26/Apr/2025:11:17:03 -0400] "GET /good.php/shopdetail/16418543137.html HTTP/1.1" 200 0 "-" "Mozilla/5.0 (compatible; AhrefsBot/7.0; +http://ahrefs.com/robot/)"
162.0.215.210 - - [26/Apr/2025:11:17:03 -0400] "POST /wp-admin/admin-ajax.php?action=async_litespeed&nonce=eeUj51qCKUAwTZwsfnQJNb7kIIqn9lQ6&litespeed_type=imgoptm HTTP/1.1" 200 5 "-" "WordPress/6.8; https://oiltrain.org"
2a03:2880:f800:18:: - - [26/Apr/2025:11:17:04 -0400] "GET /services-style-2/ HTTP/1.1" 200 16412 "-" "meta-externalagent/1.1 (+https://developers.facebook.com/docs/sharing/webmasters/crawler)"
66.249.74.105 - - [26/Apr/2025:11:17:04 -0400] "GET /store.php-Richfield_Add-to-cart/okbet-games-baccarat HTTP/1.1" 404 9386 "-" "Mozilla/5.0 (Linux; Android 6.0.1; Nexus 5X Build/MMB29P) AppleWebKit/537.36 (KHTML, like Gecko) Chrome/135.0.7049.95 Mobile Safari/537.36 (compatible; GoogleOther)"
2a03:2880:f800:5:: - - [26/Apr/2025:11:17:06 -0400] "GET /good.php/shopdetail/30097363137.html HTTP/1.1" 200 0 "-" "meta-externalagent/1.1 (+https://developers.facebook.com/docs/sharing/webmasters/crawler)"
52.167.144.216 - - [26/Apr/2025:11:17:06 -0400] "GET /food-rice-260an HTTP/1.1" 404 9386 "-" "Mozilla/5.0 AppleWebKit/537.36 (KHTML, like Gecko; compatible; bingbot/2.0; +http://www.bing.com/bingbot.htm) Chrome/116.0.1938.76 Safari/537.36"
52.167.144.216 - - [26/Apr/2025:11:17:07 -0400] "GET /health-iron-49nm HTTP/1.1" 404 9386 "-" "Mozilla/5.0 AppleWebKit/537.36 (KHTML, like Gecko; compatible; bingbot/2.0; +http://www.bing.com/bingbot.htm) Chrome/116.0.1938.76 Safari/537.36"
52.167.144.216 - - [26/Apr/2025:11:17:08 -0400] "GET /food-whiskey-1vydw HTTP/1.1" 404 9386 "-" "Mozilla/5.0 AppleWebKit/537.36 (KHTML, like Gecko; compatible; bingbot/2.0; +http://www.bing.com/bingbot.htm) Chrome/116.0.1938.76 Safari/537.36"
66.249.74.105 - - [26/Apr/2025:11:17:11 -0400] "GET /store.php?Bend/jilibet-dona HTTP/1.1" 200 181 "-" "Mozilla/5.0 (Linux; Android 6.0.1; Nexus 5X Build/MMB29P) AppleWebKit/537.36 (KHTML, like Gecko) Chrome/135.0.7049.95 Mobile Safari/537.36 (compatible; GoogleOther)"
2a03:2880:f800:d:: - - [26/Apr/2025:11:17:11 -0400] "GET /good.php/shopdetail/36733223137.html HTTP/1.1" 200 0 "-" "meta-externalagent/1.1 (+https://developers.facebook.com/docs/sharing/webmasters/crawler)"
51.222.253.11 - - [26/Apr/2025:11:17:16 -0400] "GET /good.php/shopdetail/16420833137.html HTTP/1.1" 200 0 "-" "Mozilla/5.0 (compatible; AhrefsBot/7.0; +http://ahrefs.com/robot/)"
66.249.74.105 - - [26/Apr/2025:11:17:18 -0400] "GET /store.php?Salem/Pgasia-bingo-big HTTP/1.1" 200 181 "-" "Mozilla/5.0 (Linux; Android 6.0.1; Nexus 5X Build/MMB29P) AppleWebKit/537.36 (KHTML, like Gecko) Chrome/135.0.7049.95 Mobile Safari/537.36 (compatible; GoogleOther)"
2407:1c00:6300:79e0:: - - [26/Apr/2025:11:17:21 -0400] "POST /xmlrpc.php HTTP/1.1" 200 186 "-" "Mozilla/5.0 (Linux; Android 10; LM-Q710(FGN)) AppleWebKit/537.36 (KHTML, like Gecko) Chrome/91.0.4472.114 Mobile Safari/537.36"
66.249.74.105 - - [26/Apr/2025:11:17:24 -0400] "GET /store.php-Berkeley_Add-to-cart/777-crazy-time HTTP/1.1" 404 9387 "-" "Mozilla/5.0 (Linux; Android 6.0.1; Nexus 5X Build/MMB29P) AppleWebKit/537.36 (KHTML, like Gecko) Chrome/135.0.7049.95 Mobile Safari/537.36 (compatible; GoogleOther)"
164.90.154.67 - - [26/Apr/2025:11:17:25 -0400] "POST /xmlrpc.php HTTP/1.1" 200 186 "-" "Mozilla/5.0 (Windows NT 10.0; Win64; x64) AppleWebKit/537.36 (KHTML, like Gecko) Chrome/79.0.3945.130 Safari/537.36"
146.255.62.140 - - [26/Apr/2025:11:17:28 -0400] "POST /xmlrpc.php HTTP/1.1" 200 186 "-" "Mozilla/5.0 (Windows NT 10.0; Win64; x64; rv:67.0) Gecko/20100101 Firefox/67.0"
159.65.61.232 - - [26/Apr/2025:11:17:28 -0400] "POST /xmlrpc.php HTTP/1.1" 200 186 "-" "Mozilla/5.0 (Windows NT 10.0; WOW64; rv:54.0) Gecko/20100101 Firefox/54.0"
66.249.74.105 - - [26/Apr/2025:11:17:29 -0400] "GET /store.php?Hyannis/power-bet-ro HTTP/1.1" 200 181 "-" "Mozilla/5.0 (Linux; Android 6.0.1; Nexus 5X Build/MMB29P) AppleWebKit/537.36 (KHTML, like Gecko) Chrome/135.0.7049.95 Mobile Safari/537.36 (compatible; GoogleOther)"
51.222.253.14 - - [26/Apr/2025:11:17:30 -0400] "GET /good.php/shopdetail/16481943137.html HTTP/1.1" 200 0 "-" "Mozilla/5.0 (compatible; AhrefsBot/7.0; +http://ahrefs.com/robot/)"
18.223.106.108 - - [26/Apr/2025:11:17:33 -0400] "POST /xmlrpc.php HTTP/1.1" 200 186 "-" "Mozilla/5.0 (Windows NT 10.0; Win64; x64) AppleWebKit/537.36 (KHTML, like Gecko) Chrome/79.0.3945.117 Safari/537.36"
66.249.74.105 - - [26/Apr/2025:11:17:34 -0400] "GET /store.php?Houma/777pub-com-facebook HTTP/1.1" 200 181 "-" "Mozilla/5.0 (Linux; Android 6.0.1; Nexus 5X Build/MMB29P) AppleWebKit/537.36 (KHTML, like Gecko) Chrome/135.0.7049.95 Mobile Safari/537.36 (compatible; GoogleOther)"
2a02:c207:2038:533::1 - - [26/Apr/2025:11:17:35 -0400] "POST /xmlrpc.php HTTP/1.1" 200 186 "-" "Mozilla/5.0 (Windows NT 10.0; WOW64) AppleWebKit/537.36 (KHTML, like Gecko) Chrome/91.0.4472.114 Safari/537.36"
2a03:2880:f800:10:: - - [26/Apr/2025:11:17:36 -0400] "GET /good.php/shopdetail/18357953137.html HTTP/1.1" 200 0 "-" "meta-externalagent/1.1 (+https://developers.facebook.com/docs/sharing/webmasters/crawler)"
66.249.74.105 - - [26/Apr/2025:11:17:39 -0400] "GET /store.php?Add-to-cart/nasa777%20lottery%20games HTTP/1.1" 200 181 "-" "Mozilla/5.0 (Linux; Android 6.0.1; Nexus 5X Build/MMB29P) AppleWebKit/537.36 (KHTML, like Gecko) Chrome/135.0.7049.95 Mobile Safari/537.36 (compatible; GoogleOther)"
2a03:2880:f800:1:: - - [26/Apr/2025:11:17:40 -0400] "GET /good.php/shopdetail/31623343137.html HTTP/1.1" 200 0 "-" "meta-externalagent/1.1 (+https://developers.facebook.com/docs/sharing/webmasters/crawler)"
162.0.215.210 - - [26/Apr/2025:11:17:40 -0400] "POST /wp-cron.php?doing_wp_cron=1745680660.3393070697784423828125 HTTP/1.1" 200 0 "-" "WordPress/6.8; https://oiltrain.org"
213.134.39.163 - - [26/Apr/2025:11:17:39 -0400] "POST /xmlrpc.php HTTP/1.1" 200 186 "-" "Mozilla/5.0 (Windows NT 6.1; Win64; x64; rv:61.0) Gecko/20100101 Firefox/61.0"
109.205.180.216 - - [26/Apr/2025:11:17:41 -0400] "POST /xmlrpc.php HTTP/1.1" 200 186 "-" "Mozilla/5.0 (Windows NT 10.0; Win64; x64) AppleWebKit/537.36 (KHTML, like Gecko) Chrome/65.0.3325.181 Safari/537.36"
40.77.167.23 - - [26/Apr/2025:11:17:43 -0400] "GET /food-grains-2emij HTTP/1.1" 404 9386 "-" "Mozilla/5.0 AppleWebKit/537.36 (KHTML, like Gecko; compatible; bingbot/2.0; +http://www.bing.com/bingbot.htm) Chrome/116.0.1938.76 Safari/537.36"
66.249.74.105 - - [26/Apr/2025:11:17:44 -0400] "GET /store.php?Toledo/polokwane-spin-city HTTP/1.1" 200 181 "-" "Mozilla/5.0 (Linux; Android 6.0.1; Nexus 5X Build/MMB29P) AppleWebKit/537.36 (KHTML, like Gecko) Chrome/135.0.7049.95 Mobile Safari/537.36 (compatible; GoogleOther)"
83.167.244.157 - - [26/Apr/2025:11:17:44 -0400] "POST /xmlrpc.php HTTP/1.1" 200 186 "-" "Mozilla/5.0 (Windows NT 5.1; rv:33.0) Gecko/20100101 Firefox/33.0"
51.222.253.1 - - [26/Apr/2025:11:17:45 -0400] "GET /good.php/shopdetail/1649973137.html HTTP/1.1" 200 0 "-" "Mozilla/5.0 (compatible; AhrefsBot/7.0; +http://ahrefs.com/robot/)"
66.249.74.105 - - [26/Apr/2025:11:17:45 -0400] "GET /games-idols-2fqaa HTTP/1.1" 404 9387 "-" "Mozilla/5.0 (Linux; Android 6.0.1; Nexus 5X Build/MMB29P) AppleWebKit/537.36 (KHTML, like Gecko) Chrome/135.0.7049.95 Mobile Safari/537.36 (compatible; Googlebot/2.1; +http://www.google.com/bot.html)"
138.201.120.30 - - [26/Apr/2025:11:17:46 -0400] "POST /xmlrpc.php HTTP/1.1" 200 186 "-" "Mozilla/5.0 (Windows NT 10.0; Win64; x64) AppleWebKit/537.36 (KHTML, like Gecko) Chrome/85.0.4183.121 Safari/537.36"
2a02:c207:2038:533::1 - - [26/Apr/2025:11:17:46 -0400] "POST /xmlrpc.php HTTP/1.1" 200 186 "-" "Mozilla/5.0 (Windows NT 10.0; WOW64) AppleWebKit/537.36 (KHTML, like Gecko) Chrome/72.0.3626.121 Safari/537.36"
51.178.146.199 - - [26/Apr/2025:11:17:46 -0400] "POST /xmlrpc.php HTTP/1.1" 200 186 "-" "Mozilla/5.0 (Windows NT 10.0; Win64; x64) AppleWebKit/537.36 (KHTML, like Gecko) Chrome/83.0.4103.116 Safari/537.36"
2a03:2880:f800:4:: - - [26/Apr/2025:11:17:47 -0400] "GET /good.php/shopdetail/7051153137.html HTTP/1.1" 200 0 "-" "meta-externalagent/1.1 (+https://developers.facebook.com/docs/sharing/webmasters/crawler)"
2a03:2880:f800:1:: - - [26/Apr/2025:11:17:48 -0400] "GET /good.php/shopdetail/38234233137.html HTTP/1.1" 200 0 "-" "meta-externalagent/1.1 (+https://developers.facebook.com/docs/sharing/webmasters/crawler)"
2001:1640:5::3:60 - - [26/Apr/2025:11:17:48 -0400] "POST /xmlrpc.php HTTP/1.1" 200 186 "-" "Mozilla/5.0 (Linux; Android 6.0.1; RedMi Note 5 Build/RB3N5C; wv) AppleWebKit/537.36 (KHTML, like Gecko) Version/4.0 Chrome/68.0.3440.91 Mobile Safari/537.36"
66.249.74.105 - - [26/Apr/2025:11:17:48 -0400] "GET /store.php?LaSalle/Betkubi-games-fortune HTTP/1.1" 200 181 "-" "Mozilla/5.0 (Linux; Android 6.0.1; Nexus 5X Build/MMB29P) AppleWebKit/537.36 (KHTML, like Gecko) Chrome/135.0.7049.95 Mobile Safari/537.36 (compatible; GoogleOther)"
107.172.89.109 - - [26/Apr/2025:11:17:49 -0400] "POST /xmlrpc.php HTTP/1.1" 200 186 "-" "Mozilla/5.0 (Windows NT 10.0; WOW64) AppleWebKit/537.36 (KHTML, like Gecko) Chrome/91.0.4472.114 Safari/537.36"
2a03:2880:f800:a:: - - [26/Apr/2025:11:17:53 -0400] "GET /good.php/shopdetail/37311983137.html HTTP/1.1" 200 0 "-" "meta-externalagent/1.1 (+https://developers.facebook.com/docs/sharing/webmasters/crawler)"
66.249.74.105 - - [26/Apr/2025:11:17:53 -0400] "GET /store.php?Herndon/agilabet88-com-login-password HTTP/1.1" 200 181 "-" "Mozilla/5.0 (Linux; Android 6.0.1; Nexus 5X Build/MMB29P) AppleWebKit/537.36 (KHTML, like Gecko) Chrome/135.0.7049.95 Mobile Safari/537.36 (compatible; GoogleOther)"
2a03:2880:f800:13:: - - [26/Apr/2025:11:17:56 -0400] "GET /good.php/shopdetail/12472143137.html HTTP/1.1" 200 0 "-" "meta-externalagent/1.1 (+https://developers.facebook.com/docs/sharing/webmasters/crawler)"
51.222.253.6 - - [26/Apr/2025:11:17:57 -0400] "GET /good.php/shopdetail/16573563137.html HTTP/1.1" 200 0 "-" "Mozilla/5.0 (compatible; AhrefsBot/7.0; +http://ahrefs.com/robot/)"
