66.249.74.105 - - [26/Apr/2025:10:01:16 -0400] "GET /wp-content/themes/konstruk/konstruk/assets/js/main.js?ver=201513434 HTTP/1.1" 304 0 "https://oiltrain.org/" "Mozilla/5.0 AppleWebKit/537.36 (KHTML, like Gecko; compatible; Googlebot/2.1; +http://www.google.com/bot.html) Chrome/134.0.6998.165 Safari/537.36"
2a03:2880:f800:: - - [26/Apr/2025:10:01:18 -0400] "GET /good.php/shopdetail/16575443137.html HTTP/1.1" 200 0 "-" "meta-externalagent/1.1 (+https://developers.facebook.com/docs/sharing/webmasters/crawler)"
66.249.74.105 - - [26/Apr/2025:10:01:19 -0400] "GET /store.php?Morehead/mga-tao HTTP/1.1" 200 181 "-" "Mozilla/5.0 (Linux; Android 6.0.1; Nexus 5X Build/MMB29P) AppleWebKit/537.36 (KHTML, like Gecko) Chrome/135.0.7049.95 Mobile Safari/537.36 (compatible; GoogleOther)"
2a03:2880:f800:7:: - - [26/Apr/2025:10:01:22 -0400] "GET /good.php/shopdetail/34744033137.html HTTP/1.1" 200 0 "-" "meta-externalagent/1.1 (+https://developers.facebook.com/docs/sharing/webmasters/crawler)"
2a03:2880:f800:15:: - - [26/Apr/2025:10:01:25 -0400] "GET /good.php/shopdetail/28760003137.html HTTP/1.1" 200 0 "-" "meta-externalagent/1.1 (+https://developers.facebook.com/docs/sharing/webmasters/crawler)"
40.77.167.116 - - [26/Apr/2025:10:01:28 -0400] "GET /?s=Seksi+vidio HTTP/1.1" 200 13552 "-" "Mozilla/5.0 AppleWebKit/537.36 (KHTML, like Gecko; compatible; bingbot/2.0; +http://www.bing.com/bingbot.htm) Chrome/116.0.1938.76 Safari/537.36"
159.89.172.84 - - [26/Apr/2025:10:01:30 -0400] "GET /wp-login.php HTTP/1.1" 200 1922 "http://www.oiltrain.org/wp-login.php" "GRequests/0.10"
159.89.172.84 - - [26/Apr/2025:10:01:31 -0400] "GET /wp-login.php HTTP/1.1" 200 1922 "http://www.oiltrain.org/wp-login.php" "GRequests/0.10"
159.89.172.84 - - [26/Apr/2025:10:01:31 -0400] "GET /wp-admin/ HTTP/1.1" 302 0 "http://www.oiltrain.org/wp-admin/" "GRequests/0.10"
159.89.172.84 - - [26/Apr/2025:10:01:32 -0400] "GET /wp-login.php?redirect_to=https%3A%2F%2Fwww.oiltrain.org%2Fwp-admin%2F&reauth=1 HTTP/1.1" 200 1931 "https://www.oiltrain.org/wp-admin/" "GRequests/0.10"
66.249.74.105 - - [26/Apr/2025:10:01:33 -0400] "GET /store.php?Reading/Prospect-Hall-Casino HTTP/1.1" 200 181 "-" "Mozilla/5.0 (Linux; Android 6.0.1; Nexus 5X Build/MMB29P) AppleWebKit/537.36 (KHTML, like Gecko) Chrome/135.0.7049.95 Mobile Safari/537.36 (compatible; GoogleOther)"
2a03:2880:f800:5:: - - [26/Apr/2025:10:01:34 -0400] "GET /good.php/shopdetail/29343773137.html HTTP/1.1" 200 0 "-" "meta-externalagent/1.1 (+https://developers.facebook.com/docs/sharing/webmasters/crawler)"
2a03:2880:f800:1c:: - - [26/Apr/2025:10:01:37 -0400] "GET /good.php/shopdetail/12218993137.html HTTP/1.1" 200 0 "-" "meta-externalagent/1.1 (+https://developers.facebook.com/docs/sharing/webmasters/crawler)"
162.0.215.210 - - [26/Apr/2025:10:01:41 -0400] "POST /wp-cron.php?doing_wp_cron=1745676101.6376750469207763671875 HTTP/1.1" 200 0 "-" "WordPress/6.8; https://oiltrain.org"
40.77.167.67 - - [26/Apr/2025:10:01:41 -0400] "GET /?s=HYTE%E6%B0%B4%E5%86%B7 HTTP/1.1" 200 13605 "-" "Mozilla/5.0 AppleWebKit/537.36 (KHTML, like Gecko; compatible; bingbot/2.0; +http://www.bing.com/bingbot.htm) Chrome/116.0.1938.76 Safari/537.36"
52.167.144.216 - - [26/Apr/2025:10:01:43 -0400] "GET /sports-clubs-tg71 HTTP/1.1" 404 9388 "-" "Mozilla/5.0 AppleWebKit/537.36 (KHTML, like Gecko; compatible; bingbot/2.0; +http://www.bing.com/bingbot.htm) Chrome/116.0.1938.76 Safari/537.36"
66.249.74.105 - - [26/Apr/2025:10:01:47 -0400] "GET /store.php?Chicago_Add-to-cart/peraplay-games-lottery HTTP/1.1" 200 181 "-" "Mozilla/5.0 (Linux; Android 6.0.1; Nexus 5X Build/MMB29P) AppleWebKit/537.36 (KHTML, like Gecko) Chrome/135.0.7049.95 Mobile Safari/537.36 (compatible; GoogleOther)"
51.222.253.9 - - [26/Apr/2025:10:01:50 -0400] "GET /good.php/shopdetail/21643243137.html HTTP/1.1" 200 0 "-" "Mozilla/5.0 (compatible; AhrefsBot/7.0; +http://ahrefs.com/robot/)"
66.249.74.105 - - [26/Apr/2025:10:01:50 -0400] "GET /store.php?Knoxville/is-bingo-club-app-legit HTTP/1.1" 200 181 "-" "Mozilla/5.0 (Linux; Android 6.0.1; Nexus 5X Build/MMB29P) AppleWebKit/537.36 (KHTML, like Gecko) Chrome/135.0.7049.95 Mobile Safari/537.36 (compatible; GoogleOther)"
2a03:2880:f800:2:: - - [26/Apr/2025:10:01:53 -0400] "GET /good.php/shopdetail/13811623137.html HTTP/1.1" 200 0 "-" "meta-externalagent/1.1 (+https://developers.facebook.com/docs/sharing/webmasters/crawler)"
2a03:2880:f800:f:: - - [26/Apr/2025:10:01:55 -0400] "GET /services-style-2/ HTTP/1.1" 200 16412 "-" "meta-externalagent/1.1 (+https://developers.facebook.com/docs/sharing/webmasters/crawler)"
51.222.253.6 - - [26/Apr/2025:10:01:56 -0400] "GET /good.php/shopdetail/2164823137.html HTTP/1.1" 200 0 "-" "Mozilla/5.0 (compatible; AhrefsBot/7.0; +http://ahrefs.com/robot/)"
2a03:2880:f800:1c:: - - [26/Apr/2025:10:01:57 -0400] "GET /good.php/shopdetail/35356223137.html HTTP/1.1" 200 0 "-" "meta-externalagent/1.1 (+https://developers.facebook.com/docs/sharing/webmasters/crawler)"
162.0.215.210 - - [26/Apr/2025:10:01:59 -0400] "POST /wp-cron.php?doing_wp_cron=1745676119.7032909393310546875000 HTTP/1.1" 200 0 "-" "WordPress/6.8; https://oiltrain.org"
40.77.167.67 - - [26/Apr/2025:10:01:59 -0400] "GET /?s=%D0%BF%D0%BE%D0%B3%D0%BE%D0%B4%D0%B0+%D0%B2+%D0%BC%D0%B0%D0%B3%D0%BD%D0%B8%D1%82%D0%BE%D0%B3%D0%BE%D1%80%D1%81%D0%BA%D0%B5+%D0%BD%D0%B0+%D0%B7%D0%B0%D0%B2%D1%82%D1%80%D0%B0+%D1%82%D0%BE%D1%87%D0%BD%D1%8B%D0%B9 HTTP/1.1" 200 13718 "-" "Mozilla/5.0 AppleWebKit/537.36 (KHTML, like Gecko; compatible; bingbot/2.0; +http://www.bing.com/bingbot.htm) Chrome/116.0.1938.76 Safari/537.36"
162.0.215.210 - - [26/Apr/2025:10:02:00 -0400] "POST /wp-admin/admin-ajax.php?action=async_litespeed&nonce=Lk4WHkNtPCWMwFI46hAa6kZYDYRO1wEO&litespeed_type=imgoptm HTTP/1.1" 200 5 "-" "WordPress/6.8; https://oiltrain.org"
66.249.74.107 - - [26/Apr/2025:10:02:02 -0400] "GET /store.php?Hartford/digmaan-io HTTP/1.1" 200 181 "-" "Mozilla/5.0 (Linux; Android 6.0.1; Nexus 5X Build/MMB29P) AppleWebKit/537.36 (KHTML, like Gecko) Chrome/135.0.7049.95 Mobile Safari/537.36 (compatible; GoogleOther)"
2a03:2880:f800:e:: - - [26/Apr/2025:10:02:04 -0400] "GET /good.php/shopdetail/26910143137.html HTTP/1.1" 200 0 "-" "meta-externalagent/1.1 (+https://developers.facebook.com/docs/sharing/webmasters/crawler)"
2001:4860:7:305::ff - - [26/Apr/2025:10:02:05 -0400] "GET /store.php?cart/dirtyship HTTP/1.1" 200 181 "https://www.google.com/" "Mozilla/5.0 (Windows NT 10.0; Win64; x64) AppleWebKit/537.36 (KHTML, like Gecko) Chrome/135.0.0.0 Safari/537.36"
51.222.253.11 - - [26/Apr/2025:10:02:10 -0400] "GET /good.php/shopdetail/21659723137.html HTTP/1.1" 200 0 "-" "Mozilla/5.0 (compatible; AhrefsBot/7.0; +http://ahrefs.com/robot/)"
2a03:2880:f800:18:: - - [26/Apr/2025:10:02:12 -0400] "GET /good.php/shopdetail/25643783137.html HTTP/1.1" 200 0 "-" "meta-externalagent/1.1 (+https://developers.facebook.com/docs/sharing/webmasters/crawler)"
66.249.74.105 - - [26/Apr/2025:10:02:16 -0400] "GET /store.php?Winchester/eac-hymn HTTP/1.1" 200 181 "-" "Mozilla/5.0 (Linux; Android 6.0.1; Nexus 5X Build/MMB29P) AppleWebKit/537.36 (KHTML, like Gecko) Chrome/135.0.7049.95 Mobile Safari/537.36 (compatible; GoogleOther)"
2001:4860:7:22c::ff - - [26/Apr/2025:10:02:17 -0400] "GET /store.php?cart/dirtyship HTTP/1.1" 200 181 "https://www.google.com/" "Mozilla/5.0 (Linux; Android 10; K) AppleWebKit/537.36 (KHTML, like Gecko) Chrome/135.0.0.0 Mobile Safari/537.36"
2a03:2880:f800:a:: - - [26/Apr/2025:10:02:18 -0400] "GET /good.php/shopdetail/25702873137.html HTTP/1.1" 200 0 "-" "meta-externalagent/1.1 (+https://developers.facebook.com/docs/sharing/webmasters/crawler)"
51.222.253.17 - - [26/Apr/2025:10:02:24 -0400] "GET /good.php/shopdetail/2167793137.html HTTP/1.1" 200 0 "-" "Mozilla/5.0 (compatible; AhrefsBot/7.0; +http://ahrefs.com/robot/)"
52.167.144.216 - - [26/Apr/2025:10:02:26 -0400] "GET /?s=%D1%81%D1%80%D0%B5%D0%B4%D0%BD%D1%8F%D1%8F+%D1%82%D0%B5%D0%BC%D0%BF%D0%B5%D1%80%D0%B0%D1%82%D1%83%D1%80%D0%B0+%D0%BF%D0%BE+%D0%BC%D0%B5%D1%81%D1%8F%D1%86%D0%B0%D0%BC+%D0%B2+%D0%BB%D0%B5%D0%B1%D1%8F%D0%B6%D1%8C%D0%B5%D0%BC+%D0%B7%D0%B0%D0%BF%D0%BE%D0%B2%D0%B5%D0%B4%D0%BD%D0%B8%D0%BA%D0%B5 HTTP/1.1" 200 13805 "-" "Mozilla/5.0 AppleWebKit/537.36 (KHTML, like Gecko; compatible; bingbot/2.0; +http://www.bing.com/bingbot.htm) Chrome/116.0.1938.76 Safari/537.36"
52.167.144.216 - - [26/Apr/2025:10:02:27 -0400] "GET /tools-others-1wnc5 HTTP/1.1" 404 9386 "-" "Mozilla/5.0 AppleWebKit/537.36 (KHTML, like Gecko; compatible; bingbot/2.0; +http://www.bing.com/bingbot.htm) Chrome/116.0.1938.76 Safari/537.36"
66.249.74.105 - - [26/Apr/2025:10:02:30 -0400] "GET /store.php?Richfield/bet365-%D0%B3%D1%80%D1%83%D0%B7%D0%B8%D1%8F HTTP/1.1" 200 181 "-" "Mozilla/5.0 (Linux; Android 6.0.1; Nexus 5X Build/MMB29P) AppleWebKit/537.36 (KHTML, like Gecko) Chrome/135.0.7049.95 Mobile Safari/537.36 (compatible; GoogleOther)"
2a03:2880:f800:14:: - - [26/Apr/2025:10:02:34 -0400] "GET /good.php/shopdetail/23525513137.html HTTP/1.1" 200 0 "-" "meta-externalagent/1.1 (+https://developers.facebook.com/docs/sharing/webmasters/crawler)"
2a03:2880:f800:4:: - - [26/Apr/2025:10:02:39 -0400] "GET /good.php/shopdetail/13363103137.html HTTP/1.1" 200 0 "-" "meta-externalagent/1.1 (+https://developers.facebook.com/docs/sharing/webmasters/crawler)"
2a03:2880:f800:9:: - - [26/Apr/2025:10:02:41 -0400] "GET /good.php/shopdetail/5119043137.html HTTP/1.1" 200 0 "-" "meta-externalagent/1.1 (+https://developers.facebook.com/docs/sharing/webmasters/crawler)"
66.249.74.105 - - [26/Apr/2025:10:02:44 -0400] "GET /store.php?Walnut-Creek_Add-to-cart/jilicc-lottery-register HTTP/1.1" 200 181 "-" "Mozilla/5.0 (Linux; Android 6.0.1; Nexus 5X Build/MMB29P) AppleWebKit/537.36 (KHTML, like Gecko) Chrome/135.0.7049.95 Mobile Safari/537.36 (compatible; GoogleOther)"
51.222.253.18 - - [26/Apr/2025:10:02:48 -0400] "GET /good.php/shopdetail/21699603137.html HTTP/1.1" 200 0 "-" "Mozilla/5.0 (compatible; AhrefsBot/7.0; +http://ahrefs.com/robot/)"
2a03:2880:f800:1d:: - - [26/Apr/2025:10:02:50 -0400] "GET /good.php/shopdetail/27534283137.html HTTP/1.1" 200 0 "-" "meta-externalagent/1.1 (+https://developers.facebook.com/docs/sharing/webmasters/crawler)"
2001:4860:7:40e::f8 - - [26/Apr/2025:10:02:55 -0400] "GET /store.php?cart/dirtyship HTTP/1.1" 200 181 "https://www.google.com/" "Mozilla/5.0 (Windows NT 10.0; Win64; x64) AppleWebKit/537.36 (KHTML, like Gecko) Chrome/135.0.0.0 Safari/537.36"
162.0.215.210 - - [26/Apr/2025:10:02:56 -0400] "POST /wp-cron.php?doing_wp_cron=1745676176.2137451171875000000000 HTTP/1.1" 200 0 "-" "WordPress/6.8; https://oiltrain.org"
66.249.74.105 - - [26/Apr/2025:10:02:55 -0400] "GET /store.php-Omaha_Add-to-cart/Betinia-Login HTTP/1.1" 404 9386 "-" "Mozilla/5.0 (Linux; Android 6.0.1; Nexus 5X Build/MMB29P) AppleWebKit/537.36 (KHTML, like Gecko) Chrome/135.0.7049.95 Mobile Safari/537.36 (compatible; GoogleOther)"
162.0.215.210 - - [26/Apr/2025:10:02:56 -0400] "POST /wp-admin/admin-ajax.php?action=async_litespeed&nonce=vCSnSwyA4fjEd0K0Dx4M2RAnMrLHJ0F6&litespeed_type=imgoptm HTTP/1.1" 200 5 "-" "WordPress/6.8; https://oiltrain.org"
52.167.144.139 - - [26/Apr/2025:10:02:59 -0400] "GET /?s=download+file+nintendoku+file+rar HTTP/1.1" 200 13553 "-" "Mozilla/5.0 AppleWebKit/537.36 (KHTML, like Gecko; compatible; bingbot/2.0; +http://www.bing.com/bingbot.htm) Chrome/116.0.1938.76 Safari/537.36"
52.167.144.139 - - [26/Apr/2025:10:02:59 -0400] "GET /tools-scales-gbja HTTP/1.1" 404 9387 "-" "Mozilla/5.0 AppleWebKit/537.36 (KHTML, like Gecko; compatible; bingbot/2.0; +http://www.bing.com/bingbot.htm) Chrome/116.0.1938.76 Safari/537.36"
2a03:2880:f800:13:: - - [26/Apr/2025:10:03:01 -0400] "GET /good.php/shopdetail/9164523137.html HTTP/1.1" 200 0 "-" "meta-externalagent/1.1 (+https://developers.facebook.com/docs/sharing/webmasters/crawler)"
51.222.253.14 - - [26/Apr/2025:10:03:02 -0400] "GET /good.php/shopdetail/21768173137.html HTTP/1.1" 200 0 "-" "Mozilla/5.0 (compatible; AhrefsBot/7.0; +http://ahrefs.com/robot/)"
66.249.74.106 - - [26/Apr/2025:10:03:07 -0400] "GET /store.php?Reading/nuebe789-jili-betgame HTTP/1.1" 200 181 "-" "Mozilla/5.0 (Linux; Android 6.0.1; Nexus 5X Build/MMB29P) AppleWebKit/537.36 (KHTML, like Gecko) Chrome/135.0.7049.95 Mobile Safari/537.36 (compatible; GoogleOther)"
51.222.253.15 - - [26/Apr/2025:10:03:18 -0400] "GET /good.php/shopdetail/21804483137.html HTTP/1.1" 200 0 "-" "Mozilla/5.0 (compatible; AhrefsBot/7.0; +http://ahrefs.com/robot/)"
66.249.74.106 - - [26/Apr/2025:10:03:18 -0400] "GET /store.php-Sioux-City/solowin-betting-sites-slots HTTP/1.1" 404 9386 "-" "Mozilla/5.0 (Linux; Android 6.0.1; Nexus 5X Build/MMB29P) AppleWebKit/537.36 (KHTML, like Gecko) Chrome/135.0.7049.95 Mobile Safari/537.36 (compatible; GoogleOther)"
52.167.144.216 - - [26/Apr/2025:10:03:21 -0400] "GET /?s=Evans_evil+webcam+videos HTTP/1.1" 200 13593 "-" "Mozilla/5.0 AppleWebKit/537.36 (KHTML, like Gecko; compatible; bingbot/2.0; +http://www.bing.com/bingbot.htm) Chrome/116.0.1938.76 Safari/537.36"
2a03:2880:f800:19:: - - [26/Apr/2025:10:03:26 -0400] "GET /good.php/shopdetail/423653137.html HTTP/1.1" 200 0 "-" "meta-externalagent/1.1 (+https://developers.facebook.com/docs/sharing/webmasters/crawler)"
66.249.74.105 - - [26/Apr/2025:10:03:29 -0400] "GET /store.php?Arlington_Add-to-cart/richard-kind-spin-city HTTP/1.1" 200 181 "-" "Mozilla/5.0 (Linux; Android 6.0.1; Nexus 5X Build/MMB29P) AppleWebKit/537.36 (KHTML, like Gecko) Chrome/135.0.7049.95 Mobile Safari/537.36 (compatible; GoogleOther)"
52.167.144.216 - - [26/Apr/2025:10:03:31 -0400] "GET /cameras-speakers-190bx HTTP/1.1" 404 9386 "-" "Mozilla/5.0 AppleWebKit/537.36 (KHTML, like Gecko; compatible; bingbot/2.0; +http://www.bing.com/bingbot.htm) Chrome/116.0.1938.76 Safari/537.36"
52.167.144.216 - - [26/Apr/2025:10:03:32 -0400] "GET /books-magazines-1f7d7 HTTP/1.1" 404 9386 "-" "Mozilla/5.0 AppleWebKit/537.36 (KHTML, like Gecko; compatible; bingbot/2.0; +http://www.bing.com/bingbot.htm) Chrome/116.0.1938.76 Safari/537.36"
51.222.253.7 - - [26/Apr/2025:10:03:33 -0400] "GET /good.php/shopdetail/21843263137.html HTTP/1.1" 200 0 "-" "Mozilla/5.0 (compatible; AhrefsBot/7.0; +http://ahrefs.com/robot/)"
66.249.74.105 - - [26/Apr/2025:10:03:40 -0400] "GET /store.php?Greensboro_Add-to-cart/state-lottery HTTP/1.1" 200 181 "-" "Mozilla/5.0 (Linux; Android 6.0.1; Nexus 5X Build/MMB29P) AppleWebKit/537.36 (KHTML, like Gecko) Chrome/135.0.7049.95 Mobile Safari/537.36 (compatible; GoogleOther)"
162.0.215.210 - - [26/Apr/2025:10:03:44 -0400] "POST /wp-cron.php?doing_wp_cron=1745676224.4979710578918457031250 HTTP/1.1" 200 0 "-" "WordPress/6.8; https://oiltrain.org"
40.77.167.116 - - [26/Apr/2025:10:03:44 -0400] "GET /?s=%E7%B5%B1%E5%90%88%E4%BD%9C%E6%88%A6 HTTP/1.1" 200 13620 "-" "Mozilla/5.0 AppleWebKit/537.36 (KHTML, like Gecko; compatible; bingbot/2.0; +http://www.bing.com/bingbot.htm) Chrome/116.0.1938.76 Safari/537.36"
2a03:2880:f800:a:: - - [26/Apr/2025:10:03:45 -0400] "GET /good.php/shopdetail/4312003137.html HTTP/1.1" 200 0 "-" "meta-externalagent/1.1 (+https://developers.facebook.com/docs/sharing/webmasters/crawler)"
2a03:2880:f800:17:: - - [26/Apr/2025:10:03:46 -0400] "GET /good.php/shopdetail/31495933137.html HTTP/1.1" 200 0 "-" "meta-externalagent/1.1 (+https://developers.facebook.com/docs/sharing/webmasters/crawler)"
2a03:2880:f800:3:: - - [26/Apr/2025:10:03:46 -0400] "GET /good.php/shopdetail/37503503137.html HTTP/1.1" 200 0 "-" "meta-externalagent/1.1 (+https://developers.facebook.com/docs/sharing/webmasters/crawler)"
66.249.74.105 - - [26/Apr/2025:10:03:51 -0400] "GET /store.php?Canton_Add-to-cart/DCTCasino-fortune-jackpot HTTP/1.1" 200 181 "-" "Mozilla/5.0 (Linux; Android 6.0.1; Nexus 5X Build/MMB29P) AppleWebKit/537.36 (KHTML, like Gecko) Chrome/135.0.7049.95 Mobile Safari/537.36 (compatible; GoogleOther)"
51.222.253.3 - - [26/Apr/2025:10:03:54 -0400] "GET /good.php/shopdetail/21847493137.html HTTP/1.1" 200 0 "-" "Mozilla/5.0 (compatible; AhrefsBot/7.0; +http://ahrefs.com/robot/)"
66.249.74.105 - - [26/Apr/2025:10:04:03 -0400] "GET /store.php?Hannibal/pinayflix-4-girls HTTP/1.1" 200 181 "-" "Mozilla/5.0 (Linux; Android 6.0.1; Nexus 5X Build/MMB29P) AppleWebKit/537.36 (KHTML, like Gecko) Chrome/135.0.7049.95 Mobile Safari/537.36 (compatible; GoogleOther)"
2a03:2880:f800:11:: - - [26/Apr/2025:10:04:05 -0400] "GET /good.php/shopdetail/6089503137.html HTTP/1.1" 200 0 "-" "meta-externalagent/1.1 (+https://developers.facebook.com/docs/sharing/webmasters/crawler)"
66.249.74.106 - - [26/Apr/2025:10:04:06 -0400] "GET /store.php?Danville/m777-bingo-card-online HTTP/1.1" 200 181 "-" "Mozilla/5.0 (Linux; Android 6.0.1; Nexus 5X Build/MMB29P) AppleWebKit/537.36 (KHTML, like Gecko) Chrome/135.0.7049.95 Mobile Safari/537.36 (compatible; GoogleOther)"
162.0.215.210 - - [26/Apr/2025:10:04:09 -0400] "POST /wp-cron.php?doing_wp_cron=1745676249.4617929458618164062500 HTTP/1.1" 200 0 "-" "WordPress/6.8; https://oiltrain.org"
51.222.253.17 - - [26/Apr/2025:10:04:09 -0400] "GET /good.php/shopdetail/2194833137.html HTTP/1.1" 200 0 "-" "Mozilla/5.0 (compatible; AhrefsBot/7.0; +http://ahrefs.com/robot/)"
2a03:2880:f800:14:: - - [26/Apr/2025:10:04:09 -0400] "GET /good.php/shopdetail/13818573137.html HTTP/1.1" 200 0 "-" "meta-externalagent/1.1 (+https://developers.facebook.com/docs/sharing/webmasters/crawler)"
66.249.74.105 - - [26/Apr/2025:10:04:09 -0400] "GET /tablets-ipads-furl HTTP/1.1" 404 9388 "-" "Mozilla/5.0 (Linux; Android 6.0.1; Nexus 5X Build/MMB29P) AppleWebKit/537.36 (KHTML, like Gecko) Chrome/135.0.7049.114 Mobile Safari/537.36 (compatible; Googlebot/2.1; +http://www.google.com/bot.html)"
52.167.144.216 - - [26/Apr/2025:10:04:09 -0400] "GET /food-sake-150g9 HTTP/1.1" 404 9386 "-" "Mozilla/5.0 AppleWebKit/537.36 (KHTML, like Gecko; compatible; bingbot/2.0; +http://www.bing.com/bingbot.htm) Chrome/116.0.1938.76 Safari/537.36"
162.0.215.210 - - [26/Apr/2025:10:04:09 -0400] "POST /wp-admin/admin-ajax.php?action=async_litespeed&nonce=h9mRlFPat9qzuFg0WnkrKLEeNndh0Vzb&litespeed_type=imgoptm HTTP/1.1" 200 5 "-" "WordPress/6.8; https://oiltrain.org"
216.244.66.197 - - [26/Apr/2025:10:04:10 -0400] "GET /robots.txt HTTP/1.1" 304 0 "-" "Mozilla/5.0 (compatible; DotBot/1.2; +https://opensiteexplorer.org/dotbot; help@moz.com)"
2a03:2880:f800:: - - [26/Apr/2025:10:04:11 -0400] "GET /good.php/shopdetail/31814773137.html HTTP/1.1" 200 0 "-" "meta-externalagent/1.1 (+https://developers.facebook.com/docs/sharing/webmasters/crawler)"
66.249.74.106 - - [26/Apr/2025:10:04:11 -0400] "GET /store.php?Ventura/mlbb-edot-ph-mlbb HTTP/1.1" 200 181 "-" "Mozilla/5.0 (Linux; Android 6.0.1; Nexus 5X Build/MMB29P) AppleWebKit/537.36 (KHTML, like Gecko) Chrome/135.0.7049.95 Mobile Safari/537.36 (compatible; GoogleOther)"
66.249.74.105 - - [26/Apr/2025:10:04:18 -0400] "GET /dvds-tv-dramas-18va HTTP/1.1" 404 9388 "-" "Mozilla/5.0 (Linux; Android 6.0.1; Nexus 5X Build/MMB29P) AppleWebKit/537.36 (KHTML, like Gecko) Chrome/135.0.7049.114 Mobile Safari/537.36 (compatible; Googlebot/2.1; +http://www.google.com/bot.html)"
2a03:2880:f800:8:: - - [26/Apr/2025:10:04:20 -0400] "GET /good.php/shopdetail/19632623137.html HTTP/1.1" 200 0 "-" "meta-externalagent/1.1 (+https://developers.facebook.com/docs/sharing/webmasters/crawler)"
2a03:2880:f800:19:: - - [26/Apr/2025:10:04:20 -0400] "GET /good.php/shopdetail/10022573137.html HTTP/1.1" 200 0 "-" "meta-externalagent/1.1 (+https://developers.facebook.com/docs/sharing/webmasters/crawler)"
66.249.74.105 - - [26/Apr/2025:10:04:21 -0400] "GET /store.php?Salisbury/bet365-soccer HTTP/1.1" 200 181 "-" "Mozilla/5.0 (Linux; Android 6.0.1; Nexus 5X Build/MMB29P) AppleWebKit/537.36 (KHTML, like Gecko) Chrome/135.0.7049.95 Mobile Safari/537.36 (compatible; GoogleOther)"
2a03:2880:f800:1c:: - - [26/Apr/2025:10:04:23 -0400] "GET /good.php/shopdetail/31019513137.html HTTP/1.1" 200 0 "-" "meta-externalagent/1.1 (+https://developers.facebook.com/docs/sharing/webmasters/crawler)"
51.222.253.20 - - [26/Apr/2025:10:04:25 -0400] "GET /good.php/shopdetail/21960753137.html HTTP/1.1" 200 0 "-" "Mozilla/5.0 (compatible; AhrefsBot/7.0; +http://ahrefs.com/robot/)"
66.249.74.105 - - [26/Apr/2025:10:04:26 -0400] "GET /store.php?SaultSte.Marie/8k8-17 HTTP/1.1" 200 181 "-" "Mozilla/5.0 (Linux; Android 6.0.1; Nexus 5X Build/MMB29P) AppleWebKit/537.36 (KHTML, like Gecko) Chrome/135.0.7049.95 Mobile Safari/537.36 (compatible; GoogleOther)"
2a03:2880:f800:5:: - - [26/Apr/2025:10:04:27 -0400] "GET /good.php/shopdetail/17469993137.html HTTP/1.1" 200 0 "-" "meta-externalagent/1.1 (+https://developers.facebook.com/docs/sharing/webmasters/crawler)"
52.167.144.216 - - [26/Apr/2025:10:04:30 -0400] "GET /?s=steinhafels+furniture HTTP/1.1" 200 13555 "-" "Mozilla/5.0 AppleWebKit/537.36 (KHTML, like Gecko; compatible; bingbot/2.0; +http://www.bing.com/bingbot.htm) Chrome/116.0.1938.76 Safari/537.36"
2a03:2880:f800:4:: - - [26/Apr/2025:10:04:33 -0400] "GET /good.php/shopdetail/27374673137.html HTTP/1.1" 200 0 "-" "meta-externalagent/1.1 (+https://developers.facebook.com/docs/sharing/webmasters/crawler)"
66.249.74.105 - - [26/Apr/2025:10:04:33 -0400] "GET /store.php?FAQs/jilibet777%20dice%20game%20big HTTP/1.1" 200 181 "-" "Mozilla/5.0 (Linux; Android 6.0.1; Nexus 5X Build/MMB29P) AppleWebKit/537.36 (KHTML, like Gecko) Chrome/135.0.7049.95 Mobile Safari/537.36 (compatible; GoogleOther)"
2a03:2880:f800:18:: - - [26/Apr/2025:10:04:38 -0400] "GET /good.php/shopdetail/23312113137.html HTTP/1.1" 200 0 "-" "meta-externalagent/1.1 (+https://developers.facebook.com/docs/sharing/webmasters/crawler)"
66.249.74.105 - - [26/Apr/2025:10:04:40 -0400] "GET /store.php?Dallas/poker-texana HTTP/1.1" 200 181 "-" "Mozilla/5.0 (Linux; Android 6.0.1; Nexus 5X Build/MMB29P) AppleWebKit/537.36 (KHTML, like Gecko) Chrome/135.0.7049.95 Mobile Safari/537.36 (compatible; GoogleOther)"
2a03:2880:f800:11:: - - [26/Apr/2025:10:04:40 -0400] "GET /good.php/shopdetail/34842193137.html HTTP/1.1" 200 0 "-" "meta-externalagent/1.1 (+https://developers.facebook.com/docs/sharing/webmasters/crawler)"
51.222.253.20 - - [26/Apr/2025:10:04:41 -0400] "GET /good.php/shopdetail/21971363137.html HTTP/1.1" 200 0 "-" "Mozilla/5.0 (compatible; AhrefsBot/7.0; +http://ahrefs.com/robot/)"
162.0.215.210 - - [26/Apr/2025:10:04:46 -0400] "POST /wp-cron.php?doing_wp_cron=1745676286.3634109497070312500000 HTTP/1.1" 200 0 "-" "WordPress/6.8; https://oiltrain.org"
52.167.144.139 - - [26/Apr/2025:10:04:46 -0400] "GET /?s=%E3%82%BF%E3%83%9F%E3%83%A4+%E3%82%AF%E3%83%A9%E3%83%95%E3%83%88%E3%83%9C%E3%83%B3%E3%83%89+%E3%83%97%E3%83%A9%E3%82%B9%E3%83%81%E3%83%83%E3%82%AF HTTP/1.1" 200 13717 "-" "Mozilla/5.0 AppleWebKit/537.36 (KHTML, like Gecko; compatible; bingbot/2.0; +http://www.bing.com/bingbot.htm) Chrome/116.0.1938.76 Safari/537.36"
52.167.144.139 - - [26/Apr/2025:10:04:46 -0400] "GET /smartphones-ipads-1cyyb HTTP/1.1" 404 9388 "-" "Mozilla/5.0 AppleWebKit/537.36 (KHTML, like Gecko; compatible; bingbot/2.0; +http://www.bing.com/bingbot.htm) Chrome/116.0.1938.76 Safari/537.36"
52.167.144.139 - - [26/Apr/2025:10:04:46 -0400] "GET /drinks-sweets-1906r HTTP/1.1" 404 9386 "-" "Mozilla/5.0 AppleWebKit/537.36 (KHTML, like Gecko; compatible; bingbot/2.0; +http://www.bing.com/bingbot.htm) Chrome/116.0.1938.76 Safari/537.36"
52.167.144.197 - - [26/Apr/2025:10:04:49 -0400] "GET /?s=patriot+viper+xtreme+al%C4%B1n%C4%B1r+m%C4%B1 HTTP/1.1" 200 13586 "-" "Mozilla/5.0 AppleWebKit/537.36 (KHTML, like Gecko; compatible; bingbot/2.0; +http://www.bing.com/bingbot.htm) Chrome/116.0.1938.76 Safari/537.36"
2a03:2880:f800:e:: - - [26/Apr/2025:10:04:50 -0400] "GET /good.php/shopdetail/36673123137.html HTTP/1.1" 200 0 "-" "meta-externalagent/1.1 (+https://developers.facebook.com/docs/sharing/webmasters/crawler)"
2a03:2880:f800:1d:: - - [26/Apr/2025:10:04:54 -0400] "GET /good.php/shopdetail/29048833137.html HTTP/1.1" 200 0 "-" "meta-externalagent/1.1 (+https://developers.facebook.com/docs/sharing/webmasters/crawler)"
66.249.74.110 - - [26/Apr/2025:10:04:54 -0400] "GET /store.php?Labrador-City/bet365-%D0%BC%D0%BD%D0%B5%D0%BD%D0%B8%D1%8F HTTP/1.1" 200 181 "-" "Mozilla/5.0 (Linux; Android 6.0.1; Nexus 5X Build/MMB29P) AppleWebKit/537.36 (KHTML, like Gecko) Chrome/135.0.7049.95 Mobile Safari/537.36 (compatible; GoogleOther)"
162.0.215.210 - - [26/Apr/2025:10:04:56 -0400] "POST /wp-cron.php?doing_wp_cron=1745676295.9727001190185546875000 HTTP/1.1" 200 0 "-" "WordPress/6.8; https://oiltrain.org"
52.167.144.216 - - [26/Apr/2025:10:04:55 -0400] "GET /?s=%E0%B8%AA%E0%B9%82%E0%B8%A1%E0%B8%AA%E0%B8%A3%E0%B8%9F%E0%B8%B8%E0%B8%95%E0%B8%9A%E0%B8%AD%E0%B8%A5%E0%B9%80%E0%B8%9A%E0%B8%8B%E0%B8%B4%E0%B8%84%E0%B8%95%E0%B8%B1%E0%B8%AA+%E0%B9%80%E0%B8%88%E0%B9%80%E0%B8%84 HTTP/1.1" 200 13720 "-" "Mozilla/5.0 AppleWebKit/537.36 (KHTML, like Gecko; compatible; bingbot/2.0; +http://www.bing.com/bingbot.htm) Chrome/116.0.1938.76 Safari/537.36"
162.0.215.210 - - [26/Apr/2025:10:04:56 -0400] "POST /wp-admin/admin-ajax.php?action=async_litespeed&nonce=sLEuco9TKzYkpYpOfmJZVXhMYyrPFh6S&litespeed_type=imgoptm HTTP/1.1" 200 5 "-" "WordPress/6.8; https://oiltrain.org"
52.167.144.216 - - [26/Apr/2025:10:04:56 -0400] "GET /?s=gjujlf+djkujuhfl HTTP/1.1" 200 13570 "-" "Mozilla/5.0 AppleWebKit/537.36 (KHTML, like Gecko; compatible; bingbot/2.0; +http://www.bing.com/bingbot.htm) Chrome/116.0.1938.76 Safari/537.36"
2a03:2880:f800:f:: - - [26/Apr/2025:10:04:59 -0400] "GET /good.php/shopdetail/37138273137.html HTTP/1.1" 200 0 "-" "meta-externalagent/1.1 (+https://developers.facebook.com/docs/sharing/webmasters/crawler)"
2a03:2880:f800:12:: - - [26/Apr/2025:10:05:01 -0400] "GET /good.php/shopdetail/8235323137.html HTTP/1.1" 200 0 "-" "meta-externalagent/1.1 (+https://developers.facebook.com/docs/sharing/webmasters/crawler)"
51.222.253.14 - - [26/Apr/2025:10:05:02 -0400] "GET /good.php/shopdetail/22007363137.html HTTP/1.1" 200 0 "-" "Mozilla/5.0 (compatible; AhrefsBot/7.0; +http://ahrefs.com/robot/)"
66.249.74.97 - - [26/Apr/2025:10:05:09 -0400] "GET /store.php?Uniontown/Abcjili-login-betgame HTTP/1.1" 200 181 "-" "Mozilla/5.0 (Linux; Android 6.0.1; Nexus 5X Build/MMB29P) AppleWebKit/537.36 (KHTML, like Gecko) Chrome/135.0.7049.95 Mobile Safari/537.36 (compatible; GoogleOther)"
51.222.253.11 - - [26/Apr/2025:10:05:21 -0400] "GET /good.php/shopdetail/22022003137.html HTTP/1.1" 200 0 "-" "Mozilla/5.0 (compatible; AhrefsBot/7.0; +http://ahrefs.com/robot/)"
66.249.74.96 - - [26/Apr/2025:10:05:23 -0400] "GET /store.php-Auburn_Add-to-cart/is-bet88-legit HTTP/1.1" 404 9386 "-" "Mozilla/5.0 (Linux; Android 6.0.1; Nexus 5X Build/MMB29P) AppleWebKit/537.36 (KHTML, like Gecko) Chrome/135.0.7049.95 Mobile Safari/537.36 (compatible; GoogleOther)"
2a03:2880:f800:: - - [26/Apr/2025:10:05:27 -0400] "GET /good.php/shopdetail/5603653137.html HTTP/1.1" 200 0 "-" "meta-externalagent/1.1 (+https://developers.facebook.com/docs/sharing/webmasters/crawler)"
66.249.74.110 - - [26/Apr/2025:10:05:28 -0400] "GET /store.php?FAQs/falconplay%20dice%20game HTTP/1.1" 200 181 "-" "Mozilla/5.0 (Linux; Android 6.0.1; Nexus 5X Build/MMB29P) AppleWebKit/537.36 (KHTML, like Gecko) Chrome/135.0.7049.95 Mobile Safari/537.36 (compatible; GoogleOther)"
2a03:2880:f800:10:: - - [26/Apr/2025:10:05:31 -0400] "GET /good.php/shopdetail/966923137.html HTTP/1.1" 200 0 "-" "meta-externalagent/1.1 (+https://developers.facebook.com/docs/sharing/webmasters/crawler)"
66.249.74.110 - - [26/Apr/2025:10:05:37 -0400] "GET /store.php?Dryden/vip-ph-club-login-register HTTP/1.1" 200 181 "-" "Mozilla/5.0 (Linux; Android 6.0.1; Nexus 5X Build/MMB29P) AppleWebKit/537.36 (KHTML, like Gecko) Chrome/135.0.7049.95 Mobile Safari/537.36 (compatible; GoogleOther)"
51.222.253.5 - - [26/Apr/2025:10:05:39 -0400] "GET /good.php/shopdetail/22032953137.html HTTP/1.1" 200 0 "-" "Mozilla/5.0 (compatible; AhrefsBot/7.0; +http://ahrefs.com/robot/)"
66.249.74.110 - - [26/Apr/2025:10:05:52 -0400] "GET /store.php?Boston/777jili-review-lottery HTTP/1.1" 200 181 "-" "Mozilla/5.0 (Linux; Android 6.0.1; Nexus 5X Build/MMB29P) AppleWebKit/537.36 (KHTML, like Gecko) Chrome/135.0.7049.95 Mobile Safari/537.36 (compatible; GoogleOther)"
51.222.253.1 - - [26/Apr/2025:10:05:54 -0400] "GET /good.php/shopdetail/22059443137.html HTTP/1.1" 200 0 "-" "Mozilla/5.0 (compatible; AhrefsBot/7.0; +http://ahrefs.com/robot/)"
2a03:2880:f800:6:: - - [26/Apr/2025:10:05:55 -0400] "GET /good.php/shopdetail/31552853137.html HTTP/1.1" 200 0 "-" "meta-externalagent/1.1 (+https://developers.facebook.com/docs/sharing/webmasters/crawler)"
2a03:2880:f800:18:: - - [26/Apr/2025:10:05:55 -0400] "GET /good.php/shopdetail/32775413137.html HTTP/1.1" 200 0 "-" "meta-externalagent/1.1 (+https://developers.facebook.com/docs/sharing/webmasters/crawler)"
162.0.215.210 - - [26/Apr/2025:10:05:55 -0400] "POST /wp-cron.php?doing_wp_cron=1745676355.7608060836791992187500 HTTP/1.1" 200 0 "-" "WordPress/6.8; https://oiltrain.org"
52.167.144.139 - - [26/Apr/2025:10:05:55 -0400] "GET /?s=go+thap HTTP/1.1" 200 13562 "-" "Mozilla/5.0 AppleWebKit/537.36 (KHTML, like Gecko; compatible; bingbot/2.0; +http://www.bing.com/bingbot.htm) Chrome/116.0.1938.76 Safari/537.36"
52.167.144.139 - - [26/Apr/2025:10:05:56 -0400] "GET /health-hygiene-2frbt HTTP/1.1" 404 9387 "-" "Mozilla/5.0 AppleWebKit/537.36 (KHTML, like Gecko; compatible; bingbot/2.0; +http://www.bing.com/bingbot.htm) Chrome/116.0.1938.76 Safari/537.36"
162.0.215.210 - - [26/Apr/2025:10:05:56 -0400] "POST /wp-admin/admin-ajax.php?action=async_litespeed&nonce=WGMY7DuOSXlDUlo1vj2V8jWkYxClYj15&litespeed_type=imgoptm HTTP/1.1" 200 5 "-" "WordPress/6.8; https://oiltrain.org"
66.249.74.110 - - [26/Apr/2025:10:05:56 -0400] "GET /fashion-tops-1c3gh HTTP/1.1" 404 9386 "-" "Mozilla/5.0 (Linux; Android 6.0.1; Nexus 5X Build/MMB29P) AppleWebKit/537.36 (KHTML, like Gecko) Chrome/135.0.7049.95 Mobile Safari/537.36 (compatible; Googlebot/2.1; +http://www.google.com/bot.html)"
52.167.144.139 - - [26/Apr/2025:10:05:56 -0400] "GET /art-objects-2629i HTTP/1.1" 404 9386 "-" "Mozilla/5.0 AppleWebKit/537.36 (KHTML, like Gecko; compatible; bingbot/2.0; +http://www.bing.com/bingbot.htm) Chrome/116.0.1938.76 Safari/537.36"
2a03:2880:f800:9:: - - [26/Apr/2025:10:05:58 -0400] "GET /good.php/shopdetail/5642903137.html HTTP/1.1" 200 0 "-" "meta-externalagent/1.1 (+https://developers.facebook.com/docs/sharing/webmasters/crawler)"
52.167.144.166 - - [26/Apr/2025:10:05:58 -0400] "GET /smartphones-macbooks-1xvs8 HTTP/1.1" 404 9387 "-" "Mozilla/5.0 AppleWebKit/537.36 (KHTML, like Gecko; compatible; bingbot/2.0; +http://www.bing.com/bingbot.htm) Chrome/116.0.1938.76 Safari/537.36"
2a03:2880:f800:9:: - - [26/Apr/2025:10:06:01 -0400] "GET /good.php/shopdetail/8836423137.html HTTP/1.1" 200 0 "-" "meta-externalagent/1.1 (+https://developers.facebook.com/docs/sharing/webmasters/crawler)"
2a03:2880:f800:18:: - - [26/Apr/2025:10:06:02 -0400] "GET /good.php/shopdetail/18748783137.html HTTP/1.1" 200 0 "-" "meta-externalagent/1.1 (+https://developers.facebook.com/docs/sharing/webmasters/crawler)"
2a03:2880:f800:7:: - - [26/Apr/2025:10:06:02 -0400] "GET /good.php/shopdetail/28638513137.html HTTP/1.1" 200 0 "-" "meta-externalagent/1.1 (+https://developers.facebook.com/docs/sharing/webmasters/crawler)"
66.249.74.97 - - [26/Apr/2025:10:06:06 -0400] "GET /store.php?Las-Vegas/poker-ordning HTTP/1.1" 200 181 "-" "Mozilla/5.0 (Linux; Android 6.0.1; Nexus 5X Build/MMB29P) AppleWebKit/537.36 (KHTML, like Gecko) Chrome/135.0.7049.95 Mobile Safari/537.36 (compatible; GoogleOther)"
195.54.178.44 - - [26/Apr/2025:10:06:11 -0400] "GET /wp-login.php HTTP/1.1" 200 1922 "-" "GRequests/0.10"
195.54.178.44 - - [26/Apr/2025:10:06:12 -0400] "POST /wp-login.php HTTP/1.1" 200 2078 "-" "GRequests/0.10"
51.222.253.16 - - [26/Apr/2025:10:06:13 -0400] "GET /good.php/shopdetail/2212013137.html HTTP/1.1" 200 0 "-" "Mozilla/5.0 (compatible; AhrefsBot/7.0; +http://ahrefs.com/robot/)"
2a03:2880:f800:1:: - - [26/Apr/2025:10:06:15 -0400] "GET /good.php/shopdetail/7987543137.html HTTP/1.1" 200 0 "-" "meta-externalagent/1.1 (+https://developers.facebook.com/docs/sharing/webmasters/crawler)"
66.249.74.96 - - [26/Apr/2025:10:06:21 -0400] "GET /store.php?Houma/deep-sea-mines HTTP/1.1" 200 181 "-" "Mozilla/5.0 (Linux; Android 6.0.1; Nexus 5X Build/MMB29P) AppleWebKit/537.36 (KHTML, like Gecko) Chrome/135.0.7049.95 Mobile Safari/537.36 (compatible; GoogleOther)"
2a03:2880:f800:13:: - - [26/Apr/2025:10:06:23 -0400] "GET /good.php/shopdetail/8561503137.html HTTP/1.1" 200 0 "-" "meta-externalagent/1.1 (+https://developers.facebook.com/docs/sharing/webmasters/crawler)"
66.249.74.110 - - [26/Apr/2025:10:06:25 -0400] "GET /store.php?Homepage/Gkbet%20dice%20game%20review HTTP/1.1" 200 181 "-" "Mozilla/5.0 (Linux; Android 6.0.1; Nexus 5X Build/MMB29P) AppleWebKit/537.36 (KHTML, like Gecko) Chrome/135.0.7049.95 Mobile Safari/537.36 (compatible; GoogleOther)"
51.222.253.5 - - [26/Apr/2025:10:06:27 -0400] "GET /good.php/shopdetail/22149913137.html HTTP/1.1" 200 0 "-" "Mozilla/5.0 (compatible; AhrefsBot/7.0; +http://ahrefs.com/robot/)"
2a03:2880:f800:17:: - - [26/Apr/2025:10:06:27 -0400] "GET /ndt-course/ HTTP/1.1" 200 19521 "-" "meta-externalagent/1.1 (+https://developers.facebook.com/docs/sharing/webmasters/crawler)"
2a03:2880:f800:e:: - - [26/Apr/2025:10:06:32 -0400] "GET /good.php/shopdetail/19209213137.html HTTP/1.1" 200 0 "-" "meta-externalagent/1.1 (+https://developers.facebook.com/docs/sharing/webmasters/crawler)"
2a03:2880:f800:c:: - - [26/Apr/2025:10:06:32 -0400] "GET /good.php/shopdetail/35542533137.html HTTP/1.1" 200 0 "-" "meta-externalagent/1.1 (+https://developers.facebook.com/docs/sharing/webmasters/crawler)"
2a03:2880:f800:f:: - - [26/Apr/2025:10:06:35 -0400] "GET /good.php/shopdetail/9538133137.html HTTP/1.1" 200 0 "-" "meta-externalagent/1.1 (+https://developers.facebook.com/docs/sharing/webmasters/crawler)"
66.249.74.110 - - [26/Apr/2025:10:06:35 -0400] "GET /store.php-Jackson_Add-to-cart/JILIMVP-jili-jackpot HTTP/1.1" 404 9388 "-" "Mozilla/5.0 (Linux; Android 6.0.1; Nexus 5X Build/MMB29P) AppleWebKit/537.36 (KHTML, like Gecko) Chrome/135.0.7049.95 Mobile Safari/537.36 (compatible; GoogleOther)"
2a03:2880:f800:7:: - - [26/Apr/2025:10:06:35 -0400] "GET /good.php/shopdetail/6179043137.html HTTP/1.1" 200 0 "-" "meta-externalagent/1.1 (+https://developers.facebook.com/docs/sharing/webmasters/crawler)"
2a03:2880:f800:c:: - - [26/Apr/2025:10:06:37 -0400] "GET /good.php/shopdetail/17050273137.html HTTP/1.1" 200 0 "-" "meta-externalagent/1.1 (+https://developers.facebook.com/docs/sharing/webmasters/crawler)"
2a03:2880:f800:8:: - - [26/Apr/2025:10:06:37 -0400] "GET /good.php/shopdetail/5631083137.html HTTP/1.1" 200 0 "-" "meta-externalagent/1.1 (+https://developers.facebook.com/docs/sharing/webmasters/crawler)"
162.0.215.210 - - [26/Apr/2025:10:06:45 -0400] "POST /wp-cron.php?doing_wp_cron=1745676405.6572270393371582031250 HTTP/1.1" 200 0 "-" "WordPress/6.8; https://oiltrain.org"
52.167.144.139 - - [26/Apr/2025:10:06:45 -0400] "GET /blu-ray-asia-7ks4 HTTP/1.1" 404 9386 "-" "Mozilla/5.0 AppleWebKit/537.36 (KHTML, like Gecko; compatible; bingbot/2.0; +http://www.bing.com/bingbot.htm) Chrome/116.0.1938.76 Safari/537.36"
51.222.253.18 - - [26/Apr/2025:10:06:47 -0400] "GET /good.php/shopdetail/22305573137.html HTTP/1.1" 200 0 "-" "Mozilla/5.0 (compatible; AhrefsBot/7.0; +http://ahrefs.com/robot/)"
2a03:2880:f800:7:: - - [26/Apr/2025:10:06:50 -0400] "GET /good.php/shopdetail/29058023137.html HTTP/1.1" 200 0 "-" "meta-externalagent/1.1 (+https://developers.facebook.com/docs/sharing/webmasters/crawler)"
66.249.74.110 - - [26/Apr/2025:10:06:49 -0400] "GET /store.php?Cincinnati/777d-register-fortune HTTP/1.1" 200 181 "-" "Mozilla/5.0 (Linux; Android 6.0.1; Nexus 5X Build/MMB29P) AppleWebKit/537.36 (KHTML, like Gecko) Chrome/135.0.7049.95 Mobile Safari/537.36 (compatible; GoogleOther)"
2a03:2880:f800:4:: - - [26/Apr/2025:10:06:53 -0400] "GET /good.php/shopdetail/16626043137.html HTTP/1.1" 200 0 "-" "meta-externalagent/1.1 (+https://developers.facebook.com/docs/sharing/webmasters/crawler)"
2a03:2880:f800:18:: - - [26/Apr/2025:10:06:55 -0400] "GET /good.php/shopdetail/19019813137.html HTTP/1.1" 200 0 "-" "meta-externalagent/1.1 (+https://developers.facebook.com/docs/sharing/webmasters/crawler)"
2a03:2880:f800:18:: - - [26/Apr/2025:10:06:56 -0400] "GET /good.php/shopdetail/34775483137.html HTTP/1.1" 200 0 "-" "meta-externalagent/1.1 (+https://developers.facebook.com/docs/sharing/webmasters/crawler)"
2a03:2880:f800:d:: - - [26/Apr/2025:10:06:58 -0400] "GET /good.php/shopdetail/1979423137.html HTTP/1.1" 200 0 "-" "meta-externalagent/1.1 (+https://developers.facebook.com/docs/sharing/webmasters/crawler)"
2a03:2880:f800:16:: - - [26/Apr/2025:10:06:59 -0400] "GET /good.php/shopdetail/24060633137.html HTTP/1.1" 200 0 "-" "meta-externalagent/1.1 (+https://developers.facebook.com/docs/sharing/webmasters/crawler)"
162.0.215.210 - - [26/Apr/2025:10:07:00 -0400] "POST /wp-cron.php?doing_wp_cron=1745676420.3955709934234619140625 HTTP/1.1" 200 0 "-" "WordPress/6.8; https://oiltrain.org"
52.167.144.197 - - [26/Apr/2025:10:07:00 -0400] "GET /?s=navy+blue+cubby+storage HTTP/1.1" 200 13595 "-" "Mozilla/5.0 AppleWebKit/537.36 (KHTML, like Gecko; compatible; bingbot/2.0; +http://www.bing.com/bingbot.htm) Chrome/116.0.1938.76 Safari/537.36"
162.0.215.210 - - [26/Apr/2025:10:07:00 -0400] "POST /wp-admin/admin-ajax.php?action=async_litespeed&nonce=TNbkhOUk3zHlaitfhTkHFRtpoevRoVjB&litespeed_type=imgoptm HTTP/1.1" 200 5 "-" "WordPress/6.8; https://oiltrain.org"
51.222.253.10 - - [26/Apr/2025:10:07:02 -0400] "GET /good.php/shopdetail/22334923137.html HTTP/1.1" 200 0 "-" "Mozilla/5.0 (compatible; AhrefsBot/7.0; +http://ahrefs.com/robot/)"
2a03:2880:f800:1c:: - - [26/Apr/2025:10:07:03 -0400] "GET /good.php/shopdetail/1599493137.html HTTP/1.1" 200 0 "-" "meta-externalagent/1.1 (+https://developers.facebook.com/docs/sharing/webmasters/crawler)"
66.249.74.110 - - [26/Apr/2025:10:07:04 -0400] "GET /store.php?Atlantic-City/hertat-app HTTP/1.1" 200 181 "-" "Mozilla/5.0 (Linux; Android 6.0.1; Nexus 5X Build/MMB29P) AppleWebKit/537.36 (KHTML, like Gecko) Chrome/135.0.7049.95 Mobile Safari/537.36 (compatible; GoogleOther)"
2a03:2880:f800:: - - [26/Apr/2025:10:07:05 -0400] "GET /good.php/shopdetail/26544883137.html HTTP/1.1" 200 0 "-" "meta-externalagent/1.1 (+https://developers.facebook.com/docs/sharing/webmasters/crawler)"
2a03:2880:f800:12:: - - [26/Apr/2025:10:07:07 -0400] "GET /good.php/shopdetail/38947073137.html HTTP/1.1" 200 0 "-" "meta-externalagent/1.1 (+https://developers.facebook.com/docs/sharing/webmasters/crawler)"
2a03:2880:f800:5:: - - [26/Apr/2025:10:07:14 -0400] "GET /good.php/shopdetail/20032493137.html HTTP/1.1" 200 0 "-" "meta-externalagent/1.1 (+https://developers.facebook.com/docs/sharing/webmasters/crawler)"
66.249.74.110 - - [26/Apr/2025:10:07:17 -0400] "GET /feed/ HTTP/1.1" 200 10385 "-" "Mozilla/5.0 (compatible; Googlebot/2.1; +http://www.google.com/bot.html)"
66.249.74.96 - - [26/Apr/2025:10:07:18 -0400] "GET /store.php?Atlantic-City/jili-online HTTP/1.1" 200 181 "-" "Mozilla/5.0 (Linux; Android 6.0.1; Nexus 5X Build/MMB29P) AppleWebKit/537.36 (KHTML, like Gecko) Chrome/135.0.7049.95 Mobile Safari/537.36 (compatible; GoogleOther)"
2a03:2880:f800:2:: - - [26/Apr/2025:10:07:19 -0400] "GET /good.php/shopdetail/3976963137.html HTTP/1.1" 200 0 "-" "meta-externalagent/1.1 (+https://developers.facebook.com/docs/sharing/webmasters/crawler)"
2a03:2880:f800:13:: - - [26/Apr/2025:10:07:21 -0400] "GET /good.php/shopdetail/35725373137.html HTTP/1.1" 200 0 "-" "meta-externalagent/1.1 (+https://developers.facebook.com/docs/sharing/webmasters/crawler)"
51.222.253.19 - - [26/Apr/2025:10:07:21 -0400] "GET /good.php/shopdetail/22336423137.html HTTP/1.1" 200 0 "-" "Mozilla/5.0 (compatible; AhrefsBot/7.0; +http://ahrefs.com/robot/)"
66.249.74.110 - - [26/Apr/2025:10:07:21 -0400] "GET /store.php?Checkout/Abcjili%20dice%20game%20app HTTP/1.1" 200 181 "-" "Mozilla/5.0 (Linux; Android 6.0.1; Nexus 5X Build/MMB29P) AppleWebKit/537.36 (KHTML, like Gecko) Chrome/135.0.7049.95 Mobile Safari/537.36 (compatible; GoogleOther)"
2a03:2880:f800:1c:: - - [26/Apr/2025:10:07:23 -0400] "GET /good.php/shopdetail/8438753137.html HTTP/1.1" 200 0 "-" "meta-externalagent/1.1 (+https://developers.facebook.com/docs/sharing/webmasters/crawler)"
2a03:2880:f800:5:: - - [26/Apr/2025:10:07:23 -0400] "GET /good.php/shopdetail/8576553137.html HTTP/1.1" 200 0 "-" "meta-externalagent/1.1 (+https://developers.facebook.com/docs/sharing/webmasters/crawler)"
2a03:2880:f800:2:: - - [26/Apr/2025:10:07:25 -0400] "GET /good.php/shopdetail/35250973137.html HTTP/1.1" 200 0 "-" "meta-externalagent/1.1 (+https://developers.facebook.com/docs/sharing/webmasters/crawler)"
2a03:2880:f800:19:: - - [26/Apr/2025:10:07:26 -0400] "GET /good.php/shopdetail/13875423137.html HTTP/1.1" 200 0 "-" "meta-externalagent/1.1 (+https://developers.facebook.com/docs/sharing/webmasters/crawler)"
2a03:2880:f800:13:: - - [26/Apr/2025:10:07:26 -0400] "GET /good.php/shopdetail/2452473137.html HTTP/1.1" 200 0 "-" "meta-externalagent/1.1 (+https://developers.facebook.com/docs/sharing/webmasters/crawler)"
2a03:2880:f800:8:: - - [26/Apr/2025:10:07:26 -0400] "GET /good.php/shopdetail/2451423137.html HTTP/1.1" 200 0 "-" "meta-externalagent/1.1 (+https://developers.facebook.com/docs/sharing/webmasters/crawler)"
2a03:2880:f800:19:: - - [26/Apr/2025:10:07:28 -0400] "GET /good.php/shopdetail/13163943137.html HTTP/1.1" 200 0 "-" "meta-externalagent/1.1 (+https://developers.facebook.com/docs/sharing/webmasters/crawler)"
2a03:2880:f800:a:: - - [26/Apr/2025:10:07:28 -0400] "GET /good.php/shopdetail/9643183137.html HTTP/1.1" 200 0 "-" "meta-externalagent/1.1 (+https://developers.facebook.com/docs/sharing/webmasters/crawler)"
52.167.144.166 - - [26/Apr/2025:10:07:28 -0400] "GET /tools-toilets-4gic HTTP/1.1" 404 9386 "-" "Mozilla/5.0 AppleWebKit/537.36 (KHTML, like Gecko; compatible; bingbot/2.0; +http://www.bing.com/bingbot.htm) Chrome/116.0.1938.76 Safari/537.36"
52.167.144.139 - - [26/Apr/2025:10:07:32 -0400] "GET /sports-clubs-ehyl HTTP/1.1" 404 9388 "-" "Mozilla/5.0 AppleWebKit/537.36 (KHTML, like Gecko; compatible; bingbot/2.0; +http://www.bing.com/bingbot.htm) Chrome/116.0.1938.76 Safari/537.36"
52.167.144.139 - - [26/Apr/2025:10:07:32 -0400] "GET /tools-water-facilities-15jqo HTTP/1.1" 404 9388 "-" "Mozilla/5.0 AppleWebKit/537.36 (KHTML, like Gecko; compatible; bingbot/2.0; +http://www.bing.com/bingbot.htm) Chrome/116.0.1938.76 Safari/537.36"
66.249.74.110 - - [26/Apr/2025:10:07:32 -0400] "GET /store.php?Brunswick/descarga-de-playhub HTTP/1.1" 200 181 "-" "Mozilla/5.0 (Linux; Android 6.0.1; Nexus 5X Build/MMB29P) AppleWebKit/537.36 (KHTML, like Gecko) Chrome/135.0.7049.95 Mobile Safari/537.36 (compatible; GoogleOther)"
52.167.144.166 - - [26/Apr/2025:10:07:33 -0400] "GET /motorcycles-parts-cihm HTTP/1.1" 404 9386 "-" "Mozilla/5.0 AppleWebKit/537.36 (KHTML, like Gecko; compatible; bingbot/2.0; +http://www.bing.com/bingbot.htm) Chrome/116.0.1938.76 Safari/537.36"
51.222.253.5 - - [26/Apr/2025:10:07:35 -0400] "GET /good.php/shopdetail/22342333137.html HTTP/1.1" 200 0 "-" "Mozilla/5.0 (compatible; AhrefsBot/7.0; +http://ahrefs.com/robot/)"
2a03:2880:f800:e:: - - [26/Apr/2025:10:07:35 -0400] "GET /good.php/shopdetail/39327833137.html HTTP/1.1" 200 0 "-" "meta-externalagent/1.1 (+https://developers.facebook.com/docs/sharing/webmasters/crawler)"
2a03:2880:f800:1c:: - - [26/Apr/2025:10:07:38 -0400] "GET /good.php/shopdetail/25881323137.html HTTP/1.1" 200 0 "-" "meta-externalagent/1.1 (+https://developers.facebook.com/docs/sharing/webmasters/crawler)"
2a03:2880:f800:18:: - - [26/Apr/2025:10:07:39 -0400] "GET /good.php/shopdetail/8670743137.html HTTP/1.1" 200 0 "-" "meta-externalagent/1.1 (+https://developers.facebook.com/docs/sharing/webmasters/crawler)"
2a03:2880:f800:13:: - - [26/Apr/2025:10:07:45 -0400] "GET /good.php/shopdetail/14990073137.html HTTP/1.1" 200 0 "-" "meta-externalagent/1.1 (+https://developers.facebook.com/docs/sharing/webmasters/crawler)"
66.249.74.110 - - [26/Apr/2025:10:07:47 -0400] "GET /store.php?Jefferson-City_Add-to-cart/solowin-holdings-inc HTTP/1.1" 200 181 "-" "Mozilla/5.0 (Linux; Android 6.0.1; Nexus 5X Build/MMB29P) AppleWebKit/537.36 (KHTML, like Gecko) Chrome/135.0.7049.95 Mobile Safari/537.36 (compatible; GoogleOther)"
51.222.253.4 - - [26/Apr/2025:10:07:49 -0400] "GET /good.php/shopdetail/2234523137.html HTTP/1.1" 200 0 "-" "Mozilla/5.0 (compatible; AhrefsBot/7.0; +http://ahrefs.com/robot/)"
2a03:2880:f800:d:: - - [26/Apr/2025:10:07:59 -0400] "GET /good.php/shopdetail/5964703137.html HTTP/1.1" 200 0 "-" "meta-externalagent/1.1 (+https://developers.facebook.com/docs/sharing/webmasters/crawler)"
66.249.74.97 - - [26/Apr/2025:10:08:01 -0400] "GET /store.php?Queens/solowin-dice-game-big HTTP/1.1" 200 181 "-" "Mozilla/5.0 (Linux; Android 6.0.1; Nexus 5X Build/MMB29P) AppleWebKit/537.36 (KHTML, like Gecko) Chrome/135.0.7049.95 Mobile Safari/537.36 (compatible; GoogleOther)"
2a03:2880:f800:10:: - - [26/Apr/2025:10:08:03 -0400] "GET /good.php/shopdetail/24590783137.html HTTP/1.1" 200 0 "-" "meta-externalagent/1.1 (+https://developers.facebook.com/docs/sharing/webmasters/crawler)"
51.222.253.16 - - [26/Apr/2025:10:08:03 -0400] "GET /good.php/shopdetail/22357493137.html HTTP/1.1" 200 0 "-" "Mozilla/5.0 (compatible; AhrefsBot/7.0; +http://ahrefs.com/robot/)"
2a03:2880:f800:8:: - - [26/Apr/2025:10:08:03 -0400] "GET /good.php/shopdetail/24617003137.html HTTP/1.1" 200 0 "-" "meta-externalagent/1.1 (+https://developers.facebook.com/docs/sharing/webmasters/crawler)"
2a03:2880:f800:14:: - - [26/Apr/2025:10:08:07 -0400] "GET /good.php/shopdetail/28575313137.html HTTP/1.1" 200 0 "-" "meta-externalagent/1.1 (+https://developers.facebook.com/docs/sharing/webmasters/crawler)"
20.171.207.6 - - [26/Apr/2025:10:08:10 -0400] "GET /store.php?Scottsdale/mobile-bet-365 HTTP/1.1" 404 110 "-" "Mozilla/5.0 AppleWebKit/537.36 (KHTML, like Gecko; compatible; GPTBot/1.2; +https://openai.com/gptbot)"
2a03:2880:f800:11:: - - [26/Apr/2025:10:08:13 -0400] "GET /good.php/shopdetail/640703137.html HTTP/1.1" 200 0 "-" "meta-externalagent/1.1 (+https://developers.facebook.com/docs/sharing/webmasters/crawler)"
2a03:2880:f800:a:: - - [26/Apr/2025:10:08:13 -0400] "GET /good.php/shopdetail/16204033137.html HTTP/1.1" 200 0 "-" "meta-externalagent/1.1 (+https://developers.facebook.com/docs/sharing/webmasters/crawler)"
2a03:2880:f800:13:: - - [26/Apr/2025:10:08:15 -0400] "GET /good.php/shopdetail/23015853137.html HTTP/1.1" 200 0 "-" "meta-externalagent/1.1 (+https://developers.facebook.com/docs/sharing/webmasters/crawler)"
66.249.74.110 - - [26/Apr/2025:10:08:15 -0400] "GET /store.php?Sherman/order-of-poker HTTP/1.1" 200 181 "-" "Mozilla/5.0 (Linux; Android 6.0.1; Nexus 5X Build/MMB29P) AppleWebKit/537.36 (KHTML, like Gecko) Chrome/135.0.7049.95 Mobile Safari/537.36 (compatible; GoogleOther)"
2a03:2880:f800:4:: - - [26/Apr/2025:10:08:15 -0400] "GET /good.php/shopdetail/5058963137.html HTTP/1.1" 200 0 "-" "meta-externalagent/1.1 (+https://developers.facebook.com/docs/sharing/webmasters/crawler)"
2a03:2880:f800:b:: - - [26/Apr/2025:10:08:16 -0400] "GET /good.php/shopdetail/36268733137.html HTTP/1.1" 200 0 "-" "meta-externalagent/1.1 (+https://developers.facebook.com/docs/sharing/webmasters/crawler)"
162.0.215.210 - - [26/Apr/2025:10:08:16 -0400] "POST /wp-cron.php?doing_wp_cron=1745676496.6974720954895019531250 HTTP/1.1" 200 0 "-" "WordPress/6.8; https://oiltrain.org"
52.167.144.166 - - [26/Apr/2025:10:08:16 -0400] "GET /?s=Gary+G.+Yen+%E6%AD%A6%E6%B1%89 HTTP/1.1" 200 13636 "-" "Mozilla/5.0 AppleWebKit/537.36 (KHTML, like Gecko; compatible; bingbot/2.0; +http://www.bing.com/bingbot.htm) Chrome/116.0.1938.76 Safari/537.36"
162.0.215.210 - - [26/Apr/2025:10:08:17 -0400] "POST /wp-admin/admin-ajax.php?action=async_litespeed&nonce=4t4WfB6uX4hpaheTPi8L9HCsv0jG0ST6&litespeed_type=imgoptm HTTP/1.1" 200 5 "-" "WordPress/6.8; https://oiltrain.org"
51.222.253.2 - - [26/Apr/2025:10:08:17 -0400] "GET /good.php/shopdetail/22383193137.html HTTP/1.1" 200 0 "-" "Mozilla/5.0 (compatible; AhrefsBot/7.0; +http://ahrefs.com/robot/)"
66.249.74.96 - - [26/Apr/2025:10:08:18 -0400] "GET /store.php?Antioch/paldo777-register-lucky HTTP/1.1" 200 181 "-" "Mozilla/5.0 (Linux; Android 6.0.1; Nexus 5X Build/MMB29P) AppleWebKit/537.36 (KHTML, like Gecko) Chrome/135.0.7049.95 Mobile Safari/537.36 (compatible; GoogleOther)"
2a03:2880:f800:1c:: - - [26/Apr/2025:10:08:19 -0400] "GET /good.php/shopdetail/19937573137.html HTTP/1.1" 200 0 "-" "meta-externalagent/1.1 (+https://developers.facebook.com/docs/sharing/webmasters/crawler)"
2a03:2880:f800:f:: - - [26/Apr/2025:10:08:19 -0400] "GET /good.php/shopdetail/39288603137.html HTTP/1.1" 200 0 "-" "meta-externalagent/1.1 (+https://developers.facebook.com/docs/sharing/webmasters/crawler)"
2a03:2880:f800:9:: - - [26/Apr/2025:10:08:19 -0400] "GET /good.php/shopdetail/5661823137.html HTTP/1.1" 200 0 "-" "meta-externalagent/1.1 (+https://developers.facebook.com/docs/sharing/webmasters/crawler)"
2a03:2880:f800:15:: - - [26/Apr/2025:10:08:20 -0400] "GET /good.php/shopdetail/39002483137.html HTTP/1.1" 200 0 "-" "meta-externalagent/1.1 (+https://developers.facebook.com/docs/sharing/webmasters/crawler)"
52.167.144.139 - - [26/Apr/2025:10:08:22 -0400] "GET /toys-nintendo-switch-2f223 HTTP/1.1" 404 9386 "-" "Mozilla/5.0 AppleWebKit/537.36 (KHTML, like Gecko; compatible; bingbot/2.0; +http://www.bing.com/bingbot.htm) Chrome/116.0.1938.76 Safari/537.36"
112.86.225.184 - - [26/Apr/2025:10:08:25 -0400] "GET / HTTP/1.1" 301 0 "-" "Sogou web spider/4.0(+http://www.sogou.com/docs/help/webmasters.htm#07)"
2a03:2880:f800:1c:: - - [26/Apr/2025:10:08:26 -0400] "GET /good.php/shopdetail/9046233137.html HTTP/1.1" 200 0 "-" "meta-externalagent/1.1 (+https://developers.facebook.com/docs/sharing/webmasters/crawler)"
112.86.225.184 - - [26/Apr/2025:10:08:27 -0400] "GET / HTTP/1.1" 200 25414 "-" "Sogou web spider/4.0(+http://www.sogou.com/docs/help/webmasters.htm#07)"
