40.77.167.151 - - [26/Apr/2025:11:53:34 -0400] "GET /?s=%D0%BF%D0%BE%D0%B3%D0%BE%D0%B4%D0%B0+%D0%B2+%D1%8F%D1%80%D0%BE%D1%81%D0%BB%D0%B0%D0%B2%D0%BB%D0%B5+%D0%BD%D0%B0+%D0%BD%D0%B5%D0%B4%D0%B5%D0%BB%D1%8E HTTP/1.1" 200 13698 "-" "Mozilla/5.0 AppleWebKit/537.36 (KHTML, like Gecko; compatible; bingbot/2.0; +http://www.bing.com/bingbot.htm) Chrome/116.0.1938.76 Safari/537.36"
162.0.215.210 - - [26/Apr/2025:11:53:35 -0400] "POST /wp-admin/admin-ajax.php?action=async_litespeed&nonce=UpGPsAhAF0SRhsSAaUJGXs3AB042778r&litespeed_type=imgoptm HTTP/1.1" 200 5 "-" "WordPress/6.8; https://oiltrain.org"
2a03:2880:f800:1c:: - - [26/Apr/2025:11:53:37 -0400] "GET /good.php/shopdetail/3075713137.html HTTP/1.1" 200 0 "-" "meta-externalagent/1.1 (+https://developers.facebook.com/docs/sharing/webmasters/crawler)"
52.167.144.25 - - [26/Apr/2025:11:53:37 -0400] "GET /food-sake-150g9 HTTP/1.1" 404 9388 "-" "Mozilla/5.0 AppleWebKit/537.36 (KHTML, like Gecko; compatible; bingbot/2.0; +http://www.bing.com/bingbot.htm) Chrome/116.0.1938.76 Safari/537.36"
2a03:2880:f800:d:: - - [26/Apr/2025:11:53:38 -0400] "GET /good.php/shopdetail/11063273137.html HTTP/1.1" 200 0 "-" "meta-externalagent/1.1 (+https://developers.facebook.com/docs/sharing/webmasters/crawler)"
162.0.215.210 - - [26/Apr/2025:11:53:39 -0400] "POST /wp-cron.php?doing_wp_cron=1745682819.8881440162658691406250 HTTP/1.1" 200 0 "-" "WordPress/6.8; https://oiltrain.org"
52.167.144.25 - - [26/Apr/2025:11:53:39 -0400] "GET /?s=2020.+Digital+transformation+in+the+banking+sector%3A+Lessons+from+South+Africa.+Journal+of+Contemporary+Management HTTP/1.1" 200 13690 "-" "Mozilla/5.0 AppleWebKit/537.36 (KHTML, like Gecko; compatible; bingbot/2.0; +http://www.bing.com/bingbot.htm) Chrome/116.0.1938.76 Safari/537.36"
2a03:2880:f800:1:: - - [26/Apr/2025:11:53:41 -0400] "GET /good.php/shopdetail/3107533137.html HTTP/1.1" 200 0 "-" "meta-externalagent/1.1 (+https://developers.facebook.com/docs/sharing/webmasters/crawler)"
2a03:2880:f800:12:: - - [26/Apr/2025:11:53:42 -0400] "GET /good.php/shopdetail/18606643137.html HTTP/1.1" 200 0 "-" "meta-externalagent/1.1 (+https://developers.facebook.com/docs/sharing/webmasters/crawler)"
2a03:2880:f800:6:: - - [26/Apr/2025:11:53:45 -0400] "GET /good.php/shopdetail/28581963137.html HTTP/1.1" 200 0 "-" "meta-externalagent/1.1 (+https://developers.facebook.com/docs/sharing/webmasters/crawler)"
2a03:2880:f800:19:: - - [26/Apr/2025:11:53:47 -0400] "GET /good.php/shopdetail/19271003137.html HTTP/1.1" 200 0 "-" "meta-externalagent/1.1 (+https://developers.facebook.com/docs/sharing/webmasters/crawler)"
66.249.74.99 - - [26/Apr/2025:11:53:53 -0400] "GET /store.php?North-Hollywood/899live-777-gambling HTTP/1.1" 200 181 "-" "Mozilla/5.0 (Linux; Android 6.0.1; Nexus 5X Build/MMB29P) AppleWebKit/537.36 (KHTML, like Gecko) Chrome/135.0.7049.95 Mobile Safari/537.36 (compatible; GoogleOther)"
2a03:2880:f800:5:: - - [26/Apr/2025:11:53:54 -0400] "GET /good.php/shopdetail/30486593137.html HTTP/1.1" 200 0 "-" "meta-externalagent/1.1 (+https://developers.facebook.com/docs/sharing/webmasters/crawler)"
2a03:2880:f800:8:: - - [26/Apr/2025:11:53:54 -0400] "GET /good.php/shopdetail/13858243137.html HTTP/1.1" 200 0 "-" "meta-externalagent/1.1 (+https://developers.facebook.com/docs/sharing/webmasters/crawler)"
51.222.253.12 - - [26/Apr/2025:11:53:55 -0400] "GET /good.php/shopdetail/26773293137.html HTTP/1.1" 200 0 "-" "Mozilla/5.0 (compatible; AhrefsBot/7.0; +http://ahrefs.com/robot/)"
162.0.215.210 - - [26/Apr/2025:11:53:57 -0400] "POST /wp-cron.php?doing_wp_cron=1745682837.1876709461212158203125 HTTP/1.1" 200 0 "-" "WordPress/6.8; https://oiltrain.org"
52.167.144.22 - - [26/Apr/2025:11:53:56 -0400] "GET /tablets-smartphones-28mct HTTP/1.1" 404 9387 "-" "Mozilla/5.0 AppleWebKit/537.36 (KHTML, like Gecko; compatible; bingbot/2.0; +http://www.bing.com/bingbot.htm) Chrome/116.0.1938.76 Safari/537.36"
162.0.215.210 - - [26/Apr/2025:11:53:57 -0400] "POST /wp-admin/admin-ajax.php?action=async_litespeed&nonce=OJ1EYeNQg7R0nJk5zZCHUI8wf9ENPUMP&litespeed_type=imgoptm HTTP/1.1" 200 5 "-" "WordPress/6.8; https://oiltrain.org"
66.249.74.101 - - [26/Apr/2025:11:54:02 -0400] "GET /store.php?Peoria/parks-casinohot HTTP/1.1" 200 181 "-" "Mozilla/5.0 (Linux; Android 6.0.1; Nexus 5X Build/MMB29P) AppleWebKit/537.36 (KHTML, like Gecko) Chrome/135.0.7049.95 Mobile Safari/537.36 (compatible; GoogleOther)"
51.222.253.20 - - [26/Apr/2025:11:54:10 -0400] "GET /good.php/shopdetail/26860283137.html HTTP/1.1" 200 0 "-" "Mozilla/5.0 (compatible; AhrefsBot/7.0; +http://ahrefs.com/robot/)"
198.98.52.69 - - [26/Apr/2025:11:54:12 -0400] "GET /wp-login.php HTTP/1.1" 200 1922 "-" "Mozilla/5.0 (Macintosh; Intel Mac OS X 10_10) AppleWebKit/538.46 (KHTML, like Gecko) Version/8.0 Safari/538.46"
66.249.74.100 - - [26/Apr/2025:11:54:12 -0400] "GET /store.php?Baton-Rouge/pinocasino-casino-login HTTP/1.1" 200 181 "-" "Mozilla/5.0 (Linux; Android 6.0.1; Nexus 5X Build/MMB29P) AppleWebKit/537.36 (KHTML, like Gecko) Chrome/135.0.7049.95 Mobile Safari/537.36 (compatible; GoogleOther)"
66.249.74.100 - - [26/Apr/2025:11:54:13 -0400] "GET /store.php?Lawrence/jilimacao-com HTTP/1.1" 200 181 "-" "Mozilla/5.0 (Linux; Android 6.0.1; Nexus 5X Build/MMB29P) AppleWebKit/537.36 (KHTML, like Gecko) Chrome/135.0.7049.95 Mobile Safari/537.36 (compatible; Googlebot/2.1; +http://www.google.com/bot.html)"
198.98.52.69 - - [26/Apr/2025:11:54:17 -0400] "POST /wp-login.php HTTP/1.1" 200 2085 "-" "Mozilla/5.0 (Macintosh; Intel Mac OS X 10_10) AppleWebKit/538.46 (KHTML, like Gecko) Version/8.0 Safari/538.46"
2a03:2880:f800:5:: - - [26/Apr/2025:11:54:18 -0400] "GET /good.php/shopdetail/1819343137.html HTTP/1.1" 200 0 "-" "meta-externalagent/1.1 (+https://developers.facebook.com/docs/sharing/webmasters/crawler)"
2a03:2880:f800:d:: - - [26/Apr/2025:11:54:18 -0400] "GET /good.php/shopdetail/39006923137.html HTTP/1.1" 200 0 "-" "meta-externalagent/1.1 (+https://developers.facebook.com/docs/sharing/webmasters/crawler)"
52.167.144.25 - - [26/Apr/2025:11:54:24 -0400] "GET /smartphones-smart-watch-2m7qe HTTP/1.1" 404 9387 "-" "Mozilla/5.0 AppleWebKit/537.36 (KHTML, like Gecko; compatible; bingbot/2.0; +http://www.bing.com/bingbot.htm) Chrome/116.0.1938.76 Safari/537.36"
51.222.253.3 - - [26/Apr/2025:11:54:26 -0400] "GET /good.php/shopdetail/26872143137.html HTTP/1.1" 200 0 "-" "Mozilla/5.0 (compatible; AhrefsBot/7.0; +http://ahrefs.com/robot/)"
196.251.72.234 - - [26/Apr/2025:11:54:31 -0400] "GET /store.php?Checkout/bigj%20me=%27nvOpzp;%20AND%201=1%20OR%20(%3C%27%22%3EiKO)), HTTP/1.1" 404 110 "-" "-"
66.249.74.99 - - [26/Apr/2025:11:54:31 -0400] "GET /store.php?Bristol_Add-to-cart/Okada-win-online HTTP/1.1" 200 181 "-" "Mozilla/5.0 (Linux; Android 6.0.1; Nexus 5X Build/MMB29P) AppleWebKit/537.36 (KHTML, like Gecko) Chrome/135.0.7049.95 Mobile Safari/537.36 (compatible; GoogleOther)"
2a03:2880:f800:b:: - - [26/Apr/2025:11:54:33 -0400] "GET /good.php/shopdetail/27665713137.html HTTP/1.1" 200 0 "-" "meta-externalagent/1.1 (+https://developers.facebook.com/docs/sharing/webmasters/crawler)"
51.222.253.20 - - [26/Apr/2025:11:54:45 -0400] "GET /good.php/shopdetail/26900023137.html HTTP/1.1" 200 0 "-" "Mozilla/5.0 (compatible; AhrefsBot/7.0; +http://ahrefs.com/robot/)"
66.249.74.99 - - [26/Apr/2025:11:54:49 -0400] "GET /store.php?game/cukongbet88 HTTP/1.1" 200 181 "-" "Mozilla/5.0 (Linux; Android 6.0.1; Nexus 5X Build/MMB29P) AppleWebKit/537.36 (KHTML, like Gecko) Chrome/135.0.7049.95 Mobile Safari/537.36 (compatible; GoogleOther)"
66.249.74.99 - - [26/Apr/2025:11:54:52 -0400] "GET /store.php?Fayetteville/yourbestbet365-com HTTP/1.1" 200 181 "-" "Mozilla/5.0 (Linux; Android 6.0.1; Nexus 5X Build/MMB29P) AppleWebKit/537.36 (KHTML, like Gecko) Chrome/135.0.7049.95 Mobile Safari/537.36 (compatible; GoogleOther)"
2a03:2880:f800:c:: - - [26/Apr/2025:11:54:57 -0400] "GET /good.php/shopdetail/16771493137.html HTTP/1.1" 200 0 "-" "meta-externalagent/1.1 (+https://developers.facebook.com/docs/sharing/webmasters/crawler)"
2a03:2880:f800:1d:: - - [26/Apr/2025:11:54:58 -0400] "GET /good.php/shopdetail/28615903137.html HTTP/1.1" 200 0 "-" "meta-externalagent/1.1 (+https://developers.facebook.com/docs/sharing/webmasters/crawler)"
51.222.253.3 - - [26/Apr/2025:11:54:59 -0400] "GET /good.php/shopdetail/26919703137.html HTTP/1.1" 200 0 "-" "Mozilla/5.0 (compatible; AhrefsBot/7.0; +http://ahrefs.com/robot/)"
2a03:2880:f800:b:: - - [26/Apr/2025:11:55:04 -0400] "GET /good.php/shopdetail/17906313137.html HTTP/1.1" 200 0 "-" "meta-externalagent/1.1 (+https://developers.facebook.com/docs/sharing/webmasters/crawler)"
162.0.215.210 - - [26/Apr/2025:11:55:06 -0400] "POST /wp-cron.php?doing_wp_cron=1745682906.7677009105682373046875 HTTP/1.1" 200 0 "-" "WordPress/6.8; https://oiltrain.org"
2a02:c207:2247:7448::1 - - [26/Apr/2025:11:55:06 -0400] "POST /wp-login.php HTTP/1.1" 200 2064 "https://oiltrain.org" "Mozilla/5.0 (Macintosh; Intel Mac OS X 10_15_7) AppleWebKit/537.36 (KHTML, like Gecko) Chrome/115.0.5790.102 Safari/537.36"
2a03:2880:f800:6:: - - [26/Apr/2025:11:55:08 -0400] "GET /good.php/shopdetail/18852603137.html HTTP/1.1" 200 0 "-" "meta-externalagent/1.1 (+https://developers.facebook.com/docs/sharing/webmasters/crawler)"
2a03:2880:f800:12:: - - [26/Apr/2025:11:55:08 -0400] "GET /good.php/shopdetail/6199313137.html HTTP/1.1" 200 0 "-" "meta-externalagent/1.1 (+https://developers.facebook.com/docs/sharing/webmasters/crawler)"
162.0.215.210 - - [26/Apr/2025:11:55:07 -0400] "POST /wp-admin/admin-ajax.php?action=async_litespeed&nonce=uGka64KvRZyYK7JoOBB96XXd0yUxrtO7&litespeed_type=imgoptm HTTP/1.1" 200 5 "-" "WordPress/6.8; https://oiltrain.org"
52.167.144.163 - - [26/Apr/2025:11:55:11 -0400] "GET /etc.-coffee-1ohxh HTTP/1.1" 404 9388 "-" "Mozilla/5.0 AppleWebKit/537.36 (KHTML, like Gecko; compatible; bingbot/2.0; +http://www.bing.com/bingbot.htm) Chrome/116.0.1938.76 Safari/537.36"
52.167.144.163 - - [26/Apr/2025:11:55:11 -0400] "GET /models-railroad-model-20qee HTTP/1.1" 404 9387 "-" "Mozilla/5.0 AppleWebKit/537.36 (KHTML, like Gecko; compatible; bingbot/2.0; +http://www.bing.com/bingbot.htm) Chrome/116.0.1938.76 Safari/537.36"
52.167.144.163 - - [26/Apr/2025:11:55:12 -0400] "GET /alcohol-shochu-5a18 HTTP/1.1" 404 9388 "-" "Mozilla/5.0 AppleWebKit/537.36 (KHTML, like Gecko; compatible; bingbot/2.0; +http://www.bing.com/bingbot.htm) Chrome/116.0.1938.76 Safari/537.36"
51.222.253.9 - - [26/Apr/2025:11:55:12 -0400] "GET /good.php/shopdetail/27075843137.html HTTP/1.1" 200 0 "-" "Mozilla/5.0 (compatible; AhrefsBot/7.0; +http://ahrefs.com/robot/)"
52.167.144.163 - - [26/Apr/2025:11:55:16 -0400] "GET /?s=KingsBe+My+Lover%EF%BC%880.8x%EF%BC%89 HTTP/1.1" 200 13600 "-" "Mozilla/5.0 AppleWebKit/537.36 (KHTML, like Gecko; compatible; bingbot/2.0; +http://www.bing.com/bingbot.htm) Chrome/116.0.1938.76 Safari/537.36"
2a03:2880:f800:a:: - - [26/Apr/2025:11:55:18 -0400] "GET /good.php/shopdetail/36342093137.html HTTP/1.1" 200 0 "-" "meta-externalagent/1.1 (+https://developers.facebook.com/docs/sharing/webmasters/crawler)"
2a03:2880:f800:8:: - - [26/Apr/2025:11:55:20 -0400] "GET /good.php/shopdetail/30802453137.html HTTP/1.1" 200 0 "-" "meta-externalagent/1.1 (+https://developers.facebook.com/docs/sharing/webmasters/crawler)"
66.249.74.99 - - [26/Apr/2025:11:55:20 -0400] "GET /store.php?Uvalde/playrivers4fun HTTP/1.1" 200 181 "-" "Mozilla/5.0 (Linux; Android 6.0.1; Nexus 5X Build/MMB29P) AppleWebKit/537.36 (KHTML, like Gecko) Chrome/135.0.7049.95 Mobile Safari/537.36 (compatible; GoogleOther)"
2a03:2880:f800:14:: - - [26/Apr/2025:11:55:22 -0400] "GET /good.php/shopdetail/3190363137.html HTTP/1.1" 200 0 "-" "meta-externalagent/1.1 (+https://developers.facebook.com/docs/sharing/webmasters/crawler)"
20.171.207.6 - - [26/Apr/2025:11:55:22 -0400] "GET /store.php?Scottsdale/mobile-bet-365 HTTP/1.1" 404 110 "-" "Mozilla/5.0 AppleWebKit/537.36 (KHTML, like Gecko; compatible; GPTBot/1.2; +https://openai.com/gptbot)"
66.249.74.101 - - [26/Apr/2025:11:55:22 -0400] "GET /store.php?Platteville_Add-to-cart/desktop-site HTTP/1.1" 200 181 "-" "Mozilla/5.0 (Linux; Android 6.0.1; Nexus 5X Build/MMB29P) AppleWebKit/537.36 (KHTML, like Gecko) Chrome/135.0.7049.95 Mobile Safari/537.36 (compatible; GoogleOther)"
51.222.253.4 - - [26/Apr/2025:11:55:26 -0400] "GET /good.php/shopdetail/27091183137.html HTTP/1.1" 200 0 "-" "Mozilla/5.0 (compatible; AhrefsBot/7.0; +http://ahrefs.com/robot/)"
2a03:2880:f800:1d:: - - [26/Apr/2025:11:55:30 -0400] "GET /good.php/shopdetail/7171843137.html HTTP/1.1" 200 0 "-" "meta-externalagent/1.1 (+https://developers.facebook.com/docs/sharing/webmasters/crawler)"
2a03:2880:f800:e:: - - [26/Apr/2025:11:55:32 -0400] "GET /good.php/shopdetail/10035513137.html HTTP/1.1" 200 0 "-" "meta-externalagent/1.1 (+https://developers.facebook.com/docs/sharing/webmasters/crawler)"
66.249.74.100 - - [26/Apr/2025:11:55:32 -0400] "GET /store.php?Hastings/surewin-hotel-prices HTTP/1.1" 200 181 "-" "Mozilla/5.0 (Linux; Android 6.0.1; Nexus 5X Build/MMB29P) AppleWebKit/537.36 (KHTML, like Gecko) Chrome/135.0.7049.95 Mobile Safari/537.36 (compatible; GoogleOther)"
66.249.74.99 - - [26/Apr/2025:11:55:35 -0400] "GET /store.php-Hammond_Add-to-cart/richph-jili-online HTTP/1.1" 404 9386 "-" "Mozilla/5.0 (Linux; Android 6.0.1; Nexus 5X Build/MMB29P) AppleWebKit/537.36 (KHTML, like Gecko) Chrome/135.0.7049.95 Mobile Safari/537.36 (compatible; GoogleOther)"
2a03:2880:f800:16:: - - [26/Apr/2025:11:55:36 -0400] "GET /good.php/shopdetail/12271163137.html HTTP/1.1" 200 0 "-" "meta-externalagent/1.1 (+https://developers.facebook.com/docs/sharing/webmasters/crawler)"
162.0.215.210 - - [26/Apr/2025:11:55:38 -0400] "POST /wp-cron.php?doing_wp_cron=1745682938.4721159934997558593750 HTTP/1.1" 200 0 "-" "WordPress/6.8; https://oiltrain.org"
40.77.167.151 - - [26/Apr/2025:11:55:38 -0400] "GET /tickets-amusement-parks-xevt HTTP/1.1" 404 9387 "-" "Mozilla/5.0 AppleWebKit/537.36 (KHTML, like Gecko; compatible; bingbot/2.0; +http://www.bing.com/bingbot.htm) Chrome/116.0.1938.76 Safari/537.36"
85.208.96.197 - - [26/Apr/2025:11:55:38 -0400] "GET /fishing-cooking-supplies-2gki1 HTTP/1.1" 404 9387 "-" "Mozilla/5.0 (compatible; SemrushBot/7~bl; +http://www.semrush.com/bot.html)"
2a03:2880:f800:9:: - - [26/Apr/2025:11:55:38 -0400] "GET /good.php/shopdetail/26748813137.html HTTP/1.1" 200 0 "-" "meta-externalagent/1.1 (+https://developers.facebook.com/docs/sharing/webmasters/crawler)"
40.77.167.151 - - [26/Apr/2025:11:55:38 -0400] "GET /smartphones-ipads-2k7pe HTTP/1.1" 404 9387 "-" "Mozilla/5.0 AppleWebKit/537.36 (KHTML, like Gecko; compatible; bingbot/2.0; +http://www.bing.com/bingbot.htm) Chrome/116.0.1938.76 Safari/537.36"
2a03:2880:f800:17:: - - [26/Apr/2025:11:55:39 -0400] "GET /good.php/shopdetail/29861223137.html HTTP/1.1" 200 0 "-" "meta-externalagent/1.1 (+https://developers.facebook.com/docs/sharing/webmasters/crawler)"
52.167.144.163 - - [26/Apr/2025:11:55:39 -0400] "GET /hobbies-others-155rf HTTP/1.1" 404 9386 "-" "Mozilla/5.0 AppleWebKit/537.36 (KHTML, like Gecko; compatible; bingbot/2.0; +http://www.bing.com/bingbot.htm) Chrome/116.0.1938.76 Safari/537.36"
51.222.253.10 - - [26/Apr/2025:11:55:41 -0400] "GET /good.php/shopdetail/27192673137.html HTTP/1.1" 200 0 "-" "Mozilla/5.0 (compatible; AhrefsBot/7.0; +http://ahrefs.com/robot/)"
40.77.167.151 - - [26/Apr/2025:11:55:43 -0400] "GET /tools-flooring-materials-qwtu HTTP/1.1" 404 9387 "-" "Mozilla/5.0 AppleWebKit/537.36 (KHTML, like Gecko; compatible; bingbot/2.0; +http://www.bing.com/bingbot.htm) Chrome/116.0.1938.76 Safari/537.36"
40.77.167.151 - - [26/Apr/2025:11:55:44 -0400] "GET /food-wine-ryax HTTP/1.1" 404 9387 "-" "Mozilla/5.0 AppleWebKit/537.36 (KHTML, like Gecko; compatible; bingbot/2.0; +http://www.bing.com/bingbot.htm) Chrome/116.0.1938.76 Safari/537.36"
66.249.74.99 - - [26/Apr/2025:11:55:46 -0400] "GET /decor-mattresses-1irod HTTP/1.1" 404 9387 "-" "Mozilla/5.0 (Linux; Android 6.0.1; Nexus 5X Build/MMB29P) AppleWebKit/537.36 (KHTML, like Gecko) Chrome/135.0.7049.95 Mobile Safari/537.36 (compatible; Googlebot/2.1; +http://www.google.com/bot.html)"
2a03:2880:f800:11:: - - [26/Apr/2025:11:55:49 -0400] "GET /good.php/shopdetail/18407373137.html HTTP/1.1" 200 0 "-" "meta-externalagent/1.1 (+https://developers.facebook.com/docs/sharing/webmasters/crawler)"
66.249.74.99 - - [26/Apr/2025:11:55:53 -0400] "GET /store.php?Durham/draftkings-promo-code HTTP/1.1" 200 181 "-" "Mozilla/5.0 (Linux; Android 6.0.1; Nexus 5X Build/MMB29P) AppleWebKit/537.36 (KHTML, like Gecko) Chrome/135.0.7049.95 Mobile Safari/537.36 (compatible; GoogleOther)"
40.77.167.151 - - [26/Apr/2025:11:55:54 -0400] "GET /?s=%D0%BF%D0%BE%D0%B3%D0%BE%D0%B4%D0%B0+%D0%BF%D0%BE%D1%87%D0%B0%D1%81%D0%BE%D0%B2%D0%B0%D1%8F+%D0%B2%D0%BE%D1%80%D0%BE%D0%BD%D0%B5%D0%B6+%D0%BD%D0%B0+10+%D0%B4%D0%BD%D0%B5%D0%B9 HTTP/1.1" 200 13699 "-" "Mozilla/5.0 AppleWebKit/537.36 (KHTML, like Gecko; compatible; bingbot/2.0; +http://www.bing.com/bingbot.htm) Chrome/116.0.1938.76 Safari/537.36"
66.249.74.99 - - [26/Apr/2025:11:55:56 -0400] "GET /store.php?Rockville/m-bet86-ph HTTP/1.1" 200 181 "-" "Mozilla/5.0 (Linux; Android 6.0.1; Nexus 5X Build/MMB29P) AppleWebKit/537.36 (KHTML, like Gecko) Chrome/135.0.7049.95 Mobile Safari/537.36 (compatible; GoogleOther)"
2a03:2880:f800:5:: - - [26/Apr/2025:11:55:58 -0400] "GET /good.php/shopdetail/29223863137.html HTTP/1.1" 200 0 "-" "meta-externalagent/1.1 (+https://developers.facebook.com/docs/sharing/webmasters/crawler)"
51.222.253.8 - - [26/Apr/2025:11:55:59 -0400] "GET /good.php/shopdetail/27195923137.html HTTP/1.1" 200 0 "-" "Mozilla/5.0 (compatible; AhrefsBot/7.0; +http://ahrefs.com/robot/)"
2a03:2880:f800:11:: - - [26/Apr/2025:11:56:02 -0400] "GET /good.php/shopdetail/38439173137.html HTTP/1.1" 200 0 "-" "meta-externalagent/1.1 (+https://developers.facebook.com/docs/sharing/webmasters/crawler)"
2a03:2880:f800:11:: - - [26/Apr/2025:11:56:03 -0400] "GET /good.php/shopdetail/28164373137.html HTTP/1.1" 200 0 "-" "meta-externalagent/1.1 (+https://developers.facebook.com/docs/sharing/webmasters/crawler)"
2a03:2880:f800:a:: - - [26/Apr/2025:11:56:06 -0400] "GET /good.php/shopdetail/17774813137.html HTTP/1.1" 200 0 "-" "meta-externalagent/1.1 (+https://developers.facebook.com/docs/sharing/webmasters/crawler)"
2a03:2880:f800:2:: - - [26/Apr/2025:11:56:08 -0400] "GET /good.php/shopdetail/13082603137.html HTTP/1.1" 200 0 "-" "meta-externalagent/1.1 (+https://developers.facebook.com/docs/sharing/webmasters/crawler)"
2a03:2880:f800:5:: - - [26/Apr/2025:11:56:09 -0400] "GET /good.php/shopdetail/883313137.html HTTP/1.1" 200 0 "-" "meta-externalagent/1.1 (+https://developers.facebook.com/docs/sharing/webmasters/crawler)"
51.222.253.2 - - [26/Apr/2025:11:56:09 -0400] "GET /good.php/shopdetail/27197173137.html HTTP/1.1" 200 0 "-" "Mozilla/5.0 (compatible; AhrefsBot/7.0; +http://ahrefs.com/robot/)"
66.249.74.101 - - [26/Apr/2025:11:56:10 -0400] "GET /store.php?Lansing/kinggame-ph-digital HTTP/1.1" 200 181 "-" "Mozilla/5.0 (Linux; Android 6.0.1; Nexus 5X Build/MMB29P) AppleWebKit/537.36 (KHTML, like Gecko) Chrome/135.0.7049.95 Mobile Safari/537.36 (compatible; GoogleOther)"
66.249.74.100 - - [26/Apr/2025:11:56:14 -0400] "GET /store.php?Salem/bayclub-baccarat-review HTTP/1.1" 200 181 "-" "Mozilla/5.0 (Linux; Android 6.0.1; Nexus 5X Build/MMB29P) AppleWebKit/537.36 (KHTML, like Gecko) Chrome/135.0.7049.95 Mobile Safari/537.36 (compatible; GoogleOther)"
2a03:2880:f800:d:: - - [26/Apr/2025:11:56:15 -0400] "GET /good.php/shopdetail/20950813137.html HTTP/1.1" 200 0 "-" "meta-externalagent/1.1 (+https://developers.facebook.com/docs/sharing/webmasters/crawler)"
162.0.215.210 - - [26/Apr/2025:11:56:17 -0400] "POST /wp-cron.php?doing_wp_cron=1745682977.3361608982086181640625 HTTP/1.1" 200 0 "-" "WordPress/6.8; https://oiltrain.org"
52.167.144.185 - - [26/Apr/2025:11:56:17 -0400] "GET /health-hygiene-2e472 HTTP/1.1" 404 9388 "-" "Mozilla/5.0 AppleWebKit/537.36 (KHTML, like Gecko; compatible; bingbot/2.0; +http://www.bing.com/bingbot.htm) Chrome/116.0.1938.76 Safari/537.36"
162.0.215.210 - - [26/Apr/2025:11:56:17 -0400] "POST /wp-admin/admin-ajax.php?action=async_litespeed&nonce=uqsaQP8Lm8Cvt4yGq9zrxfe8nJFESAF5&litespeed_type=imgoptm HTTP/1.1" 200 5 "-" "WordPress/6.8; https://oiltrain.org"
66.249.74.99 - - [26/Apr/2025:11:56:18 -0400] "GET /store.php?Hillsboro_Add-to-cart/bonus-in-tagalog HTTP/1.1" 200 181 "-" "Mozilla/5.0 (Linux; Android 6.0.1; Nexus 5X Build/MMB29P) AppleWebKit/537.36 (KHTML, like Gecko) Chrome/135.0.7049.95 Mobile Safari/537.36 (compatible; GoogleOther)"
52.167.144.163 - - [26/Apr/2025:11:56:20 -0400] "GET /tools-others-7c2x HTTP/1.1" 404 9387 "-" "Mozilla/5.0 AppleWebKit/537.36 (KHTML, like Gecko; compatible; bingbot/2.0; +http://www.bing.com/bingbot.htm) Chrome/116.0.1938.76 Safari/537.36"
51.222.253.7 - - [26/Apr/2025:11:56:22 -0400] "GET /good.php/shopdetail/27197423137.html HTTP/1.1" 200 0 "-" "Mozilla/5.0 (compatible; AhrefsBot/7.0; +http://ahrefs.com/robot/)"
66.249.74.99 - - [26/Apr/2025:11:56:26 -0400] "GET /store.php?Bend/fruit-poker HTTP/1.1" 200 181 "-" "Mozilla/5.0 (Linux; Android 6.0.1; Nexus 5X Build/MMB29P) AppleWebKit/537.36 (KHTML, like Gecko) Chrome/135.0.7049.95 Mobile Safari/537.36 (compatible; GoogleOther)"
2a03:2880:f800:8:: - - [26/Apr/2025:11:56:31 -0400] "GET /good.php/shopdetail/13507793137.html HTTP/1.1" 200 0 "-" "meta-externalagent/1.1 (+https://developers.facebook.com/docs/sharing/webmasters/crawler)"
2a03:2880:f800:f:: - - [26/Apr/2025:11:56:34 -0400] "GET /good.php/shopdetail/8050913137.html HTTP/1.1" 200 0 "-" "meta-externalagent/1.1 (+https://developers.facebook.com/docs/sharing/webmasters/crawler)"
2a03:2880:f800:a:: - - [26/Apr/2025:11:56:35 -0400] "GET /good.php/shopdetail/19347463137.html HTTP/1.1" 200 0 "-" "meta-externalagent/1.1 (+https://developers.facebook.com/docs/sharing/webmasters/crawler)"
66.249.74.97 - - [26/Apr/2025:11:56:36 -0400] "GET /store.php-South-Pasadena_Add-to-cart/bet-calculater HTTP/1.1" 404 9386 "-" "Mozilla/5.0 (Linux; Android 6.0.1; Nexus 5X Build/MMB29P) AppleWebKit/537.36 (KHTML, like Gecko) Chrome/135.0.7049.95 Mobile Safari/537.36 (compatible; GoogleOther)"
52.167.144.163 - - [26/Apr/2025:11:56:36 -0400] "GET /tools-plumbing-ia3g HTTP/1.1" 404 9386 "-" "Mozilla/5.0 AppleWebKit/537.36 (KHTML, like Gecko; compatible; bingbot/2.0; +http://www.bing.com/bingbot.htm) Chrome/116.0.1938.76 Safari/537.36"
51.222.253.9 - - [26/Apr/2025:11:56:37 -0400] "GET /good.php/shopdetail/27200513137.html HTTP/1.1" 200 0 "-" "Mozilla/5.0 (compatible; AhrefsBot/7.0; +http://ahrefs.com/robot/)"
2a03:2880:f800:3:: - - [26/Apr/2025:11:56:49 -0400] "GET /good.php/shopdetail/29624793137.html HTTP/1.1" 200 0 "-" "meta-externalagent/1.1 (+https://developers.facebook.com/docs/sharing/webmasters/crawler)"
2a03:2880:f800:b:: - - [26/Apr/2025:11:56:50 -0400] "GET /good.php/shopdetail/5371123137.html HTTP/1.1" 200 0 "-" "meta-externalagent/1.1 (+https://developers.facebook.com/docs/sharing/webmasters/crawler)"
51.222.253.3 - - [26/Apr/2025:11:56:50 -0400] "GET /good.php/shopdetail/27293293137.html HTTP/1.1" 200 0 "-" "Mozilla/5.0 (compatible; AhrefsBot/7.0; +http://ahrefs.com/robot/)"
2a03:2880:f800:12:: - - [26/Apr/2025:11:56:50 -0400] "GET /good.php/shopdetail/37381113137.html HTTP/1.1" 200 0 "-" "meta-externalagent/1.1 (+https://developers.facebook.com/docs/sharing/webmasters/crawler)"
2a03:2880:f800:7:: - - [26/Apr/2025:11:56:54 -0400] "GET /good.php/shopdetail/14708353137.html HTTP/1.1" 200 0 "-" "meta-externalagent/1.1 (+https://developers.facebook.com/docs/sharing/webmasters/crawler)"
2a03:2880:f800:c:: - - [26/Apr/2025:11:56:57 -0400] "GET /good.php/shopdetail/6479063137.html HTTP/1.1" 200 0 "-" "meta-externalagent/1.1 (+https://developers.facebook.com/docs/sharing/webmasters/crawler)"
66.249.74.98 - - [26/Apr/2025:11:57:00 -0400] "GET /store.php?Lexington/bet-tracker HTTP/1.1" 200 181 "-" "Mozilla/5.0 (Linux; Android 6.0.1; Nexus 5X Build/MMB29P) AppleWebKit/537.36 (KHTML, like Gecko) Chrome/135.0.7049.95 Mobile Safari/537.36 (compatible; GoogleOther)"
66.249.74.97 - - [26/Apr/2025:11:57:03 -0400] "GET /store.php?Bend/lucky777-slots-legit HTTP/1.1" 200 181 "-" "Mozilla/5.0 (Linux; Android 6.0.1; Nexus 5X Build/MMB29P) AppleWebKit/537.36 (KHTML, like Gecko) Chrome/135.0.7049.95 Mobile Safari/537.36 (compatible; GoogleOther)"
66.249.74.97 - - [26/Apr/2025:11:57:06 -0400] "GET /store.php?FAQs/primebet%20fortune%20jackpot HTTP/1.1" 200 181 "-" "Mozilla/5.0 (Linux; Android 6.0.1; Nexus 5X Build/MMB29P) AppleWebKit/537.36 (KHTML, like Gecko) Chrome/135.0.7049.95 Mobile Safari/537.36 (compatible; GoogleOther)"
162.0.215.210 - - [26/Apr/2025:11:57:07 -0400] "POST /wp-cron.php?doing_wp_cron=1745683027.6096920967102050781250 HTTP/1.1" 200 0 "-" "WordPress/6.8; https://oiltrain.org"
52.167.144.163 - - [26/Apr/2025:11:57:07 -0400] "GET /tablets-smartphones-xc9r HTTP/1.1" 404 9387 "-" "Mozilla/5.0 AppleWebKit/537.36 (KHTML, like Gecko; compatible; bingbot/2.0; +http://www.bing.com/bingbot.htm) Chrome/116.0.1938.76 Safari/537.36"
162.0.215.210 - - [26/Apr/2025:11:57:08 -0400] "POST /wp-admin/admin-ajax.php?action=async_litespeed&nonce=x58XP2OuHRyFtMLXNVL3pmTqmlCEsVfS&litespeed_type=imgoptm HTTP/1.1" 200 5 "-" "WordPress/6.8; https://oiltrain.org"
2a03:2880:f800:13:: - - [26/Apr/2025:11:57:08 -0400] "GET /good.php/shopdetail/7832073137.html HTTP/1.1" 200 0 "-" "meta-externalagent/1.1 (+https://developers.facebook.com/docs/sharing/webmasters/crawler)"
66.249.74.97 - - [26/Apr/2025:11:57:09 -0400] "GET /store.php?Mc-Allen_Add-to-cart/crown-in-tagalog HTTP/1.1" 200 181 "-" "Mozilla/5.0 (Linux; Android 6.0.1; Nexus 5X Build/MMB29P) AppleWebKit/537.36 (KHTML, like Gecko) Chrome/135.0.7049.95 Mobile Safari/537.36 (compatible; GoogleOther)"
51.222.253.13 - - [26/Apr/2025:11:57:09 -0400] "GET /good.php/shopdetail/27297953137.html HTTP/1.1" 200 0 "-" "Mozilla/5.0 (compatible; AhrefsBot/7.0; +http://ahrefs.com/robot/)"
2a03:2880:f800:1c:: - - [26/Apr/2025:11:57:22 -0400] "GET /good.php/shopdetail/38488053137.html HTTP/1.1" 200 0 "-" "meta-externalagent/1.1 (+https://developers.facebook.com/docs/sharing/webmasters/crawler)"
2a03:2880:f800:3:: - - [26/Apr/2025:11:57:23 -0400] "GET /good.php/shopdetail/9568863137.html HTTP/1.1" 200 0 "-" "meta-externalagent/1.1 (+https://developers.facebook.com/docs/sharing/webmasters/crawler)"
2a03:2880:f800:6:: - - [26/Apr/2025:11:57:24 -0400] "GET /good.php/shopdetail/4316053137.html HTTP/1.1" 200 0 "-" "meta-externalagent/1.1 (+https://developers.facebook.com/docs/sharing/webmasters/crawler)"
51.222.253.7 - - [26/Apr/2025:11:57:24 -0400] "GET /good.php/shopdetail/27304573137.html HTTP/1.1" 200 0 "-" "Mozilla/5.0 (compatible; AhrefsBot/7.0; +http://ahrefs.com/robot/)"
66.249.74.97 - - [26/Apr/2025:11:57:26 -0400] "GET /store.php?Tulsa/tama-bet HTTP/1.1" 200 181 "-" "Mozilla/5.0 (Linux; Android 6.0.1; Nexus 5X Build/MMB29P) AppleWebKit/537.36 (KHTML, like Gecko) Chrome/135.0.7049.95 Mobile Safari/537.36 (compatible; GoogleOther)"
2a03:2880:f800:17:: - - [26/Apr/2025:11:57:29 -0400] "GET /good.php/shopdetail/4598193137.html HTTP/1.1" 200 0 "-" "meta-externalagent/1.1 (+https://developers.facebook.com/docs/sharing/webmasters/crawler)"
2a03:2880:f800:6:: - - [26/Apr/2025:11:57:30 -0400] "GET /good.php/shopdetail/37787323137.html HTTP/1.1" 200 0 "-" "meta-externalagent/1.1 (+https://developers.facebook.com/docs/sharing/webmasters/crawler)"
40.77.167.151 - - [26/Apr/2025:11:57:29 -0400] "GET /?s=je+baise+la+femme+senegalaise+qui+est+ma+voisine HTTP/1.1" 200 13612 "-" "Mozilla/5.0 AppleWebKit/537.36 (KHTML, like Gecko; compatible; bingbot/2.0; +http://www.bing.com/bingbot.htm) Chrome/116.0.1938.76 Safari/537.36"
40.77.167.151 - - [26/Apr/2025:11:57:29 -0400] "GET /sports-clubs-1qkkr HTTP/1.1" 404 9388 "-" "Mozilla/5.0 AppleWebKit/537.36 (KHTML, like Gecko; compatible; bingbot/2.0; +http://www.bing.com/bingbot.htm) Chrome/116.0.1938.76 Safari/537.36"
2001:4860:7:22c::fd - - [26/Apr/2025:11:57:33 -0400] "GET /store.php?cart/dirtyship HTTP/1.1" 200 181 "https://www.google.com/" "Mozilla/5.0 (Linux; Android 10; K) AppleWebKit/537.36 (KHTML, like Gecko) Chrome/135.0.0.0 Mobile Safari/537.36"
2a03:2880:f800:18:: - - [26/Apr/2025:11:57:34 -0400] "GET /good.php/shopdetail/12611193137.html HTTP/1.1" 200 0 "-" "meta-externalagent/1.1 (+https://developers.facebook.com/docs/sharing/webmasters/crawler)"
66.249.74.97 - - [26/Apr/2025:11:57:35 -0400] "GET /store.php?Concord/eu9-lottery-register HTTP/1.1" 200 181 "-" "Mozilla/5.0 (Linux; Android 6.0.1; Nexus 5X Build/MMB29P) AppleWebKit/537.36 (KHTML, like Gecko) Chrome/135.0.7049.95 Mobile Safari/537.36 (compatible; GoogleOther)"
66.249.74.97 - - [26/Apr/2025:11:57:38 -0400] "GET /store.php?Wichita-Falls/lucky-dog-casino HTTP/1.1" 200 181 "-" "Mozilla/5.0 (Linux; Android 6.0.1; Nexus 5X Build/MMB29P) AppleWebKit/537.36 (KHTML, like Gecko) Chrome/135.0.7049.95 Mobile Safari/537.36 (compatible; GoogleOther)"
51.222.253.14 - - [26/Apr/2025:11:57:38 -0400] "GET /good.php/shopdetail/2747563137.html HTTP/1.1" 200 0 "-" "Mozilla/5.0 (compatible; AhrefsBot/7.0; +http://ahrefs.com/robot/)"
2a03:2880:f800:b:: - - [26/Apr/2025:11:57:43 -0400] "GET /good.php/shopdetail/35179293137.html HTTP/1.1" 200 0 "-" "meta-externalagent/1.1 (+https://developers.facebook.com/docs/sharing/webmasters/crawler)"
66.249.74.97 - - [26/Apr/2025:11:57:48 -0400] "GET /store.php?Paris/taya-linya-com HTTP/1.1" 200 181 "-" "Mozilla/5.0 (Linux; Android 6.0.1; Nexus 5X Build/MMB29P) AppleWebKit/537.36 (KHTML, like Gecko) Chrome/135.0.7049.95 Mobile Safari/537.36 (compatible; GoogleOther)"
2a03:2880:f800:19:: - - [26/Apr/2025:11:57:48 -0400] "GET /good.php/shopdetail/3757093137.html HTTP/1.1" 200 0 "-" "meta-externalagent/1.1 (+https://developers.facebook.com/docs/sharing/webmasters/crawler)"
66.249.74.97 - - [26/Apr/2025:11:57:50 -0400] "GET /store.php?Jellico/wjevo777-fortune-jackpot HTTP/1.1" 200 181 "-" "Mozilla/5.0 (Linux; Android 6.0.1; Nexus 5X Build/MMB29P) AppleWebKit/537.36 (KHTML, like Gecko) Chrome/135.0.7049.95 Mobile Safari/537.36 (compatible; GoogleOther)"
2a03:2880:f800:17:: - - [26/Apr/2025:11:57:53 -0400] "GET /good.php/shopdetail/20384043137.html HTTP/1.1" 200 0 "-" "meta-externalagent/1.1 (+https://developers.facebook.com/docs/sharing/webmasters/crawler)"
66.249.74.97 - - [26/Apr/2025:11:57:53 -0400] "GET /store.php?Frederick/Sulit777-777-register HTTP/1.1" 200 181 "-" "Mozilla/5.0 (Linux; Android 6.0.1; Nexus 5X Build/MMB29P) AppleWebKit/537.36 (KHTML, like Gecko) Chrome/135.0.7049.95 Mobile Safari/537.36 (compatible; GoogleOther)"
51.222.253.12 - - [26/Apr/2025:11:57:55 -0400] "GET /good.php/shopdetail/27521183137.html HTTP/1.1" 200 0 "-" "Mozilla/5.0 (compatible; AhrefsBot/7.0; +http://ahrefs.com/robot/)"
2a03:2880:f800:19:: - - [26/Apr/2025:11:57:59 -0400] "GET /good.php/shopdetail/32779903137.html HTTP/1.1" 200 0 "-" "meta-externalagent/1.1 (+https://developers.facebook.com/docs/sharing/webmasters/crawler)"
162.0.215.210 - - [26/Apr/2025:11:58:01 -0400] "POST /wp-cron.php?doing_wp_cron=1745683081.4155619144439697265625 HTTP/1.1" 200 0 "-" "WordPress/6.8; https://oiltrain.org"
52.167.144.163 - - [26/Apr/2025:11:58:01 -0400] "GET /?s=%22Lyc%C3%A9e+Techniques+D%27amitier+Sino+Beninoise%22+Calavi+%22229%22 HTTP/1.1" 200 13677 "-" "Mozilla/5.0 AppleWebKit/537.36 (KHTML, like Gecko; compatible; bingbot/2.0; +http://www.bing.com/bingbot.htm) Chrome/116.0.1938.76 Safari/537.36"
52.167.144.163 - - [26/Apr/2025:11:58:01 -0400] "GET /books-picture-books-1ffa9 HTTP/1.1" 404 9387 "-" "Mozilla/5.0 AppleWebKit/537.36 (KHTML, like Gecko; compatible; bingbot/2.0; +http://www.bing.com/bingbot.htm) Chrome/116.0.1938.76 Safari/537.36"
162.0.215.210 - - [26/Apr/2025:11:58:01 -0400] "POST /wp-admin/admin-ajax.php?action=async_litespeed&nonce=OhtGdMAfZkZ7neiqA0S6uRugpN9GqdYa&litespeed_type=imgoptm HTTP/1.1" 200 5 "-" "WordPress/6.8; https://oiltrain.org"
66.249.74.97 - - [26/Apr/2025:11:58:02 -0400] "GET /store.php?Toronto/casino-mario-rpg HTTP/1.1" 200 181 "-" "Mozilla/5.0 (Linux; Android 6.0.1; Nexus 5X Build/MMB29P) AppleWebKit/537.36 (KHTML, like Gecko) Chrome/135.0.7049.95 Mobile Safari/537.36 (compatible; GoogleOther)"
52.167.144.185 - - [26/Apr/2025:11:58:08 -0400] "GET /bicycles-bicycles-hqqh HTTP/1.1" 404 9388 "-" "Mozilla/5.0 AppleWebKit/537.36 (KHTML, like Gecko; compatible; bingbot/2.0; +http://www.bing.com/bingbot.htm) Chrome/116.0.1938.76 Safari/537.36"
52.167.144.185 - - [26/Apr/2025:11:58:08 -0400] "GET /?s=%D0%BF%D0%BE%D0%B3%D0%BE%D0%B4%D0%B0+%D0%B2+%D0%BC%D0%BE%D1%81%D0%BA%D0%B2%D0%B5+%D0%BD%D0%B0+%D1%81%D0%B5%D0%B3%D0%BE%D0%B4%D0%BD%D1%8F+%D0%BF%D0%BE+%D1%87%D0%B0%D1%81%D0%B0%D0%BC HTTP/1.1" 200 13698 "-" "Mozilla/5.0 AppleWebKit/537.36 (KHTML, like Gecko; compatible; bingbot/2.0; +http://www.bing.com/bingbot.htm) Chrome/116.0.1938.76 Safari/537.36"
51.222.253.17 - - [26/Apr/2025:11:58:09 -0400] "GET /good.php/shopdetail/27580553137.html HTTP/1.1" 200 0 "-" "Mozilla/5.0 (compatible; AhrefsBot/7.0; +http://ahrefs.com/robot/)"
2a03:2880:f800:a:: - - [26/Apr/2025:11:58:10 -0400] "GET /good.php/shopdetail/29974363137.html HTTP/1.1" 200 0 "-" "meta-externalagent/1.1 (+https://developers.facebook.com/docs/sharing/webmasters/crawler)"
66.249.74.97 - - [26/Apr/2025:11:58:12 -0400] "GET /store.php?Milwaukee/jiliasia-log-in HTTP/1.1" 200 181 "-" "Mozilla/5.0 (Linux; Android 6.0.1; Nexus 5X Build/MMB29P) AppleWebKit/537.36 (KHTML, like Gecko) Chrome/135.0.7049.95 Mobile Safari/537.36 (compatible; GoogleOther)"
2a03:2880:f800:10:: - - [26/Apr/2025:11:58:13 -0400] "GET /good.php/shopdetail/4664223137.html HTTP/1.1" 200 0 "-" "meta-externalagent/1.1 (+https://developers.facebook.com/docs/sharing/webmasters/crawler)"
66.249.74.98 - - [26/Apr/2025:11:58:15 -0400] "GET /store.php?Prince-George/poker-aparati-igre HTTP/1.1" 200 181 "-" "Mozilla/5.0 (Linux; Android 6.0.1; Nexus 5X Build/MMB29P) AppleWebKit/537.36 (KHTML, like Gecko) Chrome/135.0.7049.95 Mobile Safari/537.36 (compatible; GoogleOther)"
2a03:2880:f800:17:: - - [26/Apr/2025:11:58:16 -0400] "GET /good.php/shopdetail/3891353137.html HTTP/1.1" 200 0 "-" "meta-externalagent/1.1 (+https://developers.facebook.com/docs/sharing/webmasters/crawler)"
66.249.74.97 - - [26/Apr/2025:11:58:21 -0400] "GET /handmade-tops-2elux HTTP/1.1" 404 9388 "-" "Mozilla/5.0 (Linux; Android 6.0.1; Nexus 5X Build/MMB29P) AppleWebKit/537.36 (KHTML, like Gecko) Chrome/135.0.7049.114 Mobile Safari/537.36 (compatible; Googlebot/2.1; +http://www.google.com/bot.html)"
51.222.253.2 - - [26/Apr/2025:11:58:23 -0400] "GET /good.php/shopdetail/27648773137.html HTTP/1.1" 200 0 "-" "Mozilla/5.0 (compatible; AhrefsBot/7.0; +http://ahrefs.com/robot/)"
66.249.74.97 - - [26/Apr/2025:11:58:24 -0400] "GET /store.php?Bowling-Green/asianstar-online-casino HTTP/1.1" 200 181 "-" "Mozilla/5.0 (Linux; Android 6.0.1; Nexus 5X Build/MMB29P) AppleWebKit/537.36 (KHTML, like Gecko) Chrome/135.0.7049.95 Mobile Safari/537.36 (compatible; GoogleOther)"
66.249.74.97 - - [26/Apr/2025:11:58:27 -0400] "GET /toys-minicars-2jyf0 HTTP/1.1" 404 9388 "-" "Mozilla/5.0 (Linux; Android 6.0.1; Nexus 5X Build/MMB29P) AppleWebKit/537.36 (KHTML, like Gecko) Chrome/135.0.7049.114 Mobile Safari/537.36 (compatible; Googlebot/2.1; +http://www.google.com/bot.html)"
2a03:2880:f800:d:: - - [26/Apr/2025:11:58:27 -0400] "GET /good.php/shopdetail/7045853137.html HTTP/1.1" 200 0 "-" "meta-externalagent/1.1 (+https://developers.facebook.com/docs/sharing/webmasters/crawler)"
66.249.74.97 - - [26/Apr/2025:11:58:27 -0400] "GET /store.php?game/lucky777%20login%20lucky HTTP/1.1" 200 181 "-" "Mozilla/5.0 (Linux; Android 6.0.1; Nexus 5X Build/MMB29P) AppleWebKit/537.36 (KHTML, like Gecko) Chrome/135.0.7049.114 Mobile Safari/537.36 (compatible; Googlebot/2.1; +http://www.google.com/bot.html)"
51.222.253.12 - - [26/Apr/2025:11:58:33 -0400] "GET /good.php/shopdetail/27699383137.html HTTP/1.1" 200 0 "-" "Mozilla/5.0 (compatible; AhrefsBot/7.0; +http://ahrefs.com/robot/)"
66.249.74.97 - - [26/Apr/2025:11:58:34 -0400] "GET /store.php?Westlake/mines-game-logo HTTP/1.1" 200 181 "-" "Mozilla/5.0 (Linux; Android 6.0.1; Nexus 5X Build/MMB29P) AppleWebKit/537.36 (KHTML, like Gecko) Chrome/135.0.7049.95 Mobile Safari/537.36 (compatible; GoogleOther)"
103.11.103.186 - - [26/Apr/2025:11:58:36 -0400] "GET /wp-login.php HTTP/1.1" 200 1922 "-" "GRequests/0.10"
103.11.103.186 - - [26/Apr/2025:11:58:36 -0400] "POST /wp-login.php HTTP/1.1" 200 2085 "-" "GRequests/0.10"
66.249.74.97 - - [26/Apr/2025:11:58:36 -0400] "GET /store.php?Bloomington/taya888-casino-review HTTP/1.1" 200 181 "-" "Mozilla/5.0 (Linux; Android 6.0.1; Nexus 5X Build/MMB29P) AppleWebKit/537.36 (KHTML, like Gecko) Chrome/135.0.7049.95 Mobile Safari/537.36 (compatible; GoogleOther)"
2a03:2880:f800:11:: - - [26/Apr/2025:11:58:37 -0400] "GET /good.php/shopdetail/14101393137.html HTTP/1.1" 200 0 "-" "meta-externalagent/1.1 (+https://developers.facebook.com/docs/sharing/webmasters/crawler)"
66.249.74.97 - - [26/Apr/2025:11:58:39 -0400] "GET /store.php?North-Bay/sng-poker HTTP/1.1" 200 181 "-" "Mozilla/5.0 (Linux; Android 6.0.1; Nexus 5X Build/MMB29P) AppleWebKit/537.36 (KHTML, like Gecko) Chrome/135.0.7049.95 Mobile Safari/537.36 (compatible; GoogleOther)"
66.249.74.97 - - [26/Apr/2025:11:58:42 -0400] "GET /store.php?Spartanburg/ubet-games-bingo HTTP/1.1" 200 181 "-" "Mozilla/5.0 (Linux; Android 6.0.1; Nexus 5X Build/MMB29P) AppleWebKit/537.36 (KHTML, like Gecko) Chrome/135.0.7049.95 Mobile Safari/537.36 (compatible; GoogleOther)"
2a03:2880:f800:: - - [26/Apr/2025:11:58:43 -0400] "GET /good.php/shopdetail/7046243137.html HTTP/1.1" 200 0 "-" "meta-externalagent/1.1 (+https://developers.facebook.com/docs/sharing/webmasters/crawler)"
66.249.74.97 - - [26/Apr/2025:11:58:44 -0400] "GET /store.php?Marquette/irish-luck-app HTTP/1.1" 200 181 "-" "Mozilla/5.0 (Linux; Android 6.0.1; Nexus 5X Build/MMB29P) AppleWebKit/537.36 (KHTML, like Gecko) Chrome/135.0.7049.95 Mobile Safari/537.36 (compatible; GoogleOther)"
2a03:2880:f800:10:: - - [26/Apr/2025:11:58:45 -0400] "GET /good.php/shopdetail/15952903137.html HTTP/1.1" 200 0 "-" "meta-externalagent/1.1 (+https://developers.facebook.com/docs/sharing/webmasters/crawler)"
51.222.253.15 - - [26/Apr/2025:11:58:46 -0400] "GET /good.php/shopdetail/27718243137.html HTTP/1.1" 200 0 "-" "Mozilla/5.0 (compatible; AhrefsBot/7.0; +http://ahrefs.com/robot/)"
66.249.74.97 - - [26/Apr/2025:11:58:49 -0400] "GET /store.php?usa/estrela-pornor.html HTTP/1.1" 200 181 "-" "Mozilla/5.0 (Linux; Android 6.0.1; Nexus 5X Build/MMB29P) AppleWebKit/537.36 (KHTML, like Gecko) Chrome/135.0.7049.95 Mobile Safari/537.36 (compatible; Googlebot/2.1; +http://www.google.com/bot.html)"
2a03:2880:f800:11:: - - [26/Apr/2025:11:58:54 -0400] "GET /good.php/shopdetail/3033623137.html HTTP/1.1" 200 0 "-" "meta-externalagent/1.1 (+https://developers.facebook.com/docs/sharing/webmasters/crawler)"
66.249.74.97 - - [26/Apr/2025:11:58:54 -0400] "GET /store.php?usa/esquema-infal%C3%ADvel-para-ganhar-na-lotof%C3%A1cil-gr%C3%A1tis.html HTTP/1.1" 200 181 "-" "Mozilla/5.0 (Linux; Android 6.0.1; Nexus 5X Build/MMB29P) AppleWebKit/537.36 (KHTML, like Gecko) Chrome/135.0.7049.95 Mobile Safari/537.36 (compatible; GoogleOther)"
2a03:2880:f800:17:: - - [26/Apr/2025:11:58:55 -0400] "GET /good.php/shopdetail/10173223137.html HTTP/1.1" 200 0 "-" "meta-externalagent/1.1 (+https://developers.facebook.com/docs/sharing/webmasters/crawler)"
162.0.215.210 - - [26/Apr/2025:11:58:59 -0400] "POST /wp-cron.php?doing_wp_cron=1745683139.4909911155700683593750 HTTP/1.1" 200 0 "-" "WordPress/6.8; https://oiltrain.org"
52.167.144.163 - - [26/Apr/2025:11:58:58 -0400] "GET /tools-others-12a0j HTTP/1.1" 404 9389 "-" "Mozilla/5.0 AppleWebKit/537.36 (KHTML, like Gecko; compatible; bingbot/2.0; +http://www.bing.com/bingbot.htm) Chrome/116.0.1938.76 Safari/537.36"
51.222.253.6 - - [26/Apr/2025:11:58:59 -0400] "GET /good.php/shopdetail/27824593137.html HTTP/1.1" 200 0 "-" "Mozilla/5.0 (compatible; AhrefsBot/7.0; +http://ahrefs.com/robot/)"
162.0.215.210 - - [26/Apr/2025:11:59:00 -0400] "POST /wp-admin/admin-ajax.php?action=async_litespeed&nonce=ylJj0bjLVVlroTlkXFPFeTdzZAKFawwp&litespeed_type=imgoptm HTTP/1.1" 200 5 "-" "WordPress/6.8; https://oiltrain.org"
66.249.74.97 - - [26/Apr/2025:11:59:00 -0400] "GET /store.php?Add-to-cart/fjili777%20review HTTP/1.1" 200 181 "-" "Mozilla/5.0 (Linux; Android 6.0.1; Nexus 5X Build/MMB29P) AppleWebKit/537.36 (KHTML, like Gecko) Chrome/135.0.7049.114 Mobile Safari/537.36 (compatible; Googlebot/2.1; +http://www.google.com/bot.html)"
2a03:2880:f800:b:: - - [26/Apr/2025:11:59:00 -0400] "GET /good.php/shopdetail/32211513137.html HTTP/1.1" 200 0 "-" "meta-externalagent/1.1 (+https://developers.facebook.com/docs/sharing/webmasters/crawler)"
2a03:2880:f800:7:: - - [26/Apr/2025:11:59:01 -0400] "GET /good.php/shopdetail/20983223137.html HTTP/1.1" 200 0 "-" "meta-externalagent/1.1 (+https://developers.facebook.com/docs/sharing/webmasters/crawler)"
66.249.74.97 - - [26/Apr/2025:11:59:03 -0400] "GET /store.php?Richmond/elite-mobile HTTP/1.1" 200 181 "-" "Mozilla/5.0 (Linux; Android 6.0.1; Nexus 5X Build/MMB29P) AppleWebKit/537.36 (KHTML, like Gecko) Chrome/135.0.7049.95 Mobile Safari/537.36 (compatible; GoogleOther)"
2a03:2880:f800:4:: - - [26/Apr/2025:11:59:09 -0400] "GET /good.php/shopdetail/32433137.html HTTP/1.1" 200 0 "-" "meta-externalagent/1.1 (+https://developers.facebook.com/docs/sharing/webmasters/crawler)"
2a03:2880:f800:1:: - - [26/Apr/2025:11:59:09 -0400] "GET /good.php/shopdetail/28700323137.html HTTP/1.1" 200 0 "-" "meta-externalagent/1.1 (+https://developers.facebook.com/docs/sharing/webmasters/crawler)"
66.249.74.98 - - [26/Apr/2025:11:59:10 -0400] "GET /goods-other-models-16ets HTTP/1.1" 404 9388 "-" "Mozilla/5.0 (Linux; Android 6.0.1; Nexus 5X Build/MMB29P) AppleWebKit/537.36 (KHTML, like Gecko) Chrome/135.0.7049.114 Mobile Safari/537.36 (compatible; Googlebot/2.1; +http://www.google.com/bot.html)"
2a03:2880:f800:19:: - - [26/Apr/2025:11:59:11 -0400] "GET /good.php/shopdetail/22349743137.html HTTP/1.1" 200 0 "-" "meta-externalagent/1.1 (+https://developers.facebook.com/docs/sharing/webmasters/crawler)"
2a03:2880:f800:19:: - - [26/Apr/2025:11:59:11 -0400] "GET /good.php/shopdetail/7366453137.html HTTP/1.1" 200 0 "-" "meta-externalagent/1.1 (+https://developers.facebook.com/docs/sharing/webmasters/crawler)"
66.249.74.97 - - [26/Apr/2025:11:59:11 -0400] "GET /kitchen-sake-bottles-13ce9 HTTP/1.1" 404 9387 "-" "Mozilla/5.0 (Linux; Android 6.0.1; Nexus 5X Build/MMB29P) AppleWebKit/537.36 (KHTML, like Gecko) Chrome/135.0.7049.114 Mobile Safari/537.36 (compatible; Googlebot/2.1; +http://www.google.com/bot.html)"
51.222.253.4 - - [26/Apr/2025:11:59:11 -0400] "GET /good.php/shopdetail/2784583137.html HTTP/1.1" 200 0 "-" "Mozilla/5.0 (compatible; AhrefsBot/7.0; +http://ahrefs.com/robot/)"
2a03:2880:f800:1c:: - - [26/Apr/2025:11:59:13 -0400] "GET /good.php/shopdetail/34059423137.html HTTP/1.1" 200 0 "-" "meta-externalagent/1.1 (+https://developers.facebook.com/docs/sharing/webmasters/crawler)"
66.249.74.98 - - [26/Apr/2025:11:59:13 -0400] "GET /store.php?Kitchener/PANALOKO-Login HTTP/1.1" 200 181 "-" "Mozilla/5.0 (Linux; Android 6.0.1; Nexus 5X Build/MMB29P) AppleWebKit/537.36 (KHTML, like Gecko) Chrome/135.0.7049.95 Mobile Safari/537.36 (compatible; GoogleOther)"
2a03:2880:f800:1a:: - - [26/Apr/2025:11:59:18 -0400] "GET /good.php/shopdetail/18424103137.html HTTP/1.1" 200 0 "-" "meta-externalagent/1.1 (+https://developers.facebook.com/docs/sharing/webmasters/crawler)"
66.249.74.97 - - [26/Apr/2025:11:59:22 -0400] "GET /store.php?Cherry-Hill_Add-to-cart/bingo-plus-withdrawal-time HTTP/1.1" 200 181 "-" "Mozilla/5.0 (Linux; Android 6.0.1; Nexus 5X Build/MMB29P) AppleWebKit/537.36 (KHTML, like Gecko) Chrome/135.0.7049.95 Mobile Safari/537.36 (compatible; GoogleOther)"
51.222.253.15 - - [26/Apr/2025:11:59:25 -0400] "GET /good.php/shopdetail/28033793137.html HTTP/1.1" 200 0 "-" "Mozilla/5.0 (compatible; AhrefsBot/7.0; +http://ahrefs.com/robot/)"
66.249.74.97 - - [26/Apr/2025:11:59:25 -0400] "GET /store.php?Oneida/okada-club-lounge HTTP/1.1" 200 181 "-" "Mozilla/5.0 (Linux; Android 6.0.1; Nexus 5X Build/MMB29P) AppleWebKit/537.36 (KHTML, like Gecko) Chrome/135.0.7049.95 Mobile Safari/537.36 (compatible; GoogleOther)"
2a03:2880:f800:11:: - - [26/Apr/2025:11:59:27 -0400] "GET /good.php/shopdetail/11740043137.html HTTP/1.1" 200 0 "-" "meta-externalagent/1.1 (+https://developers.facebook.com/docs/sharing/webmasters/crawler)"
66.249.74.97 - - [26/Apr/2025:11:59:27 -0400] "GET /goods-others-2iy92 HTTP/1.1" 404 9387 "-" "Mozilla/5.0 (Linux; Android 6.0.1; Nexus 5X Build/MMB29P) AppleWebKit/537.36 (KHTML, like Gecko) Chrome/135.0.7049.114 Mobile Safari/537.36 (compatible; Googlebot/2.1; +http://www.google.com/bot.html)"
52.167.144.163 - - [26/Apr/2025:11:59:28 -0400] "GET /?s=%E9%96%A2%E6%9C%89%E7%BE%8E%E5%AD%90+%E8%97%A4%E5%90%89%E5%A4%8F%E9%88%B4 HTTP/1.1" 200 13653 "-" "Mozilla/5.0 AppleWebKit/537.36 (KHTML, like Gecko; compatible; bingbot/2.0; +http://www.bing.com/bingbot.htm) Chrome/116.0.1938.76 Safari/537.36"
52.167.144.163 - - [26/Apr/2025:11:59:28 -0400] "GET /tickets-shopping-mus8 HTTP/1.1" 404 9389 "-" "Mozilla/5.0 AppleWebKit/537.36 (KHTML, like Gecko; compatible; bingbot/2.0; +http://www.bing.com/bingbot.htm) Chrome/116.0.1938.76 Safari/537.36"
2a03:2880:f800:b:: - - [26/Apr/2025:11:59:35 -0400] "GET /good.php/shopdetail/7725053137.html HTTP/1.1" 200 0 "-" "meta-externalagent/1.1 (+https://developers.facebook.com/docs/sharing/webmasters/crawler)"
51.222.253.18 - - [26/Apr/2025:11:59:35 -0400] "GET /good.php/shopdetail/28103763137.html HTTP/1.1" 200 0 "-" "Mozilla/5.0 (compatible; AhrefsBot/7.0; +http://ahrefs.com/robot/)"
66.249.74.97 - - [26/Apr/2025:11:59:35 -0400] "GET /store.php?St.Petersburg/slotsgo-cc HTTP/1.1" 200 181 "-" "Mozilla/5.0 (Linux; Android 6.0.1; Nexus 5X Build/MMB29P) AppleWebKit/537.36 (KHTML, like Gecko) Chrome/135.0.7049.95 Mobile Safari/537.36 (compatible; GoogleOther)"
2a03:2880:f800:10:: - - [26/Apr/2025:11:59:35 -0400] "GET /good.php/shopdetail/25518433137.html HTTP/1.1" 200 0 "-" "meta-externalagent/1.1 (+https://developers.facebook.com/docs/sharing/webmasters/crawler)"
2a03:2880:f800:19:: - - [26/Apr/2025:11:59:36 -0400] "GET /good.php/shopdetail/38948603137.html HTTP/1.1" 200 0 "-" "meta-externalagent/1.1 (+https://developers.facebook.com/docs/sharing/webmasters/crawler)"
2a03:2880:f800:10:: - - [26/Apr/2025:11:59:39 -0400] "GET /good.php/shopdetail/7877873137.html HTTP/1.1" 200 0 "-" "meta-externalagent/1.1 (+https://developers.facebook.com/docs/sharing/webmasters/crawler)"
162.0.215.210 - - [26/Apr/2025:11:59:42 -0400] "POST /wp-cron.php?doing_wp_cron=1745683181.9801630973815917968750 HTTP/1.1" 200 0 "-" "WordPress/6.8; https://oiltrain.org"
52.167.144.185 - - [26/Apr/2025:11:59:41 -0400] "GET /?s=%EC%82%AC%EC%9D%B4%ED%8D%BC+%EB%B3%B4%EC%83%81%ED%91%9C HTTP/1.1" 200 13683 "-" "Mozilla/5.0 AppleWebKit/537.36 (KHTML, like Gecko; compatible; bingbot/2.0; +http://www.bing.com/bingbot.htm) Chrome/116.0.1938.76 Safari/537.36"
66.249.74.97 - - [26/Apr/2025:11:59:44 -0400] "GET /store.php?Augusta_Add-to-cart/diatom-mines HTTP/1.1" 200 181 "-" "Mozilla/5.0 (Linux; Android 6.0.1; Nexus 5X Build/MMB29P) AppleWebKit/537.36 (KHTML, like Gecko) Chrome/135.0.7049.95 Mobile Safari/537.36 (compatible; GoogleOther)"
2a03:2880:f800:11:: - - [26/Apr/2025:11:59:47 -0400] "GET /good.php/shopdetail/27993733137.html HTTP/1.1" 200 0 "-" "meta-externalagent/1.1 (+https://developers.facebook.com/docs/sharing/webmasters/crawler)"
2a03:2880:f800:1a:: - - [26/Apr/2025:11:59:47 -0400] "GET /good.php/shopdetail/4433013137.html HTTP/1.1" 200 0 "-" "meta-externalagent/1.1 (+https://developers.facebook.com/docs/sharing/webmasters/crawler)"
2a03:2880:f800:2:: - - [26/Apr/2025:11:59:48 -0400] "GET /good.php/shopdetail/14824273137.html HTTP/1.1" 200 0 "-" "meta-externalagent/1.1 (+https://developers.facebook.com/docs/sharing/webmasters/crawler)"
51.222.253.18 - - [26/Apr/2025:11:59:57 -0400] "GET /good.php/shopdetail/28158583137.html HTTP/1.1" 200 0 "-" "Mozilla/5.0 (compatible; AhrefsBot/7.0; +http://ahrefs.com/robot/)"
2a03:2880:f800:17:: - - [26/Apr/2025:12:00:03 -0400] "GET /good.php/shopdetail/8574163137.html HTTP/1.1" 200 0 "-" "meta-externalagent/1.1 (+https://developers.facebook.com/docs/sharing/webmasters/crawler)"
66.249.74.99 - - [26/Apr/2025:12:00:03 -0400] "GET /store.php?Sault-Ste-Marie/fortune-gaming88-register HTTP/1.1" 200 181 "-" "Mozilla/5.0 (Linux; Android 6.0.1; Nexus 5X Build/MMB29P) AppleWebKit/537.36 (KHTML, like Gecko) Chrome/135.0.7049.95 Mobile Safari/537.36 (compatible; GoogleOther)"
162.0.215.210 - - [26/Apr/2025:12:00:07 -0400] "POST /wp-cron.php?doing_wp_cron=1745683206.4435489177703857421875 HTTP/1.1" 200 0 "-" "WordPress/6.8; https://oiltrain.org"
52.167.144.162 - - [26/Apr/2025:12:00:05 -0400] "GET /tools-angle-meters-2ksco HTTP/1.1" 404 9386 "-" "Mozilla/5.0 AppleWebKit/537.36 (KHTML, like Gecko; compatible; bingbot/2.0; +http://www.bing.com/bingbot.htm) Chrome/116.0.1938.76 Safari/537.36"
51.222.253.17 - - [26/Apr/2025:12:00:07 -0400] "GET /good.php/shopdetail/28258933137.html HTTP/1.1" 200 0 "-" "Mozilla/5.0 (compatible; AhrefsBot/7.0; +http://ahrefs.com/robot/)"
66.249.74.98 - - [26/Apr/2025:12:00:07 -0400] "GET /store.php?Muskegon/jolibet-casino HTTP/1.1" 200 181 "-" "Mozilla/5.0 (Linux; Android 6.0.1; Nexus 5X Build/MMB29P) AppleWebKit/537.36 (KHTML, like Gecko) Chrome/135.0.7049.95 Mobile Safari/537.36 (compatible; GoogleOther)"
162.0.215.210 - - [26/Apr/2025:12:00:08 -0400] "POST /wp-admin/admin-ajax.php?action=async_litespeed&nonce=BK3T4MQla6SCs2vlb2pmDXGE8s6Pa3mZ&litespeed_type=imgoptm HTTP/1.1" 200 0 "-" "WordPress/6.8; https://oiltrain.org"
2a03:2880:f800:: - - [26/Apr/2025:12:00:10 -0400] "GET /good.php/shopdetail/11559163137.html HTTP/1.1" 200 0 "-" "meta-externalagent/1.1 (+https://developers.facebook.com/docs/sharing/webmasters/crawler)"
