51.222.253.1 - - [26/Apr/2025:09:26:34 -0400] "GET /good.php/shopdetail/15436243137.html HTTP/1.1" 200 0 "-" "Mozilla/5.0 (compatible; AhrefsBot/7.0; +http://ahrefs.com/robot/)"
66.249.74.101 - - [26/Apr/2025:09:26:34 -0400] "GET /store.php?SantaRosa/everygame-casino HTTP/1.1" 200 181 "-" "Mozilla/5.0 (Linux; Android 6.0.1; Nexus 5X Build/MMB29P) AppleWebKit/537.36 (KHTML, like Gecko) Chrome/135.0.7049.95 Mobile Safari/537.36 (compatible; GoogleOther)"
52.167.144.180 - - [26/Apr/2025:09:26:35 -0400] "GET /?s=Pottery+Barn+Teen+Dorm+Storage HTTP/1.1" 200 13584 "-" "Mozilla/5.0 AppleWebKit/537.36 (KHTML, like Gecko; compatible; bingbot/2.0; +http://www.bing.com/bingbot.htm) Chrome/116.0.1938.76 Safari/537.36"
2a03:2880:f800:11:: - - [26/Apr/2025:09:26:36 -0400] "GET /good.php/shopdetail/7775593137.html HTTP/1.1" 200 0 "-" "meta-externalagent/1.1 (+https://developers.facebook.com/docs/sharing/webmasters/crawler)"
2a03:2880:f800:13:: - - [26/Apr/2025:09:26:39 -0400] "GET /good.php/shopdetail/11484703137.html HTTP/1.1" 200 0 "-" "meta-externalagent/1.1 (+https://developers.facebook.com/docs/sharing/webmasters/crawler)"
2a03:2880:f800:13:: - - [26/Apr/2025:09:26:45 -0400] "GET /good.php/shopdetail/23302393137.html HTTP/1.1" 200 0 "-" "meta-externalagent/1.1 (+https://developers.facebook.com/docs/sharing/webmasters/crawler)"
51.222.253.9 - - [26/Apr/2025:09:26:46 -0400] "GET /good.php/shopdetail/15441053137.html HTTP/1.1" 200 0 "-" "Mozilla/5.0 (compatible; AhrefsBot/7.0; +http://ahrefs.com/robot/)"
66.249.74.101 - - [26/Apr/2025:09:26:45 -0400] "GET /store.php?Fresno/lit-wins HTTP/1.1" 200 181 "-" "Mozilla/5.0 (Linux; Android 6.0.1; Nexus 5X Build/MMB29P) AppleWebKit/537.36 (KHTML, like Gecko) Chrome/135.0.7049.95 Mobile Safari/537.36 (compatible; GoogleOther)"
2a03:2880:f800:a:: - - [26/Apr/2025:09:26:48 -0400] "GET /good.php/shopdetail/11039573137.html HTTP/1.1" 200 0 "-" "meta-externalagent/1.1 (+https://developers.facebook.com/docs/sharing/webmasters/crawler)"
66.249.74.101 - - [26/Apr/2025:09:26:48 -0400] "GET /store.php?Latest-Posts/ubet777%20dice%20game%20big HTTP/1.1" 200 181 "-" "Mozilla/5.0 (Linux; Android 6.0.1; Nexus 5X Build/MMB29P) AppleWebKit/537.36 (KHTML, like Gecko) Chrome/135.0.7049.95 Mobile Safari/537.36 (compatible; GoogleOther)"
2a03:2880:f800:6:: - - [26/Apr/2025:09:26:54 -0400] "GET /good.php/shopdetail/18729383137.html HTTP/1.1" 200 0 "-" "meta-externalagent/1.1 (+https://developers.facebook.com/docs/sharing/webmasters/crawler)"
2a03:2880:f800:d:: - - [26/Apr/2025:09:26:55 -0400] "GET /good.php/shopdetail/13151923137.html HTTP/1.1" 200 0 "-" "meta-externalagent/1.1 (+https://developers.facebook.com/docs/sharing/webmasters/crawler)"
66.249.74.101 - - [26/Apr/2025:09:26:57 -0400] "GET /store.php?Blacksburg/jili-cc-app HTTP/1.1" 200 181 "-" "Mozilla/5.0 (Linux; Android 6.0.1; Nexus 5X Build/MMB29P) AppleWebKit/537.36 (KHTML, like Gecko) Chrome/135.0.7049.95 Mobile Safari/537.36 (compatible; GoogleOther)"
66.249.74.101 - - [26/Apr/2025:09:26:59 -0400] "GET /store.php?game/win88%20lottery%20register HTTP/1.1" 200 181 "-" "Mozilla/5.0 (Linux; Android 6.0.1; Nexus 5X Build/MMB29P) AppleWebKit/537.36 (KHTML, like Gecko) Chrome/135.0.7049.95 Mobile Safari/537.36 (compatible; GoogleOther)"
51.222.253.16 - - [26/Apr/2025:09:27:04 -0400] "GET /good.php/shopdetail/1544193137.html HTTP/1.1" 200 0 "-" "Mozilla/5.0 (compatible; AhrefsBot/7.0; +http://ahrefs.com/robot/)"
2a03:2880:f800:f:: - - [26/Apr/2025:09:27:04 -0400] "GET /iso-certification-in-nigeria-requirements-and-process-simplified/ HTTP/1.1" 200 24791 "-" "meta-externalagent/1.1 (+https://developers.facebook.com/docs/sharing/webmasters/crawler)"
162.0.215.210 - - [26/Apr/2025:09:27:08 -0400] "POST /wp-cron.php?doing_wp_cron=1745674028.4573330879211425781250 HTTP/1.1" 200 0 "-" "WordPress/6.8; https://oiltrain.org"
66.249.74.101 - - [26/Apr/2025:09:27:08 -0400] "GET /store.php-Fort-Lauderdale_Add-to-cart/Bonzo-Spins-Login HTTP/1.1" 404 9386 "-" "Mozilla/5.0 (Linux; Android 6.0.1; Nexus 5X Build/MMB29P) AppleWebKit/537.36 (KHTML, like Gecko) Chrome/135.0.7049.95 Mobile Safari/537.36 (compatible; GoogleOther)"
66.249.74.101 - - [26/Apr/2025:09:25:35 -0400] "GET /store.php?FAQs/olybet%20app HTTP/1.1" 200 181 "-" "Mozilla/5.0 (Linux; Android 6.0.1; Nexus 5X Build/MMB29P) AppleWebKit/537.36 (KHTML, like Gecko) Chrome/135.0.7049.95 Mobile Safari/537.36 (compatible; GoogleOther)"
162.0.215.210 - - [26/Apr/2025:09:27:08 -0400] "POST /wp-admin/admin-ajax.php?action=async_litespeed&nonce=KweXKemfscQD31y2FfXJ5lbMl6CEiLWU&litespeed_type=imgoptm HTTP/1.1" 200 5 "-" "WordPress/6.8; https://oiltrain.org"
66.249.74.101 - - [26/Apr/2025:09:27:11 -0400] "GET /store.php?Warren/123jili-app HTTP/1.1" 200 181 "-" "Mozilla/5.0 (Linux; Android 6.0.1; Nexus 5X Build/MMB29P) AppleWebKit/537.36 (KHTML, like Gecko) Chrome/135.0.7049.95 Mobile Safari/537.36 (compatible; GoogleOther)"
52.167.144.180 - - [26/Apr/2025:09:27:12 -0400] "GET /hobbies-guitars-ho0i HTTP/1.1" 404 9386 "-" "Mozilla/5.0 AppleWebKit/537.36 (KHTML, like Gecko; compatible; bingbot/2.0; +http://www.bing.com/bingbot.htm) Chrome/116.0.1938.76 Safari/537.36"
2a03:2880:f800:9:: - - [26/Apr/2025:09:27:17 -0400] "GET /good.php/shopdetail/3059403137.html HTTP/1.1" 200 0 "-" "meta-externalagent/1.1 (+https://developers.facebook.com/docs/sharing/webmasters/crawler)"
2a03:2880:f800:18:: - - [26/Apr/2025:09:27:18 -0400] "GET /good.php/shopdetail/5110663137.html HTTP/1.1" 200 0 "-" "meta-externalagent/1.1 (+https://developers.facebook.com/docs/sharing/webmasters/crawler)"
66.249.74.101 - - [26/Apr/2025:09:27:19 -0400] "GET /store.php?Houma/sol-to-php HTTP/1.1" 200 181 "-" "Mozilla/5.0 (Linux; Android 6.0.1; Nexus 5X Build/MMB29P) AppleWebKit/537.36 (KHTML, like Gecko) Chrome/135.0.7049.95 Mobile Safari/537.36 (compatible; GoogleOther)"
2a03:2880:f800:12:: - - [26/Apr/2025:09:27:21 -0400] "GET /good.php/shopdetail/5150673137.html HTTP/1.1" 200 0 "-" "meta-externalagent/1.1 (+https://developers.facebook.com/docs/sharing/webmasters/crawler)"
51.222.253.20 - - [26/Apr/2025:09:27:21 -0400] "GET /good.php/shopdetail/15490973137.html HTTP/1.1" 200 0 "-" "Mozilla/5.0 (compatible; AhrefsBot/7.0; +http://ahrefs.com/robot/)"
66.249.74.101 - - [26/Apr/2025:09:27:23 -0400] "GET /store.php?Lufkin/qq-jili-.com HTTP/1.1" 200 181 "-" "Mozilla/5.0 (Linux; Android 6.0.1; Nexus 5X Build/MMB29P) AppleWebKit/537.36 (KHTML, like Gecko) Chrome/135.0.7049.95 Mobile Safari/537.36 (compatible; GoogleOther)"
66.249.74.101 - - [26/Apr/2025:09:27:30 -0400] "GET /store.php?Montreal/poker-top-hands HTTP/1.1" 200 181 "-" "Mozilla/5.0 (Linux; Android 6.0.1; Nexus 5X Build/MMB29P) AppleWebKit/537.36 (KHTML, like Gecko) Chrome/135.0.7049.95 Mobile Safari/537.36 (compatible; GoogleOther)"
2a03:2880:f800:13:: - - [26/Apr/2025:09:27:32 -0400] "GET /good.php/shopdetail/13230943137.html HTTP/1.1" 200 0 "-" "meta-externalagent/1.1 (+https://developers.facebook.com/docs/sharing/webmasters/crawler)"
66.249.74.101 - - [26/Apr/2025:09:27:33 -0400] "GET /store.php?Homepage/Wowjili%20dice%20game%20jili HTTP/1.1" 200 181 "-" "Mozilla/5.0 (Linux; Android 6.0.1; Nexus 5X Build/MMB29P) AppleWebKit/537.36 (KHTML, like Gecko) Chrome/135.0.7049.95 Mobile Safari/537.36 (compatible; GoogleOther)"
2a03:2880:f800:12:: - - [26/Apr/2025:09:27:34 -0400] "GET /bosiet-course/ HTTP/1.1" 200 22591 "-" "meta-externalagent/1.1 (+https://developers.facebook.com/docs/sharing/webmasters/crawler)"
51.222.253.16 - - [26/Apr/2025:09:27:34 -0400] "GET /good.php/shopdetail/15510693137.html HTTP/1.1" 200 0 "-" "Mozilla/5.0 (compatible; AhrefsBot/7.0; +http://ahrefs.com/robot/)"
102.90.101.199 - - [26/Apr/2025:09:27:36 -0400] "GET /h2s-hydrogen-sulphide-course/ HTTP/1.1" 200 19897 "https://oiltrain.org/bosiet-course/" "Mozilla/5.0 (iPhone; CPU iPhone OS 17_5_1 like Mac OS X) AppleWebKit/605.1.15 (KHTML, like Gecko) CriOS/132.0.6834.78 Mobile/15E148 Safari/604.1"
102.90.101.199 - - [26/Apr/2025:09:27:39 -0400] "GET /wp-content/themes/konstruk/konstruk/assets/css/Flaticon.svg HTTP/1.1" 404 9388 "https://oiltrain.org/h2s-hydrogen-sulphide-course/" "Mozilla/5.0 (iPhone; CPU iPhone OS 17_5_1 like Mac OS X) AppleWebKit/605.1.15 (KHTML, like Gecko) CriOS/132.0.6834.78 Mobile/15E148 Safari/604.1"
2a03:2880:f800:b:: - - [26/Apr/2025:09:27:41 -0400] "GET /good.php/shopdetail/36184713137.html HTTP/1.1" 200 0 "-" "meta-externalagent/1.1 (+https://developers.facebook.com/docs/sharing/webmasters/crawler)"
66.249.74.101 - - [26/Apr/2025:09:27:41 -0400] "GET /store.php?Lufkin/you-bet-%E6%84%8F%E5%91%B3 HTTP/1.1" 200 181 "-" "Mozilla/5.0 (Linux; Android 6.0.1; Nexus 5X Build/MMB29P) AppleWebKit/537.36 (KHTML, like Gecko) Chrome/135.0.7049.95 Mobile Safari/537.36 (compatible; GoogleOther)"
2a03:2880:f800:17:: - - [26/Apr/2025:09:27:47 -0400] "GET /good.php/shopdetail/36658553137.html HTTP/1.1" 200 0 "-" "meta-externalagent/1.1 (+https://developers.facebook.com/docs/sharing/webmasters/crawler)"
51.222.253.20 - - [26/Apr/2025:09:27:52 -0400] "GET /good.php/shopdetail/15689683137.html HTTP/1.1" 200 0 "-" "Mozilla/5.0 (compatible; AhrefsBot/7.0; +http://ahrefs.com/robot/)"
162.0.215.210 - - [26/Apr/2025:09:27:53 -0400] "POST /wp-cron.php?doing_wp_cron=1745674073.1252839565277099609375 HTTP/1.1" 200 0 "-" "WordPress/6.8; https://oiltrain.org"
66.249.74.101 - - [26/Apr/2025:09:27:52 -0400] "GET /store.php-Hammond_Add-to-cart/phmacao-register HTTP/1.1" 404 9386 "-" "Mozilla/5.0 (Linux; Android 6.0.1; Nexus 5X Build/MMB29P) AppleWebKit/537.36 (KHTML, like Gecko) Chrome/135.0.7049.95 Mobile Safari/537.36 (compatible; GoogleOther)"
2a03:2880:f800:18:: - - [26/Apr/2025:09:28:01 -0400] "GET /good.php/shopdetail/4764813137.html HTTP/1.1" 200 0 "-" "meta-externalagent/1.1 (+https://developers.facebook.com/docs/sharing/webmasters/crawler)"
51.222.253.5 - - [26/Apr/2025:09:28:04 -0400] "GET /good.php/shopdetail/1582903137.html HTTP/1.1" 200 0 "-" "Mozilla/5.0 (compatible; AhrefsBot/7.0; +http://ahrefs.com/robot/)"
2a03:2880:f800:d:: - - [26/Apr/2025:09:28:06 -0400] "GET /good.php/shopdetail/38638383137.html HTTP/1.1" 200 0 "-" "meta-externalagent/1.1 (+https://developers.facebook.com/docs/sharing/webmasters/crawler)"
66.249.74.101 - - [26/Apr/2025:09:28:07 -0400] "GET /store.php?North-Miami/Phmaya-lottery-bingo HTTP/1.1" 200 181 "-" "Mozilla/5.0 (Linux; Android 6.0.1; Nexus 5X Build/MMB29P) AppleWebKit/537.36 (KHTML, like Gecko) Chrome/135.0.7049.95 Mobile Safari/537.36 (compatible; GoogleOther)"
2a03:2880:f800:f:: - - [26/Apr/2025:09:28:07 -0400] "GET /good.php/shopdetail/21479453137.html HTTP/1.1" 200 0 "-" "meta-externalagent/1.1 (+https://developers.facebook.com/docs/sharing/webmasters/crawler)"
2a03:2880:f800:8:: - - [26/Apr/2025:09:28:09 -0400] "GET /good.php/shopdetail/37150703137.html HTTP/1.1" 200 0 "-" "meta-externalagent/1.1 (+https://developers.facebook.com/docs/sharing/webmasters/crawler)"
162.0.215.210 - - [26/Apr/2025:09:28:10 -0400] "POST /wp-cron.php?doing_wp_cron=1745674090.5642869472503662109375 HTTP/1.1" 200 0 "-" "WordPress/6.8; https://oiltrain.org"
66.249.74.101 - - [26/Apr/2025:09:28:10 -0400] "GET /tickets-voice-actors-1v3rx HTTP/1.1" 404 9386 "-" "Mozilla/5.0 (Linux; Android 6.0.1; Nexus 5X Build/MMB29P) AppleWebKit/537.36 (KHTML, like Gecko) Chrome/135.0.7049.114 Mobile Safari/537.36 (compatible; Googlebot/2.1; +http://www.google.com/bot.html)"
66.249.74.101 - - [26/Apr/2025:09:28:10 -0400] "GET /store.php?Scottsdale/k-wings HTTP/1.1" 200 181 "-" "Mozilla/5.0 (Linux; Android 6.0.1; Nexus 5X Build/MMB29P) AppleWebKit/537.36 (KHTML, like Gecko) Chrome/135.0.7049.95 Mobile Safari/537.36 (compatible; GoogleOther)"
162.0.215.210 - - [26/Apr/2025:09:28:11 -0400] "POST /wp-admin/admin-ajax.php?action=async_litespeed&nonce=ulnauw86kIEXzemkSIqtez9Xqs1Jcpg3&litespeed_type=imgoptm HTTP/1.1" 200 5 "-" "WordPress/6.8; https://oiltrain.org"
52.167.144.171 - - [26/Apr/2025:09:28:12 -0400] "GET /?s=chromatography+lab+with+spinach+leaves+mortar+and+pestle HTTP/1.1" 200 13624 "-" "Mozilla/5.0 AppleWebKit/537.36 (KHTML, like Gecko; compatible; bingbot/2.0; +http://www.bing.com/bingbot.htm) Chrome/116.0.1938.76 Safari/537.36"
66.249.74.102 - - [26/Apr/2025:09:28:13 -0400] "GET /store.php?Ottawa/Superph-big-dice-game HTTP/1.1" 200 181 "-" "Mozilla/5.0 (Linux; Android 6.0.1; Nexus 5X Build/MMB29P) AppleWebKit/537.36 (KHTML, like Gecko) Chrome/135.0.7049.95 Mobile Safari/537.36 (compatible; GoogleOther)"
66.249.74.102 - - [26/Apr/2025:09:28:16 -0400] "GET /store.php?Product-detail/337jili HTTP/1.1" 200 181 "-" "Mozilla/5.0 (Linux; Android 6.0.1; Nexus 5X Build/MMB29P) AppleWebKit/537.36 (KHTML, like Gecko) Chrome/135.0.7049.95 Mobile Safari/537.36 (compatible; GoogleOther)"
102.90.101.199 - - [26/Apr/2025:09:28:18 -0400] "GET /bosiet-course/ HTTP/1.1" 200 22591 "https://oiltrain.org/bosiet-course/" "Mozilla/5.0 (iPhone; CPU iPhone OS 17_5_1 like Mac OS X) AppleWebKit/605.1.15 (KHTML, like Gecko) CriOS/132.0.6834.78 Mobile/15E148 Safari/604.1"
102.90.101.199 - - [26/Apr/2025:09:28:19 -0400] "GET /wp-content/themes/konstruk/konstruk/assets/css/Flaticon.svg HTTP/1.1" 404 9388 "https://oiltrain.org/bosiet-course/" "Mozilla/5.0 (iPhone; CPU iPhone OS 17_5_1 like Mac OS X) AppleWebKit/605.1.15 (KHTML, like Gecko) CriOS/132.0.6834.78 Mobile/15E148 Safari/604.1"
66.249.74.101 - - [26/Apr/2025:09:28:19 -0400] "GET /store.php?Niguel/phhcash HTTP/1.1" 200 181 "-" "Mozilla/5.0 (Linux; Android 6.0.1; Nexus 5X Build/MMB29P) AppleWebKit/537.36 (KHTML, like Gecko) Chrome/135.0.7049.95 Mobile Safari/537.36 (compatible; GoogleOther)"
51.222.253.15 - - [26/Apr/2025:09:28:20 -0400] "GET /good.php/shopdetail/15974303137.html HTTP/1.1" 200 0 "-" "Mozilla/5.0 (compatible; AhrefsBot/7.0; +http://ahrefs.com/robot/)"
102.90.101.199 - - [26/Apr/2025:09:28:23 -0400] "GET /huet-course/ HTTP/1.1" 200 18590 "https://oiltrain.org/bosiet-course/" "Mozilla/5.0 (iPhone; CPU iPhone OS 17_5_1 like Mac OS X) AppleWebKit/605.1.15 (KHTML, like Gecko) CriOS/132.0.6834.78 Mobile/15E148 Safari/604.1"
102.90.101.199 - - [26/Apr/2025:09:28:24 -0400] "GET /wp-content/uploads/elementor/css/post-19461.css?ver=1727263350 HTTP/1.1" 200 1842 "https://oiltrain.org/huet-course/" "Mozilla/5.0 (iPhone; CPU iPhone OS 17_5_1 like Mac OS X) AppleWebKit/605.1.15 (KHTML, like Gecko) CriOS/132.0.6834.78 Mobile/15E148 Safari/604.1"
102.90.101.199 - - [26/Apr/2025:09:28:25 -0400] "GET /wp-content/themes/konstruk/konstruk/assets/css/Flaticon.svg HTTP/1.1" 404 9388 "https://oiltrain.org/huet-course/" "Mozilla/5.0 (iPhone; CPU iPhone OS 17_5_1 like Mac OS X) AppleWebKit/605.1.15 (KHTML, like Gecko) CriOS/132.0.6834.78 Mobile/15E148 Safari/604.1"
102.90.101.199 - - [26/Apr/2025:09:28:26 -0400] "GET /wp-content/uploads/2023/05/helideck-768x424.jpg HTTP/1.1" 200 73176 "https://oiltrain.org/huet-course/" "Mozilla/5.0 (iPhone; CPU iPhone OS 17_5_1 like Mac OS X) AppleWebKit/605.1.15 (KHTML, like Gecko) CriOS/132.0.6834.78 Mobile/15E148 Safari/604.1"
52.167.144.19 - - [26/Apr/2025:09:28:27 -0400] "GET /tablets-smartphones-eu64 HTTP/1.1" 404 9386 "-" "Mozilla/5.0 AppleWebKit/537.36 (KHTML, like Gecko; compatible; bingbot/2.0; +http://www.bing.com/bingbot.htm) Chrome/116.0.1938.76 Safari/537.36"
66.249.74.101 - - [26/Apr/2025:09:28:26 -0400] "GET /store.php?New-Bedford/promo-code-haha777 HTTP/1.1" 200 181 "-" "Mozilla/5.0 (Linux; Android 6.0.1; Nexus 5X Build/MMB29P) AppleWebKit/537.36 (KHTML, like Gecko) Chrome/135.0.7049.95 Mobile Safari/537.36 (compatible; GoogleOther)"
2a03:2880:f800:1a:: - - [26/Apr/2025:09:28:30 -0400] "GET /good.php/shopdetail/37431313137.html HTTP/1.1" 200 0 "-" "meta-externalagent/1.1 (+https://developers.facebook.com/docs/sharing/webmasters/crawler)"
51.222.253.15 - - [26/Apr/2025:09:28:32 -0400] "GET /good.php/shopdetail/15975283137.html HTTP/1.1" 200 0 "-" "Mozilla/5.0 (compatible; AhrefsBot/7.0; +http://ahrefs.com/robot/)"
66.249.74.101 - - [26/Apr/2025:09:28:36 -0400] "GET /store.php?like/63win-dice-game-win HTTP/1.1" 200 181 "-" "Mozilla/5.0 (Linux; Android 6.0.1; Nexus 5X Build/MMB29P) AppleWebKit/537.36 (KHTML, like Gecko) Chrome/135.0.7049.95 Mobile Safari/537.36 (compatible; GoogleOther)"
2a03:2880:f800:1d:: - - [26/Apr/2025:09:28:37 -0400] "GET /good.php/shopdetail/33463073137.html HTTP/1.1" 200 0 "-" "meta-externalagent/1.1 (+https://developers.facebook.com/docs/sharing/webmasters/crawler)"
2a03:2880:f800:10:: - - [26/Apr/2025:09:28:40 -0400] "GET /good.php/shopdetail/25054243137.html HTTP/1.1" 200 0 "-" "meta-externalagent/1.1 (+https://developers.facebook.com/docs/sharing/webmasters/crawler)"
66.249.74.101 - - [26/Apr/2025:09:28:41 -0400] "GET /store.php?like/Wowjili-casino-fortune HTTP/1.1" 200 181 "-" "Mozilla/5.0 (Linux; Android 6.0.1; Nexus 5X Build/MMB29P) AppleWebKit/537.36 (KHTML, like Gecko) Chrome/135.0.7049.95 Mobile Safari/537.36 (compatible; GoogleOther)"
51.222.253.5 - - [26/Apr/2025:09:28:45 -0400] "GET /good.php/shopdetail/15982323137.html HTTP/1.1" 200 0 "-" "Mozilla/5.0 (compatible; AhrefsBot/7.0; +http://ahrefs.com/robot/)"
66.249.74.101 - - [26/Apr/2025:09:28:46 -0400] "GET /store.php?Macon/peso-casino HTTP/1.1" 200 181 "-" "Mozilla/5.0 (Linux; Android 6.0.1; Nexus 5X Build/MMB29P) AppleWebKit/537.36 (KHTML, like Gecko) Chrome/135.0.7049.95 Mobile Safari/537.36 (compatible; GoogleOther)"
2a03:2880:f800:2:: - - [26/Apr/2025:09:28:47 -0400] "GET /good.php/shopdetail/6080463137.html HTTP/1.1" 200 0 "-" "meta-externalagent/1.1 (+https://developers.facebook.com/docs/sharing/webmasters/crawler)"
66.249.74.101 - - [26/Apr/2025:09:28:50 -0400] "GET /store.php?Manchester/poker-bluffing HTTP/1.1" 200 181 "-" "Mozilla/5.0 (Linux; Android 6.0.1; Nexus 5X Build/MMB29P) AppleWebKit/537.36 (KHTML, like Gecko) Chrome/135.0.7049.95 Mobile Safari/537.36 (compatible; GoogleOther)"
2a03:2880:f800:a:: - - [26/Apr/2025:09:28:56 -0400] "GET /good.php/shopdetail/13179463137.html HTTP/1.1" 200 0 "-" "meta-externalagent/1.1 (+https://developers.facebook.com/docs/sharing/webmasters/crawler)"
2a03:2880:f800:10:: - - [26/Apr/2025:09:28:57 -0400] "GET /good.php/shopdetail/24007293137.html HTTP/1.1" 200 0 "-" "meta-externalagent/1.1 (+https://developers.facebook.com/docs/sharing/webmasters/crawler)"
51.222.253.9 - - [26/Apr/2025:09:28:59 -0400] "GET /good.php/shopdetail/16019493137.html HTTP/1.1" 200 0 "-" "Mozilla/5.0 (compatible; AhrefsBot/7.0; +http://ahrefs.com/robot/)"
66.249.74.101 - - [26/Apr/2025:09:28:59 -0400] "GET /store.php?Seattle/Jiliace-lucky-big HTTP/1.1" 200 181 "-" "Mozilla/5.0 (Linux; Android 6.0.1; Nexus 5X Build/MMB29P) AppleWebKit/537.36 (KHTML, like Gecko) Chrome/135.0.7049.95 Mobile Safari/537.36 (compatible; GoogleOther)"
2a03:2880:f800:1:: - - [26/Apr/2025:09:29:07 -0400] "GET /good.php/shopdetail/16103893137.html HTTP/1.1" 200 0 "-" "meta-externalagent/1.1 (+https://developers.facebook.com/docs/sharing/webmasters/crawler)"
66.249.74.101 - - [26/Apr/2025:09:29:08 -0400] "GET /store.php?Morehead/ovarian-lottery HTTP/1.1" 200 181 "-" "Mozilla/5.0 (Linux; Android 6.0.1; Nexus 5X Build/MMB29P) AppleWebKit/537.36 (KHTML, like Gecko) Chrome/135.0.7049.95 Mobile Safari/537.36 (compatible; GoogleOther)"
66.249.74.101 - - [26/Apr/2025:09:29:12 -0400] "GET /store.php?Cedar-Rapids/pgasia-pro-login HTTP/1.1" 200 181 "-" "Mozilla/5.0 (Linux; Android 6.0.1; Nexus 5X Build/MMB29P) AppleWebKit/537.36 (KHTML, like Gecko) Chrome/135.0.7049.95 Mobile Safari/537.36 (compatible; GoogleOther)"
51.222.253.7 - - [26/Apr/2025:09:29:15 -0400] "GET /good.php/shopdetail/16059593137.html HTTP/1.1" 200 0 "-" "Mozilla/5.0 (compatible; AhrefsBot/7.0; +http://ahrefs.com/robot/)"
66.249.74.101 - - [26/Apr/2025:09:29:16 -0400] "GET /store.php?Latest-Posts/cgebet%20com%20live HTTP/1.1" 200 181 "-" "Mozilla/5.0 (Linux; Android 6.0.1; Nexus 5X Build/MMB29P) AppleWebKit/537.36 (KHTML, like Gecko) Chrome/135.0.7049.95 Mobile Safari/537.36 (compatible; GoogleOther)"
66.249.74.101 - - [26/Apr/2025:09:29:22 -0400] "GET /store.php?Cincinnati/nuebe9-legit-lucky HTTP/1.1" 200 181 "-" "Mozilla/5.0 (Linux; Android 6.0.1; Nexus 5X Build/MMB29P) AppleWebKit/537.36 (KHTML, like Gecko) Chrome/135.0.7049.95 Mobile Safari/537.36 (compatible; GoogleOther)"
2a03:2880:f800:7:: - - [26/Apr/2025:09:29:26 -0400] "GET /good.php/shopdetail/16504133137.html HTTP/1.1" 200 0 "-" "meta-externalagent/1.1 (+https://developers.facebook.com/docs/sharing/webmasters/crawler)"
2a03:2880:f800:4:: - - [26/Apr/2025:09:29:28 -0400] "GET /good.php/shopdetail/25751573137.html HTTP/1.1" 200 0 "-" "meta-externalagent/1.1 (+https://developers.facebook.com/docs/sharing/webmasters/crawler)"
51.222.253.3 - - [26/Apr/2025:09:29:32 -0400] "GET /good.php/shopdetail/16094033137.html HTTP/1.1" 200 0 "-" "Mozilla/5.0 (compatible; AhrefsBot/7.0; +http://ahrefs.com/robot/)"
66.249.74.99 - - [26/Apr/2025:09:29:33 -0400] "GET /store.php?Kissimmee/tower-bet HTTP/1.1" 200 181 "-" "Mozilla/5.0 (Linux; Android 6.0.1; Nexus 5X Build/MMB29P) AppleWebKit/537.36 (KHTML, like Gecko) Chrome/135.0.7049.95 Mobile Safari/537.36 (compatible; GoogleOther)"
2a03:2880:f800:: - - [26/Apr/2025:09:29:37 -0400] "GET /good.php/shopdetail/9231513137.html HTTP/1.1" 200 0 "-" "meta-externalagent/1.1 (+https://developers.facebook.com/docs/sharing/webmasters/crawler)"
2a03:2880:f800:: - - [26/Apr/2025:09:29:37 -0400] "GET /good.php/shopdetail/39884723137.html HTTP/1.1" 200 0 "-" "meta-externalagent/1.1 (+https://developers.facebook.com/docs/sharing/webmasters/crawler)"
162.0.215.210 - - [26/Apr/2025:09:29:39 -0400] "POST /wp-cron.php?doing_wp_cron=1745674179.5127449035644531250000 HTTP/1.1" 200 0 "-" "WordPress/6.8; https://oiltrain.org"
52.167.144.171 - - [26/Apr/2025:09:29:39 -0400] "GET /?s=%EF%BD%86%EF%BD%86%EF%BC%91%EF%BC%94%E3%80%80%E3%83%87%E3%82%B9%E3%83%97%E3%83%AA%E3%83%B3%E3%82%AC%E3%83%BC%E3%82%A2%E3%83%AB%E3%83%86%E3%83%9E HTTP/1.1" 200 13741 "-" "Mozilla/5.0 AppleWebKit/537.36 (KHTML, like Gecko; compatible; bingbot/2.0; +http://www.bing.com/bingbot.htm) Chrome/116.0.1938.76 Safari/537.36"
92.205.215.142 - - [26/Apr/2025:09:29:39 -0400] "GET /wp-login.php HTTP/1.1" 200 1922 "http://oiltrain.org/wp-login.php" "Mozilla/5.0 (Windows NT 10.0; Win64; x64; rv:137.0) Gecko/20100101 Firefox/137.0"
162.0.215.210 - - [26/Apr/2025:09:29:39 -0400] "POST /wp-admin/admin-ajax.php?action=async_litespeed&nonce=h9U9dPs4snrYXLnIcHLVQlyxBzK0CQLx&litespeed_type=imgoptm HTTP/1.1" 200 5 "-" "WordPress/6.8; https://oiltrain.org"
2a03:2880:f800:1c:: - - [26/Apr/2025:09:29:40 -0400] "GET /good.php/shopdetail/12643023137.html HTTP/1.1" 200 0 "-" "meta-externalagent/1.1 (+https://developers.facebook.com/docs/sharing/webmasters/crawler)"
92.205.215.142 - - [26/Apr/2025:09:29:40 -0400] "GET /wp-json/wp/v2/users HTTP/1.1" 200 1659 "http://oiltrain.org/wp-login.php" "Mozilla/5.0 (Windows NT 10.0; Win64; x64; rv:137.0) Gecko/20100101 Firefox/137.0"
92.205.215.142 - - [26/Apr/2025:09:29:41 -0400] "POST /wp-login.php HTTP/1.1" 200 2074 "https://oiltrain.org/wp-login.php?redirect_to=https%3A%2F%2Foiltrain.org%2Fwp-admin%2F" "Mozilla/5.0 (Windows NT 10.0; Win64; x64; rv:137.0) Gecko/20100101 Firefox/137.0"
51.222.253.16 - - [26/Apr/2025:09:29:42 -0400] "GET /good.php/shopdetail/1614493137.html HTTP/1.1" 200 0 "-" "Mozilla/5.0 (compatible; AhrefsBot/7.0; +http://ahrefs.com/robot/)"
92.205.215.142 - - [26/Apr/2025:09:29:42 -0400] "POST /wp-login.php HTTP/1.1" 200 2079 "https://oiltrain.org/wp-login.php?redirect_to=https%3A%2F%2Foiltrain.org%2Fwp-admin%2F" "Mozilla/5.0 (Windows NT 10.0; Win64; x64; rv:137.0) Gecko/20100101 Firefox/137.0"
66.249.74.99 - - [26/Apr/2025:09:29:47 -0400] "GET /store.php?Erie/phtaya-jili-lottery HTTP/1.1" 200 181 "-" "Mozilla/5.0 (Linux; Android 6.0.1; Nexus 5X Build/MMB29P) AppleWebKit/537.36 (KHTML, like Gecko) Chrome/135.0.7049.95 Mobile Safari/537.36 (compatible; GoogleOther)"
66.249.74.99 - - [26/Apr/2025:09:29:50 -0400] "GET /store.php?like/luxeplay-fortune-app HTTP/1.1" 200 181 "-" "Mozilla/5.0 (Linux; Android 6.0.1; Nexus 5X Build/MMB29P) AppleWebKit/537.36 (KHTML, like Gecko) Chrome/135.0.7049.95 Mobile Safari/537.36 (compatible; GoogleOther)"
52.167.144.19 - - [26/Apr/2025:09:29:51 -0400] "GET /?s=%D0%BF%D0%BE%D0%B3%D0%BE%D0%B4%D0%B0+%D0%B2+%D1%81%D0%B0%D0%BD%D0%BA%D1%82-%D0%BF%D0%B5%D1%82%D0%B5%D1%80%D0%B1%D1%83%D1%80%D0%B3%D0%B5+%D0%B2+%D0%BC%D0%B0%D0%B5+2025 HTTP/1.1" 200 13695 "-" "Mozilla/5.0 AppleWebKit/537.36 (KHTML, like Gecko; compatible; bingbot/2.0; +http://www.bing.com/bingbot.htm) Chrome/116.0.1938.76 Safari/537.36"
52.167.144.171 - - [26/Apr/2025:09:29:53 -0400] "GET /health-vitamins-1ji3y HTTP/1.1" 404 9386 "-" "Mozilla/5.0 AppleWebKit/537.36 (KHTML, like Gecko; compatible; bingbot/2.0; +http://www.bing.com/bingbot.htm) Chrome/116.0.1938.76 Safari/537.36"
52.167.144.180 - - [26/Apr/2025:09:29:54 -0400] "GET /?s=%D0%BD%D0%B0%D0%BF%D1%80%D0%B0%D0%B2%D0%BB%D0%B5%D0%BD%D0%B8%D0%B5+%D0%B2%D0%B5%D1%82%D1%80%D0%BE%D0%B2+%D0%B8+%D0%BA%D0%BE%D0%BB%D0%B8%D1%87%D0%B5%D1%81%D1%82%D0%B2%D0%BE+%D0%B4%D0%BD%D0%B5%D0%B9+%D0%B2%D0%B5%D0%BB%D0%B8%D0%BA%D0%B8%D0%B9+%D0%BD%D0%BE%D0%B2%D0%B3%D0%BE%D1%80%D0%BE%D0%B4+%D1%8F%D0%BD%D0%B2%D0%B0%D1%80%D1%8C+%D0%B8%D1%8E%D0%BB%D1%8C HTTP/1.1" 200 13811 "-" "Mozilla/5.0 AppleWebKit/537.36 (KHTML, like Gecko; compatible; bingbot/2.0; +http://www.bing.com/bingbot.htm) Chrome/116.0.1938.76 Safari/537.36"
66.249.74.99 - - [26/Apr/2025:09:29:57 -0400] "GET /store.php?Racine/midv-464 HTTP/1.1" 200 181 "-" "Mozilla/5.0 (Linux; Android 6.0.1; Nexus 5X Build/MMB29P) AppleWebKit/537.36 (KHTML, like Gecko) Chrome/135.0.7049.95 Mobile Safari/537.36 (compatible; GoogleOther)"
162.0.215.210 - - [26/Apr/2025:09:30:00 -0400] "POST /wp-cron.php?doing_wp_cron=1745674200.5374410152435302734375 HTTP/1.1" 200 0 "-" "WordPress/6.8; https://oiltrain.org"
66.249.74.99 - - [26/Apr/2025:09:30:00 -0400] "GET /store.php-Owensboro_Add-to-cart/wjevo-vip HTTP/1.1" 404 9386 "-" "Mozilla/5.0 (Linux; Android 6.0.1; Nexus 5X Build/MMB29P) AppleWebKit/537.36 (KHTML, like Gecko) Chrome/135.0.7049.95 Mobile Safari/537.36 (compatible; GoogleOther)"
162.0.215.210 - - [26/Apr/2025:09:30:00 -0400] "POST /wp-admin/admin-ajax.php?action=async_litespeed&nonce=i4CEaEEXGfCpLxnDnVmCSYj1MYFNqGh6&litespeed_type=imgoptm HTTP/1.1" 200 5 "-" "WordPress/6.8; https://oiltrain.org"
2a03:2880:f800:2:: - - [26/Apr/2025:09:30:02 -0400] "GET /good.php/shopdetail/12277783137.html HTTP/1.1" 200 0 "-" "meta-externalagent/1.1 (+https://developers.facebook.com/docs/sharing/webmasters/crawler)"
40.77.167.14 - - [26/Apr/2025:09:30:02 -0400] "GET /books-sports-ahl0 HTTP/1.1" 404 9386 "-" "Mozilla/5.0 AppleWebKit/537.36 (KHTML, like Gecko; compatible; bingbot/2.0; +http://www.bing.com/bingbot.htm) Chrome/116.0.1938.76 Safari/537.36"
51.222.253.19 - - [26/Apr/2025:09:30:03 -0400] "GET /good.php/shopdetail/16181263137.html HTTP/1.1" 200 0 "-" "Mozilla/5.0 (compatible; AhrefsBot/7.0; +http://ahrefs.com/robot/)"
2a03:2880:f800:17:: - - [26/Apr/2025:09:30:04 -0400] "GET /good.php/shopdetail/21445833137.html HTTP/1.1" 200 0 "-" "meta-externalagent/1.1 (+https://developers.facebook.com/docs/sharing/webmasters/crawler)"
52.167.144.19 - - [26/Apr/2025:09:30:06 -0400] "GET /?s=%E3%83%A9%E3%83%90%E3%83%BC%E3%83%97%E3%83%AA%E3%83%B3%E3%83%88%E3%81%A8%E3%81%AF HTTP/1.1" 200 13664 "-" "Mozilla/5.0 AppleWebKit/537.36 (KHTML, like Gecko; compatible; bingbot/2.0; +http://www.bing.com/bingbot.htm) Chrome/116.0.1938.76 Safari/537.36"
66.249.74.99 - - [26/Apr/2025:09:30:07 -0400] "GET /store.php?Baltimore/super-jili-ph HTTP/1.1" 200 181 "-" "Mozilla/5.0 (Linux; Android 6.0.1; Nexus 5X Build/MMB29P) AppleWebKit/537.36 (KHTML, like Gecko) Chrome/135.0.7049.95 Mobile Safari/537.36 (compatible; GoogleOther)"
66.249.74.99 - - [26/Apr/2025:09:30:14 -0400] "GET /store.php?Add-to-cart/FK777%20lottery%20gambling HTTP/1.1" 200 181 "-" "Mozilla/5.0 (Linux; Android 6.0.1; Nexus 5X Build/MMB29P) AppleWebKit/537.36 (KHTML, like Gecko) Chrome/135.0.7049.95 Mobile Safari/537.36 (compatible; GoogleOther)"
2a03:2880:f800:10:: - - [26/Apr/2025:09:30:18 -0400] "GET /good.php/shopdetail/29039223137.html HTTP/1.1" 200 0 "-" "meta-externalagent/1.1 (+https://developers.facebook.com/docs/sharing/webmasters/crawler)"
66.249.74.99 - - [26/Apr/2025:09:30:21 -0400] "GET /store.php?San-Jose/nordslot-app HTTP/1.1" 200 181 "-" "Mozilla/5.0 (Linux; Android 6.0.1; Nexus 5X Build/MMB29P) AppleWebKit/537.36 (KHTML, like Gecko) Chrome/135.0.7049.95 Mobile Safari/537.36 (compatible; GoogleOther)"
2a03:2880:f800:16:: - - [26/Apr/2025:09:30:22 -0400] "GET /good.php/shopdetail/22743353137.html HTTP/1.1" 200 0 "-" "meta-externalagent/1.1 (+https://developers.facebook.com/docs/sharing/webmasters/crawler)"
51.222.253.18 - - [26/Apr/2025:09:30:27 -0400] "GET /good.php/shopdetail/16194703137.html HTTP/1.1" 200 0 "-" "Mozilla/5.0 (compatible; AhrefsBot/7.0; +http://ahrefs.com/robot/)"
66.249.74.99 - - [26/Apr/2025:09:30:32 -0400] "GET /?fashion-jackets-1ffyt HTTP/1.1" 200 25413 "-" "Mozilla/5.0 (Linux; Android 6.0.1; Nexus 5X Build/MMB29P) AppleWebKit/537.36 (KHTML, like Gecko) Chrome/135.0.7049.114 Mobile Safari/537.36 (compatible; Googlebot/2.1; +http://www.google.com/bot.html)"
2a03:2880:f800:14:: - - [26/Apr/2025:09:30:34 -0400] "GET /good.php/shopdetail/28825053137.html HTTP/1.1" 200 0 "-" "meta-externalagent/1.1 (+https://developers.facebook.com/docs/sharing/webmasters/crawler)"
66.249.74.99 - - [26/Apr/2025:09:30:34 -0400] "GET /store.php?Ann-Arbor/Casino-Rocket HTTP/1.1" 200 181 "-" "Mozilla/5.0 (Linux; Android 6.0.1; Nexus 5X Build/MMB29P) AppleWebKit/537.36 (KHTML, like Gecko) Chrome/135.0.7049.95 Mobile Safari/537.36 (compatible; GoogleOther)"
66.249.74.99 - - [26/Apr/2025:09:30:37 -0400] "GET /store.php?Vineland/playhub-roku HTTP/1.1" 200 181 "-" "Mozilla/5.0 (Linux; Android 6.0.1; Nexus 5X Build/MMB29P) AppleWebKit/537.36 (KHTML, like Gecko) Chrome/135.0.7049.95 Mobile Safari/537.36 (compatible; GoogleOther)"
2a03:2880:f800:2:: - - [26/Apr/2025:09:30:40 -0400] "GET /good.php/shopdetail/38838383137.html HTTP/1.1" 200 0 "-" "meta-externalagent/1.1 (+https://developers.facebook.com/docs/sharing/webmasters/crawler)"
51.222.253.13 - - [26/Apr/2025:09:30:41 -0400] "GET /good.php/shopdetail/16303533137.html HTTP/1.1" 200 0 "-" "Mozilla/5.0 (compatible; AhrefsBot/7.0; +http://ahrefs.com/robot/)"
66.249.74.99 - - [26/Apr/2025:09:30:44 -0400] "GET /store.php?Orlando/777pnl-turnover HTTP/1.1" 200 181 "-" "Mozilla/5.0 (Linux; Android 6.0.1; Nexus 5X Build/MMB29P) AppleWebKit/537.36 (KHTML, like Gecko) Chrome/135.0.7049.95 Mobile Safari/537.36 (compatible; GoogleOther)"
66.249.74.99 - - [26/Apr/2025:09:30:47 -0400] "GET /store.php?Methuen/63club-legit-games HTTP/1.1" 200 181 "-" "Mozilla/5.0 (Linux; Android 6.0.1; Nexus 5X Build/MMB29P) AppleWebKit/537.36 (KHTML, like Gecko) Chrome/135.0.7049.95 Mobile Safari/537.36 (compatible; GoogleOther)"
66.249.74.99 - - [26/Apr/2025:09:30:50 -0400] "GET /store.php?Watertown/lottery-hotpicks HTTP/1.1" 200 181 "-" "Mozilla/5.0 (Linux; Android 6.0.1; Nexus 5X Build/MMB29P) AppleWebKit/537.36 (KHTML, like Gecko) Chrome/135.0.7049.95 Mobile Safari/537.36 (compatible; GoogleOther)"
66.249.74.99 - - [26/Apr/2025:09:30:56 -0400] "GET /store.php?Clearwater/Jililive-dice-game HTTP/1.1" 200 181 "-" "Mozilla/5.0 (Linux; Android 6.0.1; Nexus 5X Build/MMB29P) AppleWebKit/537.36 (KHTML, like Gecko) Chrome/135.0.7049.95 Mobile Safari/537.36 (compatible; GoogleOther)"
162.0.215.210 - - [26/Apr/2025:09:30:57 -0400] "POST /wp-cron.php?doing_wp_cron=1745674257.7705099582672119140625 HTTP/1.1" 200 0 "-" "WordPress/6.8; https://oiltrain.org"
52.167.144.19 - - [26/Apr/2025:09:30:57 -0400] "GET /?s=WEATHER+BROOKLYN HTTP/1.1" 200 13574 "-" "Mozilla/5.0 AppleWebKit/537.36 (KHTML, like Gecko; compatible; bingbot/2.0; +http://www.bing.com/bingbot.htm) Chrome/116.0.1938.76 Safari/537.36"
51.222.253.13 - - [26/Apr/2025:09:30:58 -0400] "GET /good.php/shopdetail/16319463137.html HTTP/1.1" 200 0 "-" "Mozilla/5.0 (compatible; AhrefsBot/7.0; +http://ahrefs.com/robot/)"
162.0.215.210 - - [26/Apr/2025:09:30:58 -0400] "POST /wp-admin/admin-ajax.php?action=async_litespeed&nonce=Vug7hKRIWdJ3PPvR6e493V5np4R6Krw8&litespeed_type=imgoptm HTTP/1.1" 200 5 "-" "WordPress/6.8; https://oiltrain.org"
66.249.74.99 - - [26/Apr/2025:09:30:59 -0400] "GET /store.php?Oneida/jili-mines-pattern HTTP/1.1" 200 181 "-" "Mozilla/5.0 (Linux; Android 6.0.1; Nexus 5X Build/MMB29P) AppleWebKit/537.36 (KHTML, like Gecko) Chrome/135.0.7049.95 Mobile Safari/537.36 (compatible; GoogleOther)"
52.167.144.180 - - [26/Apr/2025:09:31:00 -0400] "GET /books-complete-sets-2fddp HTTP/1.1" 404 9386 "-" "Mozilla/5.0 AppleWebKit/537.36 (KHTML, like Gecko; compatible; bingbot/2.0; +http://www.bing.com/bingbot.htm) Chrome/116.0.1938.76 Safari/537.36"
2a03:2880:f800:1b:: - - [26/Apr/2025:09:31:01 -0400] "GET /good.php/shopdetail/11237013137.html HTTP/1.1" 200 0 "-" "meta-externalagent/1.1 (+https://developers.facebook.com/docs/sharing/webmasters/crawler)"
52.167.144.180 - - [26/Apr/2025:09:31:01 -0400] "GET /food-whiskey-2fvbf HTTP/1.1" 404 9386 "-" "Mozilla/5.0 AppleWebKit/537.36 (KHTML, like Gecko; compatible; bingbot/2.0; +http://www.bing.com/bingbot.htm) Chrome/116.0.1938.76 Safari/537.36"
66.249.74.99 - - [26/Apr/2025:09:31:06 -0400] "GET /store.php-Ann-Arbor_Add-to-cart/NorgesSpill-Online-Casino HTTP/1.1" 404 9386 "-" "Mozilla/5.0 (Linux; Android 6.0.1; Nexus 5X Build/MMB29P) AppleWebKit/537.36 (KHTML, like Gecko) Chrome/135.0.7049.95 Mobile Safari/537.36 (compatible; GoogleOther)"
155.190.38.5 - - [26/Apr/2025:09:31:12 -0400] "GET / HTTP/1.1" 200 25414 "https://www.google.com/" "Mozilla/5.0 (Windows NT 10.0; Win64; x64) AppleWebKit/537.36 (KHTML, like Gecko) Chrome/134.0.0.0 Safari/537.36"
51.222.253.4 - - [26/Apr/2025:09:31:13 -0400] "GET /good.php/shopdetail/16328153137.html HTTP/1.1" 200 0 "-" "Mozilla/5.0 (compatible; AhrefsBot/7.0; +http://ahrefs.com/robot/)"
155.190.38.5 - - [26/Apr/2025:09:31:13 -0400] "GET /wp-content/plugins/elementor/assets/lib/eicons/css/elementor-icons.min.css?ver=5.36.0 HTTP/1.1" 304 0 "https://oiltrain.org/" "Mozilla/5.0 (Windows NT 10.0; Win64; x64) AppleWebKit/537.36 (KHTML, like Gecko) Chrome/134.0.0.0 Safari/537.36"
155.190.38.5 - - [26/Apr/2025:09:31:13 -0400] "GET /wp-content/themes/konstruk/konstruk/assets/js/owl.carousel.min.js?ver=20151215 HTTP/1.1" 304 0 "https://oiltrain.org/" "Mozilla/5.0 (Windows NT 10.0; Win64; x64) AppleWebKit/537.36 (KHTML, like Gecko) Chrome/134.0.0.0 Safari/537.36"
155.190.38.5 - - [26/Apr/2025:09:31:13 -0400] "GET /wp-content/plugins/rselements/assets/js/jQuery-plugin-progressbar.js?ver=201513434 HTTP/1.1" 304 0 "https://oiltrain.org/" "Mozilla/5.0 (Windows NT 10.0; Win64; x64) AppleWebKit/537.36 (KHTML, like Gecko) Chrome/134.0.0.0 Safari/537.36"
155.190.38.5 - - [26/Apr/2025:09:31:13 -0400] "GET /wp-content/plugins/rselements/assets/js/jquery-ui.js?ver=201513434 HTTP/1.1" 304 0 "https://oiltrain.org/" "Mozilla/5.0 (Windows NT 10.0; Win64; x64) AppleWebKit/537.36 (KHTML, like Gecko) Chrome/134.0.0.0 Safari/537.36"
155.190.38.5 - - [26/Apr/2025:09:31:13 -0400] "GET /wp-content/themes/konstruk/konstruk/assets/js/bootstrap.min.js?ver=20151215 HTTP/1.1" 304 0 "https://oiltrain.org/" "Mozilla/5.0 (Windows NT 10.0; Win64; x64) AppleWebKit/537.36 (KHTML, like Gecko) Chrome/134.0.0.0 Safari/537.36"
155.190.38.5 - - [26/Apr/2025:09:31:13 -0400] "GET /wp-content/plugins/contact-form-7/includes/swv/js/index.js?ver=6.0.6 HTTP/1.1" 304 0 "https://oiltrain.org/" "Mozilla/5.0 (Windows NT 10.0; Win64; x64) AppleWebKit/537.36 (KHTML, like Gecko) Chrome/134.0.0.0 Safari/537.36"
155.190.38.5 - - [26/Apr/2025:09:31:13 -0400] "GET /wp-includes/js/jquery/jquery.min.js?ver=3.7.1 HTTP/1.1" 304 0 "https://oiltrain.org/" "Mozilla/5.0 (Windows NT 10.0; Win64; x64) AppleWebKit/537.36 (KHTML, like Gecko) Chrome/134.0.0.0 Safari/537.36"
155.190.38.5 - - [26/Apr/2025:09:31:13 -0400] "GET /wp-content/themes/konstruk/konstruk/assets/js/classie.js?ver=201513434 HTTP/1.1" 304 0 "https://oiltrain.org/" "Mozilla/5.0 (Windows NT 10.0; Win64; x64) AppleWebKit/537.36 (KHTML, like Gecko) Chrome/134.0.0.0 Safari/537.36"
155.190.38.5 - - [26/Apr/2025:09:31:13 -0400] "GET /wp-content/plugins/elementor/assets/js/webpack.runtime.min.js?ver=3.28.4 HTTP/1.1" 304 0 "https://oiltrain.org/" "Mozilla/5.0 (Windows NT 10.0; Win64; x64) AppleWebKit/537.36 (KHTML, like Gecko) Chrome/134.0.0.0 Safari/537.36"
155.190.38.5 - - [26/Apr/2025:09:31:13 -0400] "GET /wp-content/plugins/woocommerce/assets/js/frontend/order-attribution.min.js?ver=9.8.2 HTTP/1.1" 304 0 "https://oiltrain.org/" "Mozilla/5.0 (Windows NT 10.0; Win64; x64) AppleWebKit/537.36 (KHTML, like Gecko) Chrome/134.0.0.0 Safari/537.36"
155.190.38.5 - - [26/Apr/2025:09:31:14 -0400] "GET /wp-content/themes/konstruk/konstruk/assets/js/waypoints-sticky.min.js?ver=20151215 HTTP/1.1" 304 0 "https://oiltrain.org/" "Mozilla/5.0 (Windows NT 10.0; Win64; x64) AppleWebKit/537.36 (KHTML, like Gecko) Chrome/134.0.0.0 Safari/537.36"
155.190.38.5 - - [26/Apr/2025:09:31:14 -0400] "GET /wp-content/plugins/woocommerce/assets/js/sourcebuster/sourcebuster.min.js?ver=9.8.2 HTTP/1.1" 304 0 "https://oiltrain.org/" "Mozilla/5.0 (Windows NT 10.0; Win64; x64) AppleWebKit/537.36 (KHTML, like Gecko) Chrome/134.0.0.0 Safari/537.36"
155.190.38.5 - - [26/Apr/2025:09:31:14 -0400] "GET /wp-content/themes/konstruk/konstruk/assets/js/modernizr-2.8.3.min.js?ver=20151215 HTTP/1.1" 304 0 "https://oiltrain.org/" "Mozilla/5.0 (Windows NT 10.0; Win64; x64) AppleWebKit/537.36 (KHTML, like Gecko) Chrome/134.0.0.0 Safari/537.36"
155.190.38.5 - - [26/Apr/2025:09:31:14 -0400] "GET /wp-content/plugins/rselements/assets/js/popper.min.js?ver=201513434 HTTP/1.1" 304 0 "https://oiltrain.org/" "Mozilla/5.0 (Windows NT 10.0; Win64; x64) AppleWebKit/537.36 (KHTML, like Gecko) Chrome/134.0.0.0 Safari/537.36"
155.190.38.5 - - [26/Apr/2025:09:31:14 -0400] "GET /wp-includes/js/jquery/jquery-migrate.min.js?ver=3.4.1 HTTP/1.1" 304 0 "https://oiltrain.org/" "Mozilla/5.0 (Windows NT 10.0; Win64; x64) AppleWebKit/537.36 (KHTML, like Gecko) Chrome/134.0.0.0 Safari/537.36"
155.190.38.5 - - [26/Apr/2025:09:31:14 -0400] "GET /wp-content/plugins/rselements/assets/js/headding-title.js?ver=201513434 HTTP/1.1" 304 0 "https://oiltrain.org/" "Mozilla/5.0 (Windows NT 10.0; Win64; x64) AppleWebKit/537.36 (KHTML, like Gecko) Chrome/134.0.0.0 Safari/537.36"
66.249.74.99 - - [26/Apr/2025:09:31:13 -0400] "GET /store.php?Lawrence/365-777-casino HTTP/1.1" 200 181 "-" "Mozilla/5.0 (Linux; Android 6.0.1; Nexus 5X Build/MMB29P) AppleWebKit/537.36 (KHTML, like Gecko) Chrome/135.0.7049.95 Mobile Safari/537.36 (compatible; GoogleOther)"
155.190.38.5 - - [26/Apr/2025:09:31:14 -0400] "GET /wp-content/plugins/rselements/assets/js/slick.min.js?ver=201513434 HTTP/1.1" 304 0 "https://oiltrain.org/" "Mozilla/5.0 (Windows NT 10.0; Win64; x64) AppleWebKit/537.36 (KHTML, like Gecko) Chrome/134.0.0.0 Safari/537.36"
155.190.38.5 - - [26/Apr/2025:09:31:14 -0400] "GET /wp-content/plugins/elementor/assets/js/frontend.min.js?ver=3.28.4 HTTP/1.1" 304 0 "https://oiltrain.org/" "Mozilla/5.0 (Windows NT 10.0; Win64; x64) AppleWebKit/537.36 (KHTML, like Gecko) Chrome/134.0.0.0 Safari/537.36"
155.190.38.5 - - [26/Apr/2025:09:31:14 -0400] "GET /wp-content/plugins/rselements/assets/js/materialize.min.js?ver=201513434 HTTP/1.1" 304 0 "https://oiltrain.org/" "Mozilla/5.0 (Windows NT 10.0; Win64; x64) AppleWebKit/537.36 (KHTML, like Gecko) Chrome/134.0.0.0 Safari/537.36"
155.190.38.5 - - [26/Apr/2025:09:31:14 -0400] "GET /wp-content/themes/konstruk/konstruk/assets/js/waypoints.min.js?ver=20151215 HTTP/1.1" 304 0 "https://oiltrain.org/" "Mozilla/5.0 (Windows NT 10.0; Win64; x64) AppleWebKit/537.36 (KHTML, like Gecko) Chrome/134.0.0.0 Safari/537.36"
155.190.38.5 - - [26/Apr/2025:09:31:14 -0400] "GET /wp-content/plugins/sina-extension-for-elementor/assets/js/owl.carousel.min.js?ver=3.6.1 HTTP/1.1" 304 0 "https://oiltrain.org/" "Mozilla/5.0 (Windows NT 10.0; Win64; x64) AppleWebKit/537.36 (KHTML, like Gecko) Chrome/134.0.0.0 Safari/537.36"
155.190.38.5 - - [26/Apr/2025:09:31:14 -0400] "GET /wp-includes/js/dist/i18n.min.js?ver=5e580eb46a90c2b997e6 HTTP/1.1" 304 0 "https://oiltrain.org/" "Mozilla/5.0 (Windows NT 10.0; Win64; x64) AppleWebKit/537.36 (KHTML, like Gecko) Chrome/134.0.0.0 Safari/537.36"
155.190.38.5 - - [26/Apr/2025:09:31:14 -0400] "GET /wp-content/themes/konstruk/konstruk/assets/js/main.js?ver=201513434 HTTP/1.1" 304 0 "https://oiltrain.org/" "Mozilla/5.0 (Windows NT 10.0; Win64; x64) AppleWebKit/537.36 (KHTML, like Gecko) Chrome/134.0.0.0 Safari/537.36"
155.190.38.5 - - [26/Apr/2025:09:31:14 -0400] "GET /wp-content/themes/konstruk/konstruk/assets/js/jquery.counterup.min.js?ver=20151215 HTTP/1.1" 304 0 "https://oiltrain.org/" "Mozilla/5.0 (Windows NT 10.0; Win64; x64) AppleWebKit/537.36 (KHTML, like Gecko) Chrome/134.0.0.0 Safari/537.36"
155.190.38.5 - - [26/Apr/2025:09:31:14 -0400] "GET /wp-includes/js/dist/hooks.min.js?ver=4d63a3d491d11ffd8ac6 HTTP/1.1" 304 0 "https://oiltrain.org/" "Mozilla/5.0 (Windows NT 10.0; Win64; x64) AppleWebKit/537.36 (KHTML, like Gecko) Chrome/134.0.0.0 Safari/537.36"
155.190.38.5 - - [26/Apr/2025:09:31:14 -0400] "GET /wp-content/themes/konstruk/konstruk/assets/js/jquery.magnific-popup.min.js?ver=20151215 HTTP/1.1" 304 0 "https://oiltrain.org/" "Mozilla/5.0 (Windows NT 10.0; Win64; x64) AppleWebKit/537.36 (KHTML, like Gecko) Chrome/134.0.0.0 Safari/537.36"
155.190.38.5 - - [26/Apr/2025:09:31:14 -0400] "GET /wp-content/themes/konstruk/konstruk/assets/js/isotope-konstruk.js?ver=20151215 HTTP/1.1" 304 0 "https://oiltrain.org/" "Mozilla/5.0 (Windows NT 10.0; Win64; x64) AppleWebKit/537.36 (KHTML, like Gecko) Chrome/134.0.0.0 Safari/537.36"
155.190.38.5 - - [26/Apr/2025:09:31:14 -0400] "GET /wp-content/plugins/rselements/assets/js/tilt.jquery.min.js?ver=201513434 HTTP/1.1" 304 0 "https://oiltrain.org/" "Mozilla/5.0 (Windows NT 10.0; Win64; x64) AppleWebKit/537.36 (KHTML, like Gecko) Chrome/134.0.0.0 Safari/537.36"
155.190.38.5 - - [26/Apr/2025:09:31:14 -0400] "GET /wp-content/plugins/sina-extension-for-elementor/assets/js/sina-tooltip.min.js?ver=3.6.1 HTTP/1.1" 304 0 "https://oiltrain.org/" "Mozilla/5.0 (Windows NT 10.0; Win64; x64) AppleWebKit/537.36 (KHTML, like Gecko) Chrome/134.0.0.0 Safari/537.36"
155.190.38.5 - - [26/Apr/2025:09:31:14 -0400] "GET /wp-content/plugins/wp-table-builder/inc/frontend/js/wp-table-builder-frontend.js?ver=2.0.6 HTTP/1.1" 304 0 "https://oiltrain.org/" "Mozilla/5.0 (Windows NT 10.0; Win64; x64) AppleWebKit/537.36 (KHTML, like Gecko) Chrome/134.0.0.0 Safari/537.36"
155.190.38.5 - - [26/Apr/2025:09:31:14 -0400] "GET /wp-includes/js/jquery/ui/core.min.js?ver=1.13.3 HTTP/1.1" 304 0 "https://oiltrain.org/" "Mozilla/5.0 (Windows NT 10.0; Win64; x64) AppleWebKit/537.36 (KHTML, like Gecko) Chrome/134.0.0.0 Safari/537.36"
155.190.38.5 - - [26/Apr/2025:09:31:14 -0400] "GET /wp-content/plugins/elementor/assets/js/frontend-modules.min.js?ver=3.28.4 HTTP/1.1" 304 0 "https://oiltrain.org/" "Mozilla/5.0 (Windows NT 10.0; Win64; x64) AppleWebKit/537.36 (KHTML, like Gecko) Chrome/134.0.0.0 Safari/537.36"
155.190.38.5 - - [26/Apr/2025:09:31:14 -0400] "GET /wp-includes/js/imagesloaded.min.js?ver=5.0.0 HTTP/1.1" 304 0 "https://oiltrain.org/" "Mozilla/5.0 (Windows NT 10.0; Win64; x64) AppleWebKit/537.36 (KHTML, like Gecko) Chrome/134.0.0.0 Safari/537.36"
155.190.38.5 - - [26/Apr/2025:09:31:14 -0400] "GET /wp-content/themes/konstruk/konstruk/assets/js/swiper.min.js?ver=201513434 HTTP/1.1" 304 0 "https://oiltrain.org/" "Mozilla/5.0 (Windows NT 10.0; Win64; x64) AppleWebKit/537.36 (KHTML, like Gecko) Chrome/134.0.0.0 Safari/537.36"
155.190.38.5 - - [26/Apr/2025:09:31:14 -0400] "GET /wp-content/plugins/rselements/assets/js/custom.js?ver=201513434 HTTP/1.1" 304 0 "https://oiltrain.org/" "Mozilla/5.0 (Windows NT 10.0; Win64; x64) AppleWebKit/537.36 (KHTML, like Gecko) Chrome/134.0.0.0 Safari/537.36"
155.190.38.5 - - [26/Apr/2025:09:31:14 -0400] "GET /wp-content/plugins/sina-extension-for-elementor/assets/js/sina-widgets.min.js?ver=3.6.1 HTTP/1.1" 304 0 "https://oiltrain.org/" "Mozilla/5.0 (Windows NT 10.0; Win64; x64) AppleWebKit/537.36 (KHTML, like Gecko) Chrome/134.0.0.0 Safari/537.36"
155.190.38.5 - - [26/Apr/2025:09:31:14 -0400] "GET /wp-content/plugins/contact-form-7/includes/js/index.js?ver=6.0.6 HTTP/1.1" 304 0 "https://oiltrain.org/" "Mozilla/5.0 (Windows NT 10.0; Win64; x64) AppleWebKit/537.36 (KHTML, like Gecko) Chrome/134.0.0.0 Safari/537.36"
146.112.102.204 - - [26/Apr/2025:09:31:14 -0400] "GET /wp-content/plugins/ewww-image-optimizer/includes/lazysizes.min.js?ver=813 HTTP/1.1" 304 0 "https://oiltrain.org/" "Mozilla/5.0 (Windows NT 10.0; Win64; x64) AppleWebKit/537.36 (KHTML, like Gecko) Chrome/134.0.0.0 Safari/537.36"
146.112.102.204 - - [26/Apr/2025:09:31:14 -0400] "GET /wp-content/plugins/woocommerce/assets/js/frontend/add-to-cart.min.js?ver=9.8.2 HTTP/1.1" 304 0 "https://oiltrain.org/" "Mozilla/5.0 (Windows NT 10.0; Win64; x64) AppleWebKit/537.36 (KHTML, like Gecko) Chrome/134.0.0.0 Safari/537.36"
146.112.102.204 - - [26/Apr/2025:09:31:14 -0400] "GET /wp-content/plugins/woocommerce/assets/js/js-cookie/js.cookie.min.js?ver=2.1.4-wc.9.8.2 HTTP/1.1" 304 0 "https://oiltrain.org/" "Mozilla/5.0 (Windows NT 10.0; Win64; x64) AppleWebKit/537.36 (KHTML, like Gecko) Chrome/134.0.0.0 Safari/537.36"
146.112.102.204 - - [26/Apr/2025:09:31:14 -0400] "GET /wp-content/plugins/woocommerce/assets/js/jquery-blockui/jquery.blockUI.min.js?ver=2.7.0-wc.9.8.2 HTTP/1.1" 304 0 "https://oiltrain.org/" "Mozilla/5.0 (Windows NT 10.0; Win64; x64) AppleWebKit/537.36 (KHTML, like Gecko) Chrome/134.0.0.0 Safari/537.36"
146.112.102.204 - - [26/Apr/2025:09:31:14 -0400] "GET /wp-content/plugins/woocommerce/assets/js/frontend/woocommerce.min.js?ver=9.8.2 HTTP/1.1" 304 0 "https://oiltrain.org/" "Mozilla/5.0 (Windows NT 10.0; Win64; x64) AppleWebKit/537.36 (KHTML, like Gecko) Chrome/134.0.0.0 Safari/537.36"
146.112.102.204 - - [26/Apr/2025:09:31:15 -0400] "GET /wp-content/uploads/2023/05/side-600x900.jpg HTTP/1.1" 200 99551 "https://oiltrain.org/" "Mozilla/5.0 (Windows NT 10.0; Win64; x64) AppleWebKit/537.36 (KHTML, like Gecko) Chrome/134.0.0.0 Safari/537.36"
146.112.102.204 - - [26/Apr/2025:09:31:16 -0400] "GET /wp-content/plugins/revslider/public/assets/js/rbtools.min.js?ver=6.6.11 HTTP/1.1" 304 0 "https://oiltrain.org/" "Mozilla/5.0 (Windows NT 10.0; Win64; x64) AppleWebKit/537.36 (KHTML, like Gecko) Chrome/134.0.0.0 Safari/537.36"
146.112.102.204 - - [26/Apr/2025:09:31:16 -0400] "GET /wp-content/plugins/revslider/public/assets/js/rs6.min.js?ver=6.6.11 HTTP/1.1" 304 0 "https://oiltrain.org/" "Mozilla/5.0 (Windows NT 10.0; Win64; x64) AppleWebKit/537.36 (KHTML, like Gecko) Chrome/134.0.0.0 Safari/537.36"
146.112.102.204 - - [26/Apr/2025:09:31:16 -0400] "GET /wp-includes/js/wp-emoji-release.min.js?ver=6.8 HTTP/1.1" 304 0 "https://oiltrain.org/" "Mozilla/5.0 (Windows NT 10.0; Win64; x64) AppleWebKit/537.36 (KHTML, like Gecko) Chrome/134.0.0.0 Safari/537.36"
146.112.102.204 - - [26/Apr/2025:09:31:16 -0400] "GET /wp-content/uploads/2022/03/rigging-and-banksman-300x192.jpg HTTP/1.1" 200 15525 "https://oiltrain.org/" "Mozilla/5.0 (Windows NT 10.0; Win64; x64) AppleWebKit/537.36 (KHTML, like Gecko) Chrome/134.0.0.0 Safari/537.36"
146.112.102.204 - - [26/Apr/2025:09:31:16 -0400] "GET /wp-content/plugins/elementor/assets/js/text-editor.c084ef86600b6f11690d.bundle.min.js HTTP/1.1" 304 0 "https://oiltrain.org/" "Mozilla/5.0 (Windows NT 10.0; Win64; x64) AppleWebKit/537.36 (KHTML, like Gecko) Chrome/134.0.0.0 Safari/537.36"
66.249.74.99 - - [26/Apr/2025:09:31:16 -0400] "GET /store.php?Newport-News_Add-to-cart/jili-casino HTTP/1.1" 200 181 "-" "Mozilla/5.0 (Linux; Android 6.0.1; Nexus 5X Build/MMB29P) AppleWebKit/537.36 (KHTML, like Gecko) Chrome/135.0.7049.95 Mobile Safari/537.36 (compatible; GoogleOther)"
2a03:2880:f800:e:: - - [26/Apr/2025:09:31:17 -0400] "GET /good.php/shopdetail/24636143137.html HTTP/1.1" 200 0 "-" "meta-externalagent/1.1 (+https://developers.facebook.com/docs/sharing/webmasters/crawler)"
146.112.102.204 - - [26/Apr/2025:09:31:25 -0400] "GET /contact/ HTTP/1.1" 200 13639 "https://oiltrain.org/" "Mozilla/5.0 (Windows NT 10.0; Win64; x64) AppleWebKit/537.36 (KHTML, like Gecko) Chrome/134.0.0.0 Safari/537.36"
66.249.74.99 - - [26/Apr/2025:09:31:24 -0400] "GET /store.php?Fort-Wayne_Add-to-cart/national-lottery HTTP/1.1" 200 181 "-" "Mozilla/5.0 (Linux; Android 6.0.1; Nexus 5X Build/MMB29P) AppleWebKit/537.36 (KHTML, like Gecko) Chrome/135.0.7049.95 Mobile Safari/537.36 (compatible; GoogleOther)"
2a03:2880:f800:1a:: - - [26/Apr/2025:09:31:26 -0400] "GET /good.php/shopdetail/25928883137.html HTTP/1.1" 200 0 "-" "meta-externalagent/1.1 (+https://developers.facebook.com/docs/sharing/webmasters/crawler)"
66.249.74.99 - - [26/Apr/2025:09:31:26 -0400] "GET /?home-appliances-dehumidifiers-1cgn6 HTTP/1.1" 200 25382 "-" "Mozilla/5.0 (Linux; Android 6.0.1; Nexus 5X Build/MMB29P) AppleWebKit/537.36 (KHTML, like Gecko) Chrome/135.0.7049.114 Mobile Safari/537.36 (compatible; Googlebot/2.1; +http://www.google.com/bot.html)"
66.249.74.99 - - [26/Apr/2025:09:31:28 -0400] "GET /store.php?Tulsa/888-casino-register HTTP/1.1" 200 181 "-" "Mozilla/5.0 (Linux; Android 6.0.1; Nexus 5X Build/MMB29P) AppleWebKit/537.36 (KHTML, like Gecko) Chrome/135.0.7049.95 Mobile Safari/537.36 (compatible; GoogleOther)"
66.249.74.99 - - [26/Apr/2025:09:31:32 -0400] "GET /fashion-bags-111r7 HTTP/1.1" 404 9388 "-" "Mozilla/5.0 (Linux; Android 6.0.1; Nexus 5X Build/MMB29P) AppleWebKit/537.36 (KHTML, like Gecko) Chrome/135.0.7049.114 Mobile Safari/537.36 (compatible; Googlebot/2.1; +http://www.google.com/bot.html)"
2a03:2880:f800:1c:: - - [26/Apr/2025:09:31:35 -0400] "GET /good.php/shopdetail/29345663137.html HTTP/1.1" 200 0 "-" "meta-externalagent/1.1 (+https://developers.facebook.com/docs/sharing/webmasters/crawler)"
