40.77.167.67 - - [26/Apr/2025:10:27:00 -0400] "GET /tools-others-e3fd HTTP/1.1" 404 9386 "-" "Mozilla/5.0 AppleWebKit/537.36 (KHTML, like Gecko; compatible; bingbot/2.0; +http://www.bing.com/bingbot.htm) Chrome/116.0.1938.76 Safari/537.36"
162.0.215.210 - - [26/Apr/2025:10:27:01 -0400] "POST /wp-admin/admin-ajax.php?action=async_litespeed&nonce=rdO0PvP3daiMzaorZhOR4ZBOqy5bMCas&litespeed_type=imgoptm HTTP/1.1" 200 5 "-" "WordPress/6.8; https://oiltrain.org"
40.77.167.132 - - [26/Apr/2025:10:27:02 -0400] "GET /tv-projectors-230ah HTTP/1.1" 404 9386 "-" "Mozilla/5.0 AppleWebKit/537.36 (KHTML, like Gecko; compatible; bingbot/2.0; +http://www.bing.com/bingbot.htm) Chrome/116.0.1938.76 Safari/537.36"
51.222.253.6 - - [26/Apr/2025:10:27:06 -0400] "GET /good.php/shopdetail/26131523137.html HTTP/1.1" 200 0 "-" "Mozilla/5.0 (compatible; AhrefsBot/7.0; +http://ahrefs.com/robot/)"
2a03:2880:f800:f:: - - [26/Apr/2025:10:27:07 -0400] "GET /good.php/shopdetail/26801553137.html HTTP/1.1" 200 0 "-" "meta-externalagent/1.1 (+https://developers.facebook.com/docs/sharing/webmasters/crawler)"
2a03:2880:f800:5:: - - [26/Apr/2025:10:27:08 -0400] "GET /good.php/shopdetail/39064003137.html HTTP/1.1" 200 0 "-" "meta-externalagent/1.1 (+https://developers.facebook.com/docs/sharing/webmasters/crawler)"
66.249.74.102 - - [26/Apr/2025:10:27:12 -0400] "GET /store.php?Norwood/bingo-plus-free-500 HTTP/1.1" 200 181 "-" "Mozilla/5.0 (Linux; Android 6.0.1; Nexus 5X Build/MMB29P) AppleWebKit/537.36 (KHTML, like Gecko) Chrome/135.0.7049.95 Mobile Safari/537.36 (compatible; GoogleOther)"
78.155.192.110 - - [26/Apr/2025:10:27:12 -0400] "POST /wp-login.php HTTP/1.1" 200 2064 "https://oiltrain.org" "Mozilla/5.0 (Macintosh; Intel Mac OS X 10_15_7; rv:129.0) Gecko/20100101 Firefox/129.0"
2a03:2880:f800:1:: - - [26/Apr/2025:10:27:14 -0400] "GET /good.php/shopdetail/28321833137.html HTTP/1.1" 200 0 "-" "meta-externalagent/1.1 (+https://developers.facebook.com/docs/sharing/webmasters/crawler)"
2a03:2880:f800:d:: - - [26/Apr/2025:10:27:18 -0400] "GET /good.php/shopdetail/27248263137.html HTTP/1.1" 200 0 "-" "meta-externalagent/1.1 (+https://developers.facebook.com/docs/sharing/webmasters/crawler)"
40.77.167.132 - - [26/Apr/2025:10:27:19 -0400] "GET /tools-wallpaper-mmnc HTTP/1.1" 404 9386 "-" "Mozilla/5.0 AppleWebKit/537.36 (KHTML, like Gecko; compatible; bingbot/2.0; +http://www.bing.com/bingbot.htm) Chrome/116.0.1938.76 Safari/537.36"
51.222.253.6 - - [26/Apr/2025:10:27:20 -0400] "GET /good.php/shopdetail/26163393137.html HTTP/1.1" 200 0 "-" "Mozilla/5.0 (compatible; AhrefsBot/7.0; +http://ahrefs.com/robot/)"
2a03:2880:f800:17:: - - [26/Apr/2025:10:27:21 -0400] "GET /good.php/shopdetail/23930433137.html HTTP/1.1" 200 0 "-" "meta-externalagent/1.1 (+https://developers.facebook.com/docs/sharing/webmasters/crawler)"
2a03:2880:f800:8:: - - [26/Apr/2025:10:27:22 -0400] "GET /good.php/shopdetail/35959343137.html HTTP/1.1" 200 0 "-" "meta-externalagent/1.1 (+https://developers.facebook.com/docs/sharing/webmasters/crawler)"
66.249.74.102 - - [26/Apr/2025:10:27:26 -0400] "GET /store.php-Lancaster_Add-to-cart/Megapari-review-big HTTP/1.1" 404 9386 "-" "Mozilla/5.0 (Linux; Android 6.0.1; Nexus 5X Build/MMB29P) AppleWebKit/537.36 (KHTML, like Gecko) Chrome/135.0.7049.95 Mobile Safari/537.36 (compatible; GoogleOther)"
40.77.167.35 - - [26/Apr/2025:10:27:28 -0400] "GET /tools-dial-gauges-1lnty HTTP/1.1" 404 9387 "-" "Mozilla/5.0 AppleWebKit/537.36 (KHTML, like Gecko; compatible; bingbot/2.0; +http://www.bing.com/bingbot.htm) Chrome/116.0.1938.76 Safari/537.36"
40.77.167.35 - - [26/Apr/2025:10:27:29 -0400] "GET /tools-drivers-1e4of HTTP/1.1" 404 9388 "-" "Mozilla/5.0 AppleWebKit/537.36 (KHTML, like Gecko; compatible; bingbot/2.0; +http://www.bing.com/bingbot.htm) Chrome/116.0.1938.76 Safari/537.36"
2a03:2880:f800:b:: - - [26/Apr/2025:10:27:34 -0400] "GET /good.php/shopdetail/10202463137.html HTTP/1.1" 200 0 "-" "meta-externalagent/1.1 (+https://developers.facebook.com/docs/sharing/webmasters/crawler)"
40.77.167.132 - - [26/Apr/2025:10:27:34 -0400] "GET /?s=rainbow+flower+abgerny HTTP/1.1" 200 13586 "-" "Mozilla/5.0 AppleWebKit/537.36 (KHTML, like Gecko; compatible; bingbot/2.0; +http://www.bing.com/bingbot.htm) Chrome/116.0.1938.76 Safari/537.36"
2a03:2880:f800:9:: - - [26/Apr/2025:10:27:35 -0400] "GET /good.php/shopdetail/36561173137.html HTTP/1.1" 200 0 "-" "meta-externalagent/1.1 (+https://developers.facebook.com/docs/sharing/webmasters/crawler)"
40.77.167.132 - - [26/Apr/2025:10:27:35 -0400] "GET /hobbies-cosplay-costumes-25sqo HTTP/1.1" 404 9386 "-" "Mozilla/5.0 AppleWebKit/537.36 (KHTML, like Gecko; compatible; bingbot/2.0; +http://www.bing.com/bingbot.htm) Chrome/116.0.1938.76 Safari/537.36"
52.167.144.25 - - [26/Apr/2025:10:27:37 -0400] "GET /magazines-humanities-q4cd HTTP/1.1" 404 9386 "-" "Mozilla/5.0 AppleWebKit/537.36 (KHTML, like Gecko; compatible; bingbot/2.0; +http://www.bing.com/bingbot.htm) Chrome/116.0.1938.76 Safari/537.36"
52.167.144.25 - - [26/Apr/2025:10:27:37 -0400] "GET /musical-instruments-aircraft-69xk HTTP/1.1" 404 9386 "-" "Mozilla/5.0 AppleWebKit/537.36 (KHTML, like Gecko; compatible; bingbot/2.0; +http://www.bing.com/bingbot.htm) Chrome/116.0.1938.76 Safari/537.36"
51.222.253.16 - - [26/Apr/2025:10:27:37 -0400] "GET /good.php/shopdetail/26178153137.html HTTP/1.1" 200 0 "-" "Mozilla/5.0 (compatible; AhrefsBot/7.0; +http://ahrefs.com/robot/)"
2a03:2880:f800:19:: - - [26/Apr/2025:10:27:38 -0400] "GET /good.php/shopdetail/17335253137.html HTTP/1.1" 200 0 "-" "meta-externalagent/1.1 (+https://developers.facebook.com/docs/sharing/webmasters/crawler)"
66.249.74.101 - - [26/Apr/2025:10:27:39 -0400] "GET /store.php?Checkout/taiwan%20lottery%20sports HTTP/1.1" 200 181 "-" "Mozilla/5.0 (Linux; Android 6.0.1; Nexus 5X Build/MMB29P) AppleWebKit/537.36 (KHTML, like Gecko) Chrome/135.0.7049.95 Mobile Safari/537.36 (compatible; GoogleOther)"
2a03:2880:f800:15:: - - [26/Apr/2025:10:27:40 -0400] "GET /good.php/shopdetail/22626943137.html HTTP/1.1" 200 0 "-" "meta-externalagent/1.1 (+https://developers.facebook.com/docs/sharing/webmasters/crawler)"
162.0.215.210 - - [26/Apr/2025:10:27:43 -0400] "POST /wp-cron.php?doing_wp_cron=1745677663.1273279190063476562500 HTTP/1.1" 200 0 "-" "WordPress/6.8; https://oiltrain.org"
66.249.74.101 - - [26/Apr/2025:10:27:42 -0400] "GET /store.php-Charlotte_Add-to-cart/winford-register-jili HTTP/1.1" 404 9386 "-" "Mozilla/5.0 (Linux; Android 6.0.1; Nexus 5X Build/MMB29P) AppleWebKit/537.36 (KHTML, like Gecko) Chrome/135.0.7049.95 Mobile Safari/537.36 (compatible; GoogleOther)"
52.167.144.25 - - [26/Apr/2025:10:27:45 -0400] "GET /books-complete-sets-193rt HTTP/1.1" 404 9386 "-" "Mozilla/5.0 AppleWebKit/537.36 (KHTML, like Gecko; compatible; bingbot/2.0; +http://www.bing.com/bingbot.htm) Chrome/116.0.1938.76 Safari/537.36"
52.167.144.25 - - [26/Apr/2025:10:27:45 -0400] "GET /food-grains-1tkig HTTP/1.1" 404 9386 "-" "Mozilla/5.0 AppleWebKit/537.36 (KHTML, like Gecko; compatible; bingbot/2.0; +http://www.bing.com/bingbot.htm) Chrome/116.0.1938.76 Safari/537.36"
2a03:2880:f800:17:: - - [26/Apr/2025:10:27:48 -0400] "GET /good.php/shopdetail/8997243137.html HTTP/1.1" 200 0 "-" "meta-externalagent/1.1 (+https://developers.facebook.com/docs/sharing/webmasters/crawler)"
51.222.253.2 - - [26/Apr/2025:10:27:51 -0400] "GET /good.php/shopdetail/26208603137.html HTTP/1.1" 200 0 "-" "Mozilla/5.0 (compatible; AhrefsBot/7.0; +http://ahrefs.com/robot/)"
2a03:2880:f800:19:: - - [26/Apr/2025:10:27:51 -0400] "GET /good.php/shopdetail/24825613137.html HTTP/1.1" 200 0 "-" "meta-externalagent/1.1 (+https://developers.facebook.com/docs/sharing/webmasters/crawler)"
2a03:2880:f800:1d:: - - [26/Apr/2025:10:27:54 -0400] "GET /good.php/shopdetail/935463137.html HTTP/1.1" 200 0 "-" "meta-externalagent/1.1 (+https://developers.facebook.com/docs/sharing/webmasters/crawler)"
66.249.74.101 - - [26/Apr/2025:10:27:55 -0400] "GET /store.php?Atlanta/jiliko-747-ph HTTP/1.1" 200 181 "-" "Mozilla/5.0 (Linux; Android 6.0.1; Nexus 5X Build/MMB29P) AppleWebKit/537.36 (KHTML, like Gecko) Chrome/135.0.7049.95 Mobile Safari/537.36 (compatible; GoogleOther)"
2a03:2880:f800:1c:: - - [26/Apr/2025:10:28:00 -0400] "GET /good.php/shopdetail/21728703137.html HTTP/1.1" 200 0 "-" "meta-externalagent/1.1 (+https://developers.facebook.com/docs/sharing/webmasters/crawler)"
2a03:2880:f800:19:: - - [26/Apr/2025:10:28:01 -0400] "GET /good.php/shopdetail/18131403137.html HTTP/1.1" 200 0 "-" "meta-externalagent/1.1 (+https://developers.facebook.com/docs/sharing/webmasters/crawler)"
2a03:2880:f800:6:: - - [26/Apr/2025:10:28:03 -0400] "GET /good.php/shopdetail/31806253137.html HTTP/1.1" 200 0 "-" "meta-externalagent/1.1 (+https://developers.facebook.com/docs/sharing/webmasters/crawler)"
2a03:2880:f800:: - - [26/Apr/2025:10:28:05 -0400] "GET /good.php/shopdetail/23939893137.html HTTP/1.1" 200 0 "-" "meta-externalagent/1.1 (+https://developers.facebook.com/docs/sharing/webmasters/crawler)"
51.222.253.19 - - [26/Apr/2025:10:28:06 -0400] "GET /good.php/shopdetail/26225883137.html HTTP/1.1" 200 0 "-" "Mozilla/5.0 (compatible; AhrefsBot/7.0; +http://ahrefs.com/robot/)"
162.0.215.210 - - [26/Apr/2025:10:28:08 -0400] "POST /wp-cron.php?doing_wp_cron=1745677687.8131959438323974609375 HTTP/1.1" 200 0 "-" "WordPress/6.8; https://oiltrain.org"
66.249.74.101 - - [26/Apr/2025:10:28:07 -0400] "GET /fashion-accessories-11r3l HTTP/1.1" 404 9388 "-" "Mozilla/5.0 (Linux; Android 6.0.1; Nexus 5X Build/MMB29P) AppleWebKit/537.36 (KHTML, like Gecko) Chrome/135.0.7049.95 Mobile Safari/537.36 (compatible; Googlebot/2.1; +http://www.google.com/bot.html)"
162.0.215.210 - - [26/Apr/2025:10:28:08 -0400] "POST /wp-admin/admin-ajax.php?action=async_litespeed&nonce=aVwlLQlJTFvzcFpLncaNL9SLM3uLrGvs&litespeed_type=imgoptm HTTP/1.1" 200 5 "-" "WordPress/6.8; https://oiltrain.org"
66.249.74.101 - - [26/Apr/2025:10:28:09 -0400] "GET /store.php?Fort-Lauderdale/baliw-4-poker HTTP/1.1" 200 181 "-" "Mozilla/5.0 (Linux; Android 6.0.1; Nexus 5X Build/MMB29P) AppleWebKit/537.36 (KHTML, like Gecko) Chrome/135.0.7049.95 Mobile Safari/537.36 (compatible; GoogleOther)"
2a03:2880:f800:5:: - - [26/Apr/2025:10:28:12 -0400] "GET /good.php/shopdetail/24884863137.html HTTP/1.1" 200 0 "-" "meta-externalagent/1.1 (+https://developers.facebook.com/docs/sharing/webmasters/crawler)"
2a03:2880:f800:1d:: - - [26/Apr/2025:10:28:17 -0400] "GET /good.php/shopdetail/30181503137.html HTTP/1.1" 200 0 "-" "meta-externalagent/1.1 (+https://developers.facebook.com/docs/sharing/webmasters/crawler)"
2a03:2880:f800:8:: - - [26/Apr/2025:10:28:19 -0400] "GET /good.php/shopdetail/29964353137.html HTTP/1.1" 200 0 "-" "meta-externalagent/1.1 (+https://developers.facebook.com/docs/sharing/webmasters/crawler)"
51.222.253.14 - - [26/Apr/2025:10:28:21 -0400] "GET /good.php/shopdetail/26231573137.html HTTP/1.1" 200 0 "-" "Mozilla/5.0 (compatible; AhrefsBot/7.0; +http://ahrefs.com/robot/)"
2a03:2880:f800:17:: - - [26/Apr/2025:10:28:24 -0400] "GET /good.php/shopdetail/35708933137.html HTTP/1.1" 200 0 "-" "meta-externalagent/1.1 (+https://developers.facebook.com/docs/sharing/webmasters/crawler)"
66.249.74.102 - - [26/Apr/2025:10:28:24 -0400] "GET /store.php-Greenville_Add-to-cart/Pinawin88-fortune-dice-game HTTP/1.1" 404 9386 "-" "Mozilla/5.0 (Linux; Android 6.0.1; Nexus 5X Build/MMB29P) AppleWebKit/537.36 (KHTML, like Gecko) Chrome/135.0.7049.95 Mobile Safari/537.36 (compatible; GoogleOther)"
2a03:2880:f800:4:: - - [26/Apr/2025:10:28:24 -0400] "GET /good.php/shopdetail/15772653137.html HTTP/1.1" 200 0 "-" "meta-externalagent/1.1 (+https://developers.facebook.com/docs/sharing/webmasters/crawler)"
40.77.167.132 - - [26/Apr/2025:10:28:24 -0400] "GET /diet-base-oil-25dlt HTTP/1.1" 404 9386 "-" "Mozilla/5.0 AppleWebKit/537.36 (KHTML, like Gecko; compatible; bingbot/2.0; +http://www.bing.com/bingbot.htm) Chrome/116.0.1938.76 Safari/537.36"
2a03:2880:f800:3:: - - [26/Apr/2025:10:28:26 -0400] "GET /good.php/shopdetail/35595123137.html HTTP/1.1" 200 0 "-" "meta-externalagent/1.1 (+https://developers.facebook.com/docs/sharing/webmasters/crawler)"
2a03:2880:f800:17:: - - [26/Apr/2025:10:28:33 -0400] "GET /good.php/shopdetail/5312373137.html HTTP/1.1" 200 0 "-" "meta-externalagent/1.1 (+https://developers.facebook.com/docs/sharing/webmasters/crawler)"
51.222.253.15 - - [26/Apr/2025:10:28:34 -0400] "GET /good.php/shopdetail/2624093137.html HTTP/1.1" 200 0 "-" "Mozilla/5.0 (compatible; AhrefsBot/7.0; +http://ahrefs.com/robot/)"
66.249.74.101 - - [26/Apr/2025:10:28:34 -0400] "GET /store.php?Houston_Add-to-cart/jili-lotto HTTP/1.1" 200 181 "-" "Mozilla/5.0 (Linux; Android 6.0.1; Nexus 5X Build/MMB29P) AppleWebKit/537.36 (KHTML, like Gecko) Chrome/135.0.7049.95 Mobile Safari/537.36 (compatible; GoogleOther)"
66.249.74.101 - - [26/Apr/2025:10:28:46 -0400] "GET /store.php?Wichita_Add-to-cart/orus-bir HTTP/1.1" 200 181 "-" "Mozilla/5.0 (Linux; Android 6.0.1; Nexus 5X Build/MMB29P) AppleWebKit/537.36 (KHTML, like Gecko) Chrome/135.0.7049.95 Mobile Safari/537.36 (compatible; GoogleOther)"
2a03:2880:f800:14:: - - [26/Apr/2025:10:28:47 -0400] "GET /good.php/shopdetail/22708763137.html HTTP/1.1" 200 0 "-" "meta-externalagent/1.1 (+https://developers.facebook.com/docs/sharing/webmasters/crawler)"
2a03:2880:f800:d:: - - [26/Apr/2025:10:28:49 -0400] "GET /good.php/shopdetail/26577743137.html HTTP/1.1" 200 0 "-" "meta-externalagent/1.1 (+https://developers.facebook.com/docs/sharing/webmasters/crawler)"
51.222.253.8 - - [26/Apr/2025:10:28:50 -0400] "GET /good.php/shopdetail/26309813137.html HTTP/1.1" 200 0 "-" "Mozilla/5.0 (compatible; AhrefsBot/7.0; +http://ahrefs.com/robot/)"
2a03:2880:f800:14:: - - [26/Apr/2025:10:28:52 -0400] "GET /good.php/shopdetail/4387563137.html HTTP/1.1" 200 0 "-" "meta-externalagent/1.1 (+https://developers.facebook.com/docs/sharing/webmasters/crawler)"
162.0.215.210 - - [26/Apr/2025:10:28:54 -0400] "POST /wp-cron.php?doing_wp_cron=1745677733.8877050876617431640625 HTTP/1.1" 200 0 "-" "WordPress/6.8; https://oiltrain.org"
40.77.167.132 - - [26/Apr/2025:10:28:53 -0400] "GET /?s=collocation+%D9%85%D8%B9%D9%86%DB%8C HTTP/1.1" 200 13592 "-" "Mozilla/5.0 AppleWebKit/537.36 (KHTML, like Gecko; compatible; bingbot/2.0; +http://www.bing.com/bingbot.htm) Chrome/116.0.1938.76 Safari/537.36"
2a03:2880:f800:c:: - - [26/Apr/2025:10:28:55 -0400] "GET /good.php/shopdetail/38668803137.html HTTP/1.1" 200 0 "-" "meta-externalagent/1.1 (+https://developers.facebook.com/docs/sharing/webmasters/crawler)"
2a03:2880:f800:13:: - - [26/Apr/2025:10:28:56 -0400] "GET /good.php/shopdetail/3923763137.html HTTP/1.1" 200 0 "-" "meta-externalagent/1.1 (+https://developers.facebook.com/docs/sharing/webmasters/crawler)"
66.249.74.101 - - [26/Apr/2025:10:28:57 -0400] "GET /store.php?Red-Wing/russian-roulette HTTP/1.1" 200 181 "-" "Mozilla/5.0 (Linux; Android 6.0.1; Nexus 5X Build/MMB29P) AppleWebKit/537.36 (KHTML, like Gecko) Chrome/135.0.7049.95 Mobile Safari/537.36 (compatible; GoogleOther)"
162.0.215.210 - - [26/Apr/2025:10:28:58 -0400] "POST /wp-cron.php?doing_wp_cron=1745677738.2847781181335449218750 HTTP/1.1" 200 0 "-" "WordPress/6.8; https://oiltrain.org"
40.77.167.132 - - [26/Apr/2025:10:28:57 -0400] "GET /?s=dale%27s+auto+body+lisbon+nh HTTP/1.1" 200 13596 "-" "Mozilla/5.0 AppleWebKit/537.36 (KHTML, like Gecko; compatible; bingbot/2.0; +http://www.bing.com/bingbot.htm) Chrome/116.0.1938.76 Safari/537.36"
162.0.215.210 - - [26/Apr/2025:10:28:59 -0400] "POST /wp-admin/admin-ajax.php?action=async_litespeed&nonce=JXB5lnYHKr891tLgJTmPrGXKzRlDNQ0y&litespeed_type=imgoptm HTTP/1.1" 200 5 "-" "WordPress/6.8; https://oiltrain.org"
4.227.36.87 - - [26/Apr/2025:10:29:02 -0400] "GET /robots.txt HTTP/1.1" 304 0 "http://oiltrain.org/robots.txt" "Mozilla/5.0 AppleWebKit/537.36 (KHTML, like Gecko; compatible; GPTBot/1.2; +https://openai.com/gptbot)"
51.222.253.7 - - [26/Apr/2025:10:29:02 -0400] "GET /good.php/shopdetail/26333453137.html HTTP/1.1" 200 0 "-" "Mozilla/5.0 (compatible; AhrefsBot/7.0; +http://ahrefs.com/robot/)"
2a03:2880:f800:: - - [26/Apr/2025:10:29:03 -0400] "GET /good.php/shopdetail/26673853137.html HTTP/1.1" 200 0 "-" "meta-externalagent/1.1 (+https://developers.facebook.com/docs/sharing/webmasters/crawler)"
2a03:2880:f800:f:: - - [26/Apr/2025:10:29:05 -0400] "GET /good.php/shopdetail/10281633137.html HTTP/1.1" 200 0 "-" "meta-externalagent/1.1 (+https://developers.facebook.com/docs/sharing/webmasters/crawler)"
40.77.167.35 - - [26/Apr/2025:10:29:07 -0400] "GET /?s=%D0%BF%D0%BE%D0%B3%D0%BE%D0%B4%D0%B0+%D0%B0%D0%B4%D0%BB%D0%B5%D1%80+%D0%BD%D0%B0+%D0%BC%D0%B0%D0%B9+2025 HTTP/1.1" 200 13658 "-" "Mozilla/5.0 AppleWebKit/537.36 (KHTML, like Gecko; compatible; bingbot/2.0; +http://www.bing.com/bingbot.htm) Chrome/116.0.1938.76 Safari/537.36"
66.249.74.101 - - [26/Apr/2025:10:29:08 -0400] "GET /store.php?Winchester/FaChai-legit-jili HTTP/1.1" 200 181 "-" "Mozilla/5.0 (Linux; Android 6.0.1; Nexus 5X Build/MMB29P) AppleWebKit/537.36 (KHTML, like Gecko) Chrome/135.0.7049.95 Mobile Safari/537.36 (compatible; GoogleOther)"
2a03:2880:f800:1c:: - - [26/Apr/2025:10:29:12 -0400] "GET /good.php/shopdetail/3055853137.html HTTP/1.1" 200 0 "-" "meta-externalagent/1.1 (+https://developers.facebook.com/docs/sharing/webmasters/crawler)"
51.222.253.14 - - [26/Apr/2025:10:29:16 -0400] "GET /good.php/shopdetail/26349013137.html HTTP/1.1" 200 0 "-" "Mozilla/5.0 (compatible; AhrefsBot/7.0; +http://ahrefs.com/robot/)"
40.77.167.35 - - [26/Apr/2025:10:29:26 -0400] "GET /gardening-lawn-mowers-bcos HTTP/1.1" 404 9387 "-" "Mozilla/5.0 AppleWebKit/537.36 (KHTML, like Gecko; compatible; bingbot/2.0; +http://www.bing.com/bingbot.htm) Chrome/116.0.1938.76 Safari/537.36"
52.167.144.25 - - [26/Apr/2025:10:29:28 -0400] "GET /art-crafts-25bl7 HTTP/1.1" 404 9388 "-" "Mozilla/5.0 AppleWebKit/537.36 (KHTML, like Gecko; compatible; bingbot/2.0; +http://www.bing.com/bingbot.htm) Chrome/116.0.1938.76 Safari/537.36"
51.222.253.2 - - [26/Apr/2025:10:29:29 -0400] "GET /good.php/shopdetail/26374193137.html HTTP/1.1" 200 0 "-" "Mozilla/5.0 (compatible; AhrefsBot/7.0; +http://ahrefs.com/robot/)"
66.249.74.101 - - [26/Apr/2025:10:29:30 -0400] "GET /store.php?like/55bmw-dice-game HTTP/1.1" 200 181 "-" "Mozilla/5.0 (Linux; Android 6.0.1; Nexus 5X Build/MMB29P) AppleWebKit/537.36 (KHTML, like Gecko) Chrome/135.0.7049.95 Mobile Safari/537.36 (compatible; GoogleOther)"
66.249.74.102 - - [26/Apr/2025:10:29:34 -0400] "GET /store.php?Barrie/hedge-bet HTTP/1.1" 200 181 "-" "Mozilla/5.0 (Linux; Android 6.0.1; Nexus 5X Build/MMB29P) AppleWebKit/537.36 (KHTML, like Gecko) Chrome/135.0.7049.95 Mobile Safari/537.36 (compatible; GoogleOther)"
40.77.167.35 - - [26/Apr/2025:10:29:35 -0400] "GET /smartphones-mouse-pk17 HTTP/1.1" 404 9386 "-" "Mozilla/5.0 AppleWebKit/537.36 (KHTML, like Gecko; compatible; bingbot/2.0; +http://www.bing.com/bingbot.htm) Chrome/116.0.1938.76 Safari/537.36"
40.77.167.35 - - [26/Apr/2025:10:29:36 -0400] "GET /hobbies-paintings-2h2sx HTTP/1.1" 404 9386 "-" "Mozilla/5.0 AppleWebKit/537.36 (KHTML, like Gecko; compatible; bingbot/2.0; +http://www.bing.com/bingbot.htm) Chrome/116.0.1938.76 Safari/537.36"
66.249.74.101 - - [26/Apr/2025:10:29:37 -0400] "GET /store.php?Asheboro/rivalry-pagcor HTTP/1.1" 200 181 "-" "Mozilla/5.0 (Linux; Android 6.0.1; Nexus 5X Build/MMB29P) AppleWebKit/537.36 (KHTML, like Gecko) Chrome/135.0.7049.95 Mobile Safari/537.36 (compatible; GoogleOther)"
66.249.74.101 - - [26/Apr/2025:10:29:41 -0400] "GET /store.php?FAQs/wildcoins%20app HTTP/1.1" 200 181 "-" "Mozilla/5.0 (Linux; Android 6.0.1; Nexus 5X Build/MMB29P) AppleWebKit/537.36 (KHTML, like Gecko) Chrome/135.0.7049.95 Mobile Safari/537.36 (compatible; GoogleOther)"
162.0.215.210 - - [26/Apr/2025:10:29:42 -0400] "POST /wp-cron.php?doing_wp_cron=1745677782.1121349334716796875000 HTTP/1.1" 200 0 "-" "WordPress/6.8; https://oiltrain.org"
40.77.167.132 - - [26/Apr/2025:10:29:41 -0400] "GET /?s=rolling+storage+basket+art+for+garage HTTP/1.1" 200 13563 "-" "Mozilla/5.0 AppleWebKit/537.36 (KHTML, like Gecko; compatible; bingbot/2.0; +http://www.bing.com/bingbot.htm) Chrome/116.0.1938.76 Safari/537.36"
51.222.253.1 - - [26/Apr/2025:10:29:43 -0400] "GET /good.php/shopdetail/26513513137.html HTTP/1.1" 200 0 "-" "Mozilla/5.0 (compatible; AhrefsBot/7.0; +http://ahrefs.com/robot/)"
2a03:2880:f800:2:: - - [26/Apr/2025:10:29:46 -0400] "GET /good.php/shopdetail/17420943137.html HTTP/1.1" 200 0 "-" "meta-externalagent/1.1 (+https://developers.facebook.com/docs/sharing/webmasters/crawler)"
2a03:2880:f800:5:: - - [26/Apr/2025:10:29:47 -0400] "GET /good.php/shopdetail/15610483137.html HTTP/1.1" 200 0 "-" "meta-externalagent/1.1 (+https://developers.facebook.com/docs/sharing/webmasters/crawler)"
2a03:2880:f800:10:: - - [26/Apr/2025:10:29:48 -0400] "GET /good.php/shopdetail/36301683137.html HTTP/1.1" 200 0 "-" "meta-externalagent/1.1 (+https://developers.facebook.com/docs/sharing/webmasters/crawler)"
66.249.74.101 - - [26/Apr/2025:10:29:50 -0400] "GET /store.php?Product-detail/is%20haha777%20legit HTTP/1.1" 200 181 "-" "Mozilla/5.0 (Linux; Android 6.0.1; Nexus 5X Build/MMB29P) AppleWebKit/537.36 (KHTML, like Gecko) Chrome/135.0.7049.95 Mobile Safari/537.36 (compatible; GoogleOther)"
2a03:2880:f800:e:: - - [26/Apr/2025:10:29:54 -0400] "GET /good.php/shopdetail/22738893137.html HTTP/1.1" 200 0 "-" "meta-externalagent/1.1 (+https://developers.facebook.com/docs/sharing/webmasters/crawler)"
51.222.253.19 - - [26/Apr/2025:10:29:56 -0400] "GET /good.php/shopdetail/26519403137.html HTTP/1.1" 200 0 "-" "Mozilla/5.0 (compatible; AhrefsBot/7.0; +http://ahrefs.com/robot/)"
162.0.215.210 - - [26/Apr/2025:10:29:58 -0400] "POST /wp-cron.php?doing_wp_cron=1745677798.2993829250335693359375 HTTP/1.1" 200 0 "-" "WordPress/6.8; https://oiltrain.org"
52.167.144.25 - - [26/Apr/2025:10:29:57 -0400] "GET /?s=%E3%83%AF%E3%82%BB%E3%83%AA%E3%83%B3%E5%A1%97%E3%81%A3%E3%81%A6%E3%82%82%E3%81%8B%E3%82%86%E3%81%84 HTTP/1.1" 200 13685 "-" "Mozilla/5.0 AppleWebKit/537.36 (KHTML, like Gecko; compatible; bingbot/2.0; +http://www.bing.com/bingbot.htm) Chrome/116.0.1938.76 Safari/537.36"
162.0.215.210 - - [26/Apr/2025:10:29:58 -0400] "POST /wp-admin/admin-ajax.php?action=async_litespeed&nonce=5XwOlPTWOFyCtgrB8D1kTayVu1usTyNP&litespeed_type=imgoptm HTTP/1.1" 200 5 "-" "WordPress/6.8; https://oiltrain.org"
2a03:2880:f800:11:: - - [26/Apr/2025:10:30:00 -0400] "GET /good.php/shopdetail/14288783137.html HTTP/1.1" 200 0 "-" "meta-externalagent/1.1 (+https://developers.facebook.com/docs/sharing/webmasters/crawler)"
52.167.144.25 - - [26/Apr/2025:10:30:00 -0400] "GET /?s=3156020+tires HTTP/1.1" 200 13552 "-" "Mozilla/5.0 AppleWebKit/537.36 (KHTML, like Gecko; compatible; bingbot/2.0; +http://www.bing.com/bingbot.htm) Chrome/116.0.1938.76 Safari/537.36"
52.167.144.25 - - [26/Apr/2025:10:30:01 -0400] "GET /books-sports-2lthl HTTP/1.1" 404 9386 "-" "Mozilla/5.0 AppleWebKit/537.36 (KHTML, like Gecko; compatible; bingbot/2.0; +http://www.bing.com/bingbot.htm) Chrome/116.0.1938.76 Safari/537.36"
66.249.74.101 - - [26/Apr/2025:10:30:05 -0400] "GET /store.php?Salisbury/win88-lucky-jili HTTP/1.1" 200 181 "-" "Mozilla/5.0 (Linux; Android 6.0.1; Nexus 5X Build/MMB29P) AppleWebKit/537.36 (KHTML, like Gecko) Chrome/135.0.7049.95 Mobile Safari/537.36 (compatible; GoogleOther)"
2a03:2880:f800:8:: - - [26/Apr/2025:10:30:07 -0400] "GET /good.php/shopdetail/34689353137.html HTTP/1.1" 200 0 "-" "meta-externalagent/1.1 (+https://developers.facebook.com/docs/sharing/webmasters/crawler)"
51.222.253.13 - - [26/Apr/2025:10:30:09 -0400] "GET /good.php/shopdetail/26530683137.html HTTP/1.1" 200 0 "-" "Mozilla/5.0 (compatible; AhrefsBot/7.0; +http://ahrefs.com/robot/)"
2a03:2880:f800:19:: - - [26/Apr/2025:10:30:09 -0400] "GET /?p=19129 HTTP/1.1" 301 0 "-" "meta-externalagent/1.1 (+https://developers.facebook.com/docs/sharing/webmasters/crawler)"
2001:4860:7:60a::ff - - [26/Apr/2025:10:30:11 -0400] "GET /store.php?cart/dirtyship HTTP/1.1" 200 181 "https://www.google.com/" "Mozilla/5.0 (Windows NT 10.0; Win64; x64) AppleWebKit/537.36 (KHTML, like Gecko) Chrome/135.0.0.0 Safari/537.36"
2a03:2880:f800:2:: - - [26/Apr/2025:10:30:12 -0400] "GET /drilling-fundamentals-course/ HTTP/1.1" 200 19683 "-" "meta-externalagent/1.1 (+https://developers.facebook.com/docs/sharing/webmasters/crawler)"
40.77.167.132 - - [26/Apr/2025:10:30:12 -0400] "GET /books-certifications-1u59t HTTP/1.1" 404 9386 "-" "Mozilla/5.0 AppleWebKit/537.36 (KHTML, like Gecko; compatible; bingbot/2.0; +http://www.bing.com/bingbot.htm) Chrome/116.0.1938.76 Safari/537.36"
2a03:2880:f800:19:: - - [26/Apr/2025:10:30:13 -0400] "GET /good.php/shopdetail/19822733137.html HTTP/1.1" 200 0 "-" "meta-externalagent/1.1 (+https://developers.facebook.com/docs/sharing/webmasters/crawler)"
2a03:2880:f800:c:: - - [26/Apr/2025:10:30:16 -0400] "GET /good.php/shopdetail/22617663137.html HTTP/1.1" 200 0 "-" "meta-externalagent/1.1 (+https://developers.facebook.com/docs/sharing/webmasters/crawler)"
2a03:2880:f800:17:: - - [26/Apr/2025:10:30:17 -0400] "GET /hda-course/ HTTP/1.1" 200 19485 "-" "meta-externalagent/1.1 (+https://developers.facebook.com/docs/sharing/webmasters/crawler)"
40.77.167.132 - - [26/Apr/2025:10:30:18 -0400] "GET /magazines-health-1ohg8 HTTP/1.1" 404 9388 "-" "Mozilla/5.0 AppleWebKit/537.36 (KHTML, like Gecko; compatible; bingbot/2.0; +http://www.bing.com/bingbot.htm) Chrome/116.0.1938.76 Safari/537.36"
2a03:2880:f800:18:: - - [26/Apr/2025:10:30:19 -0400] "GET /good.php/shopdetail/7094643137.html HTTP/1.1" 200 0 "-" "meta-externalagent/1.1 (+https://developers.facebook.com/docs/sharing/webmasters/crawler)"
66.249.74.98 - - [26/Apr/2025:10:30:19 -0400] "GET /store.php-Kingston_Add-to-cart/free-100-casino HTTP/1.1" 404 9386 "-" "Mozilla/5.0 (Linux; Android 6.0.1; Nexus 5X Build/MMB29P) AppleWebKit/537.36 (KHTML, like Gecko) Chrome/135.0.7049.95 Mobile Safari/537.36 (compatible; GoogleOther)"
52.167.144.25 - - [26/Apr/2025:10:30:21 -0400] "GET /?s=%D0%B0%D0%BA%D1%82%D0%B0%D1%88+%D0%BF%D0%BE%D0%B3%D0%BE%D0%B4%D0%B0+%D0%BC%D0%B0%D0%B9++2024 HTTP/1.1" 200 13648 "-" "Mozilla/5.0 AppleWebKit/537.36 (KHTML, like Gecko; compatible; bingbot/2.0; +http://www.bing.com/bingbot.htm) Chrome/116.0.1938.76 Safari/537.36"
2a03:2880:f800:16:: - - [26/Apr/2025:10:30:21 -0400] "GET /good.php/shopdetail/15702473137.html HTTP/1.1" 200 0 "-" "meta-externalagent/1.1 (+https://developers.facebook.com/docs/sharing/webmasters/crawler)"
66.249.74.97 - - [26/Apr/2025:10:30:25 -0400] "GET /store.php?Cooksville/Pinawin88-dice-game-games HTTP/1.1" 200 181 "-" "Mozilla/5.0 (Linux; Android 6.0.1; Nexus 5X Build/MMB29P) AppleWebKit/537.36 (KHTML, like Gecko) Chrome/135.0.7049.95 Mobile Safari/537.36 (compatible; GoogleOther)"
51.222.253.8 - - [26/Apr/2025:10:30:27 -0400] "GET /good.php/shopdetail/26572323137.html HTTP/1.1" 200 0 "-" "Mozilla/5.0 (compatible; AhrefsBot/7.0; +http://ahrefs.com/robot/)"
52.167.144.25 - - [26/Apr/2025:10:30:27 -0400] "GET /tv-speakers-25tbb HTTP/1.1" 404 9386 "-" "Mozilla/5.0 AppleWebKit/537.36 (KHTML, like Gecko; compatible; bingbot/2.0; +http://www.bing.com/bingbot.htm) Chrome/116.0.1938.76 Safari/537.36"
66.249.74.97 - - [26/Apr/2025:10:30:33 -0400] "GET /store.php-Abilene_Add-to-cart/Aladdin-Slots HTTP/1.1" 404 9386 "-" "Mozilla/5.0 (Linux; Android 6.0.1; Nexus 5X Build/MMB29P) AppleWebKit/537.36 (KHTML, like Gecko) Chrome/135.0.7049.95 Mobile Safari/537.36 (compatible; GoogleOther)"
2a03:2880:f800:7:: - - [26/Apr/2025:10:30:34 -0400] "GET /good.php/shopdetail/414383137.html HTTP/1.1" 200 0 "-" "meta-externalagent/1.1 (+https://developers.facebook.com/docs/sharing/webmasters/crawler)"
40.77.167.35 - - [26/Apr/2025:10:30:37 -0400] "GET /?s=NISA%E3%80%80%E3%81%A9%E3%81%AE%E5%95%86%E5%93%81%E3%81%AB%E3%81%99%E3%82%8B%E3%81%8B HTTP/1.1" 200 13645 "-" "Mozilla/5.0 AppleWebKit/537.36 (KHTML, like Gecko; compatible; bingbot/2.0; +http://www.bing.com/bingbot.htm) Chrome/116.0.1938.76 Safari/537.36"
2a03:2880:f800:c:: - - [26/Apr/2025:10:30:39 -0400] "GET /good.php/shopdetail/30685763137.html HTTP/1.1" 200 0 "-" "meta-externalagent/1.1 (+https://developers.facebook.com/docs/sharing/webmasters/crawler)"
51.222.253.7 - - [26/Apr/2025:10:30:40 -0400] "GET /good.php/shopdetail/26583103137.html HTTP/1.1" 200 0 "-" "Mozilla/5.0 (compatible; AhrefsBot/7.0; +http://ahrefs.com/robot/)"
2a03:2880:f800:1:: - - [26/Apr/2025:10:30:43 -0400] "GET /good.php/shopdetail/22062703137.html HTTP/1.1" 200 0 "-" "meta-externalagent/1.1 (+https://developers.facebook.com/docs/sharing/webmasters/crawler)"
2a03:2880:f800:2:: - - [26/Apr/2025:10:30:44 -0400] "GET /good.php/shopdetail/33863723137.html HTTP/1.1" 200 0 "-" "meta-externalagent/1.1 (+https://developers.facebook.com/docs/sharing/webmasters/crawler)"
2a03:2880:f800:16:: - - [26/Apr/2025:10:30:46 -0400] "GET /good.php/shopdetail/15632143137.html HTTP/1.1" 200 0 "-" "meta-externalagent/1.1 (+https://developers.facebook.com/docs/sharing/webmasters/crawler)"
66.249.74.97 - - [26/Apr/2025:10:30:47 -0400] "GET /store.php?Berkeley/777jili-review-legit HTTP/1.1" 200 181 "-" "Mozilla/5.0 (Linux; Android 6.0.1; Nexus 5X Build/MMB29P) AppleWebKit/537.36 (KHTML, like Gecko) Chrome/135.0.7049.95 Mobile Safari/537.36 (compatible; GoogleOther)"
2a03:2880:f800:3:: - - [26/Apr/2025:10:30:49 -0400] "GET /good.php/shopdetail/3903043137.html HTTP/1.1" 200 0 "-" "meta-externalagent/1.1 (+https://developers.facebook.com/docs/sharing/webmasters/crawler)"
2a03:2880:f800:3:: - - [26/Apr/2025:10:30:52 -0400] "GET /good.php/shopdetail/16303653137.html HTTP/1.1" 200 0 "-" "meta-externalagent/1.1 (+https://developers.facebook.com/docs/sharing/webmasters/crawler)"
162.0.215.210 - - [26/Apr/2025:10:30:58 -0400] "POST /wp-cron.php?doing_wp_cron=1745677858.2562980651855468750000 HTTP/1.1" 200 0 "-" "WordPress/6.8; https://oiltrain.org"
52.167.144.25 - - [26/Apr/2025:10:30:57 -0400] "GET /?s=%D0%BF%D0%BE%D0%B3%D0%BE%D0%B4%D0%B0+%D0%B2+%D0%BE%D0%BF%D0%B0%D1%80%D0%B8%D0%BD%D0%BE+%D0%BA%D0%B8%D1%80%D0%BE%D0%B2%D1%81%D0%BA%D0%BE%D0%B9+%D0%BE%D0%B1%D0%BB%D0%B0%D1%81%D1%82%D0%B8+%D0%BE%D0%BF%D0%B0%D1%80%D0%B8%D0%BD%D1%81%D0%BA%D0%BE%D0%B3%D0%BE+%D1%80%D0%B0%D0%B9%D0%BE%D0%BD%D0%B0 HTTP/1.1" 200 13755 "-" "Mozilla/5.0 AppleWebKit/537.36 (KHTML, like Gecko; compatible; bingbot/2.0; +http://www.bing.com/bingbot.htm) Chrome/116.0.1938.76 Safari/537.36"
162.0.215.210 - - [26/Apr/2025:10:30:59 -0400] "POST /wp-admin/admin-ajax.php?action=async_litespeed&nonce=HPOtHquwmd7LNz1rWHDgLXIJkyQunqrW&litespeed_type=imgoptm HTTP/1.1" 200 5 "-" "WordPress/6.8; https://oiltrain.org"
51.222.253.11 - - [26/Apr/2025:10:30:59 -0400] "GET /good.php/shopdetail/26603123137.html HTTP/1.1" 200 0 "-" "Mozilla/5.0 (compatible; AhrefsBot/7.0; +http://ahrefs.com/robot/)"
2a03:2880:f800:17:: - - [26/Apr/2025:10:31:02 -0400] "GET /good.php/shopdetail/3161493137.html HTTP/1.1" 200 0 "-" "meta-externalagent/1.1 (+https://developers.facebook.com/docs/sharing/webmasters/crawler)"
66.249.74.98 - - [26/Apr/2025:10:31:02 -0400] "GET /store.php?Portland/King777-app-dice-game HTTP/1.1" 200 181 "-" "Mozilla/5.0 (Linux; Android 6.0.1; Nexus 5X Build/MMB29P) AppleWebKit/537.36 (KHTML, like Gecko) Chrome/135.0.7049.95 Mobile Safari/537.36 (compatible; GoogleOther)"
2a03:2880:f800:e:: - - [26/Apr/2025:10:31:02 -0400] "GET /good.php/shopdetail/7483173137.html HTTP/1.1" 200 0 "-" "meta-externalagent/1.1 (+https://developers.facebook.com/docs/sharing/webmasters/crawler)"
2a03:2880:f800:8:: - - [26/Apr/2025:10:31:05 -0400] "GET /good.php/shopdetail/14283983137.html HTTP/1.1" 200 0 "-" "meta-externalagent/1.1 (+https://developers.facebook.com/docs/sharing/webmasters/crawler)"
66.249.74.98 - - [26/Apr/2025:10:31:06 -0400] "GET /store.php-What-We-Do/ubet%20register%20jili HTTP/1.1" 404 9386 "-" "Mozilla/5.0 (Linux; Android 6.0.1; Nexus 5X Build/MMB29P) AppleWebKit/537.36 (KHTML, like Gecko) Chrome/135.0.7049.114 Mobile Safari/537.36 (compatible; Googlebot/2.1; +http://www.google.com/bot.html)"
51.222.253.19 - - [26/Apr/2025:10:31:12 -0400] "GET /good.php/shopdetail/2661833137.html HTTP/1.1" 200 0 "-" "Mozilla/5.0 (compatible; AhrefsBot/7.0; +http://ahrefs.com/robot/)"
66.249.74.97 - - [26/Apr/2025:10:31:16 -0400] "GET /store.php-Peabody_Add-to-cart/789jili-777-dice-game HTTP/1.1" 404 9386 "-" "Mozilla/5.0 (Linux; Android 6.0.1; Nexus 5X Build/MMB29P) AppleWebKit/537.36 (KHTML, like Gecko) Chrome/135.0.7049.95 Mobile Safari/537.36 (compatible; GoogleOther)"
66.249.74.97 - - [26/Apr/2025:10:31:21 -0400] "GET /store.php?Ludington_Add-to-cart/oh-lottery HTTP/1.1" 200 181 "-" "Mozilla/5.0 (Linux; Android 6.0.1; Nexus 5X Build/MMB29P) AppleWebKit/537.36 (KHTML, like Gecko) Chrome/135.0.7049.95 Mobile Safari/537.36 (compatible; GoogleOther)"
51.222.253.15 - - [26/Apr/2025:10:31:30 -0400] "GET /good.php/shopdetail/2675023137.html HTTP/1.1" 200 0 "-" "Mozilla/5.0 (compatible; AhrefsBot/7.0; +http://ahrefs.com/robot/)"
66.249.74.97 - - [26/Apr/2025:10:31:32 -0400] "GET /store.php?Fort-Worth/bw777-slots-bingo-card HTTP/1.1" 200 181 "-" "Mozilla/5.0 (Linux; Android 6.0.1; Nexus 5X Build/MMB29P) AppleWebKit/537.36 (KHTML, like Gecko) Chrome/135.0.7049.95 Mobile Safari/537.36 (compatible; GoogleOther)"
2a03:2880:f800:f:: - - [26/Apr/2025:10:31:33 -0400] "GET /good.php/shopdetail/28430263137.html HTTP/1.1" 200 0 "-" "meta-externalagent/1.1 (+https://developers.facebook.com/docs/sharing/webmasters/crawler)"
2a03:2880:f800:6:: - - [26/Apr/2025:10:31:36 -0400] "GET /good.php/shopdetail/5373473137.html HTTP/1.1" 200 0 "-" "meta-externalagent/1.1 (+https://developers.facebook.com/docs/sharing/webmasters/crawler)"
2a03:2880:f800:18:: - - [26/Apr/2025:10:31:39 -0400] "GET /good.php/shopdetail/23698873137.html HTTP/1.1" 200 0 "-" "meta-externalagent/1.1 (+https://developers.facebook.com/docs/sharing/webmasters/crawler)"
2a03:2880:f800:16:: - - [26/Apr/2025:10:31:39 -0400] "GET /good.php/shopdetail/21234003137.html HTTP/1.1" 200 0 "-" "meta-externalagent/1.1 (+https://developers.facebook.com/docs/sharing/webmasters/crawler)"
162.0.215.210 - - [26/Apr/2025:10:31:42 -0400] "POST /wp-cron.php?doing_wp_cron=1745677901.8986198902130126953125 HTTP/1.1" 200 0 "-" "WordPress/6.8; https://oiltrain.org"
52.167.144.183 - - [26/Apr/2025:10:31:41 -0400] "GET /?s=%D0%BF%D0%BE%D0%B3%D0%BE%D0%B4%D0%B0+16+%D0%BC%D0%B0%D1%8F HTTP/1.1" 200 13593 "-" "Mozilla/5.0 AppleWebKit/537.36 (KHTML, like Gecko; compatible; bingbot/2.0; +http://www.bing.com/bingbot.htm) Chrome/116.0.1938.76 Safari/537.36"
51.222.253.3 - - [26/Apr/2025:10:31:42 -0400] "GET /good.php/shopdetail/26753293137.html HTTP/1.1" 200 0 "-" "Mozilla/5.0 (compatible; AhrefsBot/7.0; +http://ahrefs.com/robot/)"
2a03:2880:f800:1d:: - - [26/Apr/2025:10:31:44 -0400] "GET /good.php/shopdetail/483063137.html HTTP/1.1" 200 0 "-" "meta-externalagent/1.1 (+https://developers.facebook.com/docs/sharing/webmasters/crawler)"
40.77.167.132 - - [26/Apr/2025:10:31:44 -0400] "GET /books-study-guides-10db HTTP/1.1" 404 9386 "-" "Mozilla/5.0 AppleWebKit/537.36 (KHTML, like Gecko; compatible; bingbot/2.0; +http://www.bing.com/bingbot.htm) Chrome/116.0.1938.76 Safari/537.36"
66.249.74.97 - - [26/Apr/2025:10:31:45 -0400] "GET /store.php-Ottawa_Add-to-cart/nye-casino HTTP/1.1" 404 9386 "-" "Mozilla/5.0 (Linux; Android 6.0.1; Nexus 5X Build/MMB29P) AppleWebKit/537.36 (KHTML, like Gecko) Chrome/135.0.7049.95 Mobile Safari/537.36 (compatible; GoogleOther)"
2a03:2880:f800:1a:: - - [26/Apr/2025:10:31:53 -0400] "GET /good.php/shopdetail/27509453137.html HTTP/1.1" 200 0 "-" "meta-externalagent/1.1 (+https://developers.facebook.com/docs/sharing/webmasters/crawler)"
2a03:2880:f800:f:: - - [26/Apr/2025:10:31:54 -0400] "GET /good.php/shopdetail/25727983137.html HTTP/1.1" 200 0 "-" "meta-externalagent/1.1 (+https://developers.facebook.com/docs/sharing/webmasters/crawler)"
2a03:2880:f800:d:: - - [26/Apr/2025:10:31:56 -0400] "GET /good.php/shopdetail/22332133137.html HTTP/1.1" 200 0 "-" "meta-externalagent/1.1 (+https://developers.facebook.com/docs/sharing/webmasters/crawler)"
2a03:2880:f800:16:: - - [26/Apr/2025:10:31:58 -0400] "GET /good.php/shopdetail/30446633137.html HTTP/1.1" 200 0 "-" "meta-externalagent/1.1 (+https://developers.facebook.com/docs/sharing/webmasters/crawler)"
66.249.74.97 - - [26/Apr/2025:10:31:59 -0400] "GET /store.php?Olympia_Add-to-cart/Cosmik-Login HTTP/1.1" 200 181 "-" "Mozilla/5.0 (Linux; Android 6.0.1; Nexus 5X Build/MMB29P) AppleWebKit/537.36 (KHTML, like Gecko) Chrome/135.0.7049.95 Mobile Safari/537.36 (compatible; GoogleOther)"
66.249.74.97 - - [26/Apr/2025:10:32:03 -0400] "GET /store.php?Homepage/scommessa%20bet HTTP/1.1" 200 181 "-" "Mozilla/5.0 (Linux; Android 6.0.1; Nexus 5X Build/MMB29P) AppleWebKit/537.36 (KHTML, like Gecko) Chrome/135.0.7049.95 Mobile Safari/537.36 (compatible; GoogleOther)"
51.222.253.10 - - [26/Apr/2025:10:32:04 -0400] "GET /good.php/shopdetail/26801423137.html HTTP/1.1" 200 0 "-" "Mozilla/5.0 (compatible; AhrefsBot/7.0; +http://ahrefs.com/robot/)"
2a03:2880:f800:14:: - - [26/Apr/2025:10:32:06 -0400] "GET /good.php/shopdetail/11518613137.html HTTP/1.1" 200 0 "-" "meta-externalagent/1.1 (+https://developers.facebook.com/docs/sharing/webmasters/crawler)"
2a03:2880:f800:19:: - - [26/Apr/2025:10:32:07 -0400] "GET /good.php/shopdetail/22140453137.html HTTP/1.1" 200 0 "-" "meta-externalagent/1.1 (+https://developers.facebook.com/docs/sharing/webmasters/crawler)"
2a03:2880:f800:17:: - - [26/Apr/2025:10:32:07 -0400] "GET /good.php/shopdetail/36253053137.html HTTP/1.1" 200 0 "-" "meta-externalagent/1.1 (+https://developers.facebook.com/docs/sharing/webmasters/crawler)"
66.249.74.97 - - [26/Apr/2025:10:32:14 -0400] "GET /store.php?Winston-Salem_Add-to-cart/how-to-see-sss-number HTTP/1.1" 200 181 "-" "Mozilla/5.0 (Linux; Android 6.0.1; Nexus 5X Build/MMB29P) AppleWebKit/537.36 (KHTML, like Gecko) Chrome/135.0.7049.95 Mobile Safari/537.36 (compatible; GoogleOther)"
66.249.74.97 - - [26/Apr/2025:10:32:17 -0400] "GET /store.php?Fitchburg_Add-to-cart/arizona-lottery HTTP/1.1" 200 181 "-" "Mozilla/5.0 (Linux; Android 6.0.1; Nexus 5X Build/MMB29P) AppleWebKit/537.36 (KHTML, like Gecko) Chrome/135.0.7049.95 Mobile Safari/537.36 (compatible; GoogleOther)"
2a03:2880:f800:12:: - - [26/Apr/2025:10:32:19 -0400] "GET /good.php/shopdetail/13567033137.html HTTP/1.1" 200 0 "-" "meta-externalagent/1.1 (+https://developers.facebook.com/docs/sharing/webmasters/crawler)"
162.0.215.210 - - [26/Apr/2025:10:32:20 -0400] "POST /wp-cron.php?doing_wp_cron=1745677939.8617069721221923828125 HTTP/1.1" 200 0 "-" "WordPress/6.8; https://oiltrain.org"
40.77.167.132 - - [26/Apr/2025:10:32:19 -0400] "GET /?s=%D1%85%D1%80%D0%BE%D0%BD%D0%BE%D1%84%D0%B0%D0%B3%D0%B8+%D1%86%D0%B5 HTTP/1.1" 200 13624 "-" "Mozilla/5.0 AppleWebKit/537.36 (KHTML, like Gecko; compatible; bingbot/2.0; +http://www.bing.com/bingbot.htm) Chrome/116.0.1938.76 Safari/537.36"
40.77.167.132 - - [26/Apr/2025:10:32:20 -0400] "GET /?s=%D0%BF%D1%80%D0%BE%D0%B3%D0%BD%D0%BE%D0%B7+%D0%BF%D0%BE%D0%B3%D0%BE%D0%B4%D1%8B+%D0%B2+%D0%B7%D0%B5%D0%BB%D0%B5%D0%BD%D0%BE%D0%B3%D1%80%D0%B0%D0%B4%D1%81%D0%BA%D0%B5+%D0%BD%D0%B0+14+%D0%B4%D0%BD%D0%B5%D0%B9 HTTP/1.1" 200 13722 "-" "Mozilla/5.0 AppleWebKit/537.36 (KHTML, like Gecko; compatible; bingbot/2.0; +http://www.bing.com/bingbot.htm) Chrome/116.0.1938.76 Safari/537.36"
162.0.215.210 - - [26/Apr/2025:10:32:20 -0400] "POST /wp-admin/admin-ajax.php?action=async_litespeed&nonce=AOulA4LXuQiTE8Auatq5CMYgBcxvKEua&litespeed_type=imgoptm HTTP/1.1" 200 5 "-" "WordPress/6.8; https://oiltrain.org"
2a03:2880:f800:f:: - - [26/Apr/2025:10:32:22 -0400] "GET /good.php/shopdetail/29707113137.html HTTP/1.1" 200 0 "-" "meta-externalagent/1.1 (+https://developers.facebook.com/docs/sharing/webmasters/crawler)"
2a03:2880:f800:17:: - - [26/Apr/2025:10:32:26 -0400] "GET /good.php/shopdetail/39676413137.html HTTP/1.1" 200 0 "-" "meta-externalagent/1.1 (+https://developers.facebook.com/docs/sharing/webmasters/crawler)"
66.249.74.97 - - [26/Apr/2025:10:32:28 -0400] "GET /store.php?Hilton-Head-Island_Add-to-cart/palabas HTTP/1.1" 200 181 "-" "Mozilla/5.0 (Linux; Android 6.0.1; Nexus 5X Build/MMB29P) AppleWebKit/537.36 (KHTML, like Gecko) Chrome/135.0.7049.95 Mobile Safari/537.36 (compatible; GoogleOther)"
2a03:2880:f800:18:: - - [26/Apr/2025:10:32:32 -0400] "GET /good.php/shopdetail/21329083137.html HTTP/1.1" 200 0 "-" "meta-externalagent/1.1 (+https://developers.facebook.com/docs/sharing/webmasters/crawler)"
2a03:2880:f800:5:: - - [26/Apr/2025:10:32:34 -0400] "GET /good.php/shopdetail/15830433137.html HTTP/1.1" 200 0 "-" "meta-externalagent/1.1 (+https://developers.facebook.com/docs/sharing/webmasters/crawler)"
40.77.167.35 - - [26/Apr/2025:10:32:33 -0400] "GET /?s=microsoft+360+etkinle%C5%9Ft%2Crme HTTP/1.1" 200 13595 "-" "Mozilla/5.0 AppleWebKit/537.36 (KHTML, like Gecko; compatible; bingbot/2.0; +http://www.bing.com/bingbot.htm) Chrome/116.0.1938.76 Safari/537.36"
40.77.167.35 - - [26/Apr/2025:10:32:35 -0400] "GET /?s=%D0%BF%D0%BE%D0%B3%D0%BE%D0%B4%D0%B0+%D0%B2+%D0%BE%D0%B7%D1%91%D1%80%D1%81%D0%BA%D0%B5+%D1%87%D0%B5%D0%BB%D1%8F%D0%B1%D0%B8%D0%BD%D1%81%D0%BA%D0%BE%D0%B9+%D0%BE%D0%B1%D0%BB%D0%B0%D1%81%D1%82%D0%B8+%D0%BD%D0%B0+7+%D0%B4%D0%BD%D0%B5%D0%B9 HTTP/1.1" 200 13767 "-" "Mozilla/5.0 AppleWebKit/537.36 (KHTML, like Gecko; compatible; bingbot/2.0; +http://www.bing.com/bingbot.htm) Chrome/116.0.1938.76 Safari/537.36"
2a03:2880:f800:5:: - - [26/Apr/2025:10:32:36 -0400] "GET /good.php/shopdetail/10839553137.html HTTP/1.1" 200 0 "-" "meta-externalagent/1.1 (+https://developers.facebook.com/docs/sharing/webmasters/crawler)"
2a03:2880:f800:3:: - - [26/Apr/2025:10:32:37 -0400] "GET /good.php/shopdetail/31011143137.html HTTP/1.1" 200 0 "-" "meta-externalagent/1.1 (+https://developers.facebook.com/docs/sharing/webmasters/crawler)"
2a03:2880:f800:7:: - - [26/Apr/2025:10:32:37 -0400] "GET /good.php/shopdetail/3603073137.html HTTP/1.1" 200 0 "-" "meta-externalagent/1.1 (+https://developers.facebook.com/docs/sharing/webmasters/crawler)"
2a03:2880:f800:a:: - - [26/Apr/2025:10:32:38 -0400] "GET /good.php/shopdetail/25559333137.html HTTP/1.1" 200 0 "-" "meta-externalagent/1.1 (+https://developers.facebook.com/docs/sharing/webmasters/crawler)"
2a03:2880:f800:12:: - - [26/Apr/2025:10:32:42 -0400] "GET /good.php/shopdetail/27434483137.html HTTP/1.1" 200 0 "-" "meta-externalagent/1.1 (+https://developers.facebook.com/docs/sharing/webmasters/crawler)"
51.222.253.12 - - [26/Apr/2025:10:32:42 -0400] "GET /good.php/shopdetail/26818323137.html HTTP/1.1" 200 0 "-" "Mozilla/5.0 (compatible; AhrefsBot/7.0; +http://ahrefs.com/robot/)"
66.249.74.97 - - [26/Apr/2025:10:32:42 -0400] "GET /store.php?Checkout/CC6%20big HTTP/1.1" 200 181 "-" "Mozilla/5.0 (Linux; Android 6.0.1; Nexus 5X Build/MMB29P) AppleWebKit/537.36 (KHTML, like Gecko) Chrome/135.0.7049.95 Mobile Safari/537.36 (compatible; GoogleOther)"
2a03:2880:f800:a:: - - [26/Apr/2025:10:32:46 -0400] "GET /good.php/shopdetail/31747753137.html HTTP/1.1" 200 0 "-" "meta-externalagent/1.1 (+https://developers.facebook.com/docs/sharing/webmasters/crawler)"
51.222.253.11 - - [26/Apr/2025:10:32:53 -0400] "GET /good.php/shopdetail/26877023137.html HTTP/1.1" 200 0 "-" "Mozilla/5.0 (compatible; AhrefsBot/7.0; +http://ahrefs.com/robot/)"
66.249.74.97 - - [26/Apr/2025:10:32:57 -0400] "GET /store.php-Corpus-Christi_Add-to-cart/Winners.bet-Online-Casino HTTP/1.1" 404 9386 "-" "Mozilla/5.0 (Linux; Android 6.0.1; Nexus 5X Build/MMB29P) AppleWebKit/537.36 (KHTML, like Gecko) Chrome/135.0.7049.95 Mobile Safari/537.36 (compatible; GoogleOther)"
2a03:2880:f800:7:: - - [26/Apr/2025:10:32:58 -0400] "GET /good.php/shopdetail/14049193137.html HTTP/1.1" 200 0 "-" "meta-externalagent/1.1 (+https://developers.facebook.com/docs/sharing/webmasters/crawler)"
2a03:2880:f800:12:: - - [26/Apr/2025:10:32:59 -0400] "GET /good.php/shopdetail/5193313137.html HTTP/1.1" 200 0 "-" "meta-externalagent/1.1 (+https://developers.facebook.com/docs/sharing/webmasters/crawler)"
2a03:2880:f800:e:: - - [26/Apr/2025:10:33:02 -0400] "GET /good.php/shopdetail/9661773137.html HTTP/1.1" 200 0 "-" "meta-externalagent/1.1 (+https://developers.facebook.com/docs/sharing/webmasters/crawler)"
2a03:2880:f800:16:: - - [26/Apr/2025:10:33:06 -0400] "GET /good.php/shopdetail/8426573137.html HTTP/1.1" 200 0 "-" "meta-externalagent/1.1 (+https://developers.facebook.com/docs/sharing/webmasters/crawler)"
2a03:2880:f800:7:: - - [26/Apr/2025:10:33:09 -0400] "GET /good.php/shopdetail/2154283137.html HTTP/1.1" 200 0 "-" "meta-externalagent/1.1 (+https://developers.facebook.com/docs/sharing/webmasters/crawler)"
66.249.74.98 - - [26/Apr/2025:10:33:11 -0400] "GET /store.php?San-Antonio_Add-to-cart/cod-have-omega-3 HTTP/1.1" 200 181 "-" "Mozilla/5.0 (Linux; Android 6.0.1; Nexus 5X Build/MMB29P) AppleWebKit/537.36 (KHTML, like Gecko) Chrome/135.0.7049.95 Mobile Safari/537.36 (compatible; GoogleOther)"
51.222.253.4 - - [26/Apr/2025:10:33:13 -0400] "GET /good.php/shopdetail/26891683137.html HTTP/1.1" 200 0 "-" "Mozilla/5.0 (compatible; AhrefsBot/7.0; +http://ahrefs.com/robot/)"
66.249.74.98 - - [26/Apr/2025:10:33:15 -0400] "GET /store.php?Texarkana/1-poker HTTP/1.1" 200 181 "-" "Mozilla/5.0 (Linux; Android 6.0.1; Nexus 5X Build/MMB29P) AppleWebKit/537.36 (KHTML, like Gecko) Chrome/135.0.7049.95 Mobile Safari/537.36 (compatible; GoogleOther)"
2a03:2880:f800:9:: - - [26/Apr/2025:10:33:20 -0400] "GET /good.php/shopdetail/23094323137.html HTTP/1.1" 200 0 "-" "meta-externalagent/1.1 (+https://developers.facebook.com/docs/sharing/webmasters/crawler)"
51.222.253.12 - - [26/Apr/2025:10:33:22 -0400] "GET /good.php/shopdetail/26922763137.html HTTP/1.1" 200 0 "-" "Mozilla/5.0 (compatible; AhrefsBot/7.0; +http://ahrefs.com/robot/)"
40.77.167.35 - - [26/Apr/2025:10:33:25 -0400] "GET /?s=%D0%BF%D0%BE%D0%B3%D0%BE%D0%B4%D0%B0+%D1%81%D0%BB%D1%83%D1%86%D0%BA HTTP/1.1" 200 13615 "-" "Mozilla/5.0 AppleWebKit/537.36 (KHTML, like Gecko; compatible; bingbot/2.0; +http://www.bing.com/bingbot.htm) Chrome/116.0.1938.76 Safari/537.36"
66.249.74.98 - - [26/Apr/2025:10:33:25 -0400] "GET /store.php-Springfield_Add-to-cart/milyon88-apps HTTP/1.1" 404 9386 "-" "Mozilla/5.0 (Linux; Android 6.0.1; Nexus 5X Build/MMB29P) AppleWebKit/537.36 (KHTML, like Gecko) Chrome/135.0.7049.95 Mobile Safari/537.36 (compatible; GoogleOther)"
2a03:2880:f800:13:: - - [26/Apr/2025:10:33:36 -0400] "GET /product/general-hse-training-and-certification/ HTTP/1.1" 200 14989 "-" "meta-externalagent/1.1 (+https://developers.facebook.com/docs/sharing/webmasters/crawler)"
2a03:2880:f800:3:: - - [26/Apr/2025:10:33:45 -0400] "GET /good.php/shopdetail/17720173137.html HTTP/1.1" 200 0 "-" "meta-externalagent/1.1 (+https://developers.facebook.com/docs/sharing/webmasters/crawler)"
2a03:2880:f800:1a:: - - [26/Apr/2025:10:33:45 -0400] "GET /good.php/shopdetail/20092803137.html HTTP/1.1" 200 0 "-" "meta-externalagent/1.1 (+https://developers.facebook.com/docs/sharing/webmasters/crawler)"
2a03:2880:f800:6:: - - [26/Apr/2025:10:33:45 -0400] "GET /good.php/shopdetail/3836043137.html HTTP/1.1" 200 0 "-" "meta-externalagent/1.1 (+https://developers.facebook.com/docs/sharing/webmasters/crawler)"
51.222.253.19 - - [26/Apr/2025:10:33:46 -0400] "GET /good.php/shopdetail/26923263137.html HTTP/1.1" 200 0 "-" "Mozilla/5.0 (compatible; AhrefsBot/7.0; +http://ahrefs.com/robot/)"
2a03:2880:f800:c:: - - [26/Apr/2025:10:33:46 -0400] "GET /good.php/shopdetail/26362283137.html HTTP/1.1" 200 0 "-" "meta-externalagent/1.1 (+https://developers.facebook.com/docs/sharing/webmasters/crawler)"
2a03:2880:f800:a:: - - [26/Apr/2025:10:33:46 -0400] "GET /good.php/shopdetail/38955483137.html HTTP/1.1" 200 0 "-" "meta-externalagent/1.1 (+https://developers.facebook.com/docs/sharing/webmasters/crawler)"
66.249.74.97 - - [26/Apr/2025:10:33:46 -0400] "GET /store.php?Waterville/jiliaaa-legit-or-not HTTP/1.1" 200 181 "-" "Mozilla/5.0 (Linux; Android 6.0.1; Nexus 5X Build/MMB29P) AppleWebKit/537.36 (KHTML, like Gecko) Chrome/135.0.7049.95 Mobile Safari/537.36 (compatible; GoogleOther)"
2a03:2880:f800:2:: - - [26/Apr/2025:10:33:53 -0400] "GET /good.php/shopdetail/31421403137.html HTTP/1.1" 200 0 "-" "meta-externalagent/1.1 (+https://developers.facebook.com/docs/sharing/webmasters/crawler)"
2001:4860:7:305::fe - - [26/Apr/2025:10:33:53 -0400] "GET /store.php?cart/dirtyship HTTP/1.1" 200 181 "https://www.google.com/" "Mozilla/5.0 (Linux; Android 10; K) AppleWebKit/537.36 (KHTML, like Gecko) Chrome/133.0.0.0 Mobile Safari/537.36"
74.125.212.2 - - [26/Apr/2025:10:33:53 -0400] "GET /.well-known/traffic-advice HTTP/1.1" 404 9386 "-" "Chrome Privacy Preserving Prefetch Proxy"
66.249.74.97 - - [26/Apr/2025:10:33:54 -0400] "GET /store.php?Chico_Add-to-cart/www-tmt-play-net HTTP/1.1" 200 181 "-" "Mozilla/5.0 (Linux; Android 6.0.1; Nexus 5X Build/MMB29P) AppleWebKit/537.36 (KHTML, like Gecko) Chrome/135.0.7049.95 Mobile Safari/537.36 (compatible; GoogleOther)"
51.222.253.18 - - [26/Apr/2025:10:33:56 -0400] "GET /good.php/shopdetail/27022433137.html HTTP/1.1" 200 0 "-" "Mozilla/5.0 (compatible; AhrefsBot/7.0; +http://ahrefs.com/robot/)"
2a03:2880:f800:1c:: - - [26/Apr/2025:10:34:02 -0400] "GET /good.php/shopdetail/18437313137.html HTTP/1.1" 200 0 "-" "meta-externalagent/1.1 (+https://developers.facebook.com/docs/sharing/webmasters/crawler)"
2a03:2880:f800:5:: - - [26/Apr/2025:10:34:03 -0400] "GET /good.php/shopdetail/39871323137.html HTTP/1.1" 200 0 "-" "meta-externalagent/1.1 (+https://developers.facebook.com/docs/sharing/webmasters/crawler)"
66.249.74.98 - - [26/Apr/2025:10:34:07 -0400] "GET /store.php?Greenville_Add-to-cart/hand-chart-poker HTTP/1.1" 200 181 "-" "Mozilla/5.0 (Linux; Android 6.0.1; Nexus 5X Build/MMB29P) AppleWebKit/537.36 (KHTML, like Gecko) Chrome/135.0.7049.95 Mobile Safari/537.36 (compatible; GoogleOther)"
66.249.74.98 - - [26/Apr/2025:10:34:14 -0400] "GET /store.php-Greensboro/jili7-login-app-apk HTTP/1.1" 404 9388 "-" "Mozilla/5.0 (Linux; Android 6.0.1; Nexus 5X Build/MMB29P) AppleWebKit/537.36 (KHTML, like Gecko) Chrome/135.0.7049.95 Mobile Safari/537.36 (compatible; GoogleOther)"
