40.77.167.4 - - [26/Apr/2025:08:28:49 -0400] "GET /books-hobbies-lwfh HTTP/1.1" 404 9387 "-" "Mozilla/5.0 AppleWebKit/537.36 (KHTML, like Gecko; compatible; bingbot/2.0; +http://www.bing.com/bingbot.htm) Chrome/116.0.1938.76 Safari/537.36"
66.249.74.97 - - [26/Apr/2025:08:28:52 -0400] "GET /store.php?Raleigh/jilispot HTTP/1.1" 200 181 "-" "Mozilla/5.0 (Linux; Android 6.0.1; Nexus 5X Build/MMB29P) AppleWebKit/537.36 (KHTML, like Gecko) Chrome/135.0.7049.95 Mobile Safari/537.36 (compatible; GoogleOther)"
2a03:2880:f800:12:: - - [26/Apr/2025:08:28:56 -0400] "GET /good.php/shopdetail/37945163137.html HTTP/1.1" 200 0 "-" "meta-externalagent/1.1 (+https://developers.facebook.com/docs/sharing/webmasters/crawler)"
66.249.74.97 - - [26/Apr/2025:08:28:58 -0400] "GET /store.php?Ludington/aces-poker HTTP/1.1" 200 181 "-" "Mozilla/5.0 (Linux; Android 6.0.1; Nexus 5X Build/MMB29P) AppleWebKit/537.36 (KHTML, like Gecko) Chrome/135.0.7049.95 Mobile Safari/537.36 (compatible; GoogleOther)"
2a03:2880:f800:8:: - - [26/Apr/2025:08:28:59 -0400] "GET /good.php/shopdetail/24918893137.html HTTP/1.1" 200 0 "-" "meta-externalagent/1.1 (+https://developers.facebook.com/docs/sharing/webmasters/crawler)"
51.222.253.2 - - [26/Apr/2025:08:29:03 -0400] "GET /good.php/shopdetail/39744103137.html HTTP/1.1" 200 0 "-" "Mozilla/5.0 (compatible; AhrefsBot/7.0; +http://ahrefs.com/robot/)"
66.249.74.99 - - [26/Apr/2025:08:29:03 -0400] "GET /store.php?Paterson/7xm-app HTTP/1.1" 200 181 "-" "Mozilla/5.0 (Linux; Android 6.0.1; Nexus 5X Build/MMB29P) AppleWebKit/537.36 (KHTML, like Gecko) Chrome/135.0.7049.95 Mobile Safari/537.36 (compatible; GoogleOther)"
162.0.215.210 - - [26/Apr/2025:08:29:08 -0400] "POST /wp-cron.php?doing_wp_cron=1745670548.4002408981323242187500 HTTP/1.1" 200 0 "-" "WordPress/6.8; https://oiltrain.org"
66.249.74.97 - - [26/Apr/2025:08:29:08 -0400] "GET /store.php-MapleGrove_Add-to-cart/w19-online-lottery HTTP/1.1" 404 9386 "-" "Mozilla/5.0 (Linux; Android 6.0.1; Nexus 5X Build/MMB29P) AppleWebKit/537.36 (KHTML, like Gecko) Chrome/135.0.7049.95 Mobile Safari/537.36 (compatible; GoogleOther)"
162.0.215.210 - - [26/Apr/2025:08:29:08 -0400] "POST /wp-admin/admin-ajax.php?action=async_litespeed&nonce=DKTI8D5bJLKO7nvrVJ62rLdUUTeocjmj&litespeed_type=imgoptm HTTP/1.1" 200 5 "-" "WordPress/6.8; https://oiltrain.org"
2a03:2880:f800:13:: - - [26/Apr/2025:08:29:09 -0400] "GET /good.php/shopdetail/36626643137.html HTTP/1.1" 200 0 "-" "meta-externalagent/1.1 (+https://developers.facebook.com/docs/sharing/webmasters/crawler)"
40.77.167.4 - - [26/Apr/2025:08:29:10 -0400] "GET /?s=%D0%BF%D0%BE%D0%B3%D0%BE%D0%B4%D0%B0+%D0%B0%D0%BA%D0%B0%D0%B4%D0%B5%D0%BC%D0%B3%D0%BE%D1%80%D0%BE%D0%B4%D0%BE%D0%BA HTTP/1.1" 200 13630 "-" "Mozilla/5.0 AppleWebKit/537.36 (KHTML, like Gecko; compatible; bingbot/2.0; +http://www.bing.com/bingbot.htm) Chrome/116.0.1938.76 Safari/537.36"
66.249.74.97 - - [26/Apr/2025:08:29:12 -0400] "GET /store.php?Latest-Posts/haha777%20lucky%20win HTTP/1.1" 200 181 "-" "Mozilla/5.0 (Linux; Android 6.0.1; Nexus 5X Build/MMB29P) AppleWebKit/537.36 (KHTML, like Gecko) Chrome/135.0.7049.95 Mobile Safari/537.36 (compatible; GoogleOther)"
51.222.253.20 - - [26/Apr/2025:08:29:13 -0400] "GET /good.php/shopdetail/39753483137.html HTTP/1.1" 200 0 "-" "Mozilla/5.0 (compatible; AhrefsBot/7.0; +http://ahrefs.com/robot/)"
66.249.74.97 - - [26/Apr/2025:08:29:17 -0400] "GET /store.php?Pendleton/bingo777-betting-sites-dice-game HTTP/1.1" 200 181 "-" "Mozilla/5.0 (Linux; Android 6.0.1; Nexus 5X Build/MMB29P) AppleWebKit/537.36 (KHTML, like Gecko) Chrome/135.0.7049.95 Mobile Safari/537.36 (compatible; GoogleOther)"
66.249.74.97 - - [26/Apr/2025:08:29:21 -0400] "GET /store.php?Sherman_Add-to-cart/the-lottery-book HTTP/1.1" 200 181 "-" "Mozilla/5.0 (Linux; Android 6.0.1; Nexus 5X Build/MMB29P) AppleWebKit/537.36 (KHTML, like Gecko) Chrome/135.0.7049.95 Mobile Safari/537.36 (compatible; GoogleOther)"
43.130.12.43 - - [26/Apr/2025:08:29:22 -0400] "GET /wp-admin/admin-ajax.php?action=bill_minozzi_js_error_catched&_wpnonce=d28ea4879c HTTP/1.1" 200 15 "-" "Mozilla/5.0 (iPhone; CPU iPhone OS 13_2_3 like Mac OS X) AppleWebKit/605.1.15 (KHTML, like Gecko) Version/13.0.3 Mobile/15E148 Safari/604.1"
66.249.74.97 - - [26/Apr/2025:08:29:26 -0400] "GET /store.php?Deer-Park/ciegas-poker HTTP/1.1" 200 181 "-" "Mozilla/5.0 (Linux; Android 6.0.1; Nexus 5X Build/MMB29P) AppleWebKit/537.36 (KHTML, like Gecko) Chrome/135.0.7049.95 Mobile Safari/537.36 (compatible; GoogleOther)"
51.222.253.1 - - [26/Apr/2025:08:29:28 -0400] "GET /good.php/shopdetail/39756413137.html HTTP/1.1" 200 0 "-" "Mozilla/5.0 (compatible; AhrefsBot/7.0; +http://ahrefs.com/robot/)"
2a03:2880:f800:1:: - - [26/Apr/2025:08:29:28 -0400] "GET /good.php/shopdetail/6076913137.html HTTP/1.1" 200 0 "-" "meta-externalagent/1.1 (+https://developers.facebook.com/docs/sharing/webmasters/crawler)"
2a03:2880:f800:6:: - - [26/Apr/2025:08:29:30 -0400] "GET /good.php/shopdetail/26163283137.html HTTP/1.1" 200 0 "-" "meta-externalagent/1.1 (+https://developers.facebook.com/docs/sharing/webmasters/crawler)"
2a03:2880:f800:f:: - - [26/Apr/2025:08:29:35 -0400] "GET /good.php/shopdetail/994273137.html HTTP/1.1" 200 0 "-" "meta-externalagent/1.1 (+https://developers.facebook.com/docs/sharing/webmasters/crawler)"
51.222.253.8 - - [26/Apr/2025:08:29:38 -0400] "GET /good.php/shopdetail/39766283137.html HTTP/1.1" 200 0 "-" "Mozilla/5.0 (compatible; AhrefsBot/7.0; +http://ahrefs.com/robot/)"
66.249.74.99 - - [26/Apr/2025:08:29:37 -0400] "GET /store.php?Long-Branch/yukiko-okada-kanye HTTP/1.1" 200 181 "-" "Mozilla/5.0 (Linux; Android 6.0.1; Nexus 5X Build/MMB29P) AppleWebKit/537.36 (KHTML, like Gecko) Chrome/135.0.7049.95 Mobile Safari/537.36 (compatible; GoogleOther)"
2a03:2880:f800:c:: - - [26/Apr/2025:08:29:41 -0400] "GET /good.php/shopdetail/32297723137.html HTTP/1.1" 200 0 "-" "meta-externalagent/1.1 (+https://developers.facebook.com/docs/sharing/webmasters/crawler)"
2a03:2880:f800:b:: - - [26/Apr/2025:08:29:46 -0400] "GET /good.php/shopdetail/8819573137.html HTTP/1.1" 200 0 "-" "meta-externalagent/1.1 (+https://developers.facebook.com/docs/sharing/webmasters/crawler)"
51.222.253.3 - - [26/Apr/2025:08:29:50 -0400] "GET /good.php/shopdetail/39773513137.html HTTP/1.1" 200 0 "-" "Mozilla/5.0 (compatible; AhrefsBot/7.0; +http://ahrefs.com/robot/)"
2a03:2880:f800:c:: - - [26/Apr/2025:08:29:51 -0400] "GET /good.php/shopdetail/2343883137.html HTTP/1.1" 200 0 "-" "meta-externalagent/1.1 (+https://developers.facebook.com/docs/sharing/webmasters/crawler)"
162.0.215.210 - - [26/Apr/2025:08:29:53 -0400] "POST /wp-cron.php?doing_wp_cron=1745670593.6397399902343750000000 HTTP/1.1" 200 0 "-" "WordPress/6.8; https://oiltrain.org"
66.249.74.99 - - [26/Apr/2025:08:29:53 -0400] "GET /store.php-Solana-Beach_Add-to-cart/49jili-review-dice-game HTTP/1.1" 404 9387 "-" "Mozilla/5.0 (Linux; Android 6.0.1; Nexus 5X Build/MMB29P) AppleWebKit/537.36 (KHTML, like Gecko) Chrome/135.0.7049.95 Mobile Safari/537.36 (compatible; GoogleOther)"
66.249.74.99 - - [26/Apr/2025:08:29:57 -0400] "GET /store.php?Camden/arizona-lottery HTTP/1.1" 200 181 "-" "Mozilla/5.0 (Linux; Android 6.0.1; Nexus 5X Build/MMB29P) AppleWebKit/537.36 (KHTML, like Gecko) Chrome/135.0.7049.95 Mobile Safari/537.36 (compatible; GoogleOther)"
66.249.74.99 - - [26/Apr/2025:08:30:01 -0400] "GET /store.php?Bridgeport/jili-jungle-king HTTP/1.1" 200 181 "-" "Mozilla/5.0 (Linux; Android 6.0.1; Nexus 5X Build/MMB29P) AppleWebKit/537.36 (KHTML, like Gecko) Chrome/135.0.7049.95 Mobile Safari/537.36 (compatible; GoogleOther)"
2a03:2880:f800:18:: - - [26/Apr/2025:08:30:04 -0400] "GET /good.php/shopdetail/6897973137.html HTTP/1.1" 200 0 "-" "meta-externalagent/1.1 (+https://developers.facebook.com/docs/sharing/webmasters/crawler)"
66.249.74.99 - - [26/Apr/2025:08:30:05 -0400] "GET /store.php?Ardmore/777d-online-betgame HTTP/1.1" 200 181 "-" "Mozilla/5.0 (Linux; Android 6.0.1; Nexus 5X Build/MMB29P) AppleWebKit/537.36 (KHTML, like Gecko) Chrome/135.0.7049.95 Mobile Safari/537.36 (compatible; GoogleOther)"
51.222.253.11 - - [26/Apr/2025:08:30:06 -0400] "GET /good.php/shopdetail/39784713137.html HTTP/1.1" 200 0 "-" "Mozilla/5.0 (compatible; AhrefsBot/7.0; +http://ahrefs.com/robot/)"
66.249.74.99 - - [26/Apr/2025:08:30:11 -0400] "GET /store.php?Fort-William/ubet-63-login HTTP/1.1" 200 181 "-" "Mozilla/5.0 (Linux; Android 6.0.1; Nexus 5X Build/MMB29P) AppleWebKit/537.36 (KHTML, like Gecko) Chrome/135.0.7049.95 Mobile Safari/537.36 (compatible; GoogleOther)"
162.0.215.210 - - [26/Apr/2025:08:30:19 -0400] "POST /wp-cron.php?doing_wp_cron=1745670618.9332420825958251953125 HTTP/1.1" 200 0 "-" "WordPress/6.8; https://oiltrain.org"
66.249.74.99 - - [26/Apr/2025:08:30:18 -0400] "GET /fishing-lures-pwts HTTP/1.1" 404 9388 "-" "Mozilla/5.0 (Linux; Android 6.0.1; Nexus 5X Build/MMB29P) AppleWebKit/537.36 (KHTML, like Gecko) Chrome/135.0.7049.114 Mobile Safari/537.36 (compatible; Googlebot/2.1; +http://www.google.com/bot.html)"
2a03:2880:f800:15:: - - [26/Apr/2025:08:30:19 -0400] "GET /good.php/shopdetail/37461973137.html HTTP/1.1" 200 0 "-" "meta-externalagent/1.1 (+https://developers.facebook.com/docs/sharing/webmasters/crawler)"
162.0.215.210 - - [26/Apr/2025:08:30:19 -0400] "POST /wp-admin/admin-ajax.php?action=async_litespeed&nonce=WE3eK5uAEWHGpvyIunnOxQZMEGQm1E8t&litespeed_type=imgoptm HTTP/1.1" 200 5 "-" "WordPress/6.8; https://oiltrain.org"
66.249.74.99 - - [26/Apr/2025:08:30:22 -0400] "GET /store.php-Little-Rock_Add-to-cart/wazamba-casino HTTP/1.1" 404 9386 "-" "Mozilla/5.0 (Linux; Android 6.0.1; Nexus 5X Build/MMB29P) AppleWebKit/537.36 (KHTML, like Gecko) Chrome/135.0.7049.95 Mobile Safari/537.36 (compatible; GoogleOther)"
2a03:2880:f800:d:: - - [26/Apr/2025:08:30:26 -0400] "GET /good.php/shopdetail/33140923137.html HTTP/1.1" 200 0 "-" "meta-externalagent/1.1 (+https://developers.facebook.com/docs/sharing/webmasters/crawler)"
66.249.74.99 - - [26/Apr/2025:08:30:27 -0400] "GET /store.php?Terre-Haute/93-jilijili-event HTTP/1.1" 200 181 "-" "Mozilla/5.0 (Linux; Android 6.0.1; Nexus 5X Build/MMB29P) AppleWebKit/537.36 (KHTML, like Gecko) Chrome/135.0.7049.95 Mobile Safari/537.36 (compatible; GoogleOther)"
66.249.74.99 - - [26/Apr/2025:08:30:31 -0400] "GET /store.php?Reading/philucky-lottery-big HTTP/1.1" 200 181 "-" "Mozilla/5.0 (Linux; Android 6.0.1; Nexus 5X Build/MMB29P) AppleWebKit/537.36 (KHTML, like Gecko) Chrome/135.0.7049.95 Mobile Safari/537.36 (compatible; GoogleOther)"
51.222.253.12 - - [26/Apr/2025:08:30:32 -0400] "GET /good.php/shopdetail/39798243137.html HTTP/1.1" 200 0 "-" "Mozilla/5.0 (compatible; AhrefsBot/7.0; +http://ahrefs.com/robot/)"
52.167.144.203 - - [26/Apr/2025:08:30:35 -0400] "GET /sports-skiing-ppun HTTP/1.1" 404 9386 "-" "Mozilla/5.0 AppleWebKit/537.36 (KHTML, like Gecko; compatible; bingbot/2.0; +http://www.bing.com/bingbot.htm) Chrome/116.0.1938.76 Safari/537.36"
52.167.144.203 - - [26/Apr/2025:08:30:35 -0400] "GET /?s=%3Bightweight+duvee+inserts HTTP/1.1" 200 13581 "-" "Mozilla/5.0 AppleWebKit/537.36 (KHTML, like Gecko; compatible; bingbot/2.0; +http://www.bing.com/bingbot.htm) Chrome/116.0.1938.76 Safari/537.36"
66.249.74.99 - - [26/Apr/2025:08:30:35 -0400] "GET /store.php?Flint/poker-bravo HTTP/1.1" 200 181 "-" "Mozilla/5.0 (Linux; Android 6.0.1; Nexus 5X Build/MMB29P) AppleWebKit/537.36 (KHTML, like Gecko) Chrome/135.0.7049.95 Mobile Safari/537.36 (compatible; GoogleOther)"
2a03:2880:f800:5:: - - [26/Apr/2025:08:30:44 -0400] "GET /good.php/shopdetail/33167033137.html HTTP/1.1" 200 0 "-" "meta-externalagent/1.1 (+https://developers.facebook.com/docs/sharing/webmasters/crawler)"
162.0.215.210 - - [26/Apr/2025:08:30:44 -0400] "POST /wp-cron.php?doing_wp_cron=1745670644.7663919925689697265625 HTTP/1.1" 200 0 "-" "WordPress/6.8; https://oiltrain.org"
40.77.167.4 - - [26/Apr/2025:08:30:44 -0400] "GET /dvds-asia-1p6pv HTTP/1.1" 404 9386 "-" "Mozilla/5.0 AppleWebKit/537.36 (KHTML, like Gecko; compatible; bingbot/2.0; +http://www.bing.com/bingbot.htm) Chrome/116.0.1938.76 Safari/537.36"
66.249.74.99 - - [26/Apr/2025:08:30:44 -0400] "GET /store.php-West-Palm-Beach_Add-to-cart/phcash-lucky-online HTTP/1.1" 404 9386 "-" "Mozilla/5.0 (Linux; Android 6.0.1; Nexus 5X Build/MMB29P) AppleWebKit/537.36 (KHTML, like Gecko) Chrome/135.0.7049.95 Mobile Safari/537.36 (compatible; GoogleOther)"
2a03:2880:f800:5:: - - [26/Apr/2025:08:30:45 -0400] "GET /good.php/shopdetail/6719963137.html HTTP/1.1" 200 0 "-" "meta-externalagent/1.1 (+https://developers.facebook.com/docs/sharing/webmasters/crawler)"
40.77.167.4 - - [26/Apr/2025:08:30:46 -0400] "GET /blu-ray-tv-dramas-23rlm HTTP/1.1" 404 9386 "-" "Mozilla/5.0 AppleWebKit/537.36 (KHTML, like Gecko; compatible; bingbot/2.0; +http://www.bing.com/bingbot.htm) Chrome/116.0.1938.76 Safari/537.36"
66.249.74.99 - - [26/Apr/2025:08:30:48 -0400] "GET /computers-apple-watches-dqpj HTTP/1.1" 404 9386 "-" "Mozilla/5.0 (Linux; Android 6.0.1; Nexus 5X Build/MMB29P) AppleWebKit/537.36 (KHTML, like Gecko) Chrome/135.0.7049.114 Mobile Safari/537.36 (compatible; Googlebot/2.1; +http://www.google.com/bot.html)"
2a03:2880:f800:12:: - - [26/Apr/2025:08:30:50 -0400] "GET /good.php/shopdetail/20319233137.html HTTP/1.1" 200 0 "-" "meta-externalagent/1.1 (+https://developers.facebook.com/docs/sharing/webmasters/crawler)"
51.222.253.12 - - [26/Apr/2025:08:30:53 -0400] "GET /good.php/shopdetail/39809373137.html HTTP/1.1" 200 0 "-" "Mozilla/5.0 (compatible; AhrefsBot/7.0; +http://ahrefs.com/robot/)"
40.77.167.23 - - [26/Apr/2025:08:30:55 -0400] "GET /offshore-safety-course/ HTTP/1.1" 200 18527 "-" "Mozilla/5.0 AppleWebKit/537.36 (KHTML, like Gecko; compatible; bingbot/2.0; +http://www.bing.com/bingbot.htm) Chrome/116.0.1938.76 Safari/537.36"
66.249.74.99 - - [26/Apr/2025:08:30:55 -0400] "GET /store.php?Manorville/93jili-com HTTP/1.1" 200 181 "-" "Mozilla/5.0 (Linux; Android 6.0.1; Nexus 5X Build/MMB29P) AppleWebKit/537.36 (KHTML, like Gecko) Chrome/135.0.7049.95 Mobile Safari/537.36 (compatible; GoogleOther)"
162.0.215.210 - - [26/Apr/2025:08:30:56 -0400] "POST /wp-cron.php?doing_wp_cron=1745670656.2177250385284423828125 HTTP/1.1" 200 0 "-" "WordPress/6.8; https://oiltrain.org"
40.77.167.23 - - [26/Apr/2025:08:30:55 -0400] "GET /health-minerals-q4ss HTTP/1.1" 404 9388 "-" "Mozilla/5.0 AppleWebKit/537.36 (KHTML, like Gecko; compatible; bingbot/2.0; +http://www.bing.com/bingbot.htm) Chrome/116.0.1938.76 Safari/537.36"
162.0.215.210 - - [26/Apr/2025:08:30:56 -0400] "POST /wp-admin/admin-ajax.php?action=async_litespeed&nonce=o5l1tmCmwBFq2CfHIEP6CN9NAJgfhj79&litespeed_type=imgoptm HTTP/1.1" 200 5 "-" "WordPress/6.8; https://oiltrain.org"
66.249.74.99 - - [26/Apr/2025:08:30:58 -0400] "GET /outdoor-reels-1dsxb HTTP/1.1" 404 9386 "-" "Mozilla/5.0 (Linux; Android 6.0.1; Nexus 5X Build/MMB29P) AppleWebKit/537.36 (KHTML, like Gecko) Chrome/135.0.7049.114 Mobile Safari/537.36 (compatible; Googlebot/2.1; +http://www.google.com/bot.html)"
66.249.74.99 - - [26/Apr/2025:08:30:59 -0400] "GET /decor-ceiling-lights-8f56 HTTP/1.1" 404 9386 "-" "Mozilla/5.0 (Linux; Android 6.0.1; Nexus 5X Build/MMB29P) AppleWebKit/537.36 (KHTML, like Gecko) Chrome/135.0.7049.114 Mobile Safari/537.36 (compatible; Googlebot/2.1; +http://www.google.com/bot.html)"
66.249.74.99 - - [26/Apr/2025:08:30:59 -0400] "GET /store.php?Monroe/lottery-plus HTTP/1.1" 200 181 "-" "Mozilla/5.0 (Linux; Android 6.0.1; Nexus 5X Build/MMB29P) AppleWebKit/537.36 (KHTML, like Gecko) Chrome/135.0.7049.95 Mobile Safari/537.36 (compatible; GoogleOther)"
66.249.74.99 - - [26/Apr/2025:08:31:03 -0400] "GET /store.php?Uvalde_Add-to-cart/m-jili77 HTTP/1.1" 200 181 "-" "Mozilla/5.0 (Linux; Android 6.0.1; Nexus 5X Build/MMB29P) AppleWebKit/537.36 (KHTML, like Gecko) Chrome/135.0.7049.95 Mobile Safari/537.36 (compatible; GoogleOther)"
2a03:2880:f800:: - - [26/Apr/2025:08:31:04 -0400] "GET /good.php/shopdetail/26621473137.html HTTP/1.1" 200 0 "-" "meta-externalagent/1.1 (+https://developers.facebook.com/docs/sharing/webmasters/crawler)"
51.222.253.11 - - [26/Apr/2025:08:31:04 -0400] "GET /good.php/shopdetail/39836843137.html HTTP/1.1" 200 0 "-" "Mozilla/5.0 (compatible; AhrefsBot/7.0; +http://ahrefs.com/robot/)"
2a03:2880:f800:1b:: - - [26/Apr/2025:08:31:06 -0400] "GET /good.php/shopdetail/16926053137.html HTTP/1.1" 200 0 "-" "meta-externalagent/1.1 (+https://developers.facebook.com/docs/sharing/webmasters/crawler)"
66.249.74.99 - - [26/Apr/2025:08:31:07 -0400] "GET /store.php?San-Jose/jili-337-live HTTP/1.1" 200 181 "-" "Mozilla/5.0 (Linux; Android 6.0.1; Nexus 5X Build/MMB29P) AppleWebKit/537.36 (KHTML, like Gecko) Chrome/135.0.7049.95 Mobile Safari/537.36 (compatible; GoogleOther)"
66.249.74.99 - - [26/Apr/2025:08:31:09 -0400] "GET /bicycles-parts-omol HTTP/1.1" 404 9386 "-" "Mozilla/5.0 (Linux; Android 6.0.1; Nexus 5X Build/MMB29P) AppleWebKit/537.36 (KHTML, like Gecko) Chrome/135.0.7049.114 Mobile Safari/537.36 (compatible; Googlebot/2.1; +http://www.google.com/bot.html)"
51.222.253.11 - - [26/Apr/2025:08:31:15 -0400] "GET /good.php/shopdetail/39846953137.html HTTP/1.1" 200 0 "-" "Mozilla/5.0 (compatible; AhrefsBot/7.0; +http://ahrefs.com/robot/)"
66.249.74.99 - - [26/Apr/2025:08:31:15 -0400] "GET /?motorcycles-parts-p2jt HTTP/1.1" 200 25411 "-" "Mozilla/5.0 (Linux; Android 6.0.1; Nexus 5X Build/MMB29P) AppleWebKit/537.36 (KHTML, like Gecko) Chrome/135.0.7049.114 Mobile Safari/537.36 (compatible; Googlebot/2.1; +http://www.google.com/bot.html)"
2a03:2880:f800:17:: - - [26/Apr/2025:08:31:16 -0400] "GET /good.php/shopdetail/37850793137.html HTTP/1.1" 200 0 "-" "meta-externalagent/1.1 (+https://developers.facebook.com/docs/sharing/webmasters/crawler)"
66.249.74.99 - - [26/Apr/2025:08:31:18 -0400] "GET /store.php?Joliet/mines-mackay HTTP/1.1" 200 181 "-" "Mozilla/5.0 (Linux; Android 6.0.1; Nexus 5X Build/MMB29P) AppleWebKit/537.36 (KHTML, like Gecko) Chrome/135.0.7049.95 Mobile Safari/537.36 (compatible; GoogleOther)"
40.77.167.23 - - [26/Apr/2025:08:31:20 -0400] "GET /?s=%D0%BF%D0%BE%D0%B3%D0%BE%D0%B4%D0%B0+%D0%B2+%D0%B3%D0%BE%D0%B0+%D1%81%D0%B5%D0%B9%D1%87%D0%B0%D1%81 HTTP/1.1" 200 13639 "-" "Mozilla/5.0 AppleWebKit/537.36 (KHTML, like Gecko; compatible; bingbot/2.0; +http://www.bing.com/bingbot.htm) Chrome/116.0.1938.76 Safari/537.36"
2a03:2880:f800:1d:: - - [26/Apr/2025:08:31:21 -0400] "GET /good.php/shopdetail/16369783137.html HTTP/1.1" 200 0 "-" "meta-externalagent/1.1 (+https://developers.facebook.com/docs/sharing/webmasters/crawler)"
2a03:2880:f800:: - - [26/Apr/2025:08:31:21 -0400] "GET /good.php/shopdetail/11782953137.html HTTP/1.1" 200 0 "-" "meta-externalagent/1.1 (+https://developers.facebook.com/docs/sharing/webmasters/crawler)"
2a03:2880:f800:c:: - - [26/Apr/2025:08:31:23 -0400] "GET /good.php/shopdetail/38264683137.html HTTP/1.1" 200 0 "-" "meta-externalagent/1.1 (+https://developers.facebook.com/docs/sharing/webmasters/crawler)"
52.167.144.203 - - [26/Apr/2025:08:31:24 -0400] "GET /character-girls-sih4 HTTP/1.1" 404 9386 "-" "Mozilla/5.0 AppleWebKit/537.36 (KHTML, like Gecko; compatible; bingbot/2.0; +http://www.bing.com/bingbot.htm) Chrome/116.0.1938.76 Safari/537.36"
51.222.253.7 - - [26/Apr/2025:08:31:28 -0400] "GET /good.php/shopdetail/39854703137.html HTTP/1.1" 200 0 "-" "Mozilla/5.0 (compatible; AhrefsBot/7.0; +http://ahrefs.com/robot/)"
66.249.74.99 - - [26/Apr/2025:08:31:29 -0400] "GET /store.php?Sherman/poker-face-chords HTTP/1.1" 200 181 "-" "Mozilla/5.0 (Linux; Android 6.0.1; Nexus 5X Build/MMB29P) AppleWebKit/537.36 (KHTML, like Gecko) Chrome/135.0.7049.95 Mobile Safari/537.36 (compatible; GoogleOther)"
2a03:2880:f800:17:: - - [26/Apr/2025:08:31:30 -0400] "GET /good.php/shopdetail/17987813137.html HTTP/1.1" 200 0 "-" "meta-externalagent/1.1 (+https://developers.facebook.com/docs/sharing/webmasters/crawler)"
66.249.74.99 - - [26/Apr/2025:08:31:32 -0400] "GET /store.php?What-We-Do/mnl777%20review%20lottery HTTP/1.1" 200 181 "-" "Mozilla/5.0 (Linux; Android 6.0.1; Nexus 5X Build/MMB29P) AppleWebKit/537.36 (KHTML, like Gecko) Chrome/135.0.7049.95 Mobile Safari/537.36 (compatible; GoogleOther)"
66.249.74.99 - - [26/Apr/2025:08:31:40 -0400] "GET /store.php?Akron/zynga-poker-pc HTTP/1.1" 200 181 "-" "Mozilla/5.0 (Linux; Android 6.0.1; Nexus 5X Build/MMB29P) AppleWebKit/537.36 (KHTML, like Gecko) Chrome/135.0.7049.95 Mobile Safari/537.36 (compatible; GoogleOther)"
162.0.215.210 - - [26/Apr/2025:08:31:42 -0400] "POST /wp-cron.php?doing_wp_cron=1745670702.2513120174407958984375 HTTP/1.1" 200 0 "-" "WordPress/6.8; https://oiltrain.org"
40.77.167.4 - - [26/Apr/2025:08:31:41 -0400] "GET /?s=writ+petition+challenge+to+section+8+arbitration+application HTTP/1.1" 200 13610 "-" "Mozilla/5.0 AppleWebKit/537.36 (KHTML, like Gecko; compatible; bingbot/2.0; +http://www.bing.com/bingbot.htm) Chrome/116.0.1938.76 Safari/537.36"
66.249.74.99 - - [26/Apr/2025:08:31:43 -0400] "GET /store.php?Oklahoma-City/fbjili-games-bingo HTTP/1.1" 200 181 "-" "Mozilla/5.0 (Linux; Android 6.0.1; Nexus 5X Build/MMB29P) AppleWebKit/537.36 (KHTML, like Gecko) Chrome/135.0.7049.95 Mobile Safari/537.36 (compatible; GoogleOther)"
2a03:2880:f800:18:: - - [26/Apr/2025:08:31:45 -0400] "GET /good.php/shopdetail/15751733137.html HTTP/1.1" 200 0 "-" "meta-externalagent/1.1 (+https://developers.facebook.com/docs/sharing/webmasters/crawler)"
51.222.253.15 - - [26/Apr/2025:08:31:46 -0400] "GET /good.php/shopdetail/39856043137.html HTTP/1.1" 200 0 "-" "Mozilla/5.0 (compatible; AhrefsBot/7.0; +http://ahrefs.com/robot/)"
66.249.74.99 - - [26/Apr/2025:08:31:51 -0400] "GET /store.php-Lancaster_Add-to-cart/keo-nha-bet88 HTTP/1.1" 404 9386 "-" "Mozilla/5.0 (Linux; Android 6.0.1; Nexus 5X Build/MMB29P) AppleWebKit/537.36 (KHTML, like Gecko) Chrome/135.0.7049.95 Mobile Safari/537.36 (compatible; GoogleOther)"
51.222.253.12 - - [26/Apr/2025:08:31:56 -0400] "GET /good.php/shopdetail/39868953137.html HTTP/1.1" 200 0 "-" "Mozilla/5.0 (compatible; AhrefsBot/7.0; +http://ahrefs.com/robot/)"
2a03:2880:f800:c:: - - [26/Apr/2025:08:31:57 -0400] "GET /good.php/shopdetail/21353363137.html HTTP/1.1" 200 0 "-" "meta-externalagent/1.1 (+https://developers.facebook.com/docs/sharing/webmasters/crawler)"
162.0.215.210 - - [26/Apr/2025:08:31:58 -0400] "POST /wp-cron.php?doing_wp_cron=1745670717.9523549079895019531250 HTTP/1.1" 200 0 "-" "WordPress/6.8; https://oiltrain.org"
66.249.74.99 - - [26/Apr/2025:08:31:57 -0400] "GET /category/3933/listing HTTP/1.1" 404 9386 "-" "Mozilla/5.0 (Linux; Android 6.0.1; Nexus 5X Build/MMB29P) AppleWebKit/537.36 (KHTML, like Gecko) Chrome/135.0.7049.114 Mobile Safari/537.36 (compatible; Googlebot/2.1; +http://www.google.com/bot.html)"
162.0.215.210 - - [26/Apr/2025:08:31:58 -0400] "POST /wp-admin/admin-ajax.php?action=async_litespeed&nonce=u3rvDz3easxk4ChY3ecpfVHV07bWeTBo&litespeed_type=imgoptm HTTP/1.1" 200 5 "-" "WordPress/6.8; https://oiltrain.org"
66.249.74.100 - - [26/Apr/2025:08:32:02 -0400] "GET /store.php?Alpharetta_Add-to-cart/gfplay-dice-game-lottery HTTP/1.1" 200 181 "-" "Mozilla/5.0 (Linux; Android 6.0.1; Nexus 5X Build/MMB29P) AppleWebKit/537.36 (KHTML, like Gecko) Chrome/135.0.7049.95 Mobile Safari/537.36 (compatible; GoogleOther)"
66.249.74.101 - - [26/Apr/2025:08:32:06 -0400] "GET /store.php?Blanding/para-saan-ang-telegram HTTP/1.1" 200 181 "-" "Mozilla/5.0 (Linux; Android 6.0.1; Nexus 5X Build/MMB29P) AppleWebKit/537.36 (KHTML, like Gecko) Chrome/135.0.7049.95 Mobile Safari/537.36 (compatible; GoogleOther)"
51.222.253.16 - - [26/Apr/2025:08:32:06 -0400] "GET /good.php/shopdetail/39870733137.html HTTP/1.1" 200 0 "-" "Mozilla/5.0 (compatible; AhrefsBot/7.0; +http://ahrefs.com/robot/)"
2a03:2880:f800:8:: - - [26/Apr/2025:08:32:08 -0400] "GET /good.php/shopdetail/35921423137.html HTTP/1.1" 200 0 "-" "meta-externalagent/1.1 (+https://developers.facebook.com/docs/sharing/webmasters/crawler)"
66.249.74.99 - - [26/Apr/2025:08:32:14 -0400] "GET /store.php?Hillsboro/punkty-stacjonarne-lvbet HTTP/1.1" 200 181 "-" "Mozilla/5.0 (Linux; Android 6.0.1; Nexus 5X Build/MMB29P) AppleWebKit/537.36 (KHTML, like Gecko) Chrome/135.0.7049.95 Mobile Safari/537.36 (compatible; GoogleOther)"
51.222.253.3 - - [26/Apr/2025:08:32:17 -0400] "GET /good.php/shopdetail/39915503137.html HTTP/1.1" 200 0 "-" "Mozilla/5.0 (compatible; AhrefsBot/7.0; +http://ahrefs.com/robot/)"
2a03:2880:f800:1b:: - - [26/Apr/2025:08:32:21 -0400] "GET /good.php/shopdetail/6645653137.html HTTP/1.1" 200 0 "-" "meta-externalagent/1.1 (+https://developers.facebook.com/docs/sharing/webmasters/crawler)"
66.249.74.99 - - [26/Apr/2025:08:32:23 -0400] "GET /store.php?Ludington/aces-poker HTTP/1.1" 200 181 "-" "Mozilla/5.0 (Linux; Android 6.0.1; Nexus 5X Build/MMB29P) AppleWebKit/537.36 (KHTML, like Gecko) Chrome/135.0.7049.95 Mobile Safari/537.36 (compatible; GoogleOther)"
66.249.74.99 - - [26/Apr/2025:08:32:26 -0400] "GET /store.php-Ventura_Add-to-cart/Betkubi-fortune-777 HTTP/1.1" 404 9386 "-" "Mozilla/5.0 (Linux; Android 6.0.1; Nexus 5X Build/MMB29P) AppleWebKit/537.36 (KHTML, like Gecko) Chrome/135.0.7049.95 Mobile Safari/537.36 (compatible; GoogleOther)"
51.222.253.6 - - [26/Apr/2025:08:32:27 -0400] "GET /good.php/shopdetail/39950873137.html HTTP/1.1" 200 0 "-" "Mozilla/5.0 (compatible; AhrefsBot/7.0; +http://ahrefs.com/robot/)"
2a03:2880:f800:4:: - - [26/Apr/2025:08:32:30 -0400] "GET /good.php/shopdetail/15955363137.html HTTP/1.1" 200 0 "-" "meta-externalagent/1.1 (+https://developers.facebook.com/docs/sharing/webmasters/crawler)"
2a03:2880:f800:18:: - - [26/Apr/2025:08:32:31 -0400] "GET /good.php/shopdetail/10511163137.html HTTP/1.1" 200 0 "-" "meta-externalagent/1.1 (+https://developers.facebook.com/docs/sharing/webmasters/crawler)"
2a03:2880:f800:1c:: - - [26/Apr/2025:08:32:31 -0400] "GET /good.php/shopdetail/37900363137.html HTTP/1.1" 200 0 "-" "meta-externalagent/1.1 (+https://developers.facebook.com/docs/sharing/webmasters/crawler)"
66.249.74.99 - - [26/Apr/2025:08:32:34 -0400] "GET /store.php?Madison_Add-to-cart/lottery-odds-nba HTTP/1.1" 200 181 "-" "Mozilla/5.0 (Linux; Android 6.0.1; Nexus 5X Build/MMB29P) AppleWebKit/537.36 (KHTML, like Gecko) Chrome/135.0.7049.95 Mobile Safari/537.36 (compatible; GoogleOther)"
162.0.215.210 - - [26/Apr/2025:08:32:38 -0400] "POST /wp-cron.php?doing_wp_cron=1745670758.1273219585418701171875 HTTP/1.1" 200 0 "-" "WordPress/6.8; https://oiltrain.org"
40.77.167.4 - - [26/Apr/2025:08:32:37 -0400] "GET /cameras-dac-3e55 HTTP/1.1" 404 9386 "-" "Mozilla/5.0 AppleWebKit/537.36 (KHTML, like Gecko; compatible; bingbot/2.0; +http://www.bing.com/bingbot.htm) Chrome/116.0.1938.76 Safari/537.36"
66.249.74.99 - - [26/Apr/2025:08:32:37 -0400] "GET /store.php-Muskogee_Add-to-cart/1xbet-somalia-free HTTP/1.1" 404 9386 "-" "Mozilla/5.0 (Linux; Android 6.0.1; Nexus 5X Build/MMB29P) AppleWebKit/537.36 (KHTML, like Gecko) Chrome/135.0.7049.95 Mobile Safari/537.36 (compatible; GoogleOther)"
51.222.253.1 - - [26/Apr/2025:08:32:41 -0400] "GET /good.php/shopdetail/3996963137.html HTTP/1.1" 200 0 "-" "Mozilla/5.0 (compatible; AhrefsBot/7.0; +http://ahrefs.com/robot/)"
66.249.74.99 - - [26/Apr/2025:08:32:47 -0400] "GET /store.php?Kenora/nautical-course-philippines HTTP/1.1" 200 181 "-" "Mozilla/5.0 (Linux; Android 6.0.1; Nexus 5X Build/MMB29P) AppleWebKit/537.36 (KHTML, like Gecko) Chrome/135.0.7049.95 Mobile Safari/537.36 (compatible; GoogleOther)"
74.125.212.3 - - [26/Apr/2025:08:32:50 -0400] "GET /.well-known/traffic-advice HTTP/1.1" 404 9388 "-" "Chrome Privacy Preserving Prefetch Proxy"
2001:4860:7:305::ff - - [26/Apr/2025:08:32:50 -0400] "GET /store.php?cart/dirtyship HTTP/1.1" 200 181 "https://www.google.com/" "Mozilla/5.0 (Linux; Android 10; K) AppleWebKit/537.36 (KHTML, like Gecko) Chrome/135.0.0.0 Mobile Safari/537.36"
51.222.253.15 - - [26/Apr/2025:08:32:51 -0400] "GET /good.php/shopdetail/3997483137.html HTTP/1.1" 200 0 "-" "Mozilla/5.0 (compatible; AhrefsBot/7.0; +http://ahrefs.com/robot/)"
2a03:2880:f800:f:: - - [26/Apr/2025:08:32:55 -0400] "GET /good.php/shopdetail/22781093137.html HTTP/1.1" 200 0 "-" "meta-externalagent/1.1 (+https://developers.facebook.com/docs/sharing/webmasters/crawler)"
66.249.74.99 - - [26/Apr/2025:08:33:00 -0400] "GET /store.php?Barstow/i-love-jili HTTP/1.1" 200 181 "-" "Mozilla/5.0 (Linux; Android 6.0.1; Nexus 5X Build/MMB29P) AppleWebKit/537.36 (KHTML, like Gecko) Chrome/135.0.7049.95 Mobile Safari/537.36 (compatible; GoogleOther)"
162.0.215.210 - - [26/Apr/2025:08:33:02 -0400] "POST /wp-cron.php?doing_wp_cron=1745670782.3310360908508300781250 HTTP/1.1" 200 0 "-" "WordPress/6.8; https://oiltrain.org"
66.249.74.99 - - [26/Apr/2025:08:33:01 -0400] "GET /dvds-asia-2iklx HTTP/1.1" 404 9386 "-" "Mozilla/5.0 (Linux; Android 6.0.1; Nexus 5X Build/MMB29P) AppleWebKit/537.36 (KHTML, like Gecko) Chrome/135.0.7049.114 Mobile Safari/537.36 (compatible; Googlebot/2.1; +http://www.google.com/bot.html)"
162.0.215.210 - - [26/Apr/2025:08:33:02 -0400] "POST /wp-admin/admin-ajax.php?action=async_litespeed&nonce=aJhriY82w29KOmDTIa4cr8RcjTzMXnuT&litespeed_type=imgoptm HTTP/1.1" 200 5 "-" "WordPress/6.8; https://oiltrain.org"
66.249.74.100 - - [26/Apr/2025:08:33:03 -0400] "GET /store.php?Des-Moines/24-casino HTTP/1.1" 200 181 "-" "Mozilla/5.0 (Linux; Android 6.0.1; Nexus 5X Build/MMB29P) AppleWebKit/537.36 (KHTML, like Gecko) Chrome/135.0.7049.95 Mobile Safari/537.36 (compatible; GoogleOther)"
2a03:2880:f800:12:: - - [26/Apr/2025:08:33:05 -0400] "GET /good.php/shopdetail/716273137.html HTTP/1.1" 200 0 "-" "meta-externalagent/1.1 (+https://developers.facebook.com/docs/sharing/webmasters/crawler)"
51.222.253.15 - - [26/Apr/2025:08:33:06 -0400] "GET /good.php/shopdetail/39989753137.html HTTP/1.1" 200 0 "-" "Mozilla/5.0 (compatible; AhrefsBot/7.0; +http://ahrefs.com/robot/)"
66.249.74.99 - - [26/Apr/2025:08:33:07 -0400] "GET /store.php?Add-to-cart/g7bet%20lottery%20games HTTP/1.1" 200 181 "-" "Mozilla/5.0 (Linux; Android 6.0.1; Nexus 5X Build/MMB29P) AppleWebKit/537.36 (KHTML, like Gecko) Chrome/135.0.7049.95 Mobile Safari/537.36 (compatible; GoogleOther)"
2a03:2880:f800:a:: - - [26/Apr/2025:08:33:08 -0400] "GET /good.php/shopdetail/12025313137.html HTTP/1.1" 200 0 "-" "meta-externalagent/1.1 (+https://developers.facebook.com/docs/sharing/webmasters/crawler)"
2a03:2880:f800:19:: - - [26/Apr/2025:08:33:09 -0400] "GET /good.php/shopdetail/3729973137.html HTTP/1.1" 200 0 "-" "meta-externalagent/1.1 (+https://developers.facebook.com/docs/sharing/webmasters/crawler)"
40.77.167.23 - - [26/Apr/2025:08:33:09 -0400] "GET /?s=shaiden+rogue+blowjob HTTP/1.1" 200 13569 "-" "Mozilla/5.0 AppleWebKit/537.36 (KHTML, like Gecko; compatible; bingbot/2.0; +http://www.bing.com/bingbot.htm) Chrome/116.0.1938.76 Safari/537.36"
66.249.74.100 - - [26/Apr/2025:08:33:10 -0400] "GET /store.php?Beaumont/frontier88-net HTTP/1.1" 200 181 "-" "Mozilla/5.0 (Linux; Android 6.0.1; Nexus 5X Build/MMB29P) AppleWebKit/537.36 (KHTML, like Gecko) Chrome/135.0.7049.95 Mobile Safari/537.36 (compatible; GoogleOther)"
52.167.144.203 - - [26/Apr/2025:08:33:10 -0400] "GET /?s=dorico+pro+delete+pick+up+measure HTTP/1.1" 200 13572 "-" "Mozilla/5.0 AppleWebKit/537.36 (KHTML, like Gecko; compatible; bingbot/2.0; +http://www.bing.com/bingbot.htm) Chrome/116.0.1938.76 Safari/537.36"
66.249.74.99 - - [26/Apr/2025:08:33:13 -0400] "GET /store.php?Gulfport/jili-hacker HTTP/1.1" 200 181 "-" "Mozilla/5.0 (Linux; Android 6.0.1; Nexus 5X Build/MMB29P) AppleWebKit/537.36 (KHTML, like Gecko) Chrome/135.0.7049.95 Mobile Safari/537.36 (compatible; GoogleOther)"
2a03:2880:f800:10:: - - [26/Apr/2025:08:33:17 -0400] "GET /good.php/shopdetail/39545343137.html HTTP/1.1" 200 0 "-" "meta-externalagent/1.1 (+https://developers.facebook.com/docs/sharing/webmasters/crawler)"
2a03:2880:f800:5:: - - [26/Apr/2025:08:33:18 -0400] "GET /good.php/shopdetail/29127933137.html HTTP/1.1" 200 0 "-" "meta-externalagent/1.1 (+https://developers.facebook.com/docs/sharing/webmasters/crawler)"
51.222.253.7 - - [26/Apr/2025:08:33:18 -0400] "GET /good.php/shopdetail/4020143137.html HTTP/1.1" 200 0 "-" "Mozilla/5.0 (compatible; AhrefsBot/7.0; +http://ahrefs.com/robot/)"
66.249.74.99 - - [26/Apr/2025:08:33:21 -0400] "GET /store.php?San-Jose_Add-to-cart/phdream7-com-m-home HTTP/1.1" 200 181 "-" "Mozilla/5.0 (Linux; Android 6.0.1; Nexus 5X Build/MMB29P) AppleWebKit/537.36 (KHTML, like Gecko) Chrome/135.0.7049.95 Mobile Safari/537.36 (compatible; GoogleOther)"
66.249.74.99 - - [26/Apr/2025:08:33:27 -0400] "GET /store.php?Colby/sg777-games-big HTTP/1.1" 200 181 "-" "Mozilla/5.0 (Linux; Android 6.0.1; Nexus 5X Build/MMB29P) AppleWebKit/537.36 (KHTML, like Gecko) Chrome/135.0.7049.114 Mobile Safari/537.36 (compatible; Googlebot/2.1; +http://www.google.com/bot.html)"
66.249.74.99 - - [26/Apr/2025:08:33:31 -0400] "GET /store.php?Bellaire/loco-casino HTTP/1.1" 200 181 "-" "Mozilla/5.0 (Linux; Android 6.0.1; Nexus 5X Build/MMB29P) AppleWebKit/537.36 (KHTML, like Gecko) Chrome/135.0.7049.95 Mobile Safari/537.36 (compatible; GoogleOther)"
51.222.253.4 - - [26/Apr/2025:08:33:32 -0400] "GET /good.php/shopdetail/4027183137.html HTTP/1.1" 200 0 "-" "Mozilla/5.0 (compatible; AhrefsBot/7.0; +http://ahrefs.com/robot/)"
2a03:2880:f800:1c:: - - [26/Apr/2025:08:33:34 -0400] "GET /good.php/shopdetail/2979823137.html HTTP/1.1" 200 0 "-" "meta-externalagent/1.1 (+https://developers.facebook.com/docs/sharing/webmasters/crawler)"
66.249.74.99 - - [26/Apr/2025:08:33:34 -0400] "GET /store.php?Kansas-City/poker-5-carte HTTP/1.1" 200 181 "-" "Mozilla/5.0 (Linux; Android 6.0.1; Nexus 5X Build/MMB29P) AppleWebKit/537.36 (KHTML, like Gecko) Chrome/135.0.7049.95 Mobile Safari/537.36 (compatible; GoogleOther)"
66.249.74.99 - - [26/Apr/2025:08:33:39 -0400] "GET /store.php?Anaheim/lottery-news HTTP/1.1" 200 181 "-" "Mozilla/5.0 (Linux; Android 6.0.1; Nexus 5X Build/MMB29P) AppleWebKit/537.36 (KHTML, like Gecko) Chrome/135.0.7049.95 Mobile Safari/537.36 (compatible; GoogleOther)"
66.249.74.99 - - [26/Apr/2025:08:33:43 -0400] "GET /store.php?Vineland/amazon-prime-lol HTTP/1.1" 200 181 "-" "Mozilla/5.0 (Linux; Android 6.0.1; Nexus 5X Build/MMB29P) AppleWebKit/537.36 (KHTML, like Gecko) Chrome/135.0.7049.95 Mobile Safari/537.36 (compatible; GoogleOther)"
51.222.253.7 - - [26/Apr/2025:08:33:50 -0400] "GET /good.php/shopdetail/4038663137.html HTTP/1.1" 200 0 "-" "Mozilla/5.0 (compatible; AhrefsBot/7.0; +http://ahrefs.com/robot/)"
51.222.253.3 - - [26/Apr/2025:08:33:55 -0400] "GET /good.php/shopdetail/4093633137.html HTTP/1.1" 200 0 "-" "Mozilla/5.0 (compatible; AhrefsBot/7.0; +http://ahrefs.com/robot/)"
66.249.74.97 - - [26/Apr/2025:08:33:55 -0400] "GET /store.php?Bainbridge_Add-to-cart/pixel-na-digmaan HTTP/1.1" 200 181 "-" "Mozilla/5.0 (Linux; Android 6.0.1; Nexus 5X Build/MMB29P) AppleWebKit/537.36 (KHTML, like Gecko) Chrome/135.0.7049.95 Mobile Safari/537.36 (compatible; GoogleOther)"
2a03:2880:f800:16:: - - [26/Apr/2025:08:33:58 -0400] "GET /good.php/shopdetail/33478273137.html HTTP/1.1" 200 0 "-" "meta-externalagent/1.1 (+https://developers.facebook.com/docs/sharing/webmasters/crawler)"
51.222.253.15 - - [26/Apr/2025:08:34:06 -0400] "GET /good.php/shopdetail/4093983137.html HTTP/1.1" 200 0 "-" "Mozilla/5.0 (compatible; AhrefsBot/7.0; +http://ahrefs.com/robot/)"
66.249.74.98 - - [26/Apr/2025:08:34:06 -0400] "GET /robots.txt HTTP/1.1" 304 0 "-" "Mozilla/5.0 (compatible; Googlebot/2.1; +http://www.google.com/bot.html)"
20.15.133.164 - - [26/Apr/2025:08:34:06 -0400] "GET /robots.txt HTTP/1.1" 304 0 "-" "Mozilla/5.0 AppleWebKit/537.36 (KHTML, like Gecko; compatible; bingbot/2.0; +http://www.bing.com/bingbot.htm) Chrome/116.0.1938.76 Safari/537.36"
66.249.74.97 - - [26/Apr/2025:08:34:06 -0400] "GET /store.php?Dubuque/monsieur-vegas-app HTTP/1.1" 200 181 "-" "Mozilla/5.0 (Linux; Android 6.0.1; Nexus 5X Build/MMB29P) AppleWebKit/537.36 (KHTML, like Gecko) Chrome/135.0.7049.95 Mobile Safari/537.36 (compatible; GoogleOther)"
2a03:2880:f800:13:: - - [26/Apr/2025:08:34:08 -0400] "GET /good.php/shopdetail/2237173137.html HTTP/1.1" 200 0 "-" "meta-externalagent/1.1 (+https://developers.facebook.com/docs/sharing/webmasters/crawler)"
66.249.74.97 - - [26/Apr/2025:08:34:10 -0400] "GET /store.php?Asheboro/poker-malette HTTP/1.1" 200 181 "-" "Mozilla/5.0 (Linux; Android 6.0.1; Nexus 5X Build/MMB29P) AppleWebKit/537.36 (KHTML, like Gecko) Chrome/135.0.7049.95 Mobile Safari/537.36 (compatible; GoogleOther)"
162.0.215.210 - - [26/Apr/2025:08:34:12 -0400] "POST /wp-cron.php?doing_wp_cron=1745670852.2763760089874267578125 HTTP/1.1" 200 0 "-" "WordPress/6.8; https://oiltrain.org"
40.77.167.4 - - [26/Apr/2025:08:34:10 -0400] "GET /tablets-smartphones-tjcv HTTP/1.1" 404 9386 "-" "Mozilla/5.0 AppleWebKit/537.36 (KHTML, like Gecko; compatible; bingbot/2.0; +http://www.bing.com/bingbot.htm) Chrome/116.0.1938.76 Safari/537.36"
2a03:2880:f800:11:: - - [26/Apr/2025:08:34:13 -0400] "GET /good.php/shopdetail/7237063137.html HTTP/1.1" 200 0 "-" "meta-externalagent/1.1 (+https://developers.facebook.com/docs/sharing/webmasters/crawler)"
2a03:2880:f800:c:: - - [26/Apr/2025:08:34:13 -0400] "GET /good.php/shopdetail/39207293137.html HTTP/1.1" 200 0 "-" "meta-externalagent/1.1 (+https://developers.facebook.com/docs/sharing/webmasters/crawler)"
162.0.215.210 - - [26/Apr/2025:08:34:13 -0400] "POST /wp-admin/admin-ajax.php?action=async_litespeed&nonce=YuzelxPzPp5HweYlzWQVrobrJ06uahj1&litespeed_type=imgoptm HTTP/1.1" 200 5 "-" "WordPress/6.8; https://oiltrain.org"
66.249.74.97 - - [26/Apr/2025:08:34:14 -0400] "GET /store.php?Lottery/bigwin%20dice%20game%20casino HTTP/1.1" 200 181 "-" "Mozilla/5.0 (Linux; Android 6.0.1; Nexus 5X Build/MMB29P) AppleWebKit/537.36 (KHTML, like Gecko) Chrome/135.0.7049.95 Mobile Safari/537.36 (compatible; GoogleOther)"
66.249.74.97 - - [26/Apr/2025:08:34:20 -0400] "GET /store.php?Durham_Add-to-cart/www-ezwin33 HTTP/1.1" 200 181 "-" "Mozilla/5.0 (Linux; Android 6.0.1; Nexus 5X Build/MMB29P) AppleWebKit/537.36 (KHTML, like Gecko) Chrome/135.0.7049.95 Mobile Safari/537.36 (compatible; GoogleOther)"
52.167.144.203 - - [26/Apr/2025:08:34:20 -0400] "GET /pet-supplies-collar-m8s8 HTTP/1.1" 404 9386 "-" "Mozilla/5.0 AppleWebKit/537.36 (KHTML, like Gecko; compatible; bingbot/2.0; +http://www.bing.com/bingbot.htm) Chrome/116.0.1938.76 Safari/537.36"
51.222.253.13 - - [26/Apr/2025:08:34:21 -0400] "GET /good.php/shopdetail/4101693137.html HTTP/1.1" 200 0 "-" "Mozilla/5.0 (compatible; AhrefsBot/7.0; +http://ahrefs.com/robot/)"
40.77.167.4 - - [26/Apr/2025:08:34:20 -0400] "GET /?s=%E4%BB%A5%E3%81%A6%E3%80%80%E6%BC%A2%E6%96%87 HTTP/1.1" 200 13632 "-" "Mozilla/5.0 AppleWebKit/537.36 (KHTML, like Gecko; compatible; bingbot/2.0; +http://www.bing.com/bingbot.htm) Chrome/116.0.1938.76 Safari/537.36"
2a03:2880:f800:4:: - - [26/Apr/2025:08:34:22 -0400] "GET /good.php/shopdetail/35733843137.html HTTP/1.1" 200 0 "-" "meta-externalagent/1.1 (+https://developers.facebook.com/docs/sharing/webmasters/crawler)"
66.249.74.97 - - [26/Apr/2025:08:34:23 -0400] "GET /goods-pins-1akv4 HTTP/1.1" 404 9386 "-" "Mozilla/5.0 (Linux; Android 6.0.1; Nexus 5X Build/MMB29P) AppleWebKit/537.36 (KHTML, like Gecko) Chrome/135.0.7049.114 Mobile Safari/537.36 (compatible; Googlebot/2.1; +http://www.google.com/bot.html)"
2a03:2880:f800:1c:: - - [26/Apr/2025:08:34:24 -0400] "GET /good.php/shopdetail/21632873137.html HTTP/1.1" 200 0 "-" "meta-externalagent/1.1 (+https://developers.facebook.com/docs/sharing/webmasters/crawler)"
40.77.167.4 - - [26/Apr/2025:08:34:26 -0400] "GET /tools-electric-hammers-c7ia HTTP/1.1" 404 9386 "-" "Mozilla/5.0 AppleWebKit/537.36 (KHTML, like Gecko; compatible; bingbot/2.0; +http://www.bing.com/bingbot.htm) Chrome/116.0.1938.76 Safari/537.36"
40.77.167.4 - - [26/Apr/2025:08:34:27 -0400] "GET /air-conditioning-smoking-accessories-3tj8 HTTP/1.1" 404 9386 "-" "Mozilla/5.0 AppleWebKit/537.36 (KHTML, like Gecko; compatible; bingbot/2.0; +http://www.bing.com/bingbot.htm) Chrome/116.0.1938.76 Safari/537.36"
66.249.74.97 - - [26/Apr/2025:08:34:28 -0400] "GET /store.php?Florence/phfun-44-online HTTP/1.1" 200 181 "-" "Mozilla/5.0 (Linux; Android 6.0.1; Nexus 5X Build/MMB29P) AppleWebKit/537.36 (KHTML, like Gecko) Chrome/135.0.7049.95 Mobile Safari/537.36 (compatible; GoogleOther)"
2a03:2880:f800:13:: - - [26/Apr/2025:08:34:29 -0400] "GET /good.php/shopdetail/8205133137.html HTTP/1.1" 200 0 "-" "meta-externalagent/1.1 (+https://developers.facebook.com/docs/sharing/webmasters/crawler)"
66.249.74.97 - - [26/Apr/2025:08:34:32 -0400] "GET /tablets-display-79m0 HTTP/1.1" 404 9386 "-" "Mozilla/5.0 (Linux; Android 6.0.1; Nexus 5X Build/MMB29P) AppleWebKit/537.36 (KHTML, like Gecko) Chrome/135.0.7049.114 Mobile Safari/537.36 (compatible; Googlebot/2.1; +http://www.google.com/bot.html)"
2a03:2880:f800:12:: - - [26/Apr/2025:08:34:33 -0400] "GET /good.php/shopdetail/20261923137.html HTTP/1.1" 200 0 "-" "meta-externalagent/1.1 (+https://developers.facebook.com/docs/sharing/webmasters/crawler)"
51.222.253.6 - - [26/Apr/2025:08:34:36 -0400] "GET /good.php/shopdetail/4108753137.html HTTP/1.1" 200 0 "-" "Mozilla/5.0 (compatible; AhrefsBot/7.0; +http://ahrefs.com/robot/)"
162.0.215.210 - - [26/Apr/2025:08:34:39 -0400] "POST /wp-cron.php?doing_wp_cron=1745670879.4612629413604736328125 HTTP/1.1" 200 0 "-" "WordPress/6.8; https://oiltrain.org"
66.249.74.97 - - [26/Apr/2025:08:34:39 -0400] "GET /store.php?Hackensack/poker-ai HTTP/1.1" 200 181 "-" "Mozilla/5.0 (Linux; Android 6.0.1; Nexus 5X Build/MMB29P) AppleWebKit/537.36 (KHTML, like Gecko) Chrome/135.0.7049.95 Mobile Safari/537.36 (compatible; GoogleOther)"
134.17.14.122 - - [26/Apr/2025:08:34:39 -0400] "GET /userfuns.php HTTP/1.1" 404 9386 "-" "Mozilla/4.0 (compatible; MSIE 6.0; Windows NT 5.1; SV1)"
2a03:2880:f800:f:: - - [26/Apr/2025:08:34:41 -0400] "GET /good.php/shopdetail/38361073137.html HTTP/1.1" 200 0 "-" "meta-externalagent/1.1 (+https://developers.facebook.com/docs/sharing/webmasters/crawler)"
66.249.74.97 - - [26/Apr/2025:08:34:44 -0400] "GET /store.php?Lottery/taiwan%20lottery%20sports HTTP/1.1" 200 181 "-" "Mozilla/5.0 (Linux; Android 6.0.1; Nexus 5X Build/MMB29P) AppleWebKit/537.36 (KHTML, like Gecko) Chrome/135.0.7049.95 Mobile Safari/537.36 (compatible; GoogleOther)"
66.249.74.97 - - [26/Apr/2025:08:34:48 -0400] "GET /store.php?Hyannis/kazuchka-okada HTTP/1.1" 200 181 "-" "Mozilla/5.0 (Linux; Android 6.0.1; Nexus 5X Build/MMB29P) AppleWebKit/537.36 (KHTML, like Gecko) Chrome/135.0.7049.95 Mobile Safari/537.36 (compatible; GoogleOther)"
51.222.253.2 - - [26/Apr/2025:08:34:51 -0400] "GET /good.php/shopdetail/411253137.html HTTP/1.1" 200 0 "-" "Mozilla/5.0 (compatible; AhrefsBot/7.0; +http://ahrefs.com/robot/)"
66.249.74.97 - - [26/Apr/2025:08:34:52 -0400] "GET /store.php-Duluth_Add-to-cart/dbx777-bingo-card-review HTTP/1.1" 404 9386 "-" "Mozilla/5.0 (Linux; Android 6.0.1; Nexus 5X Build/MMB29P) AppleWebKit/537.36 (KHTML, like Gecko) Chrome/135.0.7049.95 Mobile Safari/537.36 (compatible; GoogleOther)"
2a03:2880:f800:1b:: - - [26/Apr/2025:08:34:55 -0400] "GET /good.php/shopdetail/9292453137.html HTTP/1.1" 200 0 "-" "meta-externalagent/1.1 (+https://developers.facebook.com/docs/sharing/webmasters/crawler)"
162.0.215.210 - - [26/Apr/2025:08:34:57 -0400] "POST /wp-cron.php?doing_wp_cron=1745670897.3955869674682617187500 HTTP/1.1" 200 0 "-" "WordPress/6.8; https://oiltrain.org"
52.167.144.25 - - [26/Apr/2025:08:34:57 -0400] "GET /cameras-speakers-18mqx HTTP/1.1" 404 9386 "-" "Mozilla/5.0 AppleWebKit/537.36 (KHTML, like Gecko; compatible; bingbot/2.0; +http://www.bing.com/bingbot.htm) Chrome/116.0.1938.76 Safari/537.36"
162.0.215.210 - - [26/Apr/2025:08:34:57 -0400] "POST /wp-admin/admin-ajax.php?action=async_litespeed&nonce=UodFkB3WPOoXywLd1WEagO0cqjuiIsmr&litespeed_type=imgoptm HTTP/1.1" 200 5 "-" "WordPress/6.8; https://oiltrain.org"
66.249.74.97 - - [26/Apr/2025:08:35:00 -0400] "GET /?outdoor-barbecues-1xg0t HTTP/1.1" 200 25410 "-" "Mozilla/5.0 (Linux; Android 6.0.1; Nexus 5X Build/MMB29P) AppleWebKit/537.36 (KHTML, like Gecko) Chrome/135.0.7049.114 Mobile Safari/537.36 (compatible; Googlebot/2.1; +http://www.google.com/bot.html)"
66.249.74.98 - - [26/Apr/2025:08:35:02 -0400] "GET /store.php?Long-Beach_Add-to-cart/old-window-design-philippines HTTP/1.1" 200 181 "-" "Mozilla/5.0 (Linux; Android 6.0.1; Nexus 5X Build/MMB29P) AppleWebKit/537.36 (KHTML, like Gecko) Chrome/135.0.7049.95 Mobile Safari/537.36 (compatible; GoogleOther)"
2a03:2880:f800:1d:: - - [26/Apr/2025:08:35:03 -0400] "GET /good.php/shopdetail/13872213137.html HTTP/1.1" 200 0 "-" "meta-externalagent/1.1 (+https://developers.facebook.com/docs/sharing/webmasters/crawler)"
51.222.253.7 - - [26/Apr/2025:08:35:03 -0400] "GET /good.php/shopdetail/4130953137.html HTTP/1.1" 200 0 "-" "Mozilla/5.0 (compatible; AhrefsBot/7.0; +http://ahrefs.com/robot/)"
40.77.167.23 - - [26/Apr/2025:08:35:04 -0400] "GET /art-characters-1k0vu HTTP/1.1" 404 9386 "-" "Mozilla/5.0 AppleWebKit/537.36 (KHTML, like Gecko; compatible; bingbot/2.0; +http://www.bing.com/bingbot.htm) Chrome/116.0.1938.76 Safari/537.36"
66.249.74.97 - - [26/Apr/2025:08:35:12 -0400] "GET /store.php?Pittsfield/librengslots HTTP/1.1" 200 181 "-" "Mozilla/5.0 (Linux; Android 6.0.1; Nexus 5X Build/MMB29P) AppleWebKit/537.36 (KHTML, like Gecko) Chrome/135.0.7049.95 Mobile Safari/537.36 (compatible; GoogleOther)"
51.222.253.20 - - [26/Apr/2025:08:35:15 -0400] "GET /good.php/shopdetail/4200983137.html HTTP/1.1" 200 0 "-" "Mozilla/5.0 (compatible; AhrefsBot/7.0; +http://ahrefs.com/robot/)"
66.249.74.97 - - [26/Apr/2025:08:35:17 -0400] "GET /store.php?Brownsville_Add-to-cart/poker-sequence HTTP/1.1" 200 181 "-" "Mozilla/5.0 (Linux; Android 6.0.1; Nexus 5X Build/MMB29P) AppleWebKit/537.36 (KHTML, like Gecko) Chrome/135.0.7049.95 Mobile Safari/537.36 (compatible; GoogleOther)"
2a03:2880:f800:16:: - - [26/Apr/2025:08:35:19 -0400] "GET /good.php/shopdetail/35289843137.html HTTP/1.1" 200 0 "-" "meta-externalagent/1.1 (+https://developers.facebook.com/docs/sharing/webmasters/crawler)"
66.249.74.97 - - [26/Apr/2025:08:35:23 -0400] "GET /store.php?Ottawa/Superph-big-dice-game HTTP/1.1" 200 181 "-" "Mozilla/5.0 (Linux; Android 6.0.1; Nexus 5X Build/MMB29P) AppleWebKit/537.36 (KHTML, like Gecko) Chrome/135.0.7049.95 Mobile Safari/537.36 (compatible; GoogleOther)"
52.167.144.25 - - [26/Apr/2025:08:35:24 -0400] "GET /?s=%D0%BF%D0%BE%D0%B3%D0%BE%D0%B4%D0%B0+%D1%80%D0%BE%D1%81%D1%81%D0%BE%D1%88%D1%8C+%D0%BD%D0%B0+10+%D0%B4%D0%BD%D0%B5%D0%B9 HTTP/1.1" 200 13648 "-" "Mozilla/5.0 AppleWebKit/537.36 (KHTML, like Gecko; compatible; bingbot/2.0; +http://www.bing.com/bingbot.htm) Chrome/116.0.1938.76 Safari/537.36"
52.167.144.25 - - [26/Apr/2025:08:35:25 -0400] "GET /beauty-others-v8qn HTTP/1.1" 404 9388 "-" "Mozilla/5.0 AppleWebKit/537.36 (KHTML, like Gecko; compatible; bingbot/2.0; +http://www.bing.com/bingbot.htm) Chrome/116.0.1938.76 Safari/537.36"
66.249.74.97 - - [26/Apr/2025:08:35:27 -0400] "GET /store.php?Los-Altos/1st-bet HTTP/1.1" 200 181 "-" "Mozilla/5.0 (Linux; Android 6.0.1; Nexus 5X Build/MMB29P) AppleWebKit/537.36 (KHTML, like Gecko) Chrome/135.0.7049.95 Mobile Safari/537.36 (compatible; GoogleOther)"
51.222.253.17 - - [26/Apr/2025:08:35:28 -0400] "GET /good.php/shopdetail/4204143137.html HTTP/1.1" 200 0 "-" "Mozilla/5.0 (compatible; AhrefsBot/7.0; +http://ahrefs.com/robot/)"
52.167.144.25 - - [26/Apr/2025:08:35:30 -0400] "GET /?s=%D7%94%D7%97%D7%95%D7%9C+%D7%99%D7%96%D7%9B%D7%95%D7%A8+%D7%A9%D7%99%D7%A8%D7%95%D7%A0%D7%98 HTTP/1.1" 200 13633 "-" "Mozilla/5.0 AppleWebKit/537.36 (KHTML, like Gecko; compatible; bingbot/2.0; +http://www.bing.com/bingbot.htm) Chrome/116.0.1938.76 Safari/537.36"
66.249.74.97 - - [26/Apr/2025:08:35:35 -0400] "GET /store.php-Lawrence_Add-to-cart/CasinoPlus-slots-online HTTP/1.1" 404 9386 "-" "Mozilla/5.0 (Linux; Android 6.0.1; Nexus 5X Build/MMB29P) AppleWebKit/537.36 (KHTML, like Gecko) Chrome/135.0.7049.95 Mobile Safari/537.36 (compatible; GoogleOther)"
2a03:2880:f800:7:: - - [26/Apr/2025:08:35:38 -0400] "GET /good.php/shopdetail/32258143137.html HTTP/1.1" 200 0 "-" "meta-externalagent/1.1 (+https://developers.facebook.com/docs/sharing/webmasters/crawler)"
51.222.253.20 - - [26/Apr/2025:08:35:39 -0400] "GET /good.php/shopdetail/4211503137.html HTTP/1.1" 200 0 "-" "Mozilla/5.0 (compatible; AhrefsBot/7.0; +http://ahrefs.com/robot/)"
2a03:2880:f800:17:: - - [26/Apr/2025:08:35:39 -0400] "GET /good.php/shopdetail/1772353137.html HTTP/1.1" 200 0 "-" "meta-externalagent/1.1 (+https://developers.facebook.com/docs/sharing/webmasters/crawler)"
66.249.74.97 - - [26/Apr/2025:08:35:46 -0400] "GET /store.php-Fayetteville_Add-to-cart/jlbet-asia HTTP/1.1" 404 9386 "-" "Mozilla/5.0 (Linux; Android 6.0.1; Nexus 5X Build/MMB29P) AppleWebKit/537.36 (KHTML, like Gecko) Chrome/135.0.7049.95 Mobile Safari/537.36 (compatible; GoogleOther)"
40.77.167.23 - - [26/Apr/2025:08:35:50 -0400] "GET /?s=%D0%BF%D0%BE%D0%B3%D0%BE%D0%B4%D0%B0+%D0%B2+%D0%BB%D0%BE%D0%B4%D0%B5%D0%B9%D0%BD%D0%BE%D0%BC+%D0%BF%D0%BE%D0%BB%D0%B5+%D0%BD%D0%B0+%D0%BD%D0%B5%D0%B4%D0%B5%D0%BB%D1%8E HTTP/1.1" 200 13694 "-" "Mozilla/5.0 AppleWebKit/537.36 (KHTML, like Gecko; compatible; bingbot/2.0; +http://www.bing.com/bingbot.htm) Chrome/116.0.1938.76 Safari/537.36"
66.249.74.97 - - [26/Apr/2025:08:35:51 -0400] "GET /store.php?Category/Jiliace%20jackpot%20dice%20game HTTP/1.1" 200 181 "-" "Mozilla/5.0 (Linux; Android 6.0.1; Nexus 5X Build/MMB29P) AppleWebKit/537.36 (KHTML, like Gecko) Chrome/135.0.7049.95 Mobile Safari/537.36 (compatible; GoogleOther)"
2a03:2880:f800:5:: - - [26/Apr/2025:08:35:53 -0400] "GET /good.php/shopdetail/13329373137.html HTTP/1.1" 200 0 "-" "meta-externalagent/1.1 (+https://developers.facebook.com/docs/sharing/webmasters/crawler)"
51.222.253.4 - - [26/Apr/2025:08:35:53 -0400] "GET /good.php/shopdetail/4215303137.html HTTP/1.1" 200 0 "-" "Mozilla/5.0 (compatible; AhrefsBot/7.0; +http://ahrefs.com/robot/)"
