2a03:2880:f800:6:: - - [26/Apr/2025:09:31:40 -0400] "GET /good.php/shopdetail/14299633137.html HTTP/1.1" 200 0 "-" "meta-externalagent/1.1 (+https://developers.facebook.com/docs/sharing/webmasters/crawler)"
66.249.74.99 - - [26/Apr/2025:09:31:41 -0400] "GET /store.php?Westlake/casino-poland HTTP/1.1" 200 181 "-" "Mozilla/5.0 (Linux; Android 6.0.1; Nexus 5X Build/MMB29P) AppleWebKit/537.36 (KHTML, like Gecko) Chrome/135.0.7049.95 Mobile Safari/537.36 (compatible; GoogleOther)"
51.222.253.17 - - [26/Apr/2025:09:31:43 -0400] "GET /good.php/shopdetail/16345153137.html HTTP/1.1" 200 0 "-" "Mozilla/5.0 (compatible; AhrefsBot/7.0; +http://ahrefs.com/robot/)"
162.0.215.210 - - [26/Apr/2025:09:31:45 -0400] "POST /wp-cron.php?doing_wp_cron=1745674305.0328299999237060546875 HTTP/1.1" 200 0 "-" "WordPress/6.8; https://oiltrain.org"
40.77.167.14 - - [26/Apr/2025:09:31:44 -0400] "GET /?s=%E0%B8%81%E0%B8%B2%E0%B8%A3%E0%B8%A7%E0%B8%B4%E0%B9%80%E0%B8%84%E0%B8%A3%E0%B8%B2%E0%B8%B0%E0%B8%AB%E0%B9%8C%E0%B8%A3%E0%B8%B0%E0%B8%9A%E0%B8%9A%E0%B8%A0%E0%B8%B2%E0%B8%A9%E0%B8%B5%E0%B8%82%E0%B8%AD%E0%B8%87%E0%B9%84%E0%B8%97%E0%B8%A2%E0%B8%95%E0%B8%B2%E0%B8%A1%E0%B8%AB%E0%B8%A5%E0%B8%B1%E0%B8%81%E0%B8%A0%E0%B8%B2%E0%B8%A9%E0%B8%B5%E0%B8%AD%E0%B8%B2%E0%B8%81%E0%B8%A3%E0%B8%97%E0%B8%B5%E0%B9%88%E0%B8%94%E0%B8%B5 HTTP/1.1" 200 13854 "-" "Mozilla/5.0 AppleWebKit/537.36 (KHTML, like Gecko; compatible; bingbot/2.0; +http://www.bing.com/bingbot.htm) Chrome/116.0.1938.76 Safari/537.36"
2a03:2880:f800:6:: - - [26/Apr/2025:09:31:48 -0400] "GET /good.php/shopdetail/35539883137.html HTTP/1.1" 200 0 "-" "meta-externalagent/1.1 (+https://developers.facebook.com/docs/sharing/webmasters/crawler)"
66.249.74.99 - - [26/Apr/2025:09:31:48 -0400] "GET /store.php?EastSt.Louis/chat-jpt HTTP/1.1" 200 181 "-" "Mozilla/5.0 (Linux; Android 6.0.1; Nexus 5X Build/MMB29P) AppleWebKit/537.36 (KHTML, like Gecko) Chrome/135.0.7049.95 Mobile Safari/537.36 (compatible; GoogleOther)"
52.167.144.20 - - [26/Apr/2025:09:31:48 -0400] "GET /diet-royal-jelly-bhr2 HTTP/1.1" 404 9388 "-" "Mozilla/5.0 AppleWebKit/537.36 (KHTML, like Gecko; compatible; bingbot/2.0; +http://www.bing.com/bingbot.htm) Chrome/116.0.1938.76 Safari/537.36"
2a03:2880:f800:16:: - - [26/Apr/2025:09:31:49 -0400] "GET /good.php/shopdetail/23785303137.html HTTP/1.1" 200 0 "-" "meta-externalagent/1.1 (+https://developers.facebook.com/docs/sharing/webmasters/crawler)"
51.222.253.7 - - [26/Apr/2025:09:31:49 -0400] "GET /good.php/shopdetail/16379633137.html HTTP/1.1" 200 0 "-" "Mozilla/5.0 (compatible; AhrefsBot/7.0; +http://ahrefs.com/robot/)"
66.249.74.99 - - [26/Apr/2025:09:31:55 -0400] "GET /store.php-Cincinnati_Add-to-cart/8k8-lucky-lottery HTTP/1.1" 404 9386 "-" "Mozilla/5.0 (Linux; Android 6.0.1; Nexus 5X Build/MMB29P) AppleWebKit/537.36 (KHTML, like Gecko) Chrome/135.0.7049.95 Mobile Safari/537.36 (compatible; GoogleOther)"
66.249.74.101 - - [26/Apr/2025:09:32:02 -0400] "GET /store.php?Waterville/w19-betting-sites-app HTTP/1.1" 200 181 "-" "Mozilla/5.0 (Linux; Android 6.0.1; Nexus 5X Build/MMB29P) AppleWebKit/537.36 (KHTML, like Gecko) Chrome/135.0.7049.95 Mobile Safari/537.36 (compatible; GoogleOther)"
162.0.215.210 - - [26/Apr/2025:09:32:05 -0400] "POST /wp-cron.php?doing_wp_cron=1745674325.5668540000915527343750 HTTP/1.1" 200 0 "-" "WordPress/6.8; https://oiltrain.org"
66.249.74.101 - - [26/Apr/2025:09:32:05 -0400] "GET /store.php-Peoria_Add-to-cart/leon-bet HTTP/1.1" 404 9386 "-" "Mozilla/5.0 (Linux; Android 6.0.1; Nexus 5X Build/MMB29P) AppleWebKit/537.36 (KHTML, like Gecko) Chrome/135.0.7049.95 Mobile Safari/537.36 (compatible; GoogleOther)"
162.0.215.210 - - [26/Apr/2025:09:32:06 -0400] "POST /wp-admin/admin-ajax.php?action=async_litespeed&nonce=XWre2mgMxZkcCoHnrxsT25q1fomGtChj&litespeed_type=imgoptm HTTP/1.1" 200 5 "-" "WordPress/6.8; https://oiltrain.org"
51.222.253.6 - - [26/Apr/2025:09:32:07 -0400] "GET /good.php/shopdetail/16385633137.html HTTP/1.1" 200 0 "-" "Mozilla/5.0 (compatible; AhrefsBot/7.0; +http://ahrefs.com/robot/)"
66.249.74.99 - - [26/Apr/2025:09:32:12 -0400] "GET /store.php?Cincinnati_Add-to-cart/full-face-to-face-classes HTTP/1.1" 200 181 "-" "Mozilla/5.0 (Linux; Android 6.0.1; Nexus 5X Build/MMB29P) AppleWebKit/537.36 (KHTML, like Gecko) Chrome/135.0.7049.95 Mobile Safari/537.36 (compatible; GoogleOther)"
142.250.32.34 - - [26/Apr/2025:09:32:13 -0400] "GET /.well-known/traffic-advice HTTP/1.1" 404 9388 "-" "Chrome Privacy Preserving Prefetch Proxy"
2001:4860:7:22c::ff - - [26/Apr/2025:09:32:13 -0400] "GET /store.php?cart/dirtyship HTTP/1.1" 200 181 "https://www.google.com/" "Mozilla/5.0 (Linux; Android 10; K) AppleWebKit/537.36 (KHTML, like Gecko) Chrome/135.0.0.0 Mobile Safari/537.36"
51.222.253.7 - - [26/Apr/2025:09:32:20 -0400] "GET /good.php/shopdetail/16404613137.html HTTP/1.1" 200 0 "-" "Mozilla/5.0 (compatible; AhrefsBot/7.0; +http://ahrefs.com/robot/)"
2a03:2880:f800:11:: - - [26/Apr/2025:09:32:23 -0400] "GET /good.php/shopdetail/30643323137.html HTTP/1.1" 200 0 "-" "meta-externalagent/1.1 (+https://developers.facebook.com/docs/sharing/webmasters/crawler)"
2a03:2880:f800:d:: - - [26/Apr/2025:09:32:23 -0400] "GET /good.php/shopdetail/21097423137.html HTTP/1.1" 200 0 "-" "meta-externalagent/1.1 (+https://developers.facebook.com/docs/sharing/webmasters/crawler)"
52.167.144.20 - - [26/Apr/2025:09:32:25 -0400] "GET /ndt-course/ HTTP/1.1" 200 19521 "-" "Mozilla/5.0 AppleWebKit/537.36 (KHTML, like Gecko; compatible; bingbot/2.0; +http://www.bing.com/bingbot.htm) Chrome/116.0.1938.76 Safari/537.36"
66.249.74.99 - - [26/Apr/2025:09:32:25 -0400] "GET /store.php?Ashland/jili-s HTTP/1.1" 200 181 "-" "Mozilla/5.0 (Linux; Android 6.0.1; Nexus 5X Build/MMB29P) AppleWebKit/537.36 (KHTML, like Gecko) Chrome/135.0.7049.95 Mobile Safari/537.36 (compatible; GoogleOther)"
52.167.144.25 - - [26/Apr/2025:09:32:26 -0400] "GET /?s=%D0%BF%D0%BE%D0%B3%D0%BE%D0%B4%D0%B0+%D0%B2+%D0%B2%D0%BE%D0%BB%D0%B3%D0%BE%D0%B3%D1%80%D0%B0%D0%B4%D0%B5+%D0%BD%D0%B0+3+%D0%B4%D0%BD%D1%8F HTTP/1.1" 200 13662 "-" "Mozilla/5.0 AppleWebKit/537.36 (KHTML, like Gecko; compatible; bingbot/2.0; +http://www.bing.com/bingbot.htm) Chrome/116.0.1938.76 Safari/537.36"
2a03:2880:f800:a:: - - [26/Apr/2025:09:32:28 -0400] "GET /good.php/shopdetail/26974193137.html HTTP/1.1" 200 0 "-" "meta-externalagent/1.1 (+https://developers.facebook.com/docs/sharing/webmasters/crawler)"
66.249.74.99 - - [26/Apr/2025:09:32:28 -0400] "GET /store.php?FAQs/Abcjili%20dice%20game%20app HTTP/1.1" 200 181 "-" "Mozilla/5.0 (Linux; Android 6.0.1; Nexus 5X Build/MMB29P) AppleWebKit/537.36 (KHTML, like Gecko) Chrome/135.0.7049.95 Mobile Safari/537.36 (compatible; GoogleOther)"
66.249.74.99 - - [26/Apr/2025:09:32:31 -0400] "GET /store.php?Gettysburg/bulok-na-pagkain HTTP/1.1" 200 181 "-" "Mozilla/5.0 (Linux; Android 6.0.1; Nexus 5X Build/MMB29P) AppleWebKit/537.36 (KHTML, like Gecko) Chrome/135.0.7049.95 Mobile Safari/537.36 (compatible; GoogleOther)"
66.249.74.99 - - [26/Apr/2025:09:32:34 -0400] "GET /store.php?Ashland/lccplus-777-app HTTP/1.1" 200 181 "-" "Mozilla/5.0 (Linux; Android 6.0.1; Nexus 5X Build/MMB29P) AppleWebKit/537.36 (KHTML, like Gecko) Chrome/135.0.7049.95 Mobile Safari/537.36 (compatible; GoogleOther)"
66.249.74.99 - - [26/Apr/2025:09:32:37 -0400] "GET /store.php?Waukegan_Add-to-cart/jilibet-001-register-bonus HTTP/1.1" 200 181 "-" "Mozilla/5.0 (Linux; Android 6.0.1; Nexus 5X Build/MMB29P) AppleWebKit/537.36 (KHTML, like Gecko) Chrome/135.0.7049.95 Mobile Safari/537.36 (compatible; GoogleOther)"
2a03:2880:f800:12:: - - [26/Apr/2025:09:32:38 -0400] "GET /good.php/shopdetail/3996713137.html HTTP/1.1" 200 0 "-" "meta-externalagent/1.1 (+https://developers.facebook.com/docs/sharing/webmasters/crawler)"
51.222.253.2 - - [26/Apr/2025:09:32:42 -0400] "GET /good.php/shopdetail/16437113137.html HTTP/1.1" 200 0 "-" "Mozilla/5.0 (compatible; AhrefsBot/7.0; +http://ahrefs.com/robot/)"
162.0.215.210 - - [26/Apr/2025:09:32:43 -0400] "POST /wp-cron.php?doing_wp_cron=1745674363.5693869590759277343750 HTTP/1.1" 200 0 "-" "WordPress/6.8; https://oiltrain.org"
66.249.74.99 - - [26/Apr/2025:09:32:43 -0400] "GET /store.php-Tacoma_Add-to-cart/philippine-online-casino HTTP/1.1" 404 9386 "-" "Mozilla/5.0 (Linux; Android 6.0.1; Nexus 5X Build/MMB29P) AppleWebKit/537.36 (KHTML, like Gecko) Chrome/135.0.7049.95 Mobile Safari/537.36 (compatible; GoogleOther)"
2a03:2880:f800:17:: - - [26/Apr/2025:09:32:47 -0400] "GET /good.php/shopdetail/25923137.html HTTP/1.1" 200 0 "-" "meta-externalagent/1.1 (+https://developers.facebook.com/docs/sharing/webmasters/crawler)"
51.222.253.16 - - [26/Apr/2025:09:32:49 -0400] "GET /good.php/shopdetail/16449353137.html HTTP/1.1" 200 0 "-" "Mozilla/5.0 (compatible; AhrefsBot/7.0; +http://ahrefs.com/robot/)"
66.249.74.99 - - [26/Apr/2025:09:32:54 -0400] "GET /store.php?New-Bedford/okbet--com HTTP/1.1" 200 181 "-" "Mozilla/5.0 (Linux; Android 6.0.1; Nexus 5X Build/MMB29P) AppleWebKit/537.36 (KHTML, like Gecko) Chrome/135.0.7049.95 Mobile Safari/537.36 (compatible; GoogleOther)"
66.249.74.99 - - [26/Apr/2025:09:32:57 -0400] "GET /store.php?Monroe_Add-to-cart/lottery-plus HTTP/1.1" 200 181 "-" "Mozilla/5.0 (Linux; Android 6.0.1; Nexus 5X Build/MMB29P) AppleWebKit/537.36 (KHTML, like Gecko) Chrome/135.0.7049.95 Mobile Safari/537.36 (compatible; GoogleOther)"
162.0.215.210 - - [26/Apr/2025:09:32:58 -0400] "POST /wp-cron.php?doing_wp_cron=1745674378.2610039710998535156250 HTTP/1.1" 200 0 "-" "WordPress/6.8; https://oiltrain.org"
52.167.144.20 - - [26/Apr/2025:09:32:57 -0400] "GET /magazines-sports-24jok HTTP/1.1" 404 9386 "-" "Mozilla/5.0 AppleWebKit/537.36 (KHTML, like Gecko; compatible; bingbot/2.0; +http://www.bing.com/bingbot.htm) Chrome/116.0.1938.76 Safari/537.36"
162.0.215.210 - - [26/Apr/2025:09:32:58 -0400] "POST /wp-admin/admin-ajax.php?action=async_litespeed&nonce=XM9dAAz2Q29OlLHN1rQcoUzqgS0gXraL&litespeed_type=imgoptm HTTP/1.1" 200 5 "-" "WordPress/6.8; https://oiltrain.org"
2a03:2880:f800:6:: - - [26/Apr/2025:09:33:03 -0400] "GET /good.php/shopdetail/30705133137.html HTTP/1.1" 200 0 "-" "meta-externalagent/1.1 (+https://developers.facebook.com/docs/sharing/webmasters/crawler)"
40.77.167.159 - - [26/Apr/2025:09:33:03 -0400] "GET /tools-wallpaper-mmnc HTTP/1.1" 301 0 "-" "Mozilla/5.0 AppleWebKit/537.36 (KHTML, like Gecko; compatible; bingbot/2.0; +http://www.bing.com/bingbot.htm) Chrome/116.0.1938.76 Safari/537.36"
52.167.144.25 - - [26/Apr/2025:09:33:06 -0400] "GET /tablets-smartphones-rtv6 HTTP/1.1" 404 9388 "-" "Mozilla/5.0 AppleWebKit/537.36 (KHTML, like Gecko; compatible; bingbot/2.0; +http://www.bing.com/bingbot.htm) Chrome/116.0.1938.76 Safari/537.36"
51.222.253.13 - - [26/Apr/2025:09:33:07 -0400] "GET /good.php/shopdetail/16477883137.html HTTP/1.1" 200 0 "-" "Mozilla/5.0 (compatible; AhrefsBot/7.0; +http://ahrefs.com/robot/)"
66.249.74.100 - - [26/Apr/2025:09:33:07 -0400] "GET /store.php?What-We-Do/galaxybet88 HTTP/1.1" 200 181 "-" "Mozilla/5.0 (Linux; Android 6.0.1; Nexus 5X Build/MMB29P) AppleWebKit/537.36 (KHTML, like Gecko) Chrome/135.0.7049.95 Mobile Safari/537.36 (compatible; GoogleOther)"
2a03:2880:f800:1c:: - - [26/Apr/2025:09:33:10 -0400] "GET /good.php/shopdetail/17436773137.html HTTP/1.1" 200 0 "-" "meta-externalagent/1.1 (+https://developers.facebook.com/docs/sharing/webmasters/crawler)"
66.249.74.99 - - [26/Apr/2025:09:33:10 -0400] "GET /store.php?Greenville/tama99-win-app HTTP/1.1" 200 181 "-" "Mozilla/5.0 (Linux; Android 6.0.1; Nexus 5X Build/MMB29P) AppleWebKit/537.36 (KHTML, like Gecko) Chrome/135.0.7049.95 Mobile Safari/537.36 (compatible; GoogleOther)"
2a03:2880:f800:d:: - - [26/Apr/2025:09:33:11 -0400] "GET /good.php/shopdetail/1808723137.html HTTP/1.1" 200 0 "-" "meta-externalagent/1.1 (+https://developers.facebook.com/docs/sharing/webmasters/crawler)"
66.249.74.100 - - [26/Apr/2025:09:33:16 -0400] "GET /store.php?like/nuebe789-baccarat-legit HTTP/1.1" 200 181 "-" "Mozilla/5.0 (Linux; Android 6.0.1; Nexus 5X Build/MMB29P) AppleWebKit/537.36 (KHTML, like Gecko) Chrome/135.0.7049.95 Mobile Safari/537.36 (compatible; GoogleOther)"
51.222.253.11 - - [26/Apr/2025:09:33:22 -0400] "GET /good.php/shopdetail/16479563137.html HTTP/1.1" 200 0 "-" "Mozilla/5.0 (compatible; AhrefsBot/7.0; +http://ahrefs.com/robot/)"
40.77.167.14 - - [26/Apr/2025:09:33:22 -0400] "GET /?s=%E8%B1%9A%E3%83%90%E3%83%A9%E4%B8%B2+%E3%81%A4%E3%81%8F%E3%82%8C%E3%81%BD1000 HTTP/1.1" 200 13658 "-" "Mozilla/5.0 AppleWebKit/537.36 (KHTML, like Gecko; compatible; bingbot/2.0; +http://www.bing.com/bingbot.htm) Chrome/116.0.1938.76 Safari/537.36"
2a03:2880:f800:15:: - - [26/Apr/2025:09:33:27 -0400] "GET /good.php/shopdetail/39755623137.html HTTP/1.1" 200 0 "-" "meta-externalagent/1.1 (+https://developers.facebook.com/docs/sharing/webmasters/crawler)"
66.249.74.99 - - [26/Apr/2025:09:33:27 -0400] "GET /store.php-Anaheim_Add-to-cart/Jiliace-lottery-betting-sites HTTP/1.1" 404 9386 "-" "Mozilla/5.0 (Linux; Android 6.0.1; Nexus 5X Build/MMB29P) AppleWebKit/537.36 (KHTML, like Gecko) Chrome/135.0.7049.95 Mobile Safari/537.36 (compatible; GoogleOther)"
66.249.74.99 - - [26/Apr/2025:09:33:29 -0400] "GET /store.php?Ithaca/pub777-cc HTTP/1.1" 200 181 "-" "Mozilla/5.0 (Linux; Android 6.0.1; Nexus 5X Build/MMB29P) AppleWebKit/537.36 (KHTML, like Gecko) Chrome/135.0.7049.95 Mobile Safari/537.36 (compatible; GoogleOther)"
162.0.215.210 - - [26/Apr/2025:09:33:36 -0400] "POST /wp-cron.php?doing_wp_cron=1745674416.2334699630737304687500 HTTP/1.1" 200 0 "-" "WordPress/6.8; https://oiltrain.org"
52.167.144.25 - - [26/Apr/2025:09:33:35 -0400] "GET /?s=%D0%BA%D0%B8%D1%81%D0%BB%D0%BE%D0%B2%D0%BE%D0%B4%D1%81%D0%BA+%D0%BF%D0%BE%D0%B3%D0%BE%D0%B4%D0%B0+%D0%B2+%D0%B8%D1%8E%D0%BD%D0%B5 HTTP/1.1" 200 13648 "-" "Mozilla/5.0 AppleWebKit/537.36 (KHTML, like Gecko; compatible; bingbot/2.0; +http://www.bing.com/bingbot.htm) Chrome/116.0.1938.76 Safari/537.36"
66.249.74.99 - - [26/Apr/2025:09:33:38 -0400] "GET /store.php?Latest-Posts/take%20this%20life%20in%20flames%20tradu%C3%A7%C3%A3o HTTP/1.1" 200 181 "-" "Mozilla/5.0 (Linux; Android 6.0.1; Nexus 5X Build/MMB29P) AppleWebKit/537.36 (KHTML, like Gecko) Chrome/135.0.7049.95 Mobile Safari/537.36 (compatible; GoogleOther)"
162.0.215.210 - - [26/Apr/2025:09:33:39 -0400] "POST /wp-cron.php?doing_wp_cron=1745674419.8197119235992431640625 HTTP/1.1" 200 0 "-" "WordPress/6.8; https://oiltrain.org"
52.167.144.25 - - [26/Apr/2025:09:33:39 -0400] "GET /blu-ray-asia-2c3b0 HTTP/1.1" 404 9388 "-" "Mozilla/5.0 AppleWebKit/537.36 (KHTML, like Gecko; compatible; bingbot/2.0; +http://www.bing.com/bingbot.htm) Chrome/116.0.1938.76 Safari/537.36"
51.222.253.14 - - [26/Apr/2025:09:33:40 -0400] "GET /good.php/shopdetail/16565473137.html HTTP/1.1" 200 0 "-" "Mozilla/5.0 (compatible; AhrefsBot/7.0; +http://ahrefs.com/robot/)"
66.249.74.99 - - [26/Apr/2025:09:33:41 -0400] "GET /store.php-Austin_Add-to-cart/200jili-big-online HTTP/1.1" 404 9386 "-" "Mozilla/5.0 (Linux; Android 6.0.1; Nexus 5X Build/MMB29P) AppleWebKit/537.36 (KHTML, like Gecko) Chrome/135.0.7049.95 Mobile Safari/537.36 (compatible; GoogleOther)"
2a03:2880:f800:2:: - - [26/Apr/2025:09:33:46 -0400] "GET /good.php/shopdetail/39919713137.html HTTP/1.1" 200 0 "-" "meta-externalagent/1.1 (+https://developers.facebook.com/docs/sharing/webmasters/crawler)"
66.249.74.99 - - [26/Apr/2025:09:33:50 -0400] "GET /store.php?Atlantasuburbs_Add-to-cart/win-for-life-belastingen HTTP/1.1" 200 181 "-" "Mozilla/5.0 (Linux; Android 6.0.1; Nexus 5X Build/MMB29P) AppleWebKit/537.36 (KHTML, like Gecko) Chrome/135.0.7049.95 Mobile Safari/537.36 (compatible; GoogleOther)"
51.222.253.20 - - [26/Apr/2025:09:33:56 -0400] "GET /good.php/shopdetail/16602173137.html HTTP/1.1" 200 0 "-" "Mozilla/5.0 (compatible; AhrefsBot/7.0; +http://ahrefs.com/robot/)"
66.249.74.99 - - [26/Apr/2025:09:33:59 -0400] "GET /store.php?Lottery/Okada%20app%20jackpot HTTP/1.1" 200 181 "-" "Mozilla/5.0 (Linux; Android 6.0.1; Nexus 5X Build/MMB29P) AppleWebKit/537.36 (KHTML, like Gecko) Chrome/135.0.7049.95 Mobile Safari/537.36 (compatible; GoogleOther)"
66.249.74.99 - - [26/Apr/2025:09:34:02 -0400] "GET /store.php?South-SanFrancisco/queen-play HTTP/1.1" 200 181 "-" "Mozilla/5.0 (Linux; Android 6.0.1; Nexus 5X Build/MMB29P) AppleWebKit/537.36 (KHTML, like Gecko) Chrome/135.0.7049.95 Mobile Safari/537.36 (compatible; GoogleOther)"
2a03:2880:f800:e:: - - [26/Apr/2025:09:34:04 -0400] "GET /good.php/shopdetail/28745513137.html HTTP/1.1" 200 0 "-" "meta-externalagent/1.1 (+https://developers.facebook.com/docs/sharing/webmasters/crawler)"
2a03:2880:f800:1c:: - - [26/Apr/2025:09:34:09 -0400] "GET /good.php/shopdetail/1282893137.html HTTP/1.1" 200 0 "-" "meta-externalagent/1.1 (+https://developers.facebook.com/docs/sharing/webmasters/crawler)"
162.0.215.210 - - [26/Apr/2025:09:34:12 -0400] "POST /wp-cron.php?doing_wp_cron=1745674452.4879450798034667968750 HTTP/1.1" 200 0 "-" "WordPress/6.8; https://oiltrain.org"
2a03:2880:f800:2:: - - [26/Apr/2025:09:34:11 -0400] "GET /?p=19106 HTTP/1.1" 301 0 "-" "meta-externalagent/1.1 (+https://developers.facebook.com/docs/sharing/webmasters/crawler)"
66.249.74.99 - - [26/Apr/2025:09:34:12 -0400] "GET /store.php?Sarasota/jilibet-dona HTTP/1.1" 200 181 "-" "Mozilla/5.0 (Linux; Android 6.0.1; Nexus 5X Build/MMB29P) AppleWebKit/537.36 (KHTML, like Gecko) Chrome/135.0.7049.95 Mobile Safari/537.36 (compatible; GoogleOther)"
162.0.215.210 - - [26/Apr/2025:09:34:13 -0400] "POST /wp-admin/admin-ajax.php?action=async_litespeed&nonce=J26R9UWMEeS3umSACNc9LqsNoltGdV2Z&litespeed_type=imgoptm HTTP/1.1" 200 5 "-" "WordPress/6.8; https://oiltrain.org"
2a03:2880:f800:1d:: - - [26/Apr/2025:09:34:14 -0400] "GET /basic-welding-course/ HTTP/1.1" 200 19300 "-" "meta-externalagent/1.1 (+https://developers.facebook.com/docs/sharing/webmasters/crawler)"
51.222.253.5 - - [26/Apr/2025:09:34:15 -0400] "GET /good.php/shopdetail/16610243137.html HTTP/1.1" 200 0 "-" "Mozilla/5.0 (compatible; AhrefsBot/7.0; +http://ahrefs.com/robot/)"
66.249.74.99 - - [26/Apr/2025:09:34:16 -0400] "GET /store.php?like/pinoywin-app-big HTTP/1.1" 200 181 "-" "Mozilla/5.0 (Linux; Android 6.0.1; Nexus 5X Build/MMB29P) AppleWebKit/537.36 (KHTML, like Gecko) Chrome/135.0.7049.95 Mobile Safari/537.36 (compatible; GoogleOther)"
185.191.171.11 - - [26/Apr/2025:09:34:22 -0400] "GET /travel-supplies-lights-hosq HTTP/1.1" 404 9386 "-" "Mozilla/5.0 (compatible; SemrushBot/7~bl; +http://www.semrush.com/bot.html)"
2a03:2880:f800:f:: - - [26/Apr/2025:09:34:22 -0400] "GET /lp-profile/ HTTP/1.1" 200 11766 "-" "meta-externalagent/1.1 (+https://developers.facebook.com/docs/sharing/webmasters/crawler)"
2a03:2880:f800:f:: - - [26/Apr/2025:09:34:23 -0400] "GET /good.php/shopdetail/12837753137.html HTTP/1.1" 200 0 "-" "meta-externalagent/1.1 (+https://developers.facebook.com/docs/sharing/webmasters/crawler)"
2a03:2880:f800:b:: - - [26/Apr/2025:09:34:23 -0400] "GET /good.php/shopdetail/36473193137.html HTTP/1.1" 200 0 "-" "meta-externalagent/1.1 (+https://developers.facebook.com/docs/sharing/webmasters/crawler)"
66.249.74.99 - - [26/Apr/2025:09:34:23 -0400] "GET /store.php?Bellaire/wjevo777-777-baccarat HTTP/1.1" 200 181 "-" "Mozilla/5.0 (Linux; Android 6.0.1; Nexus 5X Build/MMB29P) AppleWebKit/537.36 (KHTML, like Gecko) Chrome/135.0.7049.95 Mobile Safari/537.36 (compatible; GoogleOther)"
52.167.144.25 - - [26/Apr/2025:09:34:25 -0400] "GET /wp-content/uploads/elementor/css/post-18971.css?ver=1727191275 HTTP/1.1" 200 2010 "-" "Mozilla/5.0 AppleWebKit/537.36 (KHTML, like Gecko; compatible; bingbot/2.0; +http://www.bing.com/bingbot.htm) Chrome/116.0.1938.76 Safari/537.36"
51.222.253.12 - - [26/Apr/2025:09:34:28 -0400] "GET /good.php/shopdetail/16662923137.html HTTP/1.1" 200 0 "-" "Mozilla/5.0 (compatible; AhrefsBot/7.0; +http://ahrefs.com/robot/)"
66.249.74.99 - - [26/Apr/2025:09:34:31 -0400] "GET /store.php?Savannah/lottery-curse HTTP/1.1" 200 181 "-" "Mozilla/5.0 (Linux; Android 6.0.1; Nexus 5X Build/MMB29P) AppleWebKit/537.36 (KHTML, like Gecko) Chrome/135.0.7049.95 Mobile Safari/537.36 (compatible; GoogleOther)"
2a03:2880:f800:7:: - - [26/Apr/2025:09:34:33 -0400] "GET /good.php/shopdetail/2666913137.html HTTP/1.1" 200 0 "-" "meta-externalagent/1.1 (+https://developers.facebook.com/docs/sharing/webmasters/crawler)"
66.249.74.99 - - [26/Apr/2025:09:34:34 -0400] "GET /store.php?Moorhead/pldt777-plot HTTP/1.1" 200 181 "-" "Mozilla/5.0 (Linux; Android 6.0.1; Nexus 5X Build/MMB29P) AppleWebKit/537.36 (KHTML, like Gecko) Chrome/135.0.7049.95 Mobile Safari/537.36 (compatible; GoogleOther)"
52.167.144.20 - - [26/Apr/2025:09:34:37 -0400] "GET /?s=blue+and+pink+floral+bedding HTTP/1.1" 200 13594 "-" "Mozilla/5.0 AppleWebKit/537.36 (KHTML, like Gecko; compatible; bingbot/2.0; +http://www.bing.com/bingbot.htm) Chrome/116.0.1938.76 Safari/537.36"
51.222.253.13 - - [26/Apr/2025:09:34:40 -0400] "GET /good.php/shopdetail/16679893137.html HTTP/1.1" 200 0 "-" "Mozilla/5.0 (compatible; AhrefsBot/7.0; +http://ahrefs.com/robot/)"
2a03:2880:f800:17:: - - [26/Apr/2025:09:34:42 -0400] "GET /good.php/shopdetail/1449583137.html HTTP/1.1" 200 0 "-" "meta-externalagent/1.1 (+https://developers.facebook.com/docs/sharing/webmasters/crawler)"
66.249.74.105 - - [26/Apr/2025:09:34:46 -0400] "GET /store.php?Hilton-Head-Island_Add-to-cart/big-baller-brand-ebay HTTP/1.1" 200 181 "-" "Mozilla/5.0 (Linux; Android 6.0.1; Nexus 5X Build/MMB29P) AppleWebKit/537.36 (KHTML, like Gecko) Chrome/135.0.7049.95 Mobile Safari/537.36 (compatible; GoogleOther)"
2a03:2880:f800:f:: - - [26/Apr/2025:09:34:47 -0400] "GET /good.php/shopdetail/3070553137.html HTTP/1.1" 200 0 "-" "meta-externalagent/1.1 (+https://developers.facebook.com/docs/sharing/webmasters/crawler)"
2001:4860:7:62c::fe - - [26/Apr/2025:09:34:47 -0400] "GET /store.php?cart/dirtyship HTTP/1.1" 200 181 "https://www.google.com/" "Mozilla/5.0 (Linux; Android 10; K) AppleWebKit/537.36 (KHTML, like Gecko) Chrome/135.0.0.0 Mobile Safari/537.36"
51.222.253.10 - - [26/Apr/2025:09:34:50 -0400] "GET /good.php/shopdetail/16840933137.html HTTP/1.1" 200 0 "-" "Mozilla/5.0 (compatible; AhrefsBot/7.0; +http://ahrefs.com/robot/)"
2a03:2880:f800:13:: - - [26/Apr/2025:09:34:55 -0400] "GET /good.php/shopdetail/4876013137.html HTTP/1.1" 200 0 "-" "meta-externalagent/1.1 (+https://developers.facebook.com/docs/sharing/webmasters/crawler)"
2a03:2880:f800:b:: - - [26/Apr/2025:09:34:57 -0400] "GET /good.php/shopdetail/6428573137.html HTTP/1.1" 200 0 "-" "meta-externalagent/1.1 (+https://developers.facebook.com/docs/sharing/webmasters/crawler)"
2a03:2880:f800:17:: - - [26/Apr/2025:09:35:00 -0400] "GET /good.php/shopdetail/25282773137.html HTTP/1.1" 200 0 "-" "meta-externalagent/1.1 (+https://developers.facebook.com/docs/sharing/webmasters/crawler)"
66.249.74.106 - - [26/Apr/2025:09:35:00 -0400] "GET /store.php?Erie/slotsgo-shop HTTP/1.1" 200 181 "-" "Mozilla/5.0 (Linux; Android 6.0.1; Nexus 5X Build/MMB29P) AppleWebKit/537.36 (KHTML, like Gecko) Chrome/135.0.7049.95 Mobile Safari/537.36 (compatible; GoogleOther)"
51.222.253.14 - - [26/Apr/2025:09:35:02 -0400] "GET /good.php/shopdetail/16864493137.html HTTP/1.1" 200 0 "-" "Mozilla/5.0 (compatible; AhrefsBot/7.0; +http://ahrefs.com/robot/)"
2a03:2880:f800:16:: - - [26/Apr/2025:09:35:03 -0400] "GET /good.php/shopdetail/27850943137.html HTTP/1.1" 200 0 "-" "meta-externalagent/1.1 (+https://developers.facebook.com/docs/sharing/webmasters/crawler)"
66.249.74.106 - - [26/Apr/2025:09:35:03 -0400] "GET /store.php?Omaha/jiliace-net HTTP/1.1" 200 181 "-" "Mozilla/5.0 (Linux; Android 6.0.1; Nexus 5X Build/MMB29P) AppleWebKit/537.36 (KHTML, like Gecko) Chrome/135.0.7049.95 Mobile Safari/537.36 (compatible; GoogleOther)"
162.0.215.210 - - [26/Apr/2025:09:35:05 -0400] "POST /wp-cron.php?doing_wp_cron=1745674504.8819980621337890625000 HTTP/1.1" 200 0 "-" "WordPress/6.8; https://oiltrain.org"
40.77.167.14 - - [26/Apr/2025:09:35:04 -0400] "GET /?s=blackpink+%E7%B2%89%E8%89%B2%E5%8A%87%E6%AF%92 HTTP/1.1" 200 13622 "-" "Mozilla/5.0 AppleWebKit/537.36 (KHTML, like Gecko; compatible; bingbot/2.0; +http://www.bing.com/bingbot.htm) Chrome/116.0.1938.76 Safari/537.36"
66.249.74.105 - - [26/Apr/2025:09:35:06 -0400] "GET /store.php?Lottery/richph%20jackpot%20lucky HTTP/1.1" 200 181 "-" "Mozilla/5.0 (Linux; Android 6.0.1; Nexus 5X Build/MMB29P) AppleWebKit/537.36 (KHTML, like Gecko) Chrome/135.0.7049.95 Mobile Safari/537.36 (compatible; GoogleOther)"
162.0.215.210 - - [26/Apr/2025:09:35:05 -0400] "POST /wp-admin/admin-ajax.php?action=async_litespeed&nonce=JnHLPzPV6bKM4bku2EuolmuiwEFWUz74&litespeed_type=imgoptm HTTP/1.1" 200 5 "-" "WordPress/6.8; https://oiltrain.org"
40.77.167.14 - - [26/Apr/2025:09:35:05 -0400] "GET /?s=blackpink+%E7%B2%89%E8%89%B2%E5%8A%87%E6%AF%92 HTTP/1.1" 200 13622 "-" "Mozilla/5.0 AppleWebKit/537.36 (KHTML, like Gecko; compatible; bingbot/2.0; +http://www.bing.com/bingbot.htm) Chrome/116.0.1938.76 Safari/537.36"
40.77.167.14 - - [26/Apr/2025:09:35:06 -0400] "GET /tools-washrooms-8wvt HTTP/1.1" 404 9386 "-" "Mozilla/5.0 AppleWebKit/537.36 (KHTML, like Gecko; compatible; bingbot/2.0; +http://www.bing.com/bingbot.htm) Chrome/116.0.1938.76 Safari/537.36"
66.249.74.106 - - [26/Apr/2025:09:35:08 -0400] "GET /store.php?Watertown/pagcor-number HTTP/1.1" 200 181 "-" "Mozilla/5.0 (Linux; Android 6.0.1; Nexus 5X Build/MMB29P) AppleWebKit/537.36 (KHTML, like Gecko) Chrome/135.0.7049.95 Mobile Safari/537.36 (compatible; GoogleOther)"
2a03:2880:f800:15:: - - [26/Apr/2025:09:35:10 -0400] "GET /good.php/shopdetail/18744773137.html HTTP/1.1" 200 0 "-" "meta-externalagent/1.1 (+https://developers.facebook.com/docs/sharing/webmasters/crawler)"
51.222.253.16 - - [26/Apr/2025:09:35:14 -0400] "GET /good.php/shopdetail/16897363137.html HTTP/1.1" 200 0 "-" "Mozilla/5.0 (compatible; AhrefsBot/7.0; +http://ahrefs.com/robot/)"
2a03:2880:f800:6:: - - [26/Apr/2025:09:35:15 -0400] "GET /good.php/shopdetail/16258263137.html HTTP/1.1" 200 0 "-" "meta-externalagent/1.1 (+https://developers.facebook.com/docs/sharing/webmasters/crawler)"
66.249.74.105 - - [26/Apr/2025:09:35:19 -0400] "GET /store.php?Fort-Collins_Add-to-cart/ver-playhub HTTP/1.1" 200 181 "-" "Mozilla/5.0 (Linux; Android 6.0.1; Nexus 5X Build/MMB29P) AppleWebKit/537.36 (KHTML, like Gecko) Chrome/135.0.7049.95 Mobile Safari/537.36 (compatible; GoogleOther)"
2a03:2880:f800:18:: - - [26/Apr/2025:09:35:20 -0400] "GET /good.php/shopdetail/22258633137.html HTTP/1.1" 200 0 "-" "meta-externalagent/1.1 (+https://developers.facebook.com/docs/sharing/webmasters/crawler)"
2a03:2880:f800:4:: - - [26/Apr/2025:09:35:22 -0400] "GET /good.php/shopdetail/39886953137.html HTTP/1.1" 200 0 "-" "meta-externalagent/1.1 (+https://developers.facebook.com/docs/sharing/webmasters/crawler)"
2a03:2880:f800:d:: - - [26/Apr/2025:09:35:24 -0400] "GET /good.php/shopdetail/24029523137.html HTTP/1.1" 200 0 "-" "meta-externalagent/1.1 (+https://developers.facebook.com/docs/sharing/webmasters/crawler)"
2001:4860:7:22c::fb - - [26/Apr/2025:09:35:24 -0400] "GET /store.php?cart/dirtyship HTTP/1.1" 200 181 "https://www.google.com/" "Mozilla/5.0 (Linux; Android 10; K) AppleWebKit/537.36 (KHTML, like Gecko) Chrome/135.0.0.0 Mobile Safari/537.36"
2a03:2880:f800:12:: - - [26/Apr/2025:09:35:27 -0400] "GET /good.php/shopdetail/23868613137.html HTTP/1.1" 200 0 "-" "meta-externalagent/1.1 (+https://developers.facebook.com/docs/sharing/webmasters/crawler)"
2a03:2880:f800:17:: - - [26/Apr/2025:09:35:28 -0400] "GET /good.php/shopdetail/28883383137.html HTTP/1.1" 200 0 "-" "meta-externalagent/1.1 (+https://developers.facebook.com/docs/sharing/webmasters/crawler)"
52.167.144.25 - - [26/Apr/2025:09:35:28 -0400] "GET /smartphones-ipads-93c4 HTTP/1.1" 404 9388 "-" "Mozilla/5.0 AppleWebKit/537.36 (KHTML, like Gecko; compatible; bingbot/2.0; +http://www.bing.com/bingbot.htm) Chrome/116.0.1938.76 Safari/537.36"
51.222.253.4 - - [26/Apr/2025:09:35:29 -0400] "GET /good.php/shopdetail/16911823137.html HTTP/1.1" 200 0 "-" "Mozilla/5.0 (compatible; AhrefsBot/7.0; +http://ahrefs.com/robot/)"
198.98.57.200 - - [26/Apr/2025:09:35:31 -0400] "GET /wp-login.php HTTP/1.1" 200 1922 "-" "Mozilla/5.0 (iPhone; CPU iPhone OS 7_0_4 like Mac OS X) AppleWebKit/537.51.1 (KHTML, like Gecko) Version/7.0 Mobile/11B554a Safari/9537.53"
66.249.74.105 - - [26/Apr/2025:09:35:30 -0400] "GET /store.php?Bellingham/bestcasino-app HTTP/1.1" 200 181 "-" "Mozilla/5.0 (Linux; Android 6.0.1; Nexus 5X Build/MMB29P) AppleWebKit/537.36 (KHTML, like Gecko) Chrome/135.0.7049.95 Mobile Safari/537.36 (compatible; GoogleOther)"
198.98.57.200 - - [26/Apr/2025:09:35:31 -0400] "POST /wp-login.php HTTP/1.1" 200 2068 "-" "Mozilla/5.0 (iPhone; CPU iPhone OS 7_0_4 like Mac OS X) AppleWebKit/537.51.1 (KHTML, like Gecko) Version/7.0 Mobile/11B554a Safari/9537.53"
2a03:2880:f800:6:: - - [26/Apr/2025:09:35:32 -0400] "GET /good.php/shopdetail/38958143137.html HTTP/1.1" 200 0 "-" "meta-externalagent/1.1 (+https://developers.facebook.com/docs/sharing/webmasters/crawler)"
66.249.74.105 - - [26/Apr/2025:09:35:32 -0400] "GET /store.php-Hagerstown_Add-to-cart/Vegas-Towers-Casino-login HTTP/1.1" 404 9388 "-" "Mozilla/5.0 (Linux; Android 6.0.1; Nexus 5X Build/MMB29P) AppleWebKit/537.36 (KHTML, like Gecko) Chrome/135.0.7049.114 Mobile Safari/537.36 (compatible; Googlebot/2.1; +http://www.google.com/bot.html)"
2a03:2880:f800:4:: - - [26/Apr/2025:09:35:36 -0400] "GET /good.php/shopdetail/29974593137.html HTTP/1.1" 200 0 "-" "meta-externalagent/1.1 (+https://developers.facebook.com/docs/sharing/webmasters/crawler)"
66.249.74.105 - - [26/Apr/2025:09:35:37 -0400] "GET /store.php?Camden/how-to-compute-sss HTTP/1.1" 200 181 "-" "Mozilla/5.0 (Linux; Android 6.0.1; Nexus 5X Build/MMB29P) AppleWebKit/537.36 (KHTML, like Gecko) Chrome/135.0.7049.95 Mobile Safari/537.36 (compatible; GoogleOther)"
51.222.253.19 - - [26/Apr/2025:09:35:38 -0400] "GET /good.php/shopdetail/16941603137.html HTTP/1.1" 200 0 "-" "Mozilla/5.0 (compatible; AhrefsBot/7.0; +http://ahrefs.com/robot/)"
66.249.74.105 - - [26/Apr/2025:09:35:40 -0400] "GET /store.php?Peoria/wisp%20in%20sss HTTP/1.1" 200 181 "-" "Mozilla/5.0 (Linux; Android 6.0.1; Nexus 5X Build/MMB29P) AppleWebKit/537.36 (KHTML, like Gecko) Chrome/135.0.7049.95 Mobile Safari/537.36 (compatible; GoogleOther)"
66.249.74.105 - - [26/Apr/2025:09:35:43 -0400] "GET /store.php?Seattle/jili-888 HTTP/1.1" 200 181 "-" "Mozilla/5.0 (Linux; Android 6.0.1; Nexus 5X Build/MMB29P) AppleWebKit/537.36 (KHTML, like Gecko) Chrome/135.0.7049.95 Mobile Safari/537.36 (compatible; GoogleOther)"
66.249.74.105 - - [26/Apr/2025:09:35:45 -0400] "GET /store.php?Monroe/kkjili-betgame-legit HTTP/1.1" 200 181 "-" "Mozilla/5.0 (Linux; Android 6.0.1; Nexus 5X Build/MMB29P) AppleWebKit/537.36 (KHTML, like Gecko) Chrome/135.0.7049.95 Mobile Safari/537.36 (compatible; GoogleOther)"
2a03:2880:f800:d:: - - [26/Apr/2025:09:35:50 -0400] "GET /good.php/shopdetail/10792563137.html HTTP/1.1" 200 0 "-" "meta-externalagent/1.1 (+https://developers.facebook.com/docs/sharing/webmasters/crawler)"
2a03:2880:f800:f:: - - [26/Apr/2025:09:35:52 -0400] "GET /good.php/shopdetail/31907023137.html HTTP/1.1" 200 0 "-" "meta-externalagent/1.1 (+https://developers.facebook.com/docs/sharing/webmasters/crawler)"
51.222.253.5 - - [26/Apr/2025:09:35:53 -0400] "GET /good.php/shopdetail/16988933137.html HTTP/1.1" 200 0 "-" "Mozilla/5.0 (compatible; AhrefsBot/7.0; +http://ahrefs.com/robot/)"
52.167.144.20 - - [26/Apr/2025:09:35:54 -0400] "GET /wp-content/uploads/elementor/css/post-17330.css?ver=1732017030 HTTP/1.1" 200 175 "-" "Mozilla/5.0 AppleWebKit/537.36 (KHTML, like Gecko; compatible; bingbot/2.0; +http://www.bing.com/bingbot.htm) Chrome/116.0.1938.76 Safari/537.36"
66.249.74.105 - - [26/Apr/2025:09:35:54 -0400] "GET /store.php?Staunton/hd-poker HTTP/1.1" 200 181 "-" "Mozilla/5.0 (Linux; Android 6.0.1; Nexus 5X Build/MMB29P) AppleWebKit/537.36 (KHTML, like Gecko) Chrome/135.0.7049.95 Mobile Safari/537.36 (compatible; GoogleOther)"
2a03:2880:f800:10:: - - [26/Apr/2025:09:36:00 -0400] "GET /good.php/shopdetail/19634753137.html HTTP/1.1" 200 0 "-" "meta-externalagent/1.1 (+https://developers.facebook.com/docs/sharing/webmasters/crawler)"
51.222.253.16 - - [26/Apr/2025:09:36:00 -0400] "GET /good.php/shopdetail/16998543137.html HTTP/1.1" 200 0 "-" "Mozilla/5.0 (compatible; AhrefsBot/7.0; +http://ahrefs.com/robot/)"
66.249.74.107 - - [26/Apr/2025:09:36:04 -0400] "GET /store.php?Flushing/infinity-casino HTTP/1.1" 200 181 "-" "Mozilla/5.0 (Linux; Android 6.0.1; Nexus 5X Build/MMB29P) AppleWebKit/537.36 (KHTML, like Gecko) Chrome/135.0.7049.95 Mobile Safari/537.36 (compatible; GoogleOther)"
2a03:2880:f800:18:: - - [26/Apr/2025:09:36:05 -0400] "GET /good.php/shopdetail/4051543137.html HTTP/1.1" 200 0 "-" "meta-externalagent/1.1 (+https://developers.facebook.com/docs/sharing/webmasters/crawler)"
2a03:2880:f800:: - - [26/Apr/2025:09:36:11 -0400] "GET /good.php/shopdetail/22843893137.html HTTP/1.1" 200 0 "-" "meta-externalagent/1.1 (+https://developers.facebook.com/docs/sharing/webmasters/crawler)"
66.249.74.106 - - [26/Apr/2025:09:36:11 -0400] "GET /store.php?like/crazy-time-gcash HTTP/1.1" 200 181 "-" "Mozilla/5.0 (Linux; Android 6.0.1; Nexus 5X Build/MMB29P) AppleWebKit/537.36 (KHTML, like Gecko) Chrome/135.0.7049.95 Mobile Safari/537.36 (compatible; GoogleOther)"
51.222.253.5 - - [26/Apr/2025:09:36:13 -0400] "GET /good.php/shopdetail/17129573137.html HTTP/1.1" 200 0 "-" "Mozilla/5.0 (compatible; AhrefsBot/7.0; +http://ahrefs.com/robot/)"
66.249.74.105 - - [26/Apr/2025:09:36:14 -0400] "GET /store.php?Product-detail/phjoy%20lottery%20app HTTP/1.1" 200 181 "-" "Mozilla/5.0 (Linux; Android 6.0.1; Nexus 5X Build/MMB29P) AppleWebKit/537.36 (KHTML, like Gecko) Chrome/135.0.7049.95 Mobile Safari/537.36 (compatible; GoogleOther)"
162.0.215.210 - - [26/Apr/2025:09:36:20 -0400] "POST /wp-cron.php?doing_wp_cron=1745674580.7536869049072265625000 HTTP/1.1" 200 0 "-" "WordPress/6.8; https://oiltrain.org"
66.249.74.105 - - [26/Apr/2025:09:36:19 -0400] "GET /store.php-Burbank_Add-to-cart/Gogojili-register-casino HTTP/1.1" 404 9386 "-" "Mozilla/5.0 (Linux; Android 6.0.1; Nexus 5X Build/MMB29P) AppleWebKit/537.36 (KHTML, like Gecko) Chrome/135.0.7049.95 Mobile Safari/537.36 (compatible; GoogleOther)"
162.0.215.210 - - [26/Apr/2025:09:36:21 -0400] "POST /wp-admin/admin-ajax.php?action=async_litespeed&nonce=sMiTnUSi4qGjRdTczRkapQtNAkPfHmxD&litespeed_type=imgoptm HTTP/1.1" 200 5 "-" "WordPress/6.8; https://oiltrain.org"
2a03:2880:f800:17:: - - [26/Apr/2025:09:36:23 -0400] "GET /good.php/shopdetail/23223783137.html HTTP/1.1" 200 0 "-" "meta-externalagent/1.1 (+https://developers.facebook.com/docs/sharing/webmasters/crawler)"
40.77.167.14 - - [26/Apr/2025:09:36:25 -0400] "GET /?s=walk+for+life+wilmington+ohio HTTP/1.1" 200 13578 "-" "Mozilla/5.0 AppleWebKit/537.36 (KHTML, like Gecko; compatible; bingbot/2.0; +http://www.bing.com/bingbot.htm) Chrome/116.0.1938.76 Safari/537.36"
40.77.167.14 - - [26/Apr/2025:09:36:26 -0400] "GET /?s=%E0%B9%81%E0%B8%97%E0%B8%A1%E0%B9%80%E0%B8%A7%E0%B8%B4%E0%B8%A3%E0%B9%8C%E0%B8%98+VS+%E0%B9%80%E0%B8%AD%E0%B9%80%E0%B8%AD%E0%B8%9F%E0%B8%8B%E0%B8%B5+%E0%B8%9F%E0%B8%B4%E0%B8%A5%E0%B8%94%E0%B9%8C HTTP/1.1" 200 13737 "-" "Mozilla/5.0 AppleWebKit/537.36 (KHTML, like Gecko; compatible; bingbot/2.0; +http://www.bing.com/bingbot.htm) Chrome/116.0.1938.76 Safari/537.36"
51.222.253.5 - - [26/Apr/2025:09:36:27 -0400] "GET /good.php/shopdetail/17147763137.html HTTP/1.1" 200 0 "-" "Mozilla/5.0 (compatible; AhrefsBot/7.0; +http://ahrefs.com/robot/)"
66.249.74.105 - - [26/Apr/2025:09:36:27 -0400] "GET /store.php?Mile-House/super-king777 HTTP/1.1" 200 181 "-" "Mozilla/5.0 (Linux; Android 6.0.1; Nexus 5X Build/MMB29P) AppleWebKit/537.36 (KHTML, like Gecko) Chrome/135.0.7049.95 Mobile Safari/537.36 (compatible; GoogleOther)"
2a03:2880:f800:7:: - - [26/Apr/2025:09:36:34 -0400] "GET /good.php/shopdetail/20400133137.html HTTP/1.1" 200 0 "-" "meta-externalagent/1.1 (+https://developers.facebook.com/docs/sharing/webmasters/crawler)"
2a03:2880:f800:2:: - - [26/Apr/2025:09:36:34 -0400] "GET /good.php/shopdetail/7050963137.html HTTP/1.1" 200 0 "-" "meta-externalagent/1.1 (+https://developers.facebook.com/docs/sharing/webmasters/crawler)"
2a03:2880:f800:6:: - - [26/Apr/2025:09:36:34 -0400] "GET /good.php/shopdetail/29238983137.html HTTP/1.1" 200 0 "-" "meta-externalagent/1.1 (+https://developers.facebook.com/docs/sharing/webmasters/crawler)"
2a03:2880:f800:19:: - - [26/Apr/2025:09:36:34 -0400] "GET /good.php/shopdetail/31619143137.html HTTP/1.1" 200 0 "-" "meta-externalagent/1.1 (+https://developers.facebook.com/docs/sharing/webmasters/crawler)"
52.167.144.25 - - [26/Apr/2025:09:36:34 -0400] "GET /?s=%E7%87%88%E7%81%AB%E6%BE%B3%E5%80%AB+%E4%BD%8D%E7%BD%AE HTTP/1.1" 200 13677 "-" "Mozilla/5.0 AppleWebKit/537.36 (KHTML, like Gecko; compatible; bingbot/2.0; +http://www.bing.com/bingbot.htm) Chrome/116.0.1938.76 Safari/537.36"
52.167.144.20 - - [26/Apr/2025:09:36:36 -0400] "GET /?s=%D0%BF%D0%BE%D0%B3%D0%BE%D0%B4%D0%B0+%D0%B2%D0%B5%D0%BB%D0%B8%D0%BA%D0%B8%D0%B9+%D0%BD%D0%BE%D0%B2%D0%B3%D0%BE%D1%80%D0%BE%D0%B4+%D0%BD%D0%B0+%D0%B0%D0%BF%D1%80%D0%B5%D0%BB%D1%8C+2025+%D0%BC%D0%B5%D1%81%D1%8F%D1%86 HTTP/1.1" 200 13715 "-" "Mozilla/5.0 AppleWebKit/537.36 (KHTML, like Gecko; compatible; bingbot/2.0; +http://www.bing.com/bingbot.htm) Chrome/116.0.1938.76 Safari/537.36"
162.0.215.210 - - [26/Apr/2025:09:36:38 -0400] "POST /wp-cron.php?doing_wp_cron=1745674598.3535110950469970703125 HTTP/1.1" 200 0 "-" "WordPress/6.8; https://oiltrain.org"
52.167.144.20 - - [26/Apr/2025:09:36:37 -0400] "GET /books-sports-1lwkt HTTP/1.1" 404 9386 "-" "Mozilla/5.0 AppleWebKit/537.36 (KHTML, like Gecko; compatible; bingbot/2.0; +http://www.bing.com/bingbot.htm) Chrome/116.0.1938.76 Safari/537.36"
51.222.253.3 - - [26/Apr/2025:09:36:40 -0400] "GET /good.php/shopdetail/17322403137.html HTTP/1.1" 200 0 "-" "Mozilla/5.0 (compatible; AhrefsBot/7.0; +http://ahrefs.com/robot/)"
66.249.74.105 - - [26/Apr/2025:09:36:41 -0400] "GET /store.php?Muskogee/cricket-bet-9 HTTP/1.1" 200 181 "-" "Mozilla/5.0 (Linux; Android 6.0.1; Nexus 5X Build/MMB29P) AppleWebKit/537.36 (KHTML, like Gecko) Chrome/135.0.7049.95 Mobile Safari/537.36 (compatible; GoogleOther)"
66.249.74.105 - - [26/Apr/2025:09:36:45 -0400] "GET /store.php?cart/ab777%20lottery%20register HTTP/1.1" 200 181 "-" "Mozilla/5.0 (Linux; Android 6.0.1; Nexus 5X Build/MMB29P) AppleWebKit/537.36 (KHTML, like Gecko) Chrome/135.0.7049.95 Mobile Safari/537.36 (compatible; GoogleOther)"
2a03:2880:f800:11:: - - [26/Apr/2025:09:36:46 -0400] "GET /good.php/shopdetail/6588293137.html HTTP/1.1" 200 0 "-" "meta-externalagent/1.1 (+https://developers.facebook.com/docs/sharing/webmasters/crawler)"
20.171.207.6 - - [26/Apr/2025:09:36:50 -0400] "GET /store.php?Scottsdale/mobile-bet-365 HTTP/1.1" 404 110 "-" "Mozilla/5.0 AppleWebKit/537.36 (KHTML, like Gecko; compatible; GPTBot/1.2; +https://openai.com/gptbot)"
66.249.74.105 - - [26/Apr/2025:09:36:50 -0400] "GET /store.php?Sudbury/mokichi-okada HTTP/1.1" 200 181 "-" "Mozilla/5.0 (Linux; Android 6.0.1; Nexus 5X Build/MMB29P) AppleWebKit/537.36 (KHTML, like Gecko) Chrome/135.0.7049.95 Mobile Safari/537.36 (compatible; GoogleOther)"
51.222.253.13 - - [26/Apr/2025:09:36:53 -0400] "GET /good.php/shopdetail/17329893137.html HTTP/1.1" 200 0 "-" "Mozilla/5.0 (compatible; AhrefsBot/7.0; +http://ahrefs.com/robot/)"
2a03:2880:f800:a:: - - [26/Apr/2025:09:36:53 -0400] "GET /good.php/shopdetail/24473413137.html HTTP/1.1" 200 0 "-" "meta-externalagent/1.1 (+https://developers.facebook.com/docs/sharing/webmasters/crawler)"
66.249.74.105 - - [26/Apr/2025:09:36:54 -0400] "GET /store.php?Product-detail/pesquisa%20datafolha%20presidente HTTP/1.1" 200 181 "-" "Mozilla/5.0 (Linux; Android 6.0.1; Nexus 5X Build/MMB29P) AppleWebKit/537.36 (KHTML, like Gecko) Chrome/135.0.7049.95 Mobile Safari/537.36 (compatible; GoogleOther)"
66.249.74.105 - - [26/Apr/2025:09:36:58 -0400] "GET /store.php?Fayetteville/90-jili-vip HTTP/1.1" 200 181 "-" "Mozilla/5.0 (Linux; Android 6.0.1; Nexus 5X Build/MMB29P) AppleWebKit/537.36 (KHTML, like Gecko) Chrome/135.0.7049.95 Mobile Safari/537.36 (compatible; GoogleOther)"
2a03:2880:f800:1:: - - [26/Apr/2025:09:36:59 -0400] "GET /good.php/shopdetail/18669893137.html HTTP/1.1" 200 0 "-" "meta-externalagent/1.1 (+https://developers.facebook.com/docs/sharing/webmasters/crawler)"
51.222.253.19 - - [26/Apr/2025:09:37:02 -0400] "GET /good.php/shopdetail/17424783137.html HTTP/1.1" 200 0 "-" "Mozilla/5.0 (compatible; AhrefsBot/7.0; +http://ahrefs.com/robot/)"
52.167.144.20 - - [26/Apr/2025:09:37:03 -0400] "GET /?s=%E3%80%92586-0044+%E5%A4%A7%E9%98%AA%E5%BA%9C%E6%B2%B3%E5%86%85%E9%95%B7%E9%87%8E%E5%B8%82%E7%BE%8E%E5%8A%A0%E3%81%AE%E5%8F%B0 HTTP/1.1" 200 13756 "-" "Mozilla/5.0 AppleWebKit/537.36 (KHTML, like Gecko; compatible; bingbot/2.0; +http://www.bing.com/bingbot.htm) Chrome/116.0.1938.76 Safari/537.36"
162.0.215.210 - - [26/Apr/2025:09:37:03 -0400] "POST /wp-cron.php?doing_wp_cron=1745674623.0628359317779541015625 HTTP/1.1" 200 0 "-" "WordPress/6.8; https://oiltrain.org"
66.249.74.105 - - [26/Apr/2025:09:37:02 -0400] "GET /store.php-Staten-Island_Add-to-cart/lvbet777-betting-sites-betgame HTTP/1.1" 404 9386 "-" "Mozilla/5.0 (Linux; Android 6.0.1; Nexus 5X Build/MMB29P) AppleWebKit/537.36 (KHTML, like Gecko) Chrome/135.0.7049.95 Mobile Safari/537.36 (compatible; GoogleOther)"
162.0.215.210 - - [26/Apr/2025:09:37:04 -0400] "POST /wp-admin/admin-ajax.php?action=async_litespeed&nonce=SbYXYDcweKioytE3eO7dbjnlREtAJQ5M&litespeed_type=imgoptm HTTP/1.1" 200 0 "-" "WordPress/6.8; https://oiltrain.org"
52.167.144.20 - - [26/Apr/2025:09:37:04 -0400] "GET /tools-making-paper-2m3x7 HTTP/1.1" 404 9386 "-" "Mozilla/5.0 AppleWebKit/537.36 (KHTML, like Gecko; compatible; bingbot/2.0; +http://www.bing.com/bingbot.htm) Chrome/116.0.1938.76 Safari/537.36"
66.249.74.105 - - [26/Apr/2025:09:37:11 -0400] "GET /store.php?Hannibal/entertainment-city HTTP/1.1" 200 181 "-" "Mozilla/5.0 (Linux; Android 6.0.1; Nexus 5X Build/MMB29P) AppleWebKit/537.36 (KHTML, like Gecko) Chrome/135.0.7049.95 Mobile Safari/537.36 (compatible; GoogleOther)"
66.249.74.105 - - [26/Apr/2025:09:37:12 -0400] "GET /?fashion-shoes-1a1e HTTP/1.1" 200 25411 "-" "Mozilla/5.0 (Linux; Android 6.0.1; Nexus 5X Build/MMB29P) AppleWebKit/537.36 (KHTML, like Gecko) Chrome/135.0.7049.114 Mobile Safari/537.36 (compatible; Googlebot/2.1; +http://www.google.com/bot.html)"
66.249.74.105 - - [26/Apr/2025:09:37:15 -0400] "GET /store.php?Bend_Add-to-cart/formel-1-taya HTTP/1.1" 200 181 "-" "Mozilla/5.0 (Linux; Android 6.0.1; Nexus 5X Build/MMB29P) AppleWebKit/537.36 (KHTML, like Gecko) Chrome/135.0.7049.95 Mobile Safari/537.36 (compatible; GoogleOther)"
51.222.253.17 - - [26/Apr/2025:09:37:18 -0400] "GET /good.php/shopdetail/17447823137.html HTTP/1.1" 200 0 "-" "Mozilla/5.0 (compatible; AhrefsBot/7.0; +http://ahrefs.com/robot/)"
2a03:2880:f800:7:: - - [26/Apr/2025:09:37:19 -0400] "GET /good.php/shopdetail/12694693137.html HTTP/1.1" 200 0 "-" "meta-externalagent/1.1 (+https://developers.facebook.com/docs/sharing/webmasters/crawler)"
2a03:2880:f800:9:: - - [26/Apr/2025:09:37:19 -0400] "GET /good.php/shopdetail/34089923137.html HTTP/1.1" 200 0 "-" "meta-externalagent/1.1 (+https://developers.facebook.com/docs/sharing/webmasters/crawler)"
66.249.74.105 - - [26/Apr/2025:09:37:22 -0400] "GET /store.php?Marietta/prada777-jackpot-baccarat HTTP/1.1" 200 181 "-" "Mozilla/5.0 (Linux; Android 6.0.1; Nexus 5X Build/MMB29P) AppleWebKit/537.36 (KHTML, like Gecko) Chrome/135.0.7049.95 Mobile Safari/537.36 (compatible; GoogleOther)"
2a03:2880:f800:17:: - - [26/Apr/2025:09:37:24 -0400] "GET /good.php/shopdetail/30321333137.html HTTP/1.1" 200 0 "-" "meta-externalagent/1.1 (+https://developers.facebook.com/docs/sharing/webmasters/crawler)"
66.249.74.105 - - [26/Apr/2025:09:37:25 -0400] "GET /fashion-shoes-1qndj HTTP/1.1" 404 9386 "-" "Mozilla/5.0 (Linux; Android 6.0.1; Nexus 5X Build/MMB29P) AppleWebKit/537.36 (KHTML, like Gecko) Chrome/135.0.7049.114 Mobile Safari/537.36 (compatible; Googlebot/2.1; +http://www.google.com/bot.html)"
66.249.74.105 - - [26/Apr/2025:09:37:26 -0400] "GET /store.php?Latest-Posts/jogos%20da%20copa%20sp HTTP/1.1" 200 181 "-" "Mozilla/5.0 (Linux; Android 6.0.1; Nexus 5X Build/MMB29P) AppleWebKit/537.36 (KHTML, like Gecko) Chrome/135.0.7049.95 Mobile Safari/537.36 (compatible; GoogleOther)"
40.77.167.14 - - [26/Apr/2025:09:37:28 -0400] "GET /?s=%E5%85%88%E9%8B%92%E6%88%B0%E5%A3%AB%E6%B1%8E+%E8%93%8B%E5%80%AB HTTP/1.1" 200 13658 "-" "Mozilla/5.0 AppleWebKit/537.36 (KHTML, like Gecko; compatible; bingbot/2.0; +http://www.bing.com/bingbot.htm) Chrome/116.0.1938.76 Safari/537.36"
2a03:2880:f800:14:: - - [26/Apr/2025:09:37:33 -0400] "GET /good.php/shopdetail/12755603137.html HTTP/1.1" 200 0 "-" "meta-externalagent/1.1 (+https://developers.facebook.com/docs/sharing/webmasters/crawler)"
51.222.253.13 - - [26/Apr/2025:09:37:33 -0400] "GET /good.php/shopdetail/17481063137.html HTTP/1.1" 200 0 "-" "Mozilla/5.0 (compatible; AhrefsBot/7.0; +http://ahrefs.com/robot/)"
66.249.74.105 - - [26/Apr/2025:09:37:33 -0400] "GET /store.php?Deer-Park/m777-betgame-big HTTP/1.1" 200 181 "-" "Mozilla/5.0 (Linux; Android 6.0.1; Nexus 5X Build/MMB29P) AppleWebKit/537.36 (KHTML, like Gecko) Chrome/135.0.7049.95 Mobile Safari/537.36 (compatible; GoogleOther)"
162.0.215.210 - - [26/Apr/2025:09:37:39 -0400] "POST /wp-cron.php?doing_wp_cron=1745674658.9289450645446777343750 HTTP/1.1" 200 0 "-" "WordPress/6.8; https://oiltrain.org"
40.77.167.14 - - [26/Apr/2025:09:37:38 -0400] "GET /tools-bathrooms-2dcc9 HTTP/1.1" 404 9386 "-" "Mozilla/5.0 AppleWebKit/537.36 (KHTML, like Gecko; compatible; bingbot/2.0; +http://www.bing.com/bingbot.htm) Chrome/116.0.1938.76 Safari/537.36"
2a03:2880:f800:1a:: - - [26/Apr/2025:09:37:39 -0400] "GET /good.php/shopdetail/8222833137.html HTTP/1.1" 200 0 "-" "meta-externalagent/1.1 (+https://developers.facebook.com/docs/sharing/webmasters/crawler)"
51.222.253.17 - - [26/Apr/2025:09:37:43 -0400] "GET /good.php/shopdetail/17525853137.html HTTP/1.1" 200 0 "-" "Mozilla/5.0 (compatible; AhrefsBot/7.0; +http://ahrefs.com/robot/)"
66.249.74.105 - - [26/Apr/2025:09:37:44 -0400] "GET /store.php?FAQs/byu777%20fortune%20big HTTP/1.1" 200 181 "-" "Mozilla/5.0 (Linux; Android 6.0.1; Nexus 5X Build/MMB29P) AppleWebKit/537.36 (KHTML, like Gecko) Chrome/135.0.7049.95 Mobile Safari/537.36 (compatible; GoogleOther)"
2a03:2880:f800:12:: - - [26/Apr/2025:09:37:46 -0400] "GET /fire-fighting-course/ HTTP/1.1" 200 19994 "-" "meta-externalagent/1.1 (+https://developers.facebook.com/docs/sharing/webmasters/crawler)"
66.249.74.105 - - [26/Apr/2025:09:37:48 -0400] "GET /store.php?Lottery/Abcjili%20dice%20game%20fortune HTTP/1.1" 200 181 "-" "Mozilla/5.0 (Linux; Android 6.0.1; Nexus 5X Build/MMB29P) AppleWebKit/537.36 (KHTML, like Gecko) Chrome/135.0.7049.95 Mobile Safari/537.36 (compatible; GoogleOther)"
51.222.253.11 - - [26/Apr/2025:09:37:53 -0400] "GET /good.php/shopdetail/17527843137.html HTTP/1.1" 200 0 "-" "Mozilla/5.0 (compatible; AhrefsBot/7.0; +http://ahrefs.com/robot/)"
2a03:2880:f800:8:: - - [26/Apr/2025:09:37:55 -0400] "GET /good.php/shopdetail/30406533137.html HTTP/1.1" 200 0 "-" "meta-externalagent/1.1 (+https://developers.facebook.com/docs/sharing/webmasters/crawler)"
2a03:2880:f800:4:: - - [26/Apr/2025:09:37:55 -0400] "GET /good.php/shopdetail/36376703137.html HTTP/1.1" 200 0 "-" "meta-externalagent/1.1 (+https://developers.facebook.com/docs/sharing/webmasters/crawler)"
66.249.74.105 - - [26/Apr/2025:09:37:55 -0400] "GET /store.php?Whitehorse/barkadabet HTTP/1.1" 200 181 "-" "Mozilla/5.0 (Linux; Android 6.0.1; Nexus 5X Build/MMB29P) AppleWebKit/537.36 (KHTML, like Gecko) Chrome/135.0.7049.95 Mobile Safari/537.36 (compatible; GoogleOther)"
2a03:2880:f800:17:: - - [26/Apr/2025:09:37:57 -0400] "GET /good.php/shopdetail/1981673137.html HTTP/1.1" 200 0 "-" "meta-externalagent/1.1 (+https://developers.facebook.com/docs/sharing/webmasters/crawler)"
66.249.74.105 - - [26/Apr/2025:09:37:58 -0400] "GET /store.php?Austin_Add-to-cart/support-lvbet HTTP/1.1" 200 181 "-" "Mozilla/5.0 (Linux; Android 6.0.1; Nexus 5X Build/MMB29P) AppleWebKit/537.36 (KHTML, like Gecko) Chrome/135.0.7049.114 Mobile Safari/537.36 (compatible; Googlebot/2.1; +http://www.google.com/bot.html)"
66.249.74.107 - - [26/Apr/2025:09:38:01 -0400] "GET /store.php?Homepage/cukongbet88 HTTP/1.1" 200 181 "-" "Mozilla/5.0 (Linux; Android 6.0.1; Nexus 5X Build/MMB29P) AppleWebKit/537.36 (KHTML, like Gecko) Chrome/135.0.7049.95 Mobile Safari/537.36 (compatible; GoogleOther)"
51.222.253.20 - - [26/Apr/2025:09:38:02 -0400] "GET /good.php/shopdetail/17639843137.html HTTP/1.1" 200 0 "-" "Mozilla/5.0 (compatible; AhrefsBot/7.0; +http://ahrefs.com/robot/)"
2a03:2880:f800:12:: - - [26/Apr/2025:09:38:02 -0400] "GET /good.php/shopdetail/32942943137.html HTTP/1.1" 200 0 "-" "meta-externalagent/1.1 (+https://developers.facebook.com/docs/sharing/webmasters/crawler)"
2001:4860:7:704::d4 - - [26/Apr/2025:09:38:06 -0400] "GET /store.php?FAQs/thisvod HTTP/1.1" 200 181 "https://www.google.com/" "Mozilla/5.0 (Linux; Android 10; K) AppleWebKit/537.36 (KHTML, like Gecko) Chrome/135.0.0.0 Mobile Safari/537.36"
66.249.74.106 - - [26/Apr/2025:09:38:07 -0400] "GET /store.php?FAQs/falconplay%20dice%20game HTTP/1.1" 200 181 "-" "Mozilla/5.0 (Linux; Android 6.0.1; Nexus 5X Build/MMB29P) AppleWebKit/537.36 (KHTML, like Gecko) Chrome/135.0.7049.95 Mobile Safari/537.36 (compatible; GoogleOther)"
2a03:2880:f800:8:: - - [26/Apr/2025:09:38:08 -0400] "GET /good.php/shopdetail/34444353137.html HTTP/1.1" 200 0 "-" "meta-externalagent/1.1 (+https://developers.facebook.com/docs/sharing/webmasters/crawler)"
2a03:2880:f800:4:: - - [26/Apr/2025:09:38:11 -0400] "GET /good.php/shopdetail/5490423137.html HTTP/1.1" 200 0 "-" "meta-externalagent/1.1 (+https://developers.facebook.com/docs/sharing/webmasters/crawler)"
