2a03:2880:f800:17:: - - [26/Apr/2025:09:48:03 -0400] "GET /good.php/shopdetail/7000003137.html HTTP/1.1" 200 0 "-" "meta-externalagent/1.1 (+https://developers.facebook.com/docs/sharing/webmasters/crawler)"
66.249.74.110 - - [26/Apr/2025:09:48:04 -0400] "GET /store.php?Latest-Posts/dct%20casino%20app HTTP/1.1" 200 181 "-" "Mozilla/5.0 (Linux; Android 6.0.1; Nexus 5X Build/MMB29P) AppleWebKit/537.36 (KHTML, like Gecko) Chrome/135.0.7049.95 Mobile Safari/537.36 (compatible; GoogleOther)"
51.222.253.13 - - [26/Apr/2025:09:48:04 -0400] "GET /good.php/shopdetail/19097703137.html HTTP/1.1" 200 0 "-" "Mozilla/5.0 (compatible; AhrefsBot/7.0; +http://ahrefs.com/robot/)"
66.249.74.110 - - [26/Apr/2025:09:48:10 -0400] "GET /store.php?Auburn/8k8-8k8 HTTP/1.1" 200 181 "-" "Mozilla/5.0 (Linux; Android 6.0.1; Nexus 5X Build/MMB29P) AppleWebKit/537.36 (KHTML, like Gecko) Chrome/135.0.7049.95 Mobile Safari/537.36 (compatible; GoogleOther)"
2a03:2880:f800:c:: - - [26/Apr/2025:09:48:17 -0400] "GET /good.php/shopdetail/12384023137.html HTTP/1.1" 200 0 "-" "meta-externalagent/1.1 (+https://developers.facebook.com/docs/sharing/webmasters/crawler)"
51.222.253.5 - - [26/Apr/2025:09:48:17 -0400] "GET /good.php/shopdetail/19126113137.html HTTP/1.1" 200 0 "-" "Mozilla/5.0 (compatible; AhrefsBot/7.0; +http://ahrefs.com/robot/)"
66.249.74.110 - - [26/Apr/2025:09:48:21 -0400] "GET /store.php?Kensee/liverpool-bet HTTP/1.1" 200 181 "-" "Mozilla/5.0 (Linux; Android 6.0.1; Nexus 5X Build/MMB29P) AppleWebKit/537.36 (KHTML, like Gecko) Chrome/135.0.7049.95 Mobile Safari/537.36 (compatible; GoogleOther)"
162.0.215.210 - - [26/Apr/2025:09:48:27 -0400] "POST /wp-cron.php?doing_wp_cron=1745675306.9521629810333251953125 HTTP/1.1" 200 0 "-" "WordPress/6.8; https://oiltrain.org"
40.77.167.23 - - [26/Apr/2025:09:48:26 -0400] "GET /?s=%D0%BA%D0%B0%D0%BA+%D1%81%D0%B4%D0%B5%D0%BB%D0%B0%D1%82%D1%8C+%D0%BF%D1%80%D0%BE%D0%B7%D1%80%D0%B0%D1%87%D0%BD%D1%8B%D0%B9+%D0%BF%D1%80%D0%BE%D1%84%D0%B8%D0%BB%D1%8C+%D1%81%D1%82%D0%B8%D0%BC HTTP/1.1" 200 13705 "-" "Mozilla/5.0 AppleWebKit/537.36 (KHTML, like Gecko; compatible; bingbot/2.0; +http://www.bing.com/bingbot.htm) Chrome/116.0.1938.76 Safari/537.36"
162.0.215.210 - - [26/Apr/2025:09:48:27 -0400] "POST /wp-admin/admin-ajax.php?action=async_litespeed&nonce=MDV2E3IwBfs9qtOldWDB1D3803N9qRoK&litespeed_type=imgoptm HTTP/1.1" 200 5 "-" "WordPress/6.8; https://oiltrain.org"
66.249.74.110 - - [26/Apr/2025:09:48:32 -0400] "GET /store.php?SaultSte.Marie/how-to-bet-in-ipl HTTP/1.1" 200 181 "-" "Mozilla/5.0 (Linux; Android 6.0.1; Nexus 5X Build/MMB29P) AppleWebKit/537.36 (KHTML, like Gecko) Chrome/135.0.7049.95 Mobile Safari/537.36 (compatible; GoogleOther)"
51.222.253.6 - - [26/Apr/2025:09:48:33 -0400] "GET /good.php/shopdetail/19136193137.html HTTP/1.1" 200 0 "-" "Mozilla/5.0 (compatible; AhrefsBot/7.0; +http://ahrefs.com/robot/)"
66.249.74.110 - - [26/Apr/2025:09:48:35 -0400] "GET /store.php?Lottery/jilibet777%20lottery%20slot HTTP/1.1" 200 181 "-" "Mozilla/5.0 (Linux; Android 6.0.1; Nexus 5X Build/MMB29P) AppleWebKit/537.36 (KHTML, like Gecko) Chrome/135.0.7049.95 Mobile Safari/537.36 (compatible; GoogleOther)"
66.249.74.110 - - [26/Apr/2025:09:48:38 -0400] "GET /store.php?Latest-Posts/sugarplay%20fortune%20betting%20sites HTTP/1.1" 200 181 "-" "Mozilla/5.0 (Linux; Android 6.0.1; Nexus 5X Build/MMB29P) AppleWebKit/537.36 (KHTML, like Gecko) Chrome/135.0.7049.95 Mobile Safari/537.36 (compatible; GoogleOther)"
66.249.74.110 - - [26/Apr/2025:09:48:43 -0400] "GET /store.php?Myrtle-Beach/fb777.log-in HTTP/1.1" 200 181 "-" "Mozilla/5.0 (Linux; Android 6.0.1; Nexus 5X Build/MMB29P) AppleWebKit/537.36 (KHTML, like Gecko) Chrome/135.0.7049.95 Mobile Safari/537.36 (compatible; GoogleOther)"
51.222.253.13 - - [26/Apr/2025:09:48:46 -0400] "GET /good.php/shopdetail/19167703137.html HTTP/1.1" 200 0 "-" "Mozilla/5.0 (compatible; AhrefsBot/7.0; +http://ahrefs.com/robot/)"
2a03:2880:f800:19:: - - [26/Apr/2025:09:48:48 -0400] "GET /good.php/shopdetail/29687223137.html HTTP/1.1" 200 0 "-" "meta-externalagent/1.1 (+https://developers.facebook.com/docs/sharing/webmasters/crawler)"
162.0.215.210 - - [26/Apr/2025:09:48:48 -0400] "POST /wp-cron.php?doing_wp_cron=1745675328.8930408954620361328125 HTTP/1.1" 200 0 "-" "WordPress/6.8; https://oiltrain.org"
20.15.133.191 - - [26/Apr/2025:09:48:48 -0400] "GET /?s=modern+office+desk+accessories HTTP/1.1" 200 13568 "-" "Mozilla/5.0 AppleWebKit/537.36 (KHTML, like Gecko; compatible; bingbot/2.0; +http://www.bing.com/bingbot.htm) Chrome/116.0.1938.76 Safari/537.36"
66.249.74.110 - - [26/Apr/2025:09:48:54 -0400] "GET /store.php?Pangnirtung/dragon888-peso-loan HTTP/1.1" 200 181 "-" "Mozilla/5.0 (Linux; Android 6.0.1; Nexus 5X Build/MMB29P) AppleWebKit/537.36 (KHTML, like Gecko) Chrome/135.0.7049.95 Mobile Safari/537.36 (compatible; GoogleOther)"
51.222.253.20 - - [26/Apr/2025:09:49:00 -0400] "GET /good.php/shopdetail/19186393137.html HTTP/1.1" 200 0 "-" "Mozilla/5.0 (compatible; AhrefsBot/7.0; +http://ahrefs.com/robot/)"
162.0.215.210 - - [26/Apr/2025:09:49:04 -0400] "POST /wp-cron.php?doing_wp_cron=1745675344.5304369926452636718750 HTTP/1.1" 200 0 "-" "WordPress/6.8; https://oiltrain.org"
40.77.167.13 - - [26/Apr/2025:09:49:04 -0400] "GET /hobbies-guitars-98ai HTTP/1.1" 404 9386 "-" "Mozilla/5.0 AppleWebKit/537.36 (KHTML, like Gecko; compatible; bingbot/2.0; +http://www.bing.com/bingbot.htm) Chrome/116.0.1938.76 Safari/537.36"
66.249.74.96 - - [26/Apr/2025:09:49:04 -0400] "GET /store.php?like/Gogojili-777-lottery HTTP/1.1" 200 181 "-" "Mozilla/5.0 (Linux; Android 6.0.1; Nexus 5X Build/MMB29P) AppleWebKit/537.36 (KHTML, like Gecko) Chrome/135.0.7049.95 Mobile Safari/537.36 (compatible; GoogleOther)"
162.0.215.210 - - [26/Apr/2025:09:49:04 -0400] "POST /wp-admin/admin-ajax.php?action=async_litespeed&nonce=XgdgXmfpslNRRF4RjrvS8jsxuATfy2Nn&litespeed_type=imgoptm HTTP/1.1" 200 5 "-" "WordPress/6.8; https://oiltrain.org"
66.249.74.97 - - [26/Apr/2025:09:49:07 -0400] "GET /store.php-Cooksville_Add-to-cart/vivatbet-login HTTP/1.1" 404 9386 "-" "Mozilla/5.0 (Linux; Android 6.0.1; Nexus 5X Build/MMB29P) AppleWebKit/537.36 (KHTML, like Gecko) Chrome/135.0.7049.95 Mobile Safari/537.36 (compatible; GoogleOther)"
51.222.253.15 - - [26/Apr/2025:09:49:15 -0400] "GET /good.php/shopdetail/19224903137.html HTTP/1.1" 200 0 "-" "Mozilla/5.0 (compatible; AhrefsBot/7.0; +http://ahrefs.com/robot/)"
2a03:2880:f800:f:: - - [26/Apr/2025:09:49:16 -0400] "GET /good.php/shopdetail/3016423137.html HTTP/1.1" 200 0 "-" "meta-externalagent/1.1 (+https://developers.facebook.com/docs/sharing/webmasters/crawler)"
66.249.74.96 - - [26/Apr/2025:09:49:16 -0400] "GET /store.php?Homepage/Phmaya%20baccarat%20fortune HTTP/1.1" 200 181 "-" "Mozilla/5.0 (Linux; Android 6.0.1; Nexus 5X Build/MMB29P) AppleWebKit/537.36 (KHTML, like Gecko) Chrome/135.0.7049.95 Mobile Safari/537.36 (compatible; GoogleOther)"
66.249.74.96 - - [26/Apr/2025:09:49:19 -0400] "GET /store.php?Fort-Myers_Add-to-cart/play-leon HTTP/1.1" 200 181 "-" "Mozilla/5.0 (Linux; Android 6.0.1; Nexus 5X Build/MMB29P) AppleWebKit/537.36 (KHTML, like Gecko) Chrome/135.0.7049.95 Mobile Safari/537.36 (compatible; GoogleOther)"
2a03:2880:f800:f:: - - [26/Apr/2025:09:49:20 -0400] "GET /good.php/shopdetail/11616743137.html HTTP/1.1" 200 0 "-" "meta-externalagent/1.1 (+https://developers.facebook.com/docs/sharing/webmasters/crawler)"
2a03:2880:f800:e:: - - [26/Apr/2025:09:49:23 -0400] "GET /good.php/shopdetail/7176453137.html HTTP/1.1" 200 0 "-" "meta-externalagent/1.1 (+https://developers.facebook.com/docs/sharing/webmasters/crawler)"
52.167.144.195 - - [26/Apr/2025:09:49:26 -0400] "GET /outdoor-yachts-12bw3 HTTP/1.1" 404 9388 "-" "Mozilla/5.0 AppleWebKit/537.36 (KHTML, like Gecko; compatible; bingbot/2.0; +http://www.bing.com/bingbot.htm) Chrome/116.0.1938.76 Safari/537.36"
51.222.253.17 - - [26/Apr/2025:09:49:28 -0400] "GET /good.php/shopdetail/19262863137.html HTTP/1.1" 200 0 "-" "Mozilla/5.0 (compatible; AhrefsBot/7.0; +http://ahrefs.com/robot/)"
66.249.74.110 - - [26/Apr/2025:09:49:29 -0400] "GET /store.php?Lima/winhiip-1.7.6 HTTP/1.1" 200 181 "-" "Mozilla/5.0 (Linux; Android 6.0.1; Nexus 5X Build/MMB29P) AppleWebKit/537.36 (KHTML, like Gecko) Chrome/135.0.7049.95 Mobile Safari/537.36 (compatible; GoogleOther)"
2a03:2880:f800:11:: - - [26/Apr/2025:09:49:31 -0400] "GET /good.php/shopdetail/8601953137.html HTTP/1.1" 200 0 "-" "meta-externalagent/1.1 (+https://developers.facebook.com/docs/sharing/webmasters/crawler)"
66.249.74.110 - - [26/Apr/2025:09:49:33 -0400] "GET /beauty-women-perfume-xvky HTTP/1.1" 404 9386 "-" "Mozilla/5.0 (Linux; Android 6.0.1; Nexus 5X Build/MMB29P) AppleWebKit/537.36 (KHTML, like Gecko) Chrome/135.0.7049.114 Mobile Safari/537.36 (compatible; Googlebot/2.1; +http://www.google.com/bot.html)"
2a03:2880:f800:15:: - - [26/Apr/2025:09:49:37 -0400] "GET /good.php/shopdetail/28804223137.html HTTP/1.1" 200 0 "-" "meta-externalagent/1.1 (+https://developers.facebook.com/docs/sharing/webmasters/crawler)"
66.249.74.110 - - [26/Apr/2025:09:49:37 -0400] "GET /store.php?Blanding/peso88-review-lottery HTTP/1.1" 200 181 "-" "Mozilla/5.0 (Linux; Android 6.0.1; Nexus 5X Build/MMB29P) AppleWebKit/537.36 (KHTML, like Gecko) Chrome/135.0.7049.95 Mobile Safari/537.36 (compatible; GoogleOther)"
51.222.253.2 - - [26/Apr/2025:09:49:38 -0400] "GET /good.php/shopdetail/19269763137.html HTTP/1.1" 200 0 "-" "Mozilla/5.0 (compatible; AhrefsBot/7.0; +http://ahrefs.com/robot/)"
2a03:2880:f800:b:: - - [26/Apr/2025:09:49:40 -0400] "GET /good.php/shopdetail/31898913137.html HTTP/1.1" 200 0 "-" "meta-externalagent/1.1 (+https://developers.facebook.com/docs/sharing/webmasters/crawler)"
66.249.74.110 - - [26/Apr/2025:09:49:41 -0400] "GET /store.php?Wharton/hawkplay-com-login-register HTTP/1.1" 200 181 "-" "Mozilla/5.0 (Linux; Android 6.0.1; Nexus 5X Build/MMB29P) AppleWebKit/537.36 (KHTML, like Gecko) Chrome/135.0.7049.95 Mobile Safari/537.36 (compatible; GoogleOther)"
40.77.167.23 - - [26/Apr/2025:09:49:42 -0400] "GET /tools-water-facilities-1cmxl HTTP/1.1" 404 9388 "-" "Mozilla/5.0 AppleWebKit/537.36 (KHTML, like Gecko; compatible; bingbot/2.0; +http://www.bing.com/bingbot.htm) Chrome/116.0.1938.76 Safari/537.36"
2a03:2880:f800:12:: - - [26/Apr/2025:09:49:48 -0400] "GET /good.php/shopdetail/970103137.html HTTP/1.1" 200 0 "-" "meta-externalagent/1.1 (+https://developers.facebook.com/docs/sharing/webmasters/crawler)"
2a03:2880:f800:c:: - - [26/Apr/2025:09:49:49 -0400] "GET /good.php/shopdetail/15981713137.html HTTP/1.1" 200 0 "-" "meta-externalagent/1.1 (+https://developers.facebook.com/docs/sharing/webmasters/crawler)"
51.222.253.10 - - [26/Apr/2025:09:49:50 -0400] "GET /good.php/shopdetail/19295093137.html HTTP/1.1" 200 0 "-" "Mozilla/5.0 (compatible; AhrefsBot/7.0; +http://ahrefs.com/robot/)"
2a03:2880:f800:6:: - - [26/Apr/2025:09:49:50 -0400] "GET /good.php/shopdetail/22082253137.html HTTP/1.1" 200 0 "-" "meta-externalagent/1.1 (+https://developers.facebook.com/docs/sharing/webmasters/crawler)"
66.249.74.103 - - [26/Apr/2025:09:49:50 -0400] "GET /store.php-Lexington_Add-to-cart/philucky-live HTTP/1.1" 404 9386 "-" "Mozilla/5.0 (Linux; Android 6.0.1; Nexus 5X Build/MMB29P) AppleWebKit/537.36 (KHTML, like Gecko) Chrome/135.0.7049.95 Mobile Safari/537.36 (compatible; GoogleOther)"
2a03:2880:f800:9:: - - [26/Apr/2025:09:49:54 -0400] "GET /good.php/shopdetail/14967603137.html HTTP/1.1" 200 0 "-" "meta-externalagent/1.1 (+https://developers.facebook.com/docs/sharing/webmasters/crawler)"
2a03:2880:f800:10:: - - [26/Apr/2025:09:49:54 -0400] "GET /good.php/shopdetail/36332313137.html HTTP/1.1" 200 0 "-" "meta-externalagent/1.1 (+https://developers.facebook.com/docs/sharing/webmasters/crawler)"
2a03:2880:f800:16:: - - [26/Apr/2025:09:49:56 -0400] "GET /good.php/shopdetail/1496843137.html HTTP/1.1" 200 0 "-" "meta-externalagent/1.1 (+https://developers.facebook.com/docs/sharing/webmasters/crawler)"
66.249.74.103 - - [26/Apr/2025:09:50:00 -0400] "GET /store.php?Gloversville/woo-casino-5 HTTP/1.1" 200 181 "-" "Mozilla/5.0 (Linux; Android 6.0.1; Nexus 5X Build/MMB29P) AppleWebKit/537.36 (KHTML, like Gecko) Chrome/135.0.7049.95 Mobile Safari/537.36 (compatible; GoogleOther)"
2a03:2880:f800:c:: - - [26/Apr/2025:09:50:01 -0400] "GET /good.php/shopdetail/19108023137.html HTTP/1.1" 200 0 "-" "meta-externalagent/1.1 (+https://developers.facebook.com/docs/sharing/webmasters/crawler)"
2a03:2880:f800:19:: - - [26/Apr/2025:09:50:02 -0400] "GET /good.php/shopdetail/2682393137.html HTTP/1.1" 200 0 "-" "meta-externalagent/1.1 (+https://developers.facebook.com/docs/sharing/webmasters/crawler)"
66.249.74.103 - - [26/Apr/2025:09:50:04 -0400] "GET /store.php?Northern-Detroitsuburbs/mines.-com HTTP/1.1" 200 181 "-" "Mozilla/5.0 (Linux; Android 6.0.1; Nexus 5X Build/MMB29P) AppleWebKit/537.36 (KHTML, like Gecko) Chrome/135.0.7049.95 Mobile Safari/537.36 (compatible; GoogleOther)"
2a03:2880:f800:c:: - - [26/Apr/2025:09:50:09 -0400] "GET /good.php/shopdetail/28589003137.html HTTP/1.1" 200 0 "-" "meta-externalagent/1.1 (+https://developers.facebook.com/docs/sharing/webmasters/crawler)"
51.222.253.5 - - [26/Apr/2025:09:50:09 -0400] "GET /good.php/shopdetail/19343413137.html HTTP/1.1" 200 0 "-" "Mozilla/5.0 (compatible; AhrefsBot/7.0; +http://ahrefs.com/robot/)"
66.249.74.103 - - [26/Apr/2025:09:50:09 -0400] "GET /store.php?Terre-Haute/glo-lottery HTTP/1.1" 200 181 "-" "Mozilla/5.0 (Linux; Android 6.0.1; Nexus 5X Build/MMB29P) AppleWebKit/537.36 (KHTML, like Gecko) Chrome/135.0.7049.95 Mobile Safari/537.36 (compatible; GoogleOther)"
2a03:2880:f800:10:: - - [26/Apr/2025:09:50:10 -0400] "GET /good.php/shopdetail/32247083137.html HTTP/1.1" 200 0 "-" "meta-externalagent/1.1 (+https://developers.facebook.com/docs/sharing/webmasters/crawler)"
2a03:2880:f800:16:: - - [26/Apr/2025:09:50:10 -0400] "GET /good.php/shopdetail/37770963137.html HTTP/1.1" 200 0 "-" "meta-externalagent/1.1 (+https://developers.facebook.com/docs/sharing/webmasters/crawler)"
2a03:2880:f800:1b:: - - [26/Apr/2025:09:50:11 -0400] "GET /good.php/shopdetail/11747083137.html HTTP/1.1" 200 0 "-" "meta-externalagent/1.1 (+https://developers.facebook.com/docs/sharing/webmasters/crawler)"
66.249.74.103 - - [26/Apr/2025:09:50:13 -0400] "GET /store.php?La-Crosse/jiliko-org HTTP/1.1" 200 181 "-" "Mozilla/5.0 (Linux; Android 6.0.1; Nexus 5X Build/MMB29P) AppleWebKit/537.36 (KHTML, like Gecko) Chrome/135.0.7049.95 Mobile Safari/537.36 (compatible; GoogleOther)"
51.222.253.17 - - [26/Apr/2025:09:50:18 -0400] "GET /good.php/shopdetail/19376323137.html HTTP/1.1" 200 0 "-" "Mozilla/5.0 (compatible; AhrefsBot/7.0; +http://ahrefs.com/robot/)"
2a03:2880:f800:: - - [26/Apr/2025:09:50:19 -0400] "GET /good.php/shopdetail/20276383137.html HTTP/1.1" 200 0 "-" "meta-externalagent/1.1 (+https://developers.facebook.com/docs/sharing/webmasters/crawler)"
2a03:2880:f800:14:: - - [26/Apr/2025:09:50:21 -0400] "GET /good.php/shopdetail/32963373137.html HTTP/1.1" 200 0 "-" "meta-externalagent/1.1 (+https://developers.facebook.com/docs/sharing/webmasters/crawler)"
66.249.74.103 - - [26/Apr/2025:09:50:24 -0400] "GET /store.php?New-York-City/jili888-register HTTP/1.1" 200 181 "-" "Mozilla/5.0 (Linux; Android 6.0.1; Nexus 5X Build/MMB29P) AppleWebKit/537.36 (KHTML, like Gecko) Chrome/135.0.7049.95 Mobile Safari/537.36 (compatible; GoogleOther)"
40.77.167.23 - - [26/Apr/2025:09:50:25 -0400] "GET /?s=inzoi+PORN HTTP/1.1" 200 13550 "-" "Mozilla/5.0 AppleWebKit/537.36 (KHTML, like Gecko; compatible; bingbot/2.0; +http://www.bing.com/bingbot.htm) Chrome/116.0.1938.76 Safari/537.36"
2a03:2880:f800:5:: - - [26/Apr/2025:09:50:26 -0400] "GET /good.php/shopdetail/23182273137.html HTTP/1.1" 200 0 "-" "meta-externalagent/1.1 (+https://developers.facebook.com/docs/sharing/webmasters/crawler)"
2a03:2880:f800:9:: - - [26/Apr/2025:09:50:27 -0400] "GET /good.php/shopdetail/24298113137.html HTTP/1.1" 200 0 "-" "meta-externalagent/1.1 (+https://developers.facebook.com/docs/sharing/webmasters/crawler)"
51.222.253.12 - - [26/Apr/2025:09:50:28 -0400] "GET /good.php/shopdetail/19394873137.html HTTP/1.1" 200 0 "-" "Mozilla/5.0 (compatible; AhrefsBot/7.0; +http://ahrefs.com/robot/)"
52.167.144.195 - - [26/Apr/2025:09:50:33 -0400] "GET /?s=5%E6%96%87%E5%AD%97%E3%80%80%E3%81%BE%E3%81%A7%E3%80%80%E7%95%AA%E7%B5%84 HTTP/1.1" 200 13636 "-" "Mozilla/5.0 AppleWebKit/537.36 (KHTML, like Gecko; compatible; bingbot/2.0; +http://www.bing.com/bingbot.htm) Chrome/116.0.1938.76 Safari/537.36"
52.167.144.195 - - [26/Apr/2025:09:50:34 -0400] "GET /?s=%E6%B1%9F%E8%97%A4%E6%97%A9%E7%B4%80 HTTP/1.1" 200 13618 "-" "Mozilla/5.0 AppleWebKit/537.36 (KHTML, like Gecko; compatible; bingbot/2.0; +http://www.bing.com/bingbot.htm) Chrome/116.0.1938.76 Safari/537.36"
52.167.144.195 - - [26/Apr/2025:09:50:34 -0400] "GET /smartphones-smart-glasses-1fb7x HTTP/1.1" 404 9388 "-" "Mozilla/5.0 AppleWebKit/537.36 (KHTML, like Gecko; compatible; bingbot/2.0; +http://www.bing.com/bingbot.htm) Chrome/116.0.1938.76 Safari/537.36"
2a03:2880:f800:1:: - - [26/Apr/2025:09:50:35 -0400] "GET /good.php/shopdetail/32481763137.html HTTP/1.1" 200 0 "-" "meta-externalagent/1.1 (+https://developers.facebook.com/docs/sharing/webmasters/crawler)"
52.167.144.195 - - [26/Apr/2025:09:50:35 -0400] "GET /smartphones-pc-fans-18akx HTTP/1.1" 404 9386 "-" "Mozilla/5.0 AppleWebKit/537.36 (KHTML, like Gecko; compatible; bingbot/2.0; +http://www.bing.com/bingbot.htm) Chrome/116.0.1938.76 Safari/537.36"
66.249.74.103 - - [26/Apr/2025:09:50:37 -0400] "GET /store.php?Middletown/elvis-chan-bingo-plus HTTP/1.1" 200 181 "-" "Mozilla/5.0 (Linux; Android 6.0.1; Nexus 5X Build/MMB29P) AppleWebKit/537.36 (KHTML, like Gecko) Chrome/135.0.7049.95 Mobile Safari/537.36 (compatible; GoogleOther)"
40.77.167.13 - - [26/Apr/2025:09:50:38 -0400] "GET /health-placenta-1c7k HTTP/1.1" 404 9386 "-" "Mozilla/5.0 AppleWebKit/537.36 (KHTML, like Gecko; compatible; bingbot/2.0; +http://www.bing.com/bingbot.htm) Chrome/116.0.1938.76 Safari/537.36"
51.222.253.17 - - [26/Apr/2025:09:50:40 -0400] "GET /good.php/shopdetail/19554623137.html HTTP/1.1" 200 0 "-" "Mozilla/5.0 (compatible; AhrefsBot/7.0; +http://ahrefs.com/robot/)"
2a03:2880:f800:19:: - - [26/Apr/2025:09:50:41 -0400] "GET /good.php/shopdetail/4350783137.html HTTP/1.1" 200 0 "-" "meta-externalagent/1.1 (+https://developers.facebook.com/docs/sharing/webmasters/crawler)"
66.249.74.103 - - [26/Apr/2025:09:50:40 -0400] "GET /store.php?Ashland/bet%20soul HTTP/1.1" 200 181 "-" "Mozilla/5.0 (Linux; Android 6.0.1; Nexus 5X Build/MMB29P) AppleWebKit/537.36 (KHTML, like Gecko) Chrome/135.0.7049.95 Mobile Safari/537.36 (compatible; GoogleOther)"
66.249.74.103 - - [26/Apr/2025:09:50:44 -0400] "GET /store.php?Latrobe/3-odds HTTP/1.1" 200 181 "-" "Mozilla/5.0 (Linux; Android 6.0.1; Nexus 5X Build/MMB29P) AppleWebKit/537.36 (KHTML, like Gecko) Chrome/135.0.7049.95 Mobile Safari/537.36 (compatible; GoogleOther)"
2a03:2880:f800:8:: - - [26/Apr/2025:09:50:44 -0400] "GET /good.php/shopdetail/6886233137.html HTTP/1.1" 200 0 "-" "meta-externalagent/1.1 (+https://developers.facebook.com/docs/sharing/webmasters/crawler)"
66.249.74.103 - - [26/Apr/2025:09:50:47 -0400] "GET /store.php?Bellevue/nuebe-gaming-review HTTP/1.1" 200 181 "-" "Mozilla/5.0 (Linux; Android 6.0.1; Nexus 5X Build/MMB29P) AppleWebKit/537.36 (KHTML, like Gecko) Chrome/135.0.7049.95 Mobile Safari/537.36 (compatible; GoogleOther)"
2a03:2880:f800:12:: - - [26/Apr/2025:09:50:48 -0400] "GET /good.php/shopdetail/1561963137.html HTTP/1.1" 200 0 "-" "meta-externalagent/1.1 (+https://developers.facebook.com/docs/sharing/webmasters/crawler)"
2a03:2880:f800:18:: - - [26/Apr/2025:09:50:51 -0400] "GET /good.php/shopdetail/8619543137.html HTTP/1.1" 200 0 "-" "meta-externalagent/1.1 (+https://developers.facebook.com/docs/sharing/webmasters/crawler)"
51.222.253.19 - - [26/Apr/2025:09:50:56 -0400] "GET /good.php/shopdetail/19555923137.html HTTP/1.1" 200 0 "-" "Mozilla/5.0 (compatible; AhrefsBot/7.0; +http://ahrefs.com/robot/)"
66.249.74.105 - - [26/Apr/2025:09:51:01 -0400] "GET /store.php?Shop/slot%20mudah%20menang HTTP/1.1" 200 181 "-" "Mozilla/5.0 (Linux; Android 6.0.1; Nexus 5X Build/MMB29P) AppleWebKit/537.36 (KHTML, like Gecko) Chrome/135.0.7049.114 Mobile Safari/537.36 (compatible; Googlebot/2.1; +http://www.google.com/bot.html)"
66.249.74.103 - - [26/Apr/2025:09:51:08 -0400] "GET /store.php?Red-Wing_Add-to-cart/majesty-maj100 HTTP/1.1" 200 181 "-" "Mozilla/5.0 (Linux; Android 6.0.1; Nexus 5X Build/MMB29P) AppleWebKit/537.36 (KHTML, like Gecko) Chrome/135.0.7049.95 Mobile Safari/537.36 (compatible; GoogleOther)"
162.0.215.210 - - [26/Apr/2025:09:51:14 -0400] "POST /wp-cron.php?doing_wp_cron=1745675474.2887609004974365234375 HTTP/1.1" 200 0 "-" "WordPress/6.8; https://oiltrain.org"
40.77.167.13 - - [26/Apr/2025:09:51:13 -0400] "GET /blu-ray-asia-1i9hy HTTP/1.1" 404 9388 "-" "Mozilla/5.0 AppleWebKit/537.36 (KHTML, like Gecko; compatible; bingbot/2.0; +http://www.bing.com/bingbot.htm) Chrome/116.0.1938.76 Safari/537.36"
162.0.215.210 - - [26/Apr/2025:09:51:14 -0400] "POST /wp-admin/admin-ajax.php?action=async_litespeed&nonce=0lw8CHtIpKwbCctzujTcXetaFi72ByEt&litespeed_type=imgoptm HTTP/1.1" 200 5 "-" "WordPress/6.8; https://oiltrain.org"
2a03:2880:f800:1:: - - [26/Apr/2025:09:51:17 -0400] "GET /good.php/shopdetail/36119573137.html HTTP/1.1" 200 0 "-" "meta-externalagent/1.1 (+https://developers.facebook.com/docs/sharing/webmasters/crawler)"
51.222.253.18 - - [26/Apr/2025:09:51:17 -0400] "GET /good.php/shopdetail/19578433137.html HTTP/1.1" 200 0 "-" "Mozilla/5.0 (compatible; AhrefsBot/7.0; +http://ahrefs.com/robot/)"
66.249.74.103 - - [26/Apr/2025:09:51:19 -0400] "GET /store.php?Florence/129-winbet-747-live HTTP/1.1" 200 181 "-" "Mozilla/5.0 (Linux; Android 6.0.1; Nexus 5X Build/MMB29P) AppleWebKit/537.36 (KHTML, like Gecko) Chrome/135.0.7049.95 Mobile Safari/537.36 (compatible; GoogleOther)"
2a03:2880:f800:1:: - - [26/Apr/2025:09:51:25 -0400] "GET /good.php/shopdetail/19736403137.html HTTP/1.1" 200 0 "-" "meta-externalagent/1.1 (+https://developers.facebook.com/docs/sharing/webmasters/crawler)"
2a03:2880:f800:a:: - - [26/Apr/2025:09:51:25 -0400] "GET /good.php/shopdetail/15178423137.html HTTP/1.1" 200 0 "-" "meta-externalagent/1.1 (+https://developers.facebook.com/docs/sharing/webmasters/crawler)"
2a03:2880:f800:11:: - - [26/Apr/2025:09:51:27 -0400] "GET /good.php/shopdetail/16818873137.html HTTP/1.1" 200 0 "-" "meta-externalagent/1.1 (+https://developers.facebook.com/docs/sharing/webmasters/crawler)"
66.249.74.103 - - [26/Apr/2025:09:51:30 -0400] "GET /store.php?Muskegon_Add-to-cart/fbjili-fortune-bingo HTTP/1.1" 200 181 "-" "Mozilla/5.0 (Linux; Android 6.0.1; Nexus 5X Build/MMB29P) AppleWebKit/537.36 (KHTML, like Gecko) Chrome/135.0.7049.95 Mobile Safari/537.36 (compatible; GoogleOther)"
2a03:2880:f800:1c:: - - [26/Apr/2025:09:51:33 -0400] "GET /good.php/shopdetail/29314693137.html HTTP/1.1" 200 0 "-" "meta-externalagent/1.1 (+https://developers.facebook.com/docs/sharing/webmasters/crawler)"
51.222.253.11 - - [26/Apr/2025:09:51:38 -0400] "GET /good.php/shopdetail/19644443137.html HTTP/1.1" 200 0 "-" "Mozilla/5.0 (compatible; AhrefsBot/7.0; +http://ahrefs.com/robot/)"
2a03:2880:f800:8:: - - [26/Apr/2025:09:51:39 -0400] "GET /good.php/shopdetail/17393343137.html HTTP/1.1" 200 0 "-" "meta-externalagent/1.1 (+https://developers.facebook.com/docs/sharing/webmasters/crawler)"
162.0.215.210 - - [26/Apr/2025:09:51:39 -0400] "POST /wp-cron.php?doing_wp_cron=1745675499.5474059581756591796875 HTTP/1.1" 200 0 "-" "WordPress/6.8; https://oiltrain.org"
40.77.167.23 - - [26/Apr/2025:09:51:39 -0400] "GET /?s=%D1%80%D0%BE%D0%B7%D0%B0+%D0%B2%D0%B5%D1%82%D1%80%D0%BE%D0%B2+%D0%B0%D1%81%D1%82%D0%B0%D0%BD%D0%B0+%D1%81%D1%85%D0%B5%D0%BC%D0%B0+2025 HTTP/1.1" 200 13698 "-" "Mozilla/5.0 AppleWebKit/537.36 (KHTML, like Gecko; compatible; bingbot/2.0; +http://www.bing.com/bingbot.htm) Chrome/116.0.1938.76 Safari/537.36"
40.77.167.23 - - [26/Apr/2025:09:51:40 -0400] "GET /?s=%D0%BF%D0%BE%D0%B3%D0%BE%D0%B4%D0%B0+%D1%85%D0%B8%D0%BC%D0%BA%D0%B8+13+%D0%B0%D0%BF%D1%80%D0%B5%D0%BB%D1%8F HTTP/1.1" 200 13628 "-" "Mozilla/5.0 AppleWebKit/537.36 (KHTML, like Gecko; compatible; bingbot/2.0; +http://www.bing.com/bingbot.htm) Chrome/116.0.1938.76 Safari/537.36"
40.77.167.23 - - [26/Apr/2025:09:51:41 -0400] "GET /art-streaming-1d87x HTTP/1.1" 404 9386 "-" "Mozilla/5.0 AppleWebKit/537.36 (KHTML, like Gecko; compatible; bingbot/2.0; +http://www.bing.com/bingbot.htm) Chrome/116.0.1938.76 Safari/537.36"
66.249.74.103 - - [26/Apr/2025:09:51:41 -0400] "GET /store.php?Spartanburg_Add-to-cart/jili-lotto HTTP/1.1" 200 181 "-" "Mozilla/5.0 (Linux; Android 6.0.1; Nexus 5X Build/MMB29P) AppleWebKit/537.36 (KHTML, like Gecko) Chrome/135.0.7049.95 Mobile Safari/537.36 (compatible; GoogleOther)"
2a03:2880:f800:d:: - - [26/Apr/2025:09:51:43 -0400] "GET /good.php/shopdetail/5174863137.html HTTP/1.1" 200 0 "-" "meta-externalagent/1.1 (+https://developers.facebook.com/docs/sharing/webmasters/crawler)"
2a03:2880:f800:7:: - - [26/Apr/2025:09:51:45 -0400] "GET /good.php/shopdetail/35380233137.html HTTP/1.1" 200 0 "-" "meta-externalagent/1.1 (+https://developers.facebook.com/docs/sharing/webmasters/crawler)"
40.77.167.4 - - [26/Apr/2025:09:51:45 -0400] "GET /tools-screwdrivers-9yv0 HTTP/1.1" 301 0 "-" "Mozilla/5.0 AppleWebKit/537.36 (KHTML, like Gecko; compatible; bingbot/2.0; +http://www.bing.com/bingbot.htm) Chrome/116.0.1938.76 Safari/537.36"
52.167.144.195 - - [26/Apr/2025:09:51:46 -0400] "GET /?s=%D0%BF%D0%BE%D0%B3%D0%BE%D0%B4%D0%B0+%D0%BA%D0%B0%D0%B7%D0%B0%D0%BD%D1%8C+26+%D0%B0%D0%BF%D1%80%D0%B5%D0%BB%D1%8F HTTP/1.1" 200 13637 "-" "Mozilla/5.0 AppleWebKit/537.36 (KHTML, like Gecko; compatible; bingbot/2.0; +http://www.bing.com/bingbot.htm) Chrome/116.0.1938.76 Safari/537.36"
2a03:2880:f800:a:: - - [26/Apr/2025:09:51:48 -0400] "GET /good.php/shopdetail/38048343137.html HTTP/1.1" 200 0 "-" "meta-externalagent/1.1 (+https://developers.facebook.com/docs/sharing/webmasters/crawler)"
66.249.74.103 - - [26/Apr/2025:09:51:53 -0400] "GET /store.php?Uvalde/jili-games-tricks HTTP/1.1" 200 181 "-" "Mozilla/5.0 (Linux; Android 6.0.1; Nexus 5X Build/MMB29P) AppleWebKit/537.36 (KHTML, like Gecko) Chrome/135.0.7049.95 Mobile Safari/537.36 (compatible; GoogleOther)"
52.167.144.195 - - [26/Apr/2025:09:51:54 -0400] "GET /sports-clubs-1fgap HTTP/1.1" 404 9386 "-" "Mozilla/5.0 AppleWebKit/537.36 (KHTML, like Gecko; compatible; bingbot/2.0; +http://www.bing.com/bingbot.htm) Chrome/116.0.1938.76 Safari/537.36"
66.249.74.103 - - [26/Apr/2025:09:51:55 -0400] "GET /store.php?Amarillo_Add-to-cart/multiply-in-tagalog HTTP/1.1" 200 181 "-" "Mozilla/5.0 (Linux; Android 6.0.1; Nexus 5X Build/MMB29P) AppleWebKit/537.36 (KHTML, like Gecko) Chrome/135.0.7049.95 Mobile Safari/537.36 (compatible; GoogleOther)"
2a03:2880:f800:19:: - - [26/Apr/2025:09:51:59 -0400] "GET /good.php/shopdetail/12079823137.html HTTP/1.1" 200 0 "-" "meta-externalagent/1.1 (+https://developers.facebook.com/docs/sharing/webmasters/crawler)"
51.222.253.15 - - [26/Apr/2025:09:52:00 -0400] "GET /good.php/shopdetail/1968043137.html HTTP/1.1" 200 0 "-" "Mozilla/5.0 (compatible; AhrefsBot/7.0; +http://ahrefs.com/robot/)"
2a03:2880:f800:9:: - - [26/Apr/2025:09:52:00 -0400] "GET /good.php/shopdetail/36771043137.html HTTP/1.1" 200 0 "-" "meta-externalagent/1.1 (+https://developers.facebook.com/docs/sharing/webmasters/crawler)"
66.249.74.103 - - [26/Apr/2025:09:52:00 -0400] "GET /store.php?Oak-Brook-Terrace_Add-to-cart/bingo-number HTTP/1.1" 200 181 "-" "Mozilla/5.0 (Linux; Android 6.0.1; Nexus 5X Build/MMB29P) AppleWebKit/537.36 (KHTML, like Gecko) Chrome/135.0.7049.95 Mobile Safari/537.36 (compatible; GoogleOther)"
2a03:2880:f800:f:: - - [26/Apr/2025:09:52:08 -0400] "GET /good.php/shopdetail/7173753137.html HTTP/1.1" 200 0 "-" "meta-externalagent/1.1 (+https://developers.facebook.com/docs/sharing/webmasters/crawler)"
2a03:2880:f800:6:: - - [26/Apr/2025:09:52:12 -0400] "GET /good.php/shopdetail/34564983137.html HTTP/1.1" 200 0 "-" "meta-externalagent/1.1 (+https://developers.facebook.com/docs/sharing/webmasters/crawler)"
66.249.74.103 - - [26/Apr/2025:09:52:12 -0400] "GET /store.php?Wharton/sabong-live-derby HTTP/1.1" 200 181 "-" "Mozilla/5.0 (Linux; Android 6.0.1; Nexus 5X Build/MMB29P) AppleWebKit/537.36 (KHTML, like Gecko) Chrome/135.0.7049.95 Mobile Safari/537.36 (compatible; GoogleOther)"
2a03:2880:f800:5:: - - [26/Apr/2025:09:52:25 -0400] "GET /good.php/shopdetail/14927093137.html HTTP/1.1" 200 0 "-" "meta-externalagent/1.1 (+https://developers.facebook.com/docs/sharing/webmasters/crawler)"
2a03:2880:f800:19:: - - [26/Apr/2025:09:52:26 -0400] "GET /good.php/shopdetail/8351923137.html HTTP/1.1" 200 0 "-" "meta-externalagent/1.1 (+https://developers.facebook.com/docs/sharing/webmasters/crawler)"
51.222.253.11 - - [26/Apr/2025:09:52:26 -0400] "GET /good.php/shopdetail/1975363137.html HTTP/1.1" 200 0 "-" "Mozilla/5.0 (compatible; AhrefsBot/7.0; +http://ahrefs.com/robot/)"
66.249.74.103 - - [26/Apr/2025:09:52:27 -0400] "GET /store.php?Concord/y8.comm HTTP/1.1" 200 181 "-" "Mozilla/5.0 (Linux; Android 6.0.1; Nexus 5X Build/MMB29P) AppleWebKit/537.36 (KHTML, like Gecko) Chrome/135.0.7049.95 Mobile Safari/537.36 (compatible; GoogleOther)"
51.222.253.14 - - [26/Apr/2025:09:52:28 -0400] "GET /good.php/shopdetail/19763543137.html HTTP/1.1" 200 0 "-" "Mozilla/5.0 (compatible; AhrefsBot/7.0; +http://ahrefs.com/robot/)"
2a03:2880:f800:1a:: - - [26/Apr/2025:09:52:31 -0400] "GET /good.php/shopdetail/25269773137.html HTTP/1.1" 200 0 "-" "meta-externalagent/1.1 (+https://developers.facebook.com/docs/sharing/webmasters/crawler)"
2a03:2880:f800:c:: - - [26/Apr/2025:09:52:31 -0400] "GET /good.php/shopdetail/3928613137.html HTTP/1.1" 200 0 "-" "meta-externalagent/1.1 (+https://developers.facebook.com/docs/sharing/webmasters/crawler)"
162.0.215.210 - - [26/Apr/2025:09:52:32 -0400] "POST /wp-cron.php?doing_wp_cron=1745675552.2331230640411376953125 HTTP/1.1" 200 0 "-" "WordPress/6.8; https://oiltrain.org"
40.77.167.67 - - [26/Apr/2025:09:52:31 -0400] "GET /?s=%D0%BF%D0%BE%D0%B3%D0%BE%D0%B4%D0%B0+%D0%B2+%D0%BC%D0%B0%D0%BB%D0%B0%D1%85%D0%BE%D0%B2%D0%BA%D0%B5+%D1%81%D0%B5%D0%B3%D0%BE%D0%B4%D0%BD%D1%8F+%D0%BF%D0%BE+%D1%87%D0%B0%D1%81%D0%B0%D0%BC+%D1%82%D0%BE%D1%87%D0%BD%D1%8B%D0%B9 HTTP/1.1" 200 13711 "-" "Mozilla/5.0 AppleWebKit/537.36 (KHTML, like Gecko; compatible; bingbot/2.0; +http://www.bing.com/bingbot.htm) Chrome/116.0.1938.76 Safari/537.36"
66.249.74.103 - - [26/Apr/2025:09:52:32 -0400] "GET /store.php?Trenton/win-poker HTTP/1.1" 200 181 "-" "Mozilla/5.0 (Linux; Android 6.0.1; Nexus 5X Build/MMB29P) AppleWebKit/537.36 (KHTML, like Gecko) Chrome/135.0.7049.95 Mobile Safari/537.36 (compatible; GoogleOther)"
162.0.215.210 - - [26/Apr/2025:09:52:32 -0400] "POST /wp-admin/admin-ajax.php?action=async_litespeed&nonce=z0btjLxq7Hk7GZhnWLevFf6Dvs9PVh3O&litespeed_type=imgoptm HTTP/1.1" 200 5 "-" "WordPress/6.8; https://oiltrain.org"
66.249.74.103 - - [26/Apr/2025:09:52:33 -0400] "GET /tools-boxes-iagu HTTP/1.1" 404 9386 "-" "Mozilla/5.0 (Linux; Android 6.0.1; Nexus 5X Build/MMB29P) AppleWebKit/537.36 (KHTML, like Gecko) Chrome/135.0.7049.114 Mobile Safari/537.36 (compatible; Googlebot/2.1; +http://www.google.com/bot.html)"
2a03:2880:f800:5:: - - [26/Apr/2025:09:52:39 -0400] "GET /good.php/shopdetail/2129093137.html HTTP/1.1" 200 0 "-" "meta-externalagent/1.1 (+https://developers.facebook.com/docs/sharing/webmasters/crawler)"
2a03:2880:f800:4:: - - [26/Apr/2025:09:52:40 -0400] "GET /good.php/shopdetail/14422543137.html HTTP/1.1" 200 0 "-" "meta-externalagent/1.1 (+https://developers.facebook.com/docs/sharing/webmasters/crawler)"
66.249.74.103 - - [26/Apr/2025:09:52:41 -0400] "GET /store.php?Lubbock/okada-boat HTTP/1.1" 200 181 "-" "Mozilla/5.0 (Linux; Android 6.0.1; Nexus 5X Build/MMB29P) AppleWebKit/537.36 (KHTML, like Gecko) Chrome/135.0.7049.95 Mobile Safari/537.36 (compatible; GoogleOther)"
51.222.253.3 - - [26/Apr/2025:09:52:47 -0400] "GET /good.php/shopdetail/1980213137.html HTTP/1.1" 200 0 "-" "Mozilla/5.0 (compatible; AhrefsBot/7.0; +http://ahrefs.com/robot/)"
2a03:2880:f800:1b:: - - [26/Apr/2025:09:52:47 -0400] "GET /good.php/shopdetail/3868453137.html HTTP/1.1" 200 0 "-" "meta-externalagent/1.1 (+https://developers.facebook.com/docs/sharing/webmasters/crawler)"
2a03:2880:f800:f:: - - [26/Apr/2025:09:52:49 -0400] "GET /good.php/shopdetail/35434133137.html HTTP/1.1" 200 0 "-" "meta-externalagent/1.1 (+https://developers.facebook.com/docs/sharing/webmasters/crawler)"
2a03:2880:f800:4:: - - [26/Apr/2025:09:52:52 -0400] "GET /good.php/shopdetail/34499803137.html HTTP/1.1" 200 0 "-" "meta-externalagent/1.1 (+https://developers.facebook.com/docs/sharing/webmasters/crawler)"
162.0.215.210 - - [26/Apr/2025:09:52:56 -0400] "POST /wp-cron.php?doing_wp_cron=1745675575.9100439548492431640625 HTTP/1.1" 200 0 "-" "WordPress/6.8; https://oiltrain.org"
40.77.167.23 - - [26/Apr/2025:09:52:55 -0400] "GET /sports-clubs-mbwy HTTP/1.1" 404 9386 "-" "Mozilla/5.0 AppleWebKit/537.36 (KHTML, like Gecko; compatible; bingbot/2.0; +http://www.bing.com/bingbot.htm) Chrome/116.0.1938.76 Safari/537.36"
66.249.74.103 - - [26/Apr/2025:09:52:55 -0400] "GET /store.php?Uniontown/ovarian-lottery HTTP/1.1" 200 181 "-" "Mozilla/5.0 (Linux; Android 6.0.1; Nexus 5X Build/MMB29P) AppleWebKit/537.36 (KHTML, like Gecko) Chrome/135.0.7049.95 Mobile Safari/537.36 (compatible; GoogleOther)"
162.0.215.210 - - [26/Apr/2025:09:52:56 -0400] "POST /wp-admin/admin-ajax.php?action=async_litespeed&nonce=ze2N3Z7wC6LTOMtFH4wFRjdzXcvn6MzA&litespeed_type=imgoptm HTTP/1.1" 200 5 "-" "WordPress/6.8; https://oiltrain.org"
40.77.167.67 - - [26/Apr/2025:09:52:58 -0400] "GET /?s=%D0%BF%D0%BE%D0%B3%D0%BE%D0%B4%D0%B0+%D0%B2+%D0%BD%D0%BE%D0%B2%D0%BE%D1%81%D0%B8%D0%B1%D0%B8%D1%80%D1%81%D0%BA%D0%B5+%D0%BD%D0%B0+10+%D0%B4%D0%BD%D0%B5%D0%B9 HTTP/1.1" 200 13673 "-" "Mozilla/5.0 AppleWebKit/537.36 (KHTML, like Gecko; compatible; bingbot/2.0; +http://www.bing.com/bingbot.htm) Chrome/116.0.1938.76 Safari/537.36"
66.249.74.103 - - [26/Apr/2025:09:53:00 -0400] "GET /fashion/outerwear/2htqs HTTP/1.1" 404 9386 "-" "Mozilla/5.0 (Linux; Android 6.0.1; Nexus 5X Build/MMB29P) AppleWebKit/537.36 (KHTML, like Gecko) Chrome/135.0.7049.114 Mobile Safari/537.36 (compatible; Googlebot/2.1; +http://www.google.com/bot.html)"
66.249.74.105 - - [26/Apr/2025:09:53:00 -0400] "GET /decor-side-tables-296ns HTTP/1.1" 404 9386 "-" "Mozilla/5.0 (Linux; Android 6.0.1; Nexus 5X Build/MMB29P) AppleWebKit/537.36 (KHTML, like Gecko) Chrome/135.0.7049.114 Mobile Safari/537.36 (compatible; Googlebot/2.1; +http://www.google.com/bot.html)"
51.222.253.9 - - [26/Apr/2025:09:53:01 -0400] "GET /good.php/shopdetail/19845773137.html HTTP/1.1" 200 0 "-" "Mozilla/5.0 (compatible; AhrefsBot/7.0; +http://ahrefs.com/robot/)"
66.249.74.105 - - [26/Apr/2025:09:53:01 -0400] "GET /?games-pins-1y2gv HTTP/1.1" 200 25383 "-" "Mozilla/5.0 (Linux; Android 6.0.1; Nexus 5X Build/MMB29P) AppleWebKit/537.36 (KHTML, like Gecko) Chrome/135.0.7049.114 Mobile Safari/537.36 (compatible; Googlebot/2.1; +http://www.google.com/bot.html)"
2a03:2880:f800:1:: - - [26/Apr/2025:09:53:10 -0400] "GET /good.php/shopdetail/17645013137.html HTTP/1.1" 200 0 "-" "meta-externalagent/1.1 (+https://developers.facebook.com/docs/sharing/webmasters/crawler)"
66.249.74.104 - - [26/Apr/2025:09:53:10 -0400] "GET /store.php?Bellevue/pinoywin-win-jackpot HTTP/1.1" 200 181 "-" "Mozilla/5.0 (Linux; Android 6.0.1; Nexus 5X Build/MMB29P) AppleWebKit/537.36 (KHTML, like Gecko) Chrome/135.0.7049.95 Mobile Safari/537.36 (compatible; GoogleOther)"
51.222.253.18 - - [26/Apr/2025:09:53:17 -0400] "GET /good.php/shopdetail/20012523137.html HTTP/1.1" 200 0 "-" "Mozilla/5.0 (compatible; AhrefsBot/7.0; +http://ahrefs.com/robot/)"
2a03:2880:f800:18:: - - [26/Apr/2025:09:53:17 -0400] "GET /good.php/shopdetail/17292673137.html HTTP/1.1" 200 0 "-" "meta-externalagent/1.1 (+https://developers.facebook.com/docs/sharing/webmasters/crawler)"
40.77.167.67 - - [26/Apr/2025:09:53:17 -0400] "GET /?s=painting+sheets+for+kids HTTP/1.1" 200 13587 "-" "Mozilla/5.0 AppleWebKit/537.36 (KHTML, like Gecko; compatible; bingbot/2.0; +http://www.bing.com/bingbot.htm) Chrome/116.0.1938.76 Safari/537.36"
2a03:2880:f800:13:: - - [26/Apr/2025:09:53:24 -0400] "GET /good.php/shopdetail/8925023137.html HTTP/1.1" 200 0 "-" "meta-externalagent/1.1 (+https://developers.facebook.com/docs/sharing/webmasters/crawler)"
2a03:2880:f800:6:: - - [26/Apr/2025:09:53:24 -0400] "GET /good.php/shopdetail/26880223137.html HTTP/1.1" 200 0 "-" "meta-externalagent/1.1 (+https://developers.facebook.com/docs/sharing/webmasters/crawler)"
66.249.74.103 - - [26/Apr/2025:09:53:24 -0400] "GET /store.php-Eugene_Add-to-cart/777-ku-casino HTTP/1.1" 404 9388 "-" "Mozilla/5.0 (Linux; Android 6.0.1; Nexus 5X Build/MMB29P) AppleWebKit/537.36 (KHTML, like Gecko) Chrome/135.0.7049.95 Mobile Safari/537.36 (compatible; GoogleOther)"
66.249.74.103 - - [26/Apr/2025:09:53:28 -0400] "GET /store.php?Lottery/Balato8%20dice%20game%20bingo%20card HTTP/1.1" 200 181 "-" "Mozilla/5.0 (Linux; Android 6.0.1; Nexus 5X Build/MMB29P) AppleWebKit/537.36 (KHTML, like Gecko) Chrome/135.0.7049.95 Mobile Safari/537.36 (compatible; GoogleOther)"
51.222.253.3 - - [26/Apr/2025:09:53:29 -0400] "GET /good.php/shopdetail/2002203137.html HTTP/1.1" 200 0 "-" "Mozilla/5.0 (compatible; AhrefsBot/7.0; +http://ahrefs.com/robot/)"
2a03:2880:f800:f:: - - [26/Apr/2025:09:53:30 -0400] "GET /good.php/shopdetail/3180693137.html HTTP/1.1" 200 0 "-" "meta-externalagent/1.1 (+https://developers.facebook.com/docs/sharing/webmasters/crawler)"
40.77.167.67 - - [26/Apr/2025:09:53:33 -0400] "GET /?s=%E6%96%B0%E5%B9%B9%E7%B7%9A%E9%A9%9A%E7%88%86%E5%80%92%E6%95%B8+imdb HTTP/1.1" 200 13700 "-" "Mozilla/5.0 AppleWebKit/537.36 (KHTML, like Gecko; compatible; bingbot/2.0; +http://www.bing.com/bingbot.htm) Chrome/116.0.1938.76 Safari/537.36"
40.77.167.67 - - [26/Apr/2025:09:53:37 -0400] "GET /sports-skiing-10cuq HTTP/1.1" 404 9386 "-" "Mozilla/5.0 AppleWebKit/537.36 (KHTML, like Gecko; compatible; bingbot/2.0; +http://www.bing.com/bingbot.htm) Chrome/116.0.1938.76 Safari/537.36"
2a03:2880:f800:a:: - - [26/Apr/2025:09:53:38 -0400] "GET /good.php/shopdetail/17734683137.html HTTP/1.1" 200 0 "-" "meta-externalagent/1.1 (+https://developers.facebook.com/docs/sharing/webmasters/crawler)"
66.249.74.103 - - [26/Apr/2025:09:53:38 -0400] "GET /store.php?What-We-Do/kakayahan%20drawing HTTP/1.1" 200 181 "-" "Mozilla/5.0 (Linux; Android 6.0.1; Nexus 5X Build/MMB29P) AppleWebKit/537.36 (KHTML, like Gecko) Chrome/135.0.7049.95 Mobile Safari/537.36 (compatible; GoogleOther)"
103.11.103.186 - - [26/Apr/2025:09:53:42 -0400] "GET /wp-login.php HTTP/1.1" 200 1922 "http://www.oiltrain.org/wp-login.php" "GRequests/0.10"
103.11.103.186 - - [26/Apr/2025:09:53:42 -0400] "GET /wp-login.php HTTP/1.1" 200 1922 "http://www.oiltrain.org/wp-login.php" "GRequests/0.10"
162.0.215.210 - - [26/Apr/2025:09:53:43 -0400] "POST /wp-cron.php?doing_wp_cron=1745675623.2887079715728759765625 HTTP/1.1" 200 0 "-" "WordPress/6.8; https://oiltrain.org"
103.11.103.186 - - [26/Apr/2025:09:53:42 -0400] "GET /wp-admin/ HTTP/1.1" 302 0 "http://www.oiltrain.org/wp-admin/" "GRequests/0.10"
103.11.103.186 - - [26/Apr/2025:09:53:44 -0400] "GET /wp-login.php?redirect_to=https%3A%2F%2Fwww.oiltrain.org%2Fwp-admin%2F&reauth=1 HTTP/1.1" 200 1931 "https://www.oiltrain.org/wp-admin/" "GRequests/0.10"
2a03:2880:f800:3:: - - [26/Apr/2025:09:53:44 -0400] "GET /good.php/shopdetail/39718463137.html HTTP/1.1" 200 0 "-" "meta-externalagent/1.1 (+https://developers.facebook.com/docs/sharing/webmasters/crawler)"
51.222.253.9 - - [26/Apr/2025:09:53:46 -0400] "GET /good.php/shopdetail/20072333137.html HTTP/1.1" 200 0 "-" "Mozilla/5.0 (compatible; AhrefsBot/7.0; +http://ahrefs.com/robot/)"
2a03:2880:f800:18:: - - [26/Apr/2025:09:53:46 -0400] "GET /good.php/shopdetail/14760303137.html HTTP/1.1" 200 0 "-" "meta-externalagent/1.1 (+https://developers.facebook.com/docs/sharing/webmasters/crawler)"
66.249.74.103 - - [26/Apr/2025:09:53:53 -0400] "GET /store.php?Nevada/surewin-computer HTTP/1.1" 200 181 "-" "Mozilla/5.0 (Linux; Android 6.0.1; Nexus 5X Build/MMB29P) AppleWebKit/537.36 (KHTML, like Gecko) Chrome/135.0.7049.95 Mobile Safari/537.36 (compatible; GoogleOther)"
51.222.253.18 - - [26/Apr/2025:09:54:00 -0400] "GET /good.php/shopdetail/20098793137.html HTTP/1.1" 200 0 "-" "Mozilla/5.0 (compatible; AhrefsBot/7.0; +http://ahrefs.com/robot/)"
66.249.74.103 - - [26/Apr/2025:09:54:07 -0400] "GET /store.php?Chicoutimi/888-app HTTP/1.1" 200 181 "-" "Mozilla/5.0 (Linux; Android 6.0.1; Nexus 5X Build/MMB29P) AppleWebKit/537.36 (KHTML, like Gecko) Chrome/135.0.7049.95 Mobile Safari/537.36 (compatible; GoogleOther)"
51.222.253.12 - - [26/Apr/2025:09:54:14 -0400] "GET /good.php/shopdetail/20127463137.html HTTP/1.1" 200 0 "-" "Mozilla/5.0 (compatible; AhrefsBot/7.0; +http://ahrefs.com/robot/)"
66.249.74.104 - - [26/Apr/2025:09:54:22 -0400] "GET /store.php?Oswego/solaire-fresh HTTP/1.1" 200 181 "-" "Mozilla/5.0 (Linux; Android 6.0.1; Nexus 5X Build/MMB29P) AppleWebKit/537.36 (KHTML, like Gecko) Chrome/135.0.7049.95 Mobile Safari/537.36 (compatible; GoogleOther)"
66.249.74.104 - - [26/Apr/2025:09:54:24 -0400] "GET /store.php?Lottery/siti%20di%20poker HTTP/1.1" 200 181 "-" "Mozilla/5.0 (Linux; Android 6.0.1; Nexus 5X Build/MMB29P) AppleWebKit/537.36 (KHTML, like Gecko) Chrome/135.0.7049.95 Mobile Safari/537.36 (compatible; GoogleOther)"
51.222.253.6 - - [26/Apr/2025:09:54:26 -0400] "GET /good.php/shopdetail/20130983137.html HTTP/1.1" 200 0 "-" "Mozilla/5.0 (compatible; AhrefsBot/7.0; +http://ahrefs.com/robot/)"
2a03:2880:f800:11:: - - [26/Apr/2025:09:54:31 -0400] "GET /good.php/shopdetail/10294363137.html HTTP/1.1" 200 0 "-" "meta-externalagent/1.1 (+https://developers.facebook.com/docs/sharing/webmasters/crawler)"
2a03:2880:f800:2:: - - [26/Apr/2025:09:54:35 -0400] "GET /good.php/shopdetail/23269173137.html HTTP/1.1" 200 0 "-" "meta-externalagent/1.1 (+https://developers.facebook.com/docs/sharing/webmasters/crawler)"
66.249.74.103 - - [26/Apr/2025:09:54:36 -0400] "GET /store.php?Richfield_Add-to-cart/okada-eat-all-you-can HTTP/1.1" 200 181 "-" "Mozilla/5.0 (Linux; Android 6.0.1; Nexus 5X Build/MMB29P) AppleWebKit/537.36 (KHTML, like Gecko) Chrome/135.0.7049.95 Mobile Safari/537.36 (compatible; GoogleOther)"
162.0.215.210 - - [26/Apr/2025:09:54:41 -0400] "POST /wp-cron.php?doing_wp_cron=1745675681.6245400905609130859375 HTTP/1.1" 200 0 "-" "WordPress/6.8; https://oiltrain.org"
66.249.74.103 - - [26/Apr/2025:09:54:41 -0400] "GET /cargo/detail HTTP/1.1" 404 9388 "-" "Mozilla/5.0 (Linux; Android 6.0.1; Nexus 5X Build/MMB29P) AppleWebKit/537.36 (KHTML, like Gecko) Chrome/135.0.7049.95 Mobile Safari/537.36 (compatible; Googlebot/2.1; +http://www.google.com/bot.html)"
52.167.144.216 - - [26/Apr/2025:09:54:42 -0400] "GET /tablets-smartphones-e23u HTTP/1.1" 404 9386 "-" "Mozilla/5.0 AppleWebKit/537.36 (KHTML, like Gecko; compatible; bingbot/2.0; +http://www.bing.com/bingbot.htm) Chrome/116.0.1938.76 Safari/537.36"
162.0.215.210 - - [26/Apr/2025:09:54:42 -0400] "POST /wp-admin/admin-ajax.php?action=async_litespeed&nonce=TDNON5hFOhqcmWQ4dpo1Gl4uSvsiq83V&litespeed_type=imgoptm HTTP/1.1" 200 5 "-" "WordPress/6.8; https://oiltrain.org"
51.222.253.10 - - [26/Apr/2025:09:54:42 -0400] "GET /good.php/shopdetail/20172013137.html HTTP/1.1" 200 0 "-" "Mozilla/5.0 (compatible; AhrefsBot/7.0; +http://ahrefs.com/robot/)"
52.167.144.216 - - [26/Apr/2025:09:54:42 -0400] "GET /hobbies-guitars-12v9e HTTP/1.1" 404 9386 "-" "Mozilla/5.0 AppleWebKit/537.36 (KHTML, like Gecko; compatible; bingbot/2.0; +http://www.bing.com/bingbot.htm) Chrome/116.0.1938.76 Safari/537.36"
40.77.167.67 - - [26/Apr/2025:09:54:46 -0400] "GET /?s=Bristol+Rovers%09Reading HTTP/1.1" 200 13576 "-" "Mozilla/5.0 AppleWebKit/537.36 (KHTML, like Gecko; compatible; bingbot/2.0; +http://www.bing.com/bingbot.htm) Chrome/116.0.1938.76 Safari/537.36"
66.249.74.99 - - [26/Apr/2025:09:54:48 -0400] "GET / HTTP/1.1" 200 25414 "-" "Mozilla/5.0 (compatible; Googlebot/2.1; +http://www.google.com/bot.html)"
199.195.249.51 - - [26/Apr/2025:09:54:51 -0400] "GET /wp-login.php HTTP/1.1" 200 1922 "-" "Mozilla/5.0 (iPhone; CPU iPhone OS 7_0_4 like Mac OS X) AppleWebKit/537.51.1 (KHTML, like Gecko) Version/7.0 Mobile/11B554a Safari/9537.53"
199.195.249.51 - - [26/Apr/2025:09:54:51 -0400] "POST /wp-login.php HTTP/1.1" 200 2068 "-" "Mozilla/5.0 (iPhone; CPU iPhone OS 7_0_4 like Mac OS X) AppleWebKit/537.51.1 (KHTML, like Gecko) Version/7.0 Mobile/11B554a Safari/9537.53"
2a03:2880:f800:17:: - - [26/Apr/2025:09:54:52 -0400] "GET /good.php/shopdetail/15394873137.html HTTP/1.1" 200 0 "-" "meta-externalagent/1.1 (+https://developers.facebook.com/docs/sharing/webmasters/crawler)"
40.77.167.67 - - [26/Apr/2025:09:54:52 -0400] "GET /?s=nisa+%E5%8F%A3%E5%BA%A7%E3%82%92%E4%BB%96%E3%81%AE%E8%A8%BC%E5%88%B8%E4%BC%9A%E7%A4%BE%E3%81%AB%E7%A7%BB%E3%81%99%E3%81%93%E3%81%A8%E3%81%AF%E3%81%A7%E3%81%8D%E3%82%8B%E3%81%AE%E3%81%8B HTTP/1.1" 200 13788 "-" "Mozilla/5.0 AppleWebKit/537.36 (KHTML, like Gecko; compatible; bingbot/2.0; +http://www.bing.com/bingbot.htm) Chrome/116.0.1938.76 Safari/537.36"
66.249.74.99 - - [26/Apr/2025:09:54:53 -0400] "GET /wp-content/plugins/woocommerce/assets/js/frontend/order-attribution.min.js?ver=9.8.2 HTTP/1.1" 304 0 "https://oiltrain.org/" "Mozilla/5.0 AppleWebKit/537.36 (KHTML, like Gecko; compatible; Googlebot/2.1; +http://www.google.com/bot.html) Chrome/134.0.6998.165 Safari/537.36"
66.249.74.99 - - [26/Apr/2025:09:54:54 -0400] "GET /store.php?Fort-Lauderdale_Add-to-cart/lottery-news HTTP/1.1" 200 181 "-" "Mozilla/5.0 (Linux; Android 6.0.1; Nexus 5X Build/MMB29P) AppleWebKit/537.36 (KHTML, like Gecko) Chrome/135.0.7049.95 Mobile Safari/537.36 (compatible; GoogleOther)"
2a03:2880:f800:9:: - - [26/Apr/2025:09:54:54 -0400] "GET /good.php/shopdetail/32182383137.html HTTP/1.1" 200 0 "-" "meta-externalagent/1.1 (+https://developers.facebook.com/docs/sharing/webmasters/crawler)"
66.249.74.99 - - [26/Apr/2025:09:54:55 -0400] "GET /wp-content/plugins/sina-extension-for-elementor/assets/js/sina-widgets.min.js?ver=3.6.1 HTTP/1.1" 304 0 "https://oiltrain.org/" "Mozilla/5.0 AppleWebKit/537.36 (KHTML, like Gecko; compatible; Googlebot/2.1; +http://www.google.com/bot.html) Chrome/134.0.6998.165 Safari/537.36"
66.249.74.99 - - [26/Apr/2025:09:54:56 -0400] "GET /wp-content/plugins/elementor/assets/js/webpack.runtime.min.js?ver=3.28.4 HTTP/1.1" 304 0 "https://oiltrain.org/" "Mozilla/5.0 AppleWebKit/537.36 (KHTML, like Gecko; compatible; Googlebot/2.1; +http://www.google.com/bot.html) Chrome/134.0.6998.165 Safari/537.36"
66.249.74.99 - - [26/Apr/2025:09:54:56 -0400] "GET /wp-content/plugins/rselements/assets/js/materialize.min.js?ver=201513434 HTTP/1.1" 304 0 "https://oiltrain.org/" "Mozilla/5.0 AppleWebKit/537.36 (KHTML, like Gecko; compatible; Googlebot/2.1; +http://www.google.com/bot.html) Chrome/134.0.6998.165 Safari/537.36"
66.249.74.99 - - [26/Apr/2025:09:54:57 -0400] "GET /wp-includes/js/jquery/jquery-migrate.min.js?ver=3.4.1 HTTP/1.1" 304 0 "https://oiltrain.org/" "Mozilla/5.0 AppleWebKit/537.36 (KHTML, like Gecko; compatible; Googlebot/2.1; +http://www.google.com/bot.html) Chrome/134.0.6998.165 Safari/537.36"
66.249.74.99 - - [26/Apr/2025:09:54:57 -0400] "GET /wp-content/plugins/rselements/assets/js/popper.min.js?ver=201513434 HTTP/1.1" 304 0 "https://oiltrain.org/" "Mozilla/5.0 AppleWebKit/537.36 (KHTML, like Gecko; compatible; Googlebot/2.1; +http://www.google.com/bot.html) Chrome/134.0.6998.165 Safari/537.36"
51.222.253.6 - - [26/Apr/2025:09:54:58 -0400] "GET /good.php/shopdetail/20195563137.html HTTP/1.1" 200 0 "-" "Mozilla/5.0 (compatible; AhrefsBot/7.0; +http://ahrefs.com/robot/)"
66.249.74.99 - - [26/Apr/2025:09:54:58 -0400] "GET /wp-content/themes/konstruk/konstruk/assets/js/jquery.counterup.min.js?ver=20151215 HTTP/1.1" 304 0 "https://oiltrain.org/" "Mozilla/5.0 AppleWebKit/537.36 (KHTML, like Gecko; compatible; Googlebot/2.1; +http://www.google.com/bot.html) Chrome/134.0.6998.165 Safari/537.36"
66.249.74.99 - - [26/Apr/2025:09:54:58 -0400] "GET /wp-content/plugins/wp-table-builder/inc/frontend/js/wp-table-builder-frontend.js?ver=2.0.6 HTTP/1.1" 304 0 "https://oiltrain.org/" "Mozilla/5.0 AppleWebKit/537.36 (KHTML, like Gecko; compatible; Googlebot/2.1; +http://www.google.com/bot.html) Chrome/134.0.6998.165 Safari/537.36"
2a03:2880:f800:a:: - - [26/Apr/2025:09:54:59 -0400] "GET /good.php/shopdetail/33358543137.html HTTP/1.1" 200 0 "-" "meta-externalagent/1.1 (+https://developers.facebook.com/docs/sharing/webmasters/crawler)"
66.249.74.99 - - [26/Apr/2025:09:54:59 -0400] "GET /wp-content/themes/konstruk/konstruk/assets/js/isotope-konstruk.js?ver=20151215 HTTP/1.1" 304 0 "https://oiltrain.org/" "Mozilla/5.0 AppleWebKit/537.36 (KHTML, like Gecko; compatible; Googlebot/2.1; +http://www.google.com/bot.html) Chrome/134.0.6998.165 Safari/537.36"
66.249.74.99 - - [26/Apr/2025:09:54:59 -0400] "GET /wp-content/themes/konstruk/konstruk/assets/js/waypoints.min.js?ver=20151215 HTTP/1.1" 304 0 "https://oiltrain.org/" "Mozilla/5.0 AppleWebKit/537.36 (KHTML, like Gecko; compatible; Googlebot/2.1; +http://www.google.com/bot.html) Chrome/134.0.6998.165 Safari/537.36"
66.249.74.99 - - [26/Apr/2025:09:55:00 -0400] "GET /wp-content/plugins/sina-extension-for-elementor/assets/js/sina-tooltip.min.js?ver=3.6.1 HTTP/1.1" 304 0 "https://oiltrain.org/" "Mozilla/5.0 AppleWebKit/537.36 (KHTML, like Gecko; compatible; Googlebot/2.1; +http://www.google.com/bot.html) Chrome/134.0.6998.165 Safari/537.36"
66.249.74.100 - - [26/Apr/2025:09:55:01 -0400] "GET /wp-content/plugins/rselements/assets/js/custom.js?ver=201513434 HTTP/1.1" 304 0 "https://oiltrain.org/" "Mozilla/5.0 AppleWebKit/537.36 (KHTML, like Gecko; compatible; Googlebot/2.1; +http://www.google.com/bot.html) Chrome/134.0.6998.165 Safari/537.36"
