2a03:2880:f800:a:: - - [26/Apr/2025:09:38:11 -0400] "GET /good.php/shopdetail/19258403137.html HTTP/1.1" 200 0 "-" "meta-externalagent/1.1 (+https://developers.facebook.com/docs/sharing/webmasters/crawler)"
51.222.253.7 - - [26/Apr/2025:09:38:12 -0400] "GET /good.php/shopdetail/17725993137.html HTTP/1.1" 200 0 "-" "Mozilla/5.0 (compatible; AhrefsBot/7.0; +http://ahrefs.com/robot/)"
162.0.215.210 - - [26/Apr/2025:09:38:16 -0400] "POST /wp-cron.php?doing_wp_cron=1745674696.9115641117095947265625 HTTP/1.1" 200 0 "-" "WordPress/6.8; https://oiltrain.org"
52.167.144.25 - - [26/Apr/2025:09:38:16 -0400] "GET /cameras-film-1tm0p HTTP/1.1" 404 9386 "-" "Mozilla/5.0 AppleWebKit/537.36 (KHTML, like Gecko; compatible; bingbot/2.0; +http://www.bing.com/bingbot.htm) Chrome/116.0.1938.76 Safari/537.36"
162.0.215.210 - - [26/Apr/2025:09:38:17 -0400] "POST /wp-admin/admin-ajax.php?action=async_litespeed&nonce=hHbqmNvrvSW74hwVMNUSLp4N4IcxoG2h&litespeed_type=imgoptm HTTP/1.1" 200 5 "-" "WordPress/6.8; https://oiltrain.org"
66.249.74.105 - - [26/Apr/2025:09:38:18 -0400] "GET /store.php?Thomasville_Add-to-cart/bingo-card-winning-patterns HTTP/1.1" 200 181 "-" "Mozilla/5.0 (Linux; Android 6.0.1; Nexus 5X Build/MMB29P) AppleWebKit/537.36 (KHTML, like Gecko) Chrome/135.0.7049.95 Mobile Safari/537.36 (compatible; GoogleOther)"
2a03:2880:f800:1c:: - - [26/Apr/2025:09:38:20 -0400] "GET /good.php/shopdetail/31724663137.html HTTP/1.1" 200 0 "-" "meta-externalagent/1.1 (+https://developers.facebook.com/docs/sharing/webmasters/crawler)"
52.167.144.20 - - [26/Apr/2025:09:38:20 -0400] "GET /magazines-others-112fs HTTP/1.1" 404 9386 "-" "Mozilla/5.0 AppleWebKit/537.36 (KHTML, like Gecko; compatible; bingbot/2.0; +http://www.bing.com/bingbot.htm) Chrome/116.0.1938.76 Safari/537.36"
66.249.74.105 - - [26/Apr/2025:09:38:21 -0400] "GET /store.php?Shop/falconplay%20lottery%20register HTTP/1.1" 200 181 "-" "Mozilla/5.0 (Linux; Android 6.0.1; Nexus 5X Build/MMB29P) AppleWebKit/537.36 (KHTML, like Gecko) Chrome/135.0.7049.95 Mobile Safari/537.36 (compatible; GoogleOther)"
51.222.253.19 - - [26/Apr/2025:09:38:23 -0400] "GET /good.php/shopdetail/17753453137.html HTTP/1.1" 200 0 "-" "Mozilla/5.0 (compatible; AhrefsBot/7.0; +http://ahrefs.com/robot/)"
2a03:2880:f800:2:: - - [26/Apr/2025:09:38:26 -0400] "GET /good.php/shopdetail/17097843137.html HTTP/1.1" 200 0 "-" "meta-externalagent/1.1 (+https://developers.facebook.com/docs/sharing/webmasters/crawler)"
2a03:2880:f800:5:: - - [26/Apr/2025:09:38:26 -0400] "GET /good.php/shopdetail/18401843137.html HTTP/1.1" 200 0 "-" "meta-externalagent/1.1 (+https://developers.facebook.com/docs/sharing/webmasters/crawler)"
66.249.74.105 - - [26/Apr/2025:09:38:29 -0400] "GET /store.php?Danville/lucky-777-register HTTP/1.1" 200 181 "-" "Mozilla/5.0 (Linux; Android 6.0.1; Nexus 5X Build/MMB29P) AppleWebKit/537.36 (KHTML, like Gecko) Chrome/135.0.7049.95 Mobile Safari/537.36 (compatible; GoogleOther)"
2a03:2880:f800:17:: - - [26/Apr/2025:09:38:30 -0400] "GET /good.php/shopdetail/9598123137.html HTTP/1.1" 200 0 "-" "meta-externalagent/1.1 (+https://developers.facebook.com/docs/sharing/webmasters/crawler)"
2a03:2880:f800:5:: - - [26/Apr/2025:09:38:32 -0400] "GET /good.php/shopdetail/32392353137.html HTTP/1.1" 200 0 "-" "meta-externalagent/1.1 (+https://developers.facebook.com/docs/sharing/webmasters/crawler)"
51.222.253.1 - - [26/Apr/2025:09:38:36 -0400] "GET /good.php/shopdetail/17788573137.html HTTP/1.1" 200 0 "-" "Mozilla/5.0 (compatible; AhrefsBot/7.0; +http://ahrefs.com/robot/)"
52.167.144.25 - - [26/Apr/2025:09:38:36 -0400] "GET /tools-storage-sheds-1w9ni HTTP/1.1" 404 9388 "-" "Mozilla/5.0 AppleWebKit/537.36 (KHTML, like Gecko; compatible; bingbot/2.0; +http://www.bing.com/bingbot.htm) Chrome/116.0.1938.76 Safari/537.36"
66.249.74.105 - - [26/Apr/2025:09:38:38 -0400] "GET /store.php?FAQs/okada%20100k%20chips HTTP/1.1" 200 181 "-" "Mozilla/5.0 (Linux; Android 6.0.1; Nexus 5X Build/MMB29P) AppleWebKit/537.36 (KHTML, like Gecko) Chrome/135.0.7049.95 Mobile Safari/537.36 (compatible; GoogleOther)"
66.249.74.105 - - [26/Apr/2025:09:38:41 -0400] "GET /store.php?San-Antonio/763jili-com HTTP/1.1" 200 181 "-" "Mozilla/5.0 (Linux; Android 6.0.1; Nexus 5X Build/MMB29P) AppleWebKit/537.36 (KHTML, like Gecko) Chrome/135.0.7049.95 Mobile Safari/537.36 (compatible; GoogleOther)"
2a03:2880:f800:1a:: - - [26/Apr/2025:09:38:44 -0400] "GET /good.php/shopdetail/18259663137.html HTTP/1.1" 200 0 "-" "meta-externalagent/1.1 (+https://developers.facebook.com/docs/sharing/webmasters/crawler)"
2a03:2880:f800:1d:: - - [26/Apr/2025:09:38:45 -0400] "GET /good.php/shopdetail/36994383137.html HTTP/1.1" 200 0 "-" "meta-externalagent/1.1 (+https://developers.facebook.com/docs/sharing/webmasters/crawler)"
2a03:2880:f800:7:: - - [26/Apr/2025:09:38:46 -0400] "GET /good.php/shopdetail/13789083137.html HTTP/1.1" 200 0 "-" "meta-externalagent/1.1 (+https://developers.facebook.com/docs/sharing/webmasters/crawler)"
162.0.215.210 - - [26/Apr/2025:09:38:47 -0400] "POST /wp-cron.php?doing_wp_cron=1745674727.7891829013824462890625 HTTP/1.1" 200 0 "-" "WordPress/6.8; https://oiltrain.org"
66.249.74.105 - - [26/Apr/2025:09:38:47 -0400] "GET /cosmetics-others-1pf3x HTTP/1.1" 404 9386 "-" "Mozilla/5.0 (Linux; Android 6.0.1; Nexus 5X Build/MMB29P) AppleWebKit/537.36 (KHTML, like Gecko) Chrome/135.0.7049.114 Mobile Safari/537.36 (compatible; Googlebot/2.1; +http://www.google.com/bot.html)"
51.222.253.19 - - [26/Apr/2025:09:38:49 -0400] "GET /good.php/shopdetail/17947433137.html HTTP/1.1" 200 0 "-" "Mozilla/5.0 (compatible; AhrefsBot/7.0; +http://ahrefs.com/robot/)"
2a03:2880:f800:b:: - - [26/Apr/2025:09:38:50 -0400] "GET /good.php/shopdetail/38653703137.html HTTP/1.1" 200 0 "-" "meta-externalagent/1.1 (+https://developers.facebook.com/docs/sharing/webmasters/crawler)"
66.249.74.105 - - [26/Apr/2025:09:38:50 -0400] "GET /store.php?Cleveland_Add-to-cart/daily-4-lottery HTTP/1.1" 200 181 "-" "Mozilla/5.0 (Linux; Android 6.0.1; Nexus 5X Build/MMB29P) AppleWebKit/537.36 (KHTML, like Gecko) Chrome/135.0.7049.95 Mobile Safari/537.36 (compatible; GoogleOther)"
40.77.167.14 - - [26/Apr/2025:09:38:50 -0400] "GET /health-minerals-1dxnw HTTP/1.1" 404 9386 "-" "Mozilla/5.0 AppleWebKit/537.36 (KHTML, like Gecko; compatible; bingbot/2.0; +http://www.bing.com/bingbot.htm) Chrome/116.0.1938.76 Safari/537.36"
66.249.74.105 - - [26/Apr/2025:09:38:53 -0400] "GET /store.php-Waco_Add-to-cart/father-of-katipunan HTTP/1.1" 404 9386 "-" "Mozilla/5.0 (Linux; Android 6.0.1; Nexus 5X Build/MMB29P) AppleWebKit/537.36 (KHTML, like Gecko) Chrome/135.0.7049.95 Mobile Safari/537.36 (compatible; GoogleOther)"
162.0.215.210 - - [26/Apr/2025:09:38:57 -0400] "POST /wp-cron.php?doing_wp_cron=1745674736.9418489933013916015625 HTTP/1.1" 200 0 "-" "WordPress/6.8; https://oiltrain.org"
102.89.40.61 - - [26/Apr/2025:09:38:56 -0400] "POST /wp-admin/admin-ajax.php HTTP/1.1" 400 5 "https://oiltrain.org/bosiet-course/" "Mozilla/5.0 (Linux; Android 10; K) AppleWebKit/537.36 (KHTML, like Gecko) Chrome/135.0.0.0 Mobile Safari/537.36"
52.167.144.25 - - [26/Apr/2025:09:38:56 -0400] "GET /blu-ray-asia-ndme HTTP/1.1" 404 9386 "-" "Mozilla/5.0 AppleWebKit/537.36 (KHTML, like Gecko; compatible; bingbot/2.0; +http://www.bing.com/bingbot.htm) Chrome/116.0.1938.76 Safari/537.36"
162.0.215.210 - - [26/Apr/2025:09:38:57 -0400] "POST /wp-admin/admin-ajax.php?action=async_litespeed&nonce=V4wieZvnOsvZwPbQdGWDtpA8QurtLUOe&litespeed_type=imgoptm HTTP/1.1" 200 5 "-" "WordPress/6.8; https://oiltrain.org"
51.222.253.8 - - [26/Apr/2025:09:39:01 -0400] "GET /good.php/shopdetail/17959223137.html HTTP/1.1" 200 0 "-" "Mozilla/5.0 (compatible; AhrefsBot/7.0; +http://ahrefs.com/robot/)"
66.249.74.106 - - [26/Apr/2025:09:39:03 -0400] "GET /store.php?Rochester/agent-hawkplay-vip-login HTTP/1.1" 200 181 "-" "Mozilla/5.0 (Linux; Android 6.0.1; Nexus 5X Build/MMB29P) AppleWebKit/537.36 (KHTML, like Gecko) Chrome/135.0.7049.95 Mobile Safari/537.36 (compatible; GoogleOther)"
2a03:2880:f800:16:: - - [26/Apr/2025:09:39:06 -0400] "GET /good.php/shopdetail/12968713137.html HTTP/1.1" 200 0 "-" "meta-externalagent/1.1 (+https://developers.facebook.com/docs/sharing/webmasters/crawler)"
2a03:2880:f800:3:: - - [26/Apr/2025:09:39:07 -0400] "GET /good.php/shopdetail/17490103137.html HTTP/1.1" 200 0 "-" "meta-externalagent/1.1 (+https://developers.facebook.com/docs/sharing/webmasters/crawler)"
51.222.253.10 - - [26/Apr/2025:09:39:15 -0400] "GET /good.php/shopdetail/17967573137.html HTTP/1.1" 200 0 "-" "Mozilla/5.0 (compatible; AhrefsBot/7.0; +http://ahrefs.com/robot/)"
52.167.144.25 - - [26/Apr/2025:09:39:15 -0400] "GET /books-sports-2h6mo HTTP/1.1" 404 9386 "-" "Mozilla/5.0 AppleWebKit/537.36 (KHTML, like Gecko; compatible; bingbot/2.0; +http://www.bing.com/bingbot.htm) Chrome/116.0.1938.76 Safari/537.36"
66.249.74.105 - - [26/Apr/2025:09:39:17 -0400] "GET /store.php?FAQs/BCgame%20lucky HTTP/1.1" 200 181 "-" "Mozilla/5.0 (Linux; Android 6.0.1; Nexus 5X Build/MMB29P) AppleWebKit/537.36 (KHTML, like Gecko) Chrome/135.0.7049.95 Mobile Safari/537.36 (compatible; GoogleOther)"
52.167.144.25 - - [26/Apr/2025:09:39:19 -0400] "GET /?s=%E9%80%B2%E5%87%BA%E5%8F%A3%E8%B2%BF%E6%98%93%E6%B5%81%E7%A8%8B HTTP/1.1" 200 13660 "-" "Mozilla/5.0 AppleWebKit/537.36 (KHTML, like Gecko; compatible; bingbot/2.0; +http://www.bing.com/bingbot.htm) Chrome/116.0.1938.76 Safari/537.36"
2001:4860:7:705::f0 - - [26/Apr/2025:09:39:20 -0400] "GET /store.php?cart/dirtyship HTTP/1.1" 200 181 "https://www.google.com/" "Mozilla/5.0 (Linux; Android 10; K) AppleWebKit/537.36 (KHTML, like Gecko) Chrome/135.0.0.0 Mobile Safari/537.36"
66.249.74.105 - - [26/Apr/2025:09:39:21 -0400] "GET /store.php?UnionCity/PHMACAO-bingo-lucky HTTP/1.1" 200 181 "-" "Mozilla/5.0 (Linux; Android 6.0.1; Nexus 5X Build/MMB29P) AppleWebKit/537.36 (KHTML, like Gecko) Chrome/135.0.7049.95 Mobile Safari/537.36 (compatible; GoogleOther)"
2a03:2880:f800:d:: - - [26/Apr/2025:09:39:21 -0400] "GET /good.php/shopdetail/28641733137.html HTTP/1.1" 200 0 "-" "meta-externalagent/1.1 (+https://developers.facebook.com/docs/sharing/webmasters/crawler)"
66.249.74.105 - - [26/Apr/2025:09:39:22 -0400] "GET /food-whiskey-252gm HTTP/1.1" 404 9386 "-" "Mozilla/5.0 (Linux; Android 6.0.1; Nexus 5X Build/MMB29P) AppleWebKit/537.36 (KHTML, like Gecko) Chrome/135.0.7049.114 Mobile Safari/537.36 (compatible; Googlebot/2.1; +http://www.google.com/bot.html)"
2a03:2880:f800:b:: - - [26/Apr/2025:09:39:23 -0400] "GET /good.php/shopdetail/8614143137.html HTTP/1.1" 200 0 "-" "meta-externalagent/1.1 (+https://developers.facebook.com/docs/sharing/webmasters/crawler)"
2a03:2880:f800:1a:: - - [26/Apr/2025:09:39:24 -0400] "GET /good.php/shopdetail/22026853137.html HTTP/1.1" 200 0 "-" "meta-externalagent/1.1 (+https://developers.facebook.com/docs/sharing/webmasters/crawler)"
66.249.74.105 - - [26/Apr/2025:09:39:27 -0400] "GET /store.php?Lottery/JILIMVP%20dice%20game%20fortune HTTP/1.1" 200 181 "-" "Mozilla/5.0 (Linux; Android 6.0.1; Nexus 5X Build/MMB29P) AppleWebKit/537.36 (KHTML, like Gecko) Chrome/135.0.7049.95 Mobile Safari/537.36 (compatible; GoogleOther)"
51.222.253.6 - - [26/Apr/2025:09:39:31 -0400] "GET /good.php/shopdetail/17983103137.html HTTP/1.1" 200 0 "-" "Mozilla/5.0 (compatible; AhrefsBot/7.0; +http://ahrefs.com/robot/)"
66.249.74.105 - - [26/Apr/2025:09:39:30 -0400] "GET /store.php?Naples/n18jl HTTP/1.1" 200 181 "-" "Mozilla/5.0 (Linux; Android 6.0.1; Nexus 5X Build/MMB29P) AppleWebKit/537.36 (KHTML, like Gecko) Chrome/135.0.7049.95 Mobile Safari/537.36 (compatible; GoogleOther)"
40.77.167.14 - - [26/Apr/2025:09:39:32 -0400] "GET /?s=%D0%BF%D0%BE%D0%B3%D0%BE%D0%B4%D0%B0+%D1%87%D0%B5%D1%80%D0%B5%D0%BF%D0%BE%D0%B2%D0%B5%D1%86+%D0%BD%D0%B0+3+%D0%B4%D0%BD%D1%8F HTTP/1.1" 200 13642 "-" "Mozilla/5.0 AppleWebKit/537.36 (KHTML, like Gecko; compatible; bingbot/2.0; +http://www.bing.com/bingbot.htm) Chrome/116.0.1938.76 Safari/537.36"
52.167.144.20 - - [26/Apr/2025:09:39:33 -0400] "GET /?s=%D0%BF%D0%BE%D0%B3%D0%BE%D0%B4%D0%B0+%D0%B2+%D0%B3%D0%BE%D1%80%D0%BE%D0%B4%D0%B8%D1%89%D0%B5+%D0%BF%D0%B5%D0%BD%D0%B7%D0%B5%D0%BD%D1%81%D0%BA%D0%BE%D0%B9+%D0%BE%D0%B1%D0%BB%D0%B0%D1%81%D1%82%D0%B8 HTTP/1.1" 200 13710 "-" "Mozilla/5.0 AppleWebKit/537.36 (KHTML, like Gecko; compatible; bingbot/2.0; +http://www.bing.com/bingbot.htm) Chrome/116.0.1938.76 Safari/537.36"
111.225.148.57 - - [26/Apr/2025:09:39:36 -0400] "GET / HTTP/1.1" 200 25414 "-" "Mozilla/5.0 (Linux; Android 5.0) AppleWebKit/537.36 (KHTML, like Gecko) Mobile Safari/537.36 (compatible; Bytespider; https://zhanzhang.toutiao.com/)"
111.225.148.57 - - [26/Apr/2025:09:39:37 -0400] "GET /wp-content/plugins/elementor/assets/lib/font-awesome/css/font-awesome.min.css?ver=4.7.0 HTTP/1.1" 200 6657 "https://oiltrain.org/" "Mozilla/5.0 (Linux; Android 5.0) AppleWebKit/537.36 (KHTML, like Gecko) Mobile Safari/537.36 (compatible; Bytespider; https://zhanzhang.toutiao.com/)"
111.225.148.57 - - [26/Apr/2025:09:39:37 -0400] "GET /wp-content/themes/konstruk/konstruk/assets/css/uicons-regular-rounded.css?ver=6.8 HTTP/1.1" 200 3800 "https://oiltrain.org/" "Mozilla/5.0 (Linux; Android 5.0) AppleWebKit/537.36 (KHTML, like Gecko) Mobile Safari/537.36 (compatible; Bytespider; https://zhanzhang.toutiao.com/)"
111.225.148.57 - - [26/Apr/2025:09:39:37 -0400] "GET /wp-content/plugins/logo-showcase-with-slick-slider/assets/css/lswss-public.css?ver=3.2.9 HTTP/1.1" 200 1899 "https://oiltrain.org/" "Mozilla/5.0 (Linux; Android 5.0) AppleWebKit/537.36 (KHTML, like Gecko) Mobile Safari/537.36 (compatible; Bytespider; https://zhanzhang.toutiao.com/)"
111.225.148.57 - - [26/Apr/2025:09:39:37 -0400] "GET /wp-content/plugins/woocommerce/assets/css/woocommerce-smallscreen.css?ver=9.8.2 HTTP/1.1" 200 1165 "https://oiltrain.org/" "Mozilla/5.0 (Linux; Android 5.0) AppleWebKit/537.36 (KHTML, like Gecko) Mobile Safari/537.36 (compatible; Bytespider; https://zhanzhang.toutiao.com/)"
111.225.148.57 - - [26/Apr/2025:09:39:37 -0400] "GET /wp-content/themes/konstruk/konstruk/assets/css/flaticon.css?ver=6.8 HTTP/1.1" 200 698 "https://oiltrain.org/" "Mozilla/5.0 (Linux; Android 5.0) AppleWebKit/537.36 (KHTML, like Gecko) Mobile Safari/537.36 (compatible; Bytespider; https://zhanzhang.toutiao.com/)"
111.225.148.57 - - [26/Apr/2025:09:39:37 -0400] "GET /wp-content/plugins/woocommerce/assets/css/woocommerce-layout.css?ver=9.8.2 HTTP/1.1" 200 3160 "https://oiltrain.org/" "Mozilla/5.0 (Linux; Android 5.0) AppleWebKit/537.36 (KHTML, like Gecko) Mobile Safari/537.36 (compatible; Bytespider; https://zhanzhang.toutiao.com/)"
111.225.148.57 - - [26/Apr/2025:09:39:37 -0400] "GET /wp-content/plugins/woocommerce/assets/css/woocommerce.css?ver=9.8.2 HTTP/1.1" 200 10163 "https://oiltrain.org/" "Mozilla/5.0 (Linux; Android 5.0) AppleWebKit/537.36 (KHTML, like Gecko) Mobile Safari/537.36 (compatible; Bytespider; https://zhanzhang.toutiao.com/)"
111.225.148.57 - - [26/Apr/2025:09:39:38 -0400] "GET /wp-content/themes/konstruk/konstruk/assets/css/rsanimations.css?ver=6.8 HTTP/1.1" 200 1151 "https://oiltrain.org/" "Mozilla/5.0 (Linux; Android 5.0) AppleWebKit/537.36 (KHTML, like Gecko) Mobile Safari/537.36 (compatible; Bytespider; https://zhanzhang.toutiao.com/)"
111.225.148.57 - - [26/Apr/2025:09:39:38 -0400] "GET /wp-content/themes/konstruk/konstruk/assets/css/swiper.min.css?ver=6.8 HTTP/1.1" 200 3809 "https://oiltrain.org/" "Mozilla/5.0 (Linux; Android 5.0) AppleWebKit/537.36 (KHTML, like Gecko) Mobile Safari/537.36 (compatible; Bytespider; https://zhanzhang.toutiao.com/)"
111.225.148.57 - - [26/Apr/2025:09:39:38 -0400] "GET /wp-content/uploads/elementor/google-fonts/css/robotoslab.css?ver=1742258876 HTTP/1.1" 200 707 "https://oiltrain.org/" "Mozilla/5.0 (Linux; Android 5.0) AppleWebKit/537.36 (KHTML, like Gecko) Mobile Safari/537.36 (compatible; Bytespider; https://zhanzhang.toutiao.com/)"
111.225.148.57 - - [26/Apr/2025:09:39:38 -0400] "GET /wp-content/uploads/elementor/css/post-7.css?ver=1727166892 HTTP/1.1" 200 311 "https://oiltrain.org/" "Mozilla/5.0 (Linux; Android 5.0) AppleWebKit/537.36 (KHTML, like Gecko) Mobile Safari/537.36 (compatible; Bytespider; https://zhanzhang.toutiao.com/)"
111.225.148.57 - - [26/Apr/2025:09:39:38 -0400] "GET /wp-content/plugins/elementor/assets/css/widget-icon-list.min.css?ver=3.28.4 HTTP/1.1" 200 957 "https://oiltrain.org/" "Mozilla/5.0 (Linux; Android 5.0) AppleWebKit/537.36 (KHTML, like Gecko) Mobile Safari/537.36 (compatible; Bytespider; https://zhanzhang.toutiao.com/)"
111.225.148.57 - - [26/Apr/2025:09:39:38 -0400] "GET /wp-content/plugins/elementor/assets/css/frontend.min.css?ver=3.28.4 HTTP/1.1" 200 6453 "https://oiltrain.org/" "Mozilla/5.0 (Linux; Android 5.0) AppleWebKit/537.36 (KHTML, like Gecko) Mobile Safari/537.36 (compatible; Bytespider; https://zhanzhang.toutiao.com/)"
111.225.148.57 - - [26/Apr/2025:09:39:38 -0400] "GET /wp-content/plugins/sina-extension-for-elementor/admin/assets/css/icofont.min.css?ver=3.6.1 HTTP/1.1" 200 14827 "https://oiltrain.org/" "Mozilla/5.0 (Linux; Android 5.0) AppleWebKit/537.36 (KHTML, like Gecko) Mobile Safari/537.36 (compatible; Bytespider; https://zhanzhang.toutiao.com/)"
111.225.148.57 - - [26/Apr/2025:09:39:38 -0400] "GET /wp-content/plugins/sina-extension-for-elementor/assets/css/animate-merge.min.css?ver=3.6.1 HTTP/1.1" 200 2125 "https://oiltrain.org/" "Mozilla/5.0 (Linux; Android 5.0) AppleWebKit/537.36 (KHTML, like Gecko) Mobile Safari/537.36 (compatible; Bytespider; https://zhanzhang.toutiao.com/)"
111.225.148.57 - - [26/Apr/2025:09:39:38 -0400] "GET /wp-content/plugins/elementor/assets/lib/font-awesome/css/fontawesome.min.css?ver=5.15.3 HTTP/1.1" 200 12164 "https://oiltrain.org/" "Mozilla/5.0 (Linux; Android 5.0) AppleWebKit/537.36 (KHTML, like Gecko) Mobile Safari/537.36 (compatible; Bytespider; https://zhanzhang.toutiao.com/)"
111.225.148.57 - - [26/Apr/2025:09:39:38 -0400] "GET /wp-includes/js/jquery/jquery-migrate.min.js?ver=3.4.1 HTTP/1.1" 304 0 "https://oiltrain.org/" "Mozilla/5.0 (Linux; Android 5.0) AppleWebKit/537.36 (KHTML, like Gecko) Mobile Safari/537.36 (compatible; Bytespider; https://zhanzhang.toutiao.com/)"
111.225.148.57 - - [26/Apr/2025:09:39:38 -0400] "GET /wp-includes/js/jquery/jquery.min.js?ver=3.7.1 HTTP/1.1" 304 0 "https://oiltrain.org/" "Mozilla/5.0 (Linux; Android 5.0) AppleWebKit/537.36 (KHTML, like Gecko) Mobile Safari/537.36 (compatible; Bytespider; https://zhanzhang.toutiao.com/)"
66.249.74.105 - - [26/Apr/2025:09:39:37 -0400] "GET /store.php?Boca-Raton_Add-to-cart/gems-of-fortune HTTP/1.1" 200 181 "-" "Mozilla/5.0 (Linux; Android 6.0.1; Nexus 5X Build/MMB29P) AppleWebKit/537.36 (KHTML, like Gecko) Chrome/135.0.7049.95 Mobile Safari/537.36 (compatible; GoogleOther)"
111.225.148.57 - - [26/Apr/2025:09:39:38 -0400] "GET /wp-content/plugins/rselements/assets/js/materialize.min.js?ver=201513434 HTTP/1.1" 200 41086 "https://oiltrain.org/" "Mozilla/5.0 (Linux; Android 5.0) AppleWebKit/537.36 (KHTML, like Gecko) Mobile Safari/537.36 (compatible; Bytespider; https://zhanzhang.toutiao.com/)"
111.225.148.57 - - [26/Apr/2025:09:39:38 -0400] "GET /wp-content/plugins/rselements/assets/js/tilt.jquery.min.js?ver=201513434 HTTP/1.1" 304 0 "https://oiltrain.org/" "Mozilla/5.0 (Linux; Android 5.0) AppleWebKit/537.36 (KHTML, like Gecko) Mobile Safari/537.36 (compatible; Bytespider; https://zhanzhang.toutiao.com/)"
111.225.148.57 - - [26/Apr/2025:09:39:38 -0400] "GET /wp-content/plugins/contact-form-7/includes/js/index.js?ver=6.0.6 HTTP/1.1" 200 4008 "https://oiltrain.org/" "Mozilla/5.0 (Linux; Android 5.0) AppleWebKit/537.36 (KHTML, like Gecko) Mobile Safari/537.36 (compatible; Bytespider; https://zhanzhang.toutiao.com/)"
111.225.148.57 - - [26/Apr/2025:09:39:38 -0400] "GET /wp-content/plugins/rselements/assets/js/popper.min.js?ver=201513434 HTTP/1.1" 200 7212 "https://oiltrain.org/" "Mozilla/5.0 (Linux; Android 5.0) AppleWebKit/537.36 (KHTML, like Gecko) Mobile Safari/537.36 (compatible; Bytespider; https://zhanzhang.toutiao.com/)"
111.225.148.57 - - [26/Apr/2025:09:39:38 -0400] "GET /wp-content/plugins/rselements/assets/js/custom.js?ver=201513434 HTTP/1.1" 200 832 "https://oiltrain.org/" "Mozilla/5.0 (Linux; Android 5.0) AppleWebKit/537.36 (KHTML, like Gecko) Mobile Safari/537.36 (compatible; Bytespider; https://zhanzhang.toutiao.com/)"
111.225.148.57 - - [26/Apr/2025:09:39:38 -0400] "GET /wp-content/themes/konstruk/konstruk/assets/js/modernizr-2.8.3.min.js?ver=20151215 HTTP/1.1" 200 6009 "https://oiltrain.org/" "Mozilla/5.0 (Linux; Android 5.0) AppleWebKit/537.36 (KHTML, like Gecko) Mobile Safari/537.36 (compatible; Bytespider; https://zhanzhang.toutiao.com/)"
111.225.148.57 - - [26/Apr/2025:09:39:38 -0400] "GET /wp-content/plugins/rselements/assets/js/jQuery-plugin-progressbar.js?ver=201513434 HTTP/1.1" 200 1677 "https://oiltrain.org/" "Mozilla/5.0 (Linux; Android 5.0) AppleWebKit/537.36 (KHTML, like Gecko) Mobile Safari/537.36 (compatible; Bytespider; https://zhanzhang.toutiao.com/)"
111.225.148.57 - - [26/Apr/2025:09:39:38 -0400] "GET /wp-includes/js/imagesloaded.min.js?ver=5.0.0 HTTP/1.1" 200 1687 "https://oiltrain.org/" "Mozilla/5.0 (Linux; Android 5.0) AppleWebKit/537.36 (KHTML, like Gecko) Mobile Safari/537.36 (compatible; Bytespider; https://zhanzhang.toutiao.com/)"
111.225.148.57 - - [26/Apr/2025:09:39:38 -0400] "GET /wp-content/themes/konstruk/konstruk/assets/js/classie.js?ver=201513434 HTTP/1.1" 304 0 "https://oiltrain.org/" "Mozilla/5.0 (Linux; Android 5.0) AppleWebKit/537.36 (KHTML, like Gecko) Mobile Safari/537.36 (compatible; Bytespider; https://zhanzhang.toutiao.com/)"
111.225.148.57 - - [26/Apr/2025:09:39:38 -0400] "GET /wp-includes/js/dist/i18n.min.js?ver=5e580eb46a90c2b997e6 HTTP/1.1" 304 0 "https://oiltrain.org/" "Mozilla/5.0 (Linux; Android 5.0) AppleWebKit/537.36 (KHTML, like Gecko) Mobile Safari/537.36 (compatible; Bytespider; https://zhanzhang.toutiao.com/)"
111.225.148.57 - - [26/Apr/2025:09:39:38 -0400] "GET /wp-content/plugins/rselements/assets/js/slick.min.js?ver=201513434 HTTP/1.1" 200 10097 "https://oiltrain.org/" "Mozilla/5.0 (Linux; Android 5.0) AppleWebKit/537.36 (KHTML, like Gecko) Mobile Safari/537.36 (compatible; Bytespider; https://zhanzhang.toutiao.com/)"
111.225.148.57 - - [26/Apr/2025:09:39:38 -0400] "GET /wp-content/plugins/contact-form-7/includes/swv/js/index.js?ver=6.0.6 HTTP/1.1" 200 3369 "https://oiltrain.org/" "Mozilla/5.0 (Linux; Android 5.0) AppleWebKit/537.36 (KHTML, like Gecko) Mobile Safari/537.36 (compatible; Bytespider; https://zhanzhang.toutiao.com/)"
111.225.148.57 - - [26/Apr/2025:09:39:38 -0400] "GET /wp-content/themes/konstruk/konstruk/assets/js/owl.carousel.min.js?ver=20151215 HTTP/1.1" 200 10657 "https://oiltrain.org/" "Mozilla/5.0 (Linux; Android 5.0) AppleWebKit/537.36 (KHTML, like Gecko) Mobile Safari/537.36 (compatible; Bytespider; https://zhanzhang.toutiao.com/)"
111.225.148.57 - - [26/Apr/2025:09:39:38 -0400] "GET /wp-content/plugins/rselements/assets/js/headding-title.js?ver=201513434 HTTP/1.1" 304 0 "https://oiltrain.org/" "Mozilla/5.0 (Linux; Android 5.0) AppleWebKit/537.36 (KHTML, like Gecko) Mobile Safari/537.36 (compatible; Bytespider; https://zhanzhang.toutiao.com/)"
111.225.148.57 - - [26/Apr/2025:09:39:38 -0400] "GET /wp-includes/js/dist/hooks.min.js?ver=4d63a3d491d11ffd8ac6 HTTP/1.1" 304 0 "https://oiltrain.org/" "Mozilla/5.0 (Linux; Android 5.0) AppleWebKit/537.36 (KHTML, like Gecko) Mobile Safari/537.36 (compatible; Bytespider; https://zhanzhang.toutiao.com/)"
111.225.148.57 - - [26/Apr/2025:09:39:38 -0400] "GET /wp-content/themes/konstruk/konstruk/assets/js/bootstrap.min.js?ver=20151215 HTTP/1.1" 200 12542 "https://oiltrain.org/" "Mozilla/5.0 (Linux; Android 5.0) AppleWebKit/537.36 (KHTML, like Gecko) Mobile Safari/537.36 (compatible; Bytespider; https://zhanzhang.toutiao.com/)"
111.225.148.57 - - [26/Apr/2025:09:39:38 -0400] "GET /wp-content/plugins/rselements/assets/js/jquery-ui.js?ver=201513434 HTTP/1.1" 200 120331 "https://oiltrain.org/" "Mozilla/5.0 (Linux; Android 5.0) AppleWebKit/537.36 (KHTML, like Gecko) Mobile Safari/537.36 (compatible; Bytespider; https://zhanzhang.toutiao.com/)"
111.225.148.57 - - [26/Apr/2025:09:39:38 -0400] "GET /wp-content/themes/konstruk/konstruk/assets/js/waypoints.min.js?ver=20151215 HTTP/1.1" 200 2474 "https://oiltrain.org/" "Mozilla/5.0 (Linux; Android 5.0) AppleWebKit/537.36 (KHTML, like Gecko) Mobile Safari/537.36 (compatible; Bytespider; https://zhanzhang.toutiao.com/)"
111.225.148.57 - - [26/Apr/2025:09:39:38 -0400] "GET /wp-content/themes/konstruk/konstruk/assets/js/waypoints-sticky.min.js?ver=20151215 HTTP/1.1" 304 0 "https://oiltrain.org/" "Mozilla/5.0 (Linux; Android 5.0) AppleWebKit/537.36 (KHTML, like Gecko) Mobile Safari/537.36 (compatible; Bytespider; https://zhanzhang.toutiao.com/)"
111.225.148.57 - - [26/Apr/2025:09:39:38 -0400] "GET /wp-content/themes/konstruk/konstruk/assets/js/swiper.min.js?ver=201513434 HTTP/1.1" 304 0 "https://oiltrain.org/" "Mozilla/5.0 (Linux; Android 5.0) AppleWebKit/537.36 (KHTML, like Gecko) Mobile Safari/537.36 (compatible; Bytespider; https://zhanzhang.toutiao.com/)"
111.225.148.57 - - [26/Apr/2025:09:39:38 -0400] "GET /wp-content/themes/konstruk/konstruk/assets/js/main.js?ver=201513434 HTTP/1.1" 304 0 "https://oiltrain.org/" "Mozilla/5.0 (Linux; Android 5.0) AppleWebKit/537.36 (KHTML, like Gecko) Mobile Safari/537.36 (compatible; Bytespider; https://zhanzhang.toutiao.com/)"
111.225.148.57 - - [26/Apr/2025:09:39:38 -0400] "GET /wp-content/plugins/wp-table-builder/inc/frontend/js/wp-table-builder-frontend.js?ver=2.0.6 HTTP/1.1" 304 0 "https://oiltrain.org/" "Mozilla/5.0 (Linux; Android 5.0) AppleWebKit/537.36 (KHTML, like Gecko) Mobile Safari/537.36 (compatible; Bytespider; https://zhanzhang.toutiao.com/)"
111.225.148.57 - - [26/Apr/2025:09:39:38 -0400] "GET /wp-content/themes/konstruk/konstruk/assets/js/jquery.magnific-popup.min.js?ver=20151215 HTTP/1.1" 304 0 "https://oiltrain.org/" "Mozilla/5.0 (Linux; Android 5.0) AppleWebKit/537.36 (KHTML, like Gecko) Mobile Safari/537.36 (compatible; Bytespider; https://zhanzhang.toutiao.com/)"
111.225.148.57 - - [26/Apr/2025:09:39:38 -0400] "GET /wp-content/plugins/sina-extension-for-elementor/assets/js/sina-tooltip.min.js?ver=3.6.1 HTTP/1.1" 200 3621 "https://oiltrain.org/" "Mozilla/5.0 (Linux; Android 5.0) AppleWebKit/537.36 (KHTML, like Gecko) Mobile Safari/537.36 (compatible; Bytespider; https://zhanzhang.toutiao.com/)"
111.225.148.57 - - [26/Apr/2025:09:39:38 -0400] "GET /wp-content/plugins/woocommerce/assets/js/sourcebuster/sourcebuster.min.js?ver=9.8.2 HTTP/1.1" 200 4609 "https://oiltrain.org/" "Mozilla/5.0 (Linux; Android 5.0) AppleWebKit/537.36 (KHTML, like Gecko) Mobile Safari/537.36 (compatible; Bytespider; https://zhanzhang.toutiao.com/)"
111.225.148.57 - - [26/Apr/2025:09:39:38 -0400] "GET /wp-content/plugins/sina-extension-for-elementor/assets/js/sina-widgets.min.js?ver=3.6.1 HTTP/1.1" 304 0 "https://oiltrain.org/" "Mozilla/5.0 (Linux; Android 5.0) AppleWebKit/537.36 (KHTML, like Gecko) Mobile Safari/537.36 (compatible; Bytespider; https://zhanzhang.toutiao.com/)"
111.225.148.57 - - [26/Apr/2025:09:39:38 -0400] "GET /wp-content/plugins/sina-extension-for-elementor/assets/js/owl.carousel.min.js?ver=3.6.1 HTTP/1.1" 304 0 "https://oiltrain.org/" "Mozilla/5.0 (Linux; Android 5.0) AppleWebKit/537.36 (KHTML, like Gecko) Mobile Safari/537.36 (compatible; Bytespider; https://zhanzhang.toutiao.com/)"
111.225.148.57 - - [26/Apr/2025:09:39:38 -0400] "GET /wp-content/plugins/elementor/assets/js/frontend-modules.min.js?ver=3.28.4 HTTP/1.1" 200 14421 "https://oiltrain.org/" "Mozilla/5.0 (Linux; Android 5.0) AppleWebKit/537.36 (KHTML, like Gecko) Mobile Safari/537.36 (compatible; Bytespider; https://zhanzhang.toutiao.com/)"
111.225.148.57 - - [26/Apr/2025:09:39:38 -0400] "GET /wp-content/themes/konstruk/konstruk/assets/js/isotope-konstruk.js?ver=20151215 HTTP/1.1" 304 0 "https://oiltrain.org/" "Mozilla/5.0 (Linux; Android 5.0) AppleWebKit/537.36 (KHTML, like Gecko) Mobile Safari/537.36 (compatible; Bytespider; https://zhanzhang.toutiao.com/)"
111.225.148.57 - - [26/Apr/2025:09:39:38 -0400] "GET /wp-content/plugins/woocommerce/assets/js/frontend/order-attribution.min.js?ver=9.8.2 HTTP/1.1" 200 1006 "https://oiltrain.org/" "Mozilla/5.0 (Linux; Android 5.0) AppleWebKit/537.36 (KHTML, like Gecko) Mobile Safari/537.36 (compatible; Bytespider; https://zhanzhang.toutiao.com/)"
111.225.148.57 - - [26/Apr/2025:09:39:38 -0400] "GET /wp-content/themes/konstruk/konstruk/assets/js/jquery.counterup.min.js?ver=20151215 HTTP/1.1" 200 496 "https://oiltrain.org/" "Mozilla/5.0 (Linux; Android 5.0) AppleWebKit/537.36 (KHTML, like Gecko) Mobile Safari/537.36 (compatible; Bytespider; https://zhanzhang.toutiao.com/)"
111.225.148.57 - - [26/Apr/2025:09:39:38 -0400] "GET /wp-includes/js/jquery/ui/core.min.js?ver=1.13.3 HTTP/1.1" 304 0 "https://oiltrain.org/" "Mozilla/5.0 (Linux; Android 5.0) AppleWebKit/537.36 (KHTML, like Gecko) Mobile Safari/537.36 (compatible; Bytespider; https://zhanzhang.toutiao.com/)"
111.225.148.57 - - [26/Apr/2025:09:39:38 -0400] "GET /wp-content/plugins/elementor/assets/js/webpack.runtime.min.js?ver=3.28.4 HTTP/1.1" 304 0 "https://oiltrain.org/" "Mozilla/5.0 (Linux; Android 5.0) AppleWebKit/537.36 (KHTML, like Gecko) Mobile Safari/537.36 (compatible; Bytespider; https://zhanzhang.toutiao.com/)"
111.225.148.57 - - [26/Apr/2025:09:39:38 -0400] "GET /wp-content/plugins/elementor/assets/js/frontend.min.js?ver=3.28.4 HTTP/1.1" 200 13099 "https://oiltrain.org/" "Mozilla/5.0 (Linux; Android 5.0) AppleWebKit/537.36 (KHTML, like Gecko) Mobile Safari/537.36 (compatible; Bytespider; https://zhanzhang.toutiao.com/)"
111.225.148.57 - - [26/Apr/2025:09:39:39 -0400] "GET /wp-content/plugins/revslider/public/assets/js/rbtools.min.js?ver=6.6.11 HTTP/1.1" 304 0 "https://oiltrain.org/" "Mozilla/5.0 (Linux; Android 5.0) AppleWebKit/537.36 (KHTML, like Gecko) Mobile Safari/537.36 (compatible; Bytespider; https://zhanzhang.toutiao.com/)"
111.225.148.57 - - [26/Apr/2025:09:39:39 -0400] "GET /wp-content/plugins/woocommerce/assets/js/frontend/add-to-cart.min.js?ver=9.8.2 HTTP/1.1" 200 1225 "https://oiltrain.org/" "Mozilla/5.0 (Linux; Android 5.0) AppleWebKit/537.36 (KHTML, like Gecko) Mobile Safari/537.36 (compatible; Bytespider; https://zhanzhang.toutiao.com/)"
111.225.148.57 - - [26/Apr/2025:09:39:39 -0400] "GET /wp-content/plugins/woocommerce/assets/js/js-cookie/js.cookie.min.js?ver=2.1.4-wc.9.8.2 HTTP/1.1" 304 0 "https://oiltrain.org/" "Mozilla/5.0 (Linux; Android 5.0) AppleWebKit/537.36 (KHTML, like Gecko) Mobile Safari/537.36 (compatible; Bytespider; https://zhanzhang.toutiao.com/)"
111.225.148.57 - - [26/Apr/2025:09:39:39 -0400] "GET /wp-content/plugins/woocommerce/assets/js/jquery-blockui/jquery.blockUI.min.js?ver=2.7.0-wc.9.8.2 HTTP/1.1" 304 0 "https://oiltrain.org/" "Mozilla/5.0 (Linux; Android 5.0) AppleWebKit/537.36 (KHTML, like Gecko) Mobile Safari/537.36 (compatible; Bytespider; https://zhanzhang.toutiao.com/)"
111.225.148.57 - - [26/Apr/2025:09:39:39 -0400] "GET /wp-content/plugins/woocommerce/assets/js/frontend/woocommerce.min.js?ver=9.8.2 HTTP/1.1" 304 0 "https://oiltrain.org/" "Mozilla/5.0 (Linux; Android 5.0) AppleWebKit/537.36 (KHTML, like Gecko) Mobile Safari/537.36 (compatible; Bytespider; https://zhanzhang.toutiao.com/)"
111.225.148.57 - - [26/Apr/2025:09:39:39 -0400] "GET /wp-content/plugins/ewww-image-optimizer/includes/lazysizes.min.js?ver=813 HTTP/1.1" 200 5754 "https://oiltrain.org/" "Mozilla/5.0 (Linux; Android 5.0) AppleWebKit/537.36 (KHTML, like Gecko) Mobile Safari/537.36 (compatible; Bytespider; https://zhanzhang.toutiao.com/)"
111.225.148.57 - - [26/Apr/2025:09:39:39 -0400] "GET /wp-content/plugins/revslider/public/assets/js/rs6.min.js?ver=6.6.11 HTTP/1.1" 200 103481 "https://oiltrain.org/" "Mozilla/5.0 (Linux; Android 5.0) AppleWebKit/537.36 (KHTML, like Gecko) Mobile Safari/537.36 (compatible; Bytespider; https://zhanzhang.toutiao.com/)"
111.225.148.57 - - [26/Apr/2025:09:39:39 -0400] "GET /wp-content/uploads/2018/12/2.jpg HTTP/1.1" 200 134728 "https://oiltrain.org/wp-content/uploads/elementor/css/post-16147.css?ver=1735922036" "Mozilla/5.0 (Linux; Android 5.0) AppleWebKit/537.36 (KHTML, like Gecko) Mobile Safari/537.36 (compatible; Bytespider; https://zhanzhang.toutiao.com/)"
111.225.148.57 - - [26/Apr/2025:09:39:40 -0400] "GET /wp-includes/js/wp-emoji-release.min.js?ver=6.8 HTTP/1.1" 304 0 "https://oiltrain.org/" "Mozilla/5.0 (Linux; Android 5.0) AppleWebKit/537.36 (KHTML, like Gecko) Mobile Safari/537.36 (compatible; Bytespider; https://zhanzhang.toutiao.com/)"
111.225.148.57 - - [26/Apr/2025:09:39:40 -0400] "GET /wp-content/plugins/elementor/assets/js/text-editor.c084ef86600b6f11690d.bundle.min.js HTTP/1.1" 200 621 "https://oiltrain.org/" "Mozilla/5.0 (Linux; Android 5.0) AppleWebKit/537.36 (KHTML, like Gecko) Mobile Safari/537.36 (compatible; Bytespider; https://zhanzhang.toutiao.com/)"
111.225.148.57 - - [26/Apr/2025:09:39:40 -0400] "GET /wp-content/uploads/2023/05/slider1.jpg HTTP/1.1" 200 141967 "https://oiltrain.org/" "Mozilla/5.0 (Linux; Android 5.0) AppleWebKit/537.36 (KHTML, like Gecko) Mobile Safari/537.36 (compatible; Bytespider; https://zhanzhang.toutiao.com/)"
2a03:2880:f800:1c:: - - [26/Apr/2025:09:39:40 -0400] "GET /good.php/shopdetail/5348483137.html HTTP/1.1" 200 0 "-" "meta-externalagent/1.1 (+https://developers.facebook.com/docs/sharing/webmasters/crawler)"
2a03:2880:f800:10:: - - [26/Apr/2025:09:39:43 -0400] "GET /good.php/shopdetail/35603483137.html HTTP/1.1" 200 0 "-" "meta-externalagent/1.1 (+https://developers.facebook.com/docs/sharing/webmasters/crawler)"
51.222.253.17 - - [26/Apr/2025:09:39:45 -0400] "GET /good.php/shopdetail/17988093137.html HTTP/1.1" 200 0 "-" "Mozilla/5.0 (compatible; AhrefsBot/7.0; +http://ahrefs.com/robot/)"
2a03:2880:f800:3:: - - [26/Apr/2025:09:39:45 -0400] "GET /good.php/shopdetail/22183393137.html HTTP/1.1" 200 0 "-" "meta-externalagent/1.1 (+https://developers.facebook.com/docs/sharing/webmasters/crawler)"
162.0.215.210 - - [26/Apr/2025:09:39:47 -0400] "POST /wp-cron.php?doing_wp_cron=1745674787.3435189723968505859375 HTTP/1.1" 200 0 "-" "WordPress/6.8; https://oiltrain.org"
40.77.167.14 - - [26/Apr/2025:09:39:47 -0400] "GET /sports-pilates-2cprn HTTP/1.1" 404 9388 "-" "Mozilla/5.0 AppleWebKit/537.36 (KHTML, like Gecko; compatible; bingbot/2.0; +http://www.bing.com/bingbot.htm) Chrome/116.0.1938.76 Safari/537.36"
66.249.74.101 - - [26/Apr/2025:09:39:51 -0400] "GET /store.php?Palm-Springs/tonight-lottery HTTP/1.1" 200 181 "-" "Mozilla/5.0 (Linux; Android 6.0.1; Nexus 5X Build/MMB29P) AppleWebKit/537.36 (KHTML, like Gecko) Chrome/135.0.7049.95 Mobile Safari/537.36 (compatible; GoogleOther)"
66.249.74.101 - - [26/Apr/2025:09:39:54 -0400] "GET /store.php?MapleGrove/abang-bet88 HTTP/1.1" 200 181 "-" "Mozilla/5.0 (Linux; Android 6.0.1; Nexus 5X Build/MMB29P) AppleWebKit/537.36 (KHTML, like Gecko) Chrome/135.0.7049.95 Mobile Safari/537.36 (compatible; GoogleOther)"
51.222.253.11 - - [26/Apr/2025:09:39:57 -0400] "GET /good.php/shopdetail/17992363137.html HTTP/1.1" 200 0 "-" "Mozilla/5.0 (compatible; AhrefsBot/7.0; +http://ahrefs.com/robot/)"
2a03:2880:f800:19:: - - [26/Apr/2025:09:39:58 -0400] "GET /good.php/shopdetail/29839963137.html HTTP/1.1" 200 0 "-" "meta-externalagent/1.1 (+https://developers.facebook.com/docs/sharing/webmasters/crawler)"
2a03:2880:f800:5:: - - [26/Apr/2025:09:40:00 -0400] "GET /good.php/shopdetail/6539273137.html HTTP/1.1" 200 0 "-" "meta-externalagent/1.1 (+https://developers.facebook.com/docs/sharing/webmasters/crawler)"
162.0.215.210 - - [26/Apr/2025:09:40:01 -0400] "POST /wp-cron.php?doing_wp_cron=1745674801.7040879726409912109375 HTTP/1.1" 200 0 "-" "WordPress/6.8; https://oiltrain.org"
66.249.74.102 - - [26/Apr/2025:09:40:01 -0400] "GET /store.php?Product-detail/ff777 HTTP/1.1" 200 181 "-" "Mozilla/5.0 (Linux; Android 6.0.1; Nexus 5X Build/MMB29P) AppleWebKit/537.36 (KHTML, like Gecko) Chrome/135.0.7049.95 Mobile Safari/537.36 (compatible; GoogleOther)"
52.167.144.25 - - [26/Apr/2025:09:40:01 -0400] "GET /magazines-sports-21brv HTTP/1.1" 404 9386 "-" "Mozilla/5.0 AppleWebKit/537.36 (KHTML, like Gecko; compatible; bingbot/2.0; +http://www.bing.com/bingbot.htm) Chrome/116.0.1938.76 Safari/537.36"
162.0.215.210 - - [26/Apr/2025:09:40:02 -0400] "POST /wp-admin/admin-ajax.php?action=async_litespeed&nonce=ZMfSiBXhBeRRqMpV6bqNbguYxOqAqKmV&litespeed_type=imgoptm HTTP/1.1" 200 5 "-" "WordPress/6.8; https://oiltrain.org"
2a03:2880:f800:16:: - - [26/Apr/2025:09:40:03 -0400] "GET /good.php/shopdetail/39487093137.html HTTP/1.1" 200 0 "-" "meta-externalagent/1.1 (+https://developers.facebook.com/docs/sharing/webmasters/crawler)"
66.249.74.103 - - [26/Apr/2025:09:40:04 -0400] "GET /store.php?Methuen/mazda-bet88 HTTP/1.1" 200 181 "-" "Mozilla/5.0 (Linux; Android 6.0.1; Nexus 5X Build/MMB29P) AppleWebKit/537.36 (KHTML, like Gecko) Chrome/135.0.7049.95 Mobile Safari/537.36 (compatible; GoogleOther)"
2a03:2880:f800:1d:: - - [26/Apr/2025:09:40:05 -0400] "GET /good.php/shopdetail/38560793137.html HTTP/1.1" 200 0 "-" "meta-externalagent/1.1 (+https://developers.facebook.com/docs/sharing/webmasters/crawler)"
2a03:2880:f800:d:: - - [26/Apr/2025:09:40:07 -0400] "GET /good.php/shopdetail/26286773137.html HTTP/1.1" 200 0 "-" "meta-externalagent/1.1 (+https://developers.facebook.com/docs/sharing/webmasters/crawler)"
2a03:2880:f800:1c:: - - [26/Apr/2025:09:40:07 -0400] "GET /good.php/shopdetail/28730663137.html HTTP/1.1" 200 0 "-" "meta-externalagent/1.1 (+https://developers.facebook.com/docs/sharing/webmasters/crawler)"
66.249.74.101 - - [26/Apr/2025:09:40:07 -0400] "GET /store.php?Fayetteville_Add-to-cart/jili-lotto HTTP/1.1" 200 181 "-" "Mozilla/5.0 (Linux; Android 6.0.1; Nexus 5X Build/MMB29P) AppleWebKit/537.36 (KHTML, like Gecko) Chrome/135.0.7049.95 Mobile Safari/537.36 (compatible; GoogleOther)"
66.249.74.101 - - [26/Apr/2025:09:40:11 -0400] "GET /store.php?Birmingham/richph-bingo-card-betgame HTTP/1.1" 200 181 "-" "Mozilla/5.0 (Linux; Android 6.0.1; Nexus 5X Build/MMB29P) AppleWebKit/537.36 (KHTML, like Gecko) Chrome/135.0.7049.95 Mobile Safari/537.36 (compatible; GoogleOther)"
66.249.74.101 - - [26/Apr/2025:09:40:15 -0400] "GET /store.php-Greenville_Add-to-cart/Tipbet-Login HTTP/1.1" 404 9388 "-" "Mozilla/5.0 (Linux; Android 6.0.1; Nexus 5X Build/MMB29P) AppleWebKit/537.36 (KHTML, like Gecko) Chrome/135.0.7049.95 Mobile Safari/537.36 (compatible; GoogleOther)"
66.249.74.101 - - [26/Apr/2025:09:40:17 -0400] "GET /toys-tapestry-2dbcx HTTP/1.1" 404 9388 "-" "Mozilla/5.0 (Linux; Android 6.0.1; Nexus 5X Build/MMB29P) AppleWebKit/537.36 (KHTML, like Gecko) Chrome/135.0.7049.114 Mobile Safari/537.36 (compatible; Googlebot/2.1; +http://www.google.com/bot.html)"
66.249.74.101 - - [26/Apr/2025:09:40:21 -0400] "GET /store.php?Madison/r-365-login HTTP/1.1" 200 181 "-" "Mozilla/5.0 (Linux; Android 6.0.1; Nexus 5X Build/MMB29P) AppleWebKit/537.36 (KHTML, like Gecko) Chrome/135.0.7049.95 Mobile Safari/537.36 (compatible; GoogleOther)"
2001:4860:7:220::ff - - [26/Apr/2025:09:40:23 -0400] "GET /food-safety-and-hygiene-course/ HTTP/1.1" 200 19905 "https://www.google.com/" "Mozilla/5.0 (Linux; Android 10; K) AppleWebKit/537.36 (KHTML, like Gecko) Chrome/135.0.0.0 Mobile Safari/537.36"
2a03:2880:f800:1:: - - [26/Apr/2025:09:40:23 -0400] "GET /good.php/shopdetail/32012323137.html HTTP/1.1" 200 0 "-" "meta-externalagent/1.1 (+https://developers.facebook.com/docs/sharing/webmasters/crawler)"
66.249.74.101 - - [26/Apr/2025:09:40:27 -0400] "GET /store.php?Available-Services/Phmaya%20lottery%20win HTTP/1.1" 200 181 "-" "Mozilla/5.0 (Linux; Android 6.0.1; Nexus 5X Build/MMB29P) AppleWebKit/537.36 (KHTML, like Gecko) Chrome/135.0.7049.95 Mobile Safari/537.36 (compatible; GoogleOther)"
2a03:2880:f800:e:: - - [26/Apr/2025:09:40:28 -0400] "GET /good.php/shopdetail/13611873137.html HTTP/1.1" 200 0 "-" "meta-externalagent/1.1 (+https://developers.facebook.com/docs/sharing/webmasters/crawler)"
66.249.74.101 - - [26/Apr/2025:09:40:31 -0400] "GET /store.php?West-Palm-Beach_Add-to-cart/iso-poker HTTP/1.1" 200 181 "-" "Mozilla/5.0 (Linux; Android 6.0.1; Nexus 5X Build/MMB29P) AppleWebKit/537.36 (KHTML, like Gecko) Chrome/135.0.7049.95 Mobile Safari/537.36 (compatible; GoogleOther)"
66.249.74.101 - - [26/Apr/2025:09:40:34 -0400] "GET /store.php?Boston/pure-taboo.com HTTP/1.1" 200 181 "-" "Mozilla/5.0 (Linux; Android 6.0.1; Nexus 5X Build/MMB29P) AppleWebKit/537.36 (KHTML, like Gecko) Chrome/135.0.7049.95 Mobile Safari/537.36 (compatible; GoogleOther)"
51.222.253.6 - - [26/Apr/2025:09:40:36 -0400] "GET /good.php/shopdetail/18064623137.html HTTP/1.1" 200 0 "-" "Mozilla/5.0 (compatible; AhrefsBot/7.0; +http://ahrefs.com/robot/)"
2a03:2880:f800:13:: - - [26/Apr/2025:09:40:38 -0400] "GET /good.php/shopdetail/10799853137.html HTTP/1.1" 200 0 "-" "meta-externalagent/1.1 (+https://developers.facebook.com/docs/sharing/webmasters/crawler)"
162.0.215.210 - - [26/Apr/2025:09:40:41 -0400] "POST /wp-cron.php?doing_wp_cron=1745674840.9455299377441406250000 HTTP/1.1" 200 0 "-" "WordPress/6.8; https://oiltrain.org"
40.77.167.14 - - [26/Apr/2025:09:40:40 -0400] "GET /food-whiskey-3m3o HTTP/1.1" 404 9386 "-" "Mozilla/5.0 AppleWebKit/537.36 (KHTML, like Gecko; compatible; bingbot/2.0; +http://www.bing.com/bingbot.htm) Chrome/116.0.1938.76 Safari/537.36"
2a03:2880:f800:12:: - - [26/Apr/2025:09:40:41 -0400] "GET /good.php/shopdetail/32266733137.html HTTP/1.1" 200 0 "-" "meta-externalagent/1.1 (+https://developers.facebook.com/docs/sharing/webmasters/crawler)"
66.249.74.101 - - [26/Apr/2025:09:40:43 -0400] "GET /store.php?Holly-Springs/playhub-apk-premium-2023 HTTP/1.1" 200 181 "-" "Mozilla/5.0 (Linux; Android 6.0.1; Nexus 5X Build/MMB29P) AppleWebKit/537.36 (KHTML, like Gecko) Chrome/135.0.7049.95 Mobile Safari/537.36 (compatible; GoogleOther)"
51.222.253.12 - - [26/Apr/2025:09:40:45 -0400] "GET /good.php/shopdetail/18098743137.html HTTP/1.1" 200 0 "-" "Mozilla/5.0 (compatible; AhrefsBot/7.0; +http://ahrefs.com/robot/)"
2a03:2880:f800:e:: - - [26/Apr/2025:09:40:45 -0400] "GET /good.php/shopdetail/7120213137.html HTTP/1.1" 200 0 "-" "meta-externalagent/1.1 (+https://developers.facebook.com/docs/sharing/webmasters/crawler)"
66.249.74.101 - - [26/Apr/2025:09:40:54 -0400] "GET /store.php-Cairo_Add-to-cart/haha777-online-gaming HTTP/1.1" 404 9386 "-" "Mozilla/5.0 (Linux; Android 6.0.1; Nexus 5X Build/MMB29P) AppleWebKit/537.36 (KHTML, like Gecko) Chrome/135.0.7049.95 Mobile Safari/537.36 (compatible; GoogleOther)"
2a03:2880:f800:: - - [26/Apr/2025:09:40:58 -0400] "GET /good.php/shopdetail/22437273137.html HTTP/1.1" 200 0 "-" "meta-externalagent/1.1 (+https://developers.facebook.com/docs/sharing/webmasters/crawler)"
162.0.215.210 - - [26/Apr/2025:09:41:00 -0400] "POST /wp-cron.php?doing_wp_cron=1745674860.1101510524749755859375 HTTP/1.1" 200 0 "-" "WordPress/6.8; https://oiltrain.org"
66.249.74.101 - - [26/Apr/2025:09:40:59 -0400] "GET /store.php-Memphis_Add-to-cart/poker-hand-sheet HTTP/1.1" 404 9386 "-" "Mozilla/5.0 (Linux; Android 6.0.1; Nexus 5X Build/MMB29P) AppleWebKit/537.36 (KHTML, like Gecko) Chrome/135.0.7049.95 Mobile Safari/537.36 (compatible; GoogleOther)"
51.222.253.19 - - [26/Apr/2025:09:41:00 -0400] "GET /good.php/shopdetail/18108943137.html HTTP/1.1" 200 0 "-" "Mozilla/5.0 (compatible; AhrefsBot/7.0; +http://ahrefs.com/robot/)"
162.0.215.210 - - [26/Apr/2025:09:41:00 -0400] "POST /wp-admin/admin-ajax.php?action=async_litespeed&nonce=U2pdOwn6SsmmOwNQHcvaFXQerWTy5gR1&litespeed_type=imgoptm HTTP/1.1" 200 5 "-" "WordPress/6.8; https://oiltrain.org"
2a03:2880:f800:6:: - - [26/Apr/2025:09:41:03 -0400] "GET /good.php/shopdetail/25932703137.html HTTP/1.1" 200 0 "-" "meta-externalagent/1.1 (+https://developers.facebook.com/docs/sharing/webmasters/crawler)"
66.249.74.101 - - [26/Apr/2025:09:41:05 -0400] "GET /store.php-Hastings_Add-to-cart/supercasino-ee-app HTTP/1.1" 404 9386 "-" "Mozilla/5.0 (Linux; Android 6.0.1; Nexus 5X Build/MMB29P) AppleWebKit/537.36 (KHTML, like Gecko) Chrome/135.0.7049.95 Mobile Safari/537.36 (compatible; GoogleOther)"
2a03:2880:f800:11:: - - [26/Apr/2025:09:41:09 -0400] "GET /good.php/shopdetail/36057393137.html HTTP/1.1" 200 0 "-" "meta-externalagent/1.1 (+https://developers.facebook.com/docs/sharing/webmasters/crawler)"
66.249.74.101 - - [26/Apr/2025:09:41:08 -0400] "GET /store.php?Saskatoon/m?o-poker HTTP/1.1" 200 181 "-" "Mozilla/5.0 (Linux; Android 6.0.1; Nexus 5X Build/MMB29P) AppleWebKit/537.36 (KHTML, like Gecko) Chrome/135.0.7049.95 Mobile Safari/537.36 (compatible; GoogleOther)"
2a03:2880:f800:3:: - - [26/Apr/2025:09:41:12 -0400] "GET /good.php/shopdetail/5655443137.html HTTP/1.1" 200 0 "-" "meta-externalagent/1.1 (+https://developers.facebook.com/docs/sharing/webmasters/crawler)"
51.222.253.18 - - [26/Apr/2025:09:41:14 -0400] "GET /good.php/shopdetail/18131193137.html HTTP/1.1" 200 0 "-" "Mozilla/5.0 (compatible; AhrefsBot/7.0; +http://ahrefs.com/robot/)"
2a03:2880:f800:16:: - - [26/Apr/2025:09:41:16 -0400] "GET /good.php/shopdetail/11724733137.html HTTP/1.1" 200 0 "-" "meta-externalagent/1.1 (+https://developers.facebook.com/docs/sharing/webmasters/crawler)"
66.249.74.101 - - [26/Apr/2025:09:41:16 -0400] "GET /store.php?Sherman/Pgasia-review-jackpot HTTP/1.1" 200 181 "-" "Mozilla/5.0 (Linux; Android 6.0.1; Nexus 5X Build/MMB29P) AppleWebKit/537.36 (KHTML, like Gecko) Chrome/135.0.7049.95 Mobile Safari/537.36 (compatible; GoogleOther)"
2a03:2880:f800:: - - [26/Apr/2025:09:41:18 -0400] "GET /good.php/shopdetail/38515923137.html HTTP/1.1" 200 0 "-" "meta-externalagent/1.1 (+https://developers.facebook.com/docs/sharing/webmasters/crawler)"
2a03:2880:f800:c:: - - [26/Apr/2025:09:41:20 -0400] "GET /good.php/shopdetail/31927713137.html HTTP/1.1" 200 0 "-" "meta-externalagent/1.1 (+https://developers.facebook.com/docs/sharing/webmasters/crawler)"
66.249.74.101 - - [26/Apr/2025:09:41:28 -0400] "GET /store.php?Solana-Beach_Add-to-cart/pp88-review-register HTTP/1.1" 200 181 "-" "Mozilla/5.0 (Linux; Android 6.0.1; Nexus 5X Build/MMB29P) AppleWebKit/537.36 (KHTML, like Gecko) Chrome/135.0.7049.95 Mobile Safari/537.36 (compatible; GoogleOther)"
51.222.253.15 - - [26/Apr/2025:09:41:28 -0400] "GET /good.php/shopdetail/18155733137.html HTTP/1.1" 200 0 "-" "Mozilla/5.0 (compatible; AhrefsBot/7.0; +http://ahrefs.com/robot/)"
66.249.74.101 - - [26/Apr/2025:09:41:30 -0400] "GET /?gardening-others-6us4 HTTP/1.1" 200 25385 "-" "Mozilla/5.0 (Linux; Android 6.0.1; Nexus 5X Build/MMB29P) AppleWebKit/537.36 (KHTML, like Gecko) Chrome/135.0.7049.114 Mobile Safari/537.36 (compatible; Googlebot/2.1; +http://www.google.com/bot.html)"
66.249.74.101 - - [26/Apr/2025:09:41:32 -0400] "GET /store.php?Blanding_Add-to-cart/poker-sequence HTTP/1.1" 200 181 "-" "Mozilla/5.0 (Linux; Android 6.0.1; Nexus 5X Build/MMB29P) AppleWebKit/537.36 (KHTML, like Gecko) Chrome/135.0.7049.95 Mobile Safari/537.36 (compatible; GoogleOther)"
2a03:2880:f800:9:: - - [26/Apr/2025:09:41:34 -0400] "GET /engineering-fabrication-services/ HTTP/1.1" 200 16092 "-" "meta-externalagent/1.1 (+https://developers.facebook.com/docs/sharing/webmasters/crawler)"
162.0.215.210 - - [26/Apr/2025:09:41:39 -0400] "POST /wp-cron.php?doing_wp_cron=1745674898.9122960567474365234375 HTTP/1.1" 200 0 "-" "WordPress/6.8; https://oiltrain.org"
40.77.167.13 - - [26/Apr/2025:09:41:38 -0400] "GET /games-sports-1obrq HTTP/1.1" 404 9386 "-" "Mozilla/5.0 AppleWebKit/537.36 (KHTML, like Gecko; compatible; bingbot/2.0; +http://www.bing.com/bingbot.htm) Chrome/116.0.1938.76 Safari/537.36"
66.249.74.101 - - [26/Apr/2025:09:41:39 -0400] "GET /store.php-Sioux-City/king-game-digital-login HTTP/1.1" 404 9388 "-" "Mozilla/5.0 (Linux; Android 6.0.1; Nexus 5X Build/MMB29P) AppleWebKit/537.36 (KHTML, like Gecko) Chrome/135.0.7049.95 Mobile Safari/537.36 (compatible; GoogleOther)"
2a03:2880:f800:c:: - - [26/Apr/2025:09:41:40 -0400] "GET /good.php/shopdetail/18033253137.html HTTP/1.1" 200 0 "-" "meta-externalagent/1.1 (+https://developers.facebook.com/docs/sharing/webmasters/crawler)"
2a03:2880:f800:d:: - - [26/Apr/2025:09:41:41 -0400] "GET /good.php/shopdetail/13414203137.html HTTP/1.1" 200 0 "-" "meta-externalagent/1.1 (+https://developers.facebook.com/docs/sharing/webmasters/crawler)"
2a03:2880:f800:17:: - - [26/Apr/2025:09:41:43 -0400] "GET /good.php/shopdetail/32577763137.html HTTP/1.1" 200 0 "-" "meta-externalagent/1.1 (+https://developers.facebook.com/docs/sharing/webmasters/crawler)"
2a03:2880:f800:17:: - - [26/Apr/2025:09:41:45 -0400] "GET /good.php/shopdetail/22474283137.html HTTP/1.1" 200 0 "-" "meta-externalagent/1.1 (+https://developers.facebook.com/docs/sharing/webmasters/crawler)"
51.222.253.18 - - [26/Apr/2025:09:41:49 -0400] "GET /good.php/shopdetail/18157063137.html HTTP/1.1" 200 0 "-" "Mozilla/5.0 (compatible; AhrefsBot/7.0; +http://ahrefs.com/robot/)"
2a03:2880:f800:14:: - - [26/Apr/2025:09:41:52 -0400] "GET /good.php/shopdetail/36767913137.html HTTP/1.1" 200 0 "-" "meta-externalagent/1.1 (+https://developers.facebook.com/docs/sharing/webmasters/crawler)"
66.249.74.101 - - [26/Apr/2025:09:41:52 -0400] "GET /store.php-Staten-Island_Add-to-cart/Luckywin-betgame-games HTTP/1.1" 404 9386 "-" "Mozilla/5.0 (Linux; Android 6.0.1; Nexus 5X Build/MMB29P) AppleWebKit/537.36 (KHTML, like Gecko) Chrome/135.0.7049.95 Mobile Safari/537.36 (compatible; GoogleOther)"
162.0.215.210 - - [26/Apr/2025:09:41:57 -0400] "POST /wp-cron.php?doing_wp_cron=1745674916.9459280967712402343750 HTTP/1.1" 200 0 "-" "WordPress/6.8; https://oiltrain.org"
52.167.144.25 - - [26/Apr/2025:09:41:56 -0400] "GET /?s=watch+%D7%9E%D7%AA%D7%97%D7%AA+%D7%9C%D7%A9%D7%A4%D7%AA%D7%99%D7%94 HTTP/1.1" 200 13618 "-" "Mozilla/5.0 AppleWebKit/537.36 (KHTML, like Gecko; compatible; bingbot/2.0; +http://www.bing.com/bingbot.htm) Chrome/116.0.1938.76 Safari/537.36"
162.0.215.210 - - [26/Apr/2025:09:41:57 -0400] "POST /wp-admin/admin-ajax.php?action=async_litespeed&nonce=e6JTAlONQC0JwV71UTekDKMInRKixzpB&litespeed_type=imgoptm HTTP/1.1" 200 5 "-" "WordPress/6.8; https://oiltrain.org"
