66.249.74.99 - - [26/Apr/2025:12:24:31 -0400] "GET /store.php?KeyWest_Add-to-cart/daily-bet-tips HTTP/1.1" 200 181 "-" "Mozilla/5.0 (Linux; Android 6.0.1; Nexus 5X Build/MMB29P) AppleWebKit/537.36 (KHTML, like Gecko) Chrome/135.0.7049.95 Mobile Safari/537.36 (compatible; GoogleOther)"
2a03:2880:f800:a:: - - [26/Apr/2025:12:24:33 -0400] "GET /good.php/shopdetail/24901483137.html HTTP/1.1" 200 0 "-" "meta-externalagent/1.1 (+https://developers.facebook.com/docs/sharing/webmasters/crawler)"
2a03:2880:f800:1d:: - - [26/Apr/2025:12:24:35 -0400] "GET /good.php/shopdetail/2997803137.html HTTP/1.1" 200 0 "-" "meta-externalagent/1.1 (+https://developers.facebook.com/docs/sharing/webmasters/crawler)"
2a03:2880:f800:d:: - - [26/Apr/2025:12:24:36 -0400] "GET /good.php/shopdetail/16479323137.html HTTP/1.1" 200 0 "-" "meta-externalagent/1.1 (+https://developers.facebook.com/docs/sharing/webmasters/crawler)"
2a03:2880:f800:1a:: - - [26/Apr/2025:12:24:38 -0400] "GET /good.php/shopdetail/31065153137.html HTTP/1.1" 200 0 "-" "meta-externalagent/1.1 (+https://developers.facebook.com/docs/sharing/webmasters/crawler)"
162.0.215.210 - - [26/Apr/2025:12:24:38 -0400] "POST /wp-cron.php?doing_wp_cron=1745684678.3341989517211914062500 HTTP/1.1" 200 0 "-" "WordPress/6.8; https://oiltrain.org"
40.77.167.116 - - [26/Apr/2025:12:24:38 -0400] "GET /beauty-toothpaste-lp6p HTTP/1.1" 404 9388 "-" "Mozilla/5.0 AppleWebKit/537.36 (KHTML, like Gecko; compatible; bingbot/2.0; +http://www.bing.com/bingbot.htm) Chrome/116.0.1938.76 Safari/537.36"
51.222.253.12 - - [26/Apr/2025:12:24:38 -0400] "GET /good.php/shopdetail/31575583137.html HTTP/1.1" 200 0 "-" "Mozilla/5.0 (compatible; AhrefsBot/7.0; +http://ahrefs.com/robot/)"
66.249.74.99 - - [26/Apr/2025:12:24:39 -0400] "GET /store.php?Palm-Springs/ubet-63-ph HTTP/1.1" 200 181 "-" "Mozilla/5.0 (Linux; Android 6.0.1; Nexus 5X Build/MMB29P) AppleWebKit/537.36 (KHTML, like Gecko) Chrome/135.0.7049.95 Mobile Safari/537.36 (compatible; GoogleOther)"
2a03:2880:f800:1c:: - - [26/Apr/2025:12:24:42 -0400] "GET /good.php/shopdetail/14431363137.html HTTP/1.1" 200 0 "-" "meta-externalagent/1.1 (+https://developers.facebook.com/docs/sharing/webmasters/crawler)"
51.222.253.6 - - [26/Apr/2025:12:24:57 -0400] "GET /good.php/shopdetail/31615923137.html HTTP/1.1" 200 0 "-" "Mozilla/5.0 (compatible; AhrefsBot/7.0; +http://ahrefs.com/robot/)"
162.0.215.210 - - [26/Apr/2025:12:24:58 -0400] "POST /wp-cron.php?doing_wp_cron=1745684697.9241540431976318359375 HTTP/1.1" 200 0 "-" "WordPress/6.8; https://oiltrain.org"
40.77.167.247 - - [26/Apr/2025:12:24:57 -0400] "GET /tickets-ski-resorts-adxi HTTP/1.1" 404 9387 "-" "Mozilla/5.0 AppleWebKit/537.36 (KHTML, like Gecko; compatible; bingbot/2.0; +http://www.bing.com/bingbot.htm) Chrome/116.0.1938.76 Safari/537.36"
2a03:2880:f800:a:: - - [26/Apr/2025:12:24:58 -0400] "GET /good.php/shopdetail/32996883137.html HTTP/1.1" 200 0 "-" "meta-externalagent/1.1 (+https://developers.facebook.com/docs/sharing/webmasters/crawler)"
162.0.215.210 - - [26/Apr/2025:12:24:58 -0400] "POST /wp-admin/admin-ajax.php?action=async_litespeed&nonce=6HUvjDM2LkH5QtoPtUJ1v614RGLbzamM&litespeed_type=imgoptm HTTP/1.1" 200 5 "-" "WordPress/6.8; https://oiltrain.org"
66.249.74.99 - - [26/Apr/2025:12:25:03 -0400] "GET /store.php?Meriden/d-casino-vegas HTTP/1.1" 200 181 "-" "Mozilla/5.0 (Linux; Android 6.0.1; Nexus 5X Build/MMB29P) AppleWebKit/537.36 (KHTML, like Gecko) Chrome/135.0.7049.95 Mobile Safari/537.36 (compatible; GoogleOther)"
2a03:2880:f800:16:: - - [26/Apr/2025:12:25:04 -0400] "GET /good.php/shopdetail/34977183137.html HTTP/1.1" 200 0 "-" "meta-externalagent/1.1 (+https://developers.facebook.com/docs/sharing/webmasters/crawler)"
2a03:2880:f800:7:: - - [26/Apr/2025:12:25:05 -0400] "GET /good.php/shopdetail/8846743137.html HTTP/1.1" 200 0 "-" "meta-externalagent/1.1 (+https://developers.facebook.com/docs/sharing/webmasters/crawler)"
66.249.74.99 - - [26/Apr/2025:12:25:06 -0400] "GET /store.php?Athens/asiabet1x2 HTTP/1.1" 200 181 "-" "Mozilla/5.0 (Linux; Android 6.0.1; Nexus 5X Build/MMB29P) AppleWebKit/537.36 (KHTML, like Gecko) Chrome/135.0.7049.95 Mobile Safari/537.36 (compatible; GoogleOther)"
2a03:2880:f800:13:: - - [26/Apr/2025:12:25:07 -0400] "GET /good.php/shopdetail/8985663137.html HTTP/1.1" 200 0 "-" "meta-externalagent/1.1 (+https://developers.facebook.com/docs/sharing/webmasters/crawler)"
2a03:2880:f800:b:: - - [26/Apr/2025:12:25:10 -0400] "GET /good.php/shopdetail/28289343137.html HTTP/1.1" 200 0 "-" "meta-externalagent/1.1 (+https://developers.facebook.com/docs/sharing/webmasters/crawler)"
66.249.74.99 - - [26/Apr/2025:12:25:11 -0400] "GET /store.php?StCloud_Add-to-cart/Qqqili-dice-game-fortune HTTP/1.1" 200 181 "-" "Mozilla/5.0 (Linux; Android 6.0.1; Nexus 5X Build/MMB29P) AppleWebKit/537.36 (KHTML, like Gecko) Chrome/135.0.7049.95 Mobile Safari/537.36 (compatible; GoogleOther)"
40.77.167.116 - - [26/Apr/2025:12:25:11 -0400] "GET /?s=%D0%BF%D0%BE%D0%B3%D0%BE%D0%B4%D0%B0+%D0%BD%D0%B0+%D0%BD%D0%B5%D0%B4%D0%B5%D0%BB%D1%8E HTTP/1.1" 200 13633 "-" "Mozilla/5.0 AppleWebKit/537.36 (KHTML, like Gecko; compatible; bingbot/2.0; +http://www.bing.com/bingbot.htm) Chrome/116.0.1938.76 Safari/537.36"
40.77.167.116 - - [26/Apr/2025:12:25:12 -0400] "GET /?s=built+in+bunk+beds+utah HTTP/1.1" 200 13598 "-" "Mozilla/5.0 AppleWebKit/537.36 (KHTML, like Gecko; compatible; bingbot/2.0; +http://www.bing.com/bingbot.htm) Chrome/116.0.1938.76 Safari/537.36"
2a03:2880:f800:19:: - - [26/Apr/2025:12:25:16 -0400] "GET /good.php/shopdetail/15070243137.html HTTP/1.1" 200 0 "-" "meta-externalagent/1.1 (+https://developers.facebook.com/docs/sharing/webmasters/crawler)"
51.222.253.3 - - [26/Apr/2025:12:25:16 -0400] "GET /good.php/shopdetail/31618263137.html HTTP/1.1" 200 0 "-" "Mozilla/5.0 (compatible; AhrefsBot/7.0; +http://ahrefs.com/robot/)"
40.77.167.247 - - [26/Apr/2025:12:25:20 -0400] "GET /beauty-others-9ti0 HTTP/1.1" 404 9388 "-" "Mozilla/5.0 AppleWebKit/537.36 (KHTML, like Gecko; compatible; bingbot/2.0; +http://www.bing.com/bingbot.htm) Chrome/116.0.1938.76 Safari/537.36"
2a03:2880:f800:c:: - - [26/Apr/2025:12:25:25 -0400] "GET /good.php/shopdetail/35166813137.html HTTP/1.1" 200 0 "-" "meta-externalagent/1.1 (+https://developers.facebook.com/docs/sharing/webmasters/crawler)"
66.249.74.99 - - [26/Apr/2025:12:25:25 -0400] "GET /store.php?What-We-Do/diretta%20win%20for%20life HTTP/1.1" 200 181 "-" "Mozilla/5.0 (Linux; Android 6.0.1; Nexus 5X Build/MMB29P) AppleWebKit/537.36 (KHTML, like Gecko) Chrome/135.0.7049.95 Mobile Safari/537.36 (compatible; GoogleOther)"
51.222.253.8 - - [26/Apr/2025:12:25:29 -0400] "GET /good.php/shopdetail/31625033137.html HTTP/1.1" 200 0 "-" "Mozilla/5.0 (compatible; AhrefsBot/7.0; +http://ahrefs.com/robot/)"
2a03:2880:f800:8:: - - [26/Apr/2025:12:25:30 -0400] "GET /good.php/shopdetail/12627923137.html HTTP/1.1" 200 0 "-" "meta-externalagent/1.1 (+https://developers.facebook.com/docs/sharing/webmasters/crawler)"
2a03:2880:f800:d:: - - [26/Apr/2025:12:25:34 -0400] "GET /good.php/shopdetail/12822453137.html HTTP/1.1" 200 0 "-" "meta-externalagent/1.1 (+https://developers.facebook.com/docs/sharing/webmasters/crawler)"
2a03:2880:f800:5:: - - [26/Apr/2025:12:25:37 -0400] "GET /good.php/shopdetail/39745423137.html HTTP/1.1" 200 0 "-" "meta-externalagent/1.1 (+https://developers.facebook.com/docs/sharing/webmasters/crawler)"
66.249.74.99 - - [26/Apr/2025:12:25:41 -0400] "GET /store.php?Chico/mines-quotes HTTP/1.1" 200 181 "-" "Mozilla/5.0 (Linux; Android 6.0.1; Nexus 5X Build/MMB29P) AppleWebKit/537.36 (KHTML, like Gecko) Chrome/135.0.7049.95 Mobile Safari/537.36 (compatible; GoogleOther)"
51.222.253.2 - - [26/Apr/2025:12:25:47 -0400] "GET /good.php/shopdetail/31651883137.html HTTP/1.1" 200 0 "-" "Mozilla/5.0 (compatible; AhrefsBot/7.0; +http://ahrefs.com/robot/)"
162.0.215.210 - - [26/Apr/2025:12:25:49 -0400] "POST /wp-cron.php?doing_wp_cron=1745684749.0204288959503173828125 HTTP/1.1" 200 0 "-" "WordPress/6.8; https://oiltrain.org"
40.77.167.247 - - [26/Apr/2025:12:25:48 -0400] "GET /?s=%D0%BF%D0%BE%D0%B3%D0%BE%D0%B4%D0%B0+%D0%BA%D0%B0%D0%BB%D0%B8%D0%BD%D0%B8%D0%BD%D0%B3%D1%80%D0%B0%D0%B4 HTTP/1.1" 200 13631 "-" "Mozilla/5.0 AppleWebKit/537.36 (KHTML, like Gecko; compatible; bingbot/2.0; +http://www.bing.com/bingbot.htm) Chrome/116.0.1938.76 Safari/537.36"
40.77.167.247 - - [26/Apr/2025:12:25:49 -0400] "GET /tablets-smartphones-1osmq HTTP/1.1" 404 9386 "-" "Mozilla/5.0 AppleWebKit/537.36 (KHTML, like Gecko; compatible; bingbot/2.0; +http://www.bing.com/bingbot.htm) Chrome/116.0.1938.76 Safari/537.36"
66.249.74.99 - - [26/Apr/2025:12:25:55 -0400] "GET /store.php?Madison/sbet-vip2 HTTP/1.1" 200 181 "-" "Mozilla/5.0 (Linux; Android 6.0.1; Nexus 5X Build/MMB29P) AppleWebKit/537.36 (KHTML, like Gecko) Chrome/135.0.7049.95 Mobile Safari/537.36 (compatible; GoogleOther)"
2a03:2880:f800:9:: - - [26/Apr/2025:12:25:56 -0400] "GET /good.php/shopdetail/19344003137.html HTTP/1.1" 200 0 "-" "meta-externalagent/1.1 (+https://developers.facebook.com/docs/sharing/webmasters/crawler)"
51.222.253.8 - - [26/Apr/2025:12:26:04 -0400] "GET /good.php/shopdetail/31698453137.html HTTP/1.1" 200 0 "-" "Mozilla/5.0 (compatible; AhrefsBot/7.0; +http://ahrefs.com/robot/)"
66.249.74.101 - - [26/Apr/2025:12:26:05 -0400] "GET /store.php?Mentor/luxeplay-slots-bingo HTTP/1.1" 200 181 "-" "Mozilla/5.0 (Linux; Android 6.0.1; Nexus 5X Build/MMB29P) AppleWebKit/537.36 (KHTML, like Gecko) Chrome/135.0.7049.95 Mobile Safari/537.36 (compatible; GoogleOther)"
66.249.74.101 - - [26/Apr/2025:12:26:08 -0400] "GET /store.php?Ashland/rich9-online-bingo HTTP/1.1" 200 181 "-" "Mozilla/5.0 (Linux; Android 6.0.1; Nexus 5X Build/MMB29P) AppleWebKit/537.36 (KHTML, like Gecko) Chrome/135.0.7049.95 Mobile Safari/537.36 (compatible; GoogleOther)"
2a03:2880:f800:e:: - - [26/Apr/2025:12:26:09 -0400] "GET /good.php/shopdetail/5675333137.html HTTP/1.1" 200 0 "-" "meta-externalagent/1.1 (+https://developers.facebook.com/docs/sharing/webmasters/crawler)"
162.0.215.210 - - [26/Apr/2025:12:26:10 -0400] "POST /wp-cron.php?doing_wp_cron=1745684770.8789761066436767578125 HTTP/1.1" 200 0 "-" "WordPress/6.8; https://oiltrain.org"
66.249.74.99 - - [26/Apr/2025:12:26:10 -0400] "GET /?pet-supplies-trimming-supplies-1yipk HTTP/1.1" 200 25383 "-" "Mozilla/5.0 (Linux; Android 6.0.1; Nexus 5X Build/MMB29P) AppleWebKit/537.36 (KHTML, like Gecko) Chrome/135.0.7049.114 Mobile Safari/537.36 (compatible; Googlebot/2.1; +http://www.google.com/bot.html)"
162.0.215.210 - - [26/Apr/2025:12:26:11 -0400] "POST /wp-admin/admin-ajax.php?action=async_litespeed&nonce=SxWTn3HtsU2Rss4WFa2soymOmfDZAbWt&litespeed_type=imgoptm HTTP/1.1" 200 5 "-" "WordPress/6.8; https://oiltrain.org"
2a03:2880:f800:3:: - - [26/Apr/2025:12:26:13 -0400] "GET /good.php/shopdetail/11118383137.html HTTP/1.1" 200 0 "-" "meta-externalagent/1.1 (+https://developers.facebook.com/docs/sharing/webmasters/crawler)"
2001:4860:7:60a::f9 - - [26/Apr/2025:12:26:15 -0400] "GET /store.php?cart/dirtyship HTTP/1.1" 200 181 "https://www.google.com/" "Mozilla/5.0 (Windows NT 10.0; Win64; x64) AppleWebKit/537.36 (KHTML, like Gecko) Chrome/135.0.0.0 Safari/537.36"
51.222.253.16 - - [26/Apr/2025:12:26:18 -0400] "GET /good.php/shopdetail/31729633137.html HTTP/1.1" 200 0 "-" "Mozilla/5.0 (compatible; AhrefsBot/7.0; +http://ahrefs.com/robot/)"
2a03:2880:f800:19:: - - [26/Apr/2025:12:26:19 -0400] "GET /good.php/shopdetail/18146443137.html HTTP/1.1" 200 0 "-" "meta-externalagent/1.1 (+https://developers.facebook.com/docs/sharing/webmasters/crawler)"
2a03:2880:f800:e:: - - [26/Apr/2025:12:26:20 -0400] "GET /good.php/shopdetail/8412243137.html HTTP/1.1" 200 0 "-" "meta-externalagent/1.1 (+https://developers.facebook.com/docs/sharing/webmasters/crawler)"
40.77.167.116 - - [26/Apr/2025:12:26:20 -0400] "GET /?s=%D0%BF%D0%BE%D0%B3%D0%BE%D0%B4%D0%B0+%D0%BE%D0%BC%D1%81%D0%BA+26+%D0%B0%D0%BF%D1%80%D0%B5%D0%BB%D1%8F HTTP/1.1" 200 13605 "-" "Mozilla/5.0 AppleWebKit/537.36 (KHTML, like Gecko; compatible; bingbot/2.0; +http://www.bing.com/bingbot.htm) Chrome/116.0.1938.76 Safari/537.36"
66.249.74.99 - - [26/Apr/2025:12:26:27 -0400] "GET /store.php?Racine_Add-to-cart/byu777-jili-lottery HTTP/1.1" 200 181 "-" "Mozilla/5.0 (Linux; Android 6.0.1; Nexus 5X Build/MMB29P) AppleWebKit/537.36 (KHTML, like Gecko) Chrome/135.0.7049.95 Mobile Safari/537.36 (compatible; GoogleOther)"
66.249.74.99 - - [26/Apr/2025:12:26:27 -0400] "GET /?handmade-coats-4exe HTTP/1.1" 200 25384 "-" "Mozilla/5.0 (Linux; Android 6.0.1; Nexus 5X Build/MMB29P) AppleWebKit/537.36 (KHTML, like Gecko) Chrome/135.0.7049.114 Mobile Safari/537.36 (compatible; Googlebot/2.1; +http://www.google.com/bot.html)"
66.249.74.99 - - [26/Apr/2025:12:26:29 -0400] "GET /store.php?Avon-Park/ice-casino-34 HTTP/1.1" 200 181 "-" "Mozilla/5.0 (Linux; Android 6.0.1; Nexus 5X Build/MMB29P) AppleWebKit/537.36 (KHTML, like Gecko) Chrome/135.0.7049.95 Mobile Safari/537.36 (compatible; GoogleOther)"
2a03:2880:f800:c:: - - [26/Apr/2025:12:26:30 -0400] "GET /good.php/shopdetail/522463137.html HTTP/1.1" 200 0 "-" "meta-externalagent/1.1 (+https://developers.facebook.com/docs/sharing/webmasters/crawler)"
51.222.253.20 - - [26/Apr/2025:12:26:34 -0400] "GET /good.php/shopdetail/31740583137.html HTTP/1.1" 200 0 "-" "Mozilla/5.0 (compatible; AhrefsBot/7.0; +http://ahrefs.com/robot/)"
162.0.215.210 - - [26/Apr/2025:12:26:38 -0400] "POST /wp-cron.php?doing_wp_cron=1745684798.3702759742736816406250 HTTP/1.1" 200 0 "-" "WordPress/6.8; https://oiltrain.org"
40.77.167.247 - - [26/Apr/2025:12:26:38 -0400] "GET /audio-lenses-1s1ve HTTP/1.1" 404 9388 "-" "Mozilla/5.0 AppleWebKit/537.36 (KHTML, like Gecko; compatible; bingbot/2.0; +http://www.bing.com/bingbot.htm) Chrome/116.0.1938.76 Safari/537.36"
40.77.167.247 - - [26/Apr/2025:12:26:38 -0400] "GET /hobbies-daw-360y HTTP/1.1" 404 9388 "-" "Mozilla/5.0 AppleWebKit/537.36 (KHTML, like Gecko; compatible; bingbot/2.0; +http://www.bing.com/bingbot.htm) Chrome/116.0.1938.76 Safari/537.36"
66.249.74.99 - - [26/Apr/2025:12:26:39 -0400] "GET /store.php?Alturas/nan-price-philippines HTTP/1.1" 200 181 "-" "Mozilla/5.0 (Linux; Android 6.0.1; Nexus 5X Build/MMB29P) AppleWebKit/537.36 (KHTML, like Gecko) Chrome/135.0.7049.95 Mobile Safari/537.36 (compatible; GoogleOther)"
66.249.74.99 - - [26/Apr/2025:12:26:42 -0400] "GET /store.php?Racine/22win-jackpot-big HTTP/1.1" 200 181 "-" "Mozilla/5.0 (Linux; Android 6.0.1; Nexus 5X Build/MMB29P) AppleWebKit/537.36 (KHTML, like Gecko) Chrome/135.0.7049.95 Mobile Safari/537.36 (compatible; GoogleOther)"
40.77.167.116 - - [26/Apr/2025:12:26:42 -0400] "GET /tools-cutting-machines-10yya HTTP/1.1" 404 9387 "-" "Mozilla/5.0 AppleWebKit/537.36 (KHTML, like Gecko; compatible; bingbot/2.0; +http://www.bing.com/bingbot.htm) Chrome/116.0.1938.76 Safari/537.36"
2a03:2880:f800:11:: - - [26/Apr/2025:12:26:45 -0400] "GET /good.php/shopdetail/14538683137.html HTTP/1.1" 200 0 "-" "meta-externalagent/1.1 (+https://developers.facebook.com/docs/sharing/webmasters/crawler)"
2a03:2880:f800:e:: - - [26/Apr/2025:12:26:47 -0400] "GET /good.php/shopdetail/3743883137.html HTTP/1.1" 200 0 "-" "meta-externalagent/1.1 (+https://developers.facebook.com/docs/sharing/webmasters/crawler)"
2a03:2880:f800:5:: - - [26/Apr/2025:12:26:47 -0400] "GET /good.php/shopdetail/4429083137.html HTTP/1.1" 200 0 "-" "meta-externalagent/1.1 (+https://developers.facebook.com/docs/sharing/webmasters/crawler)"
2a03:2880:f800:b:: - - [26/Apr/2025:12:26:48 -0400] "GET /good.php/shopdetail/37348113137.html HTTP/1.1" 200 0 "-" "meta-externalagent/1.1 (+https://developers.facebook.com/docs/sharing/webmasters/crawler)"
66.249.74.99 - - [26/Apr/2025:12:26:48 -0400] "GET /category/6916/listing HTTP/1.1" 404 9387 "-" "Mozilla/5.0 (Linux; Android 6.0.1; Nexus 5X Build/MMB29P) AppleWebKit/537.36 (KHTML, like Gecko) Chrome/135.0.7049.114 Mobile Safari/537.36 (compatible; Googlebot/2.1; +http://www.google.com/bot.html)"
51.222.253.20 - - [26/Apr/2025:12:26:50 -0400] "GET /good.php/shopdetail/31770903137.html HTTP/1.1" 200 0 "-" "Mozilla/5.0 (compatible; AhrefsBot/7.0; +http://ahrefs.com/robot/)"
66.249.74.99 - - [26/Apr/2025:12:26:51 -0400] "GET /store.php?Manchester/888casino.com HTTP/1.1" 200 181 "-" "Mozilla/5.0 (Linux; Android 6.0.1; Nexus 5X Build/MMB29P) AppleWebKit/537.36 (KHTML, like Gecko) Chrome/135.0.7049.95 Mobile Safari/537.36 (compatible; GoogleOther)"
66.249.74.99 - - [26/Apr/2025:12:26:55 -0400] "GET /store.php?Alexandria/mega-ace HTTP/1.1" 200 181 "-" "Mozilla/5.0 (Linux; Android 6.0.1; Nexus 5X Build/MMB29P) AppleWebKit/537.36 (KHTML, like Gecko) Chrome/135.0.7049.95 Mobile Safari/537.36 (compatible; GoogleOther)"
66.249.74.99 - - [26/Apr/2025:12:26:58 -0400] "GET /store.php?Staunton/Qqqili-win HTTP/1.1" 200 181 "-" "Mozilla/5.0 (Linux; Android 6.0.1; Nexus 5X Build/MMB29P) AppleWebKit/537.36 (KHTML, like Gecko) Chrome/135.0.7049.95 Mobile Safari/537.36 (compatible; GoogleOther)"
2a03:2880:f800:1:: - - [26/Apr/2025:12:26:59 -0400] "GET /good.php/shopdetail/32135723137.html HTTP/1.1" 200 0 "-" "meta-externalagent/1.1 (+https://developers.facebook.com/docs/sharing/webmasters/crawler)"
2a03:2880:f800:1c:: - - [26/Apr/2025:12:27:05 -0400] "GET /good.php/shopdetail/27386553137.html HTTP/1.1" 200 0 "-" "meta-externalagent/1.1 (+https://developers.facebook.com/docs/sharing/webmasters/crawler)"
162.0.215.210 - - [26/Apr/2025:12:27:06 -0400] "POST /wp-cron.php?doing_wp_cron=1745684826.2458798885345458984375 HTTP/1.1" 200 0 "-" "WordPress/6.8; https://oiltrain.org"
40.77.167.116 - - [26/Apr/2025:12:27:05 -0400] "GET /?s=%E9%A3%9B%E8%A1%8C%E6%A9%9F%E3%80%80%E8%8F%85%E9%87%8E HTTP/1.1" 200 13644 "-" "Mozilla/5.0 AppleWebKit/537.36 (KHTML, like Gecko; compatible; bingbot/2.0; +http://www.bing.com/bingbot.htm) Chrome/116.0.1938.76 Safari/537.36"
162.0.215.210 - - [26/Apr/2025:12:27:06 -0400] "POST /wp-admin/admin-ajax.php?action=async_litespeed&nonce=pB814ZUKZR4Ba9pZKWoscED5RKQQBlbl&litespeed_type=imgoptm HTTP/1.1" 200 5 "-" "WordPress/6.8; https://oiltrain.org"
66.249.74.101 - - [26/Apr/2025:12:27:07 -0400] "GET /store.php?Fort-Collins/gambitcity-dice-game-jili HTTP/1.1" 200 181 "-" "Mozilla/5.0 (Linux; Android 6.0.1; Nexus 5X Build/MMB29P) AppleWebKit/537.36 (KHTML, like Gecko) Chrome/135.0.7049.95 Mobile Safari/537.36 (compatible; GoogleOther)"
66.249.74.101 - - [26/Apr/2025:12:27:09 -0400] "GET /outdoor-outdoor-wear-196pq HTTP/1.1" 404 9387 "-" "Mozilla/5.0 (Linux; Android 6.0.1; Nexus 5X Build/MMB29P) AppleWebKit/537.36 (KHTML, like Gecko) Chrome/135.0.7049.114 Mobile Safari/537.36 (compatible; Googlebot/2.1; +http://www.google.com/bot.html)"
2a03:2880:f800:2:: - - [26/Apr/2025:12:27:09 -0400] "GET /good.php/shopdetail/20697943137.html HTTP/1.1" 200 0 "-" "meta-externalagent/1.1 (+https://developers.facebook.com/docs/sharing/webmasters/crawler)"
51.222.253.15 - - [26/Apr/2025:12:27:10 -0400] "GET /good.php/shopdetail/31776713137.html HTTP/1.1" 200 0 "-" "Mozilla/5.0 (compatible; AhrefsBot/7.0; +http://ahrefs.com/robot/)"
2a03:2880:f800:16:: - - [26/Apr/2025:12:27:11 -0400] "GET /good.php/shopdetail/16909433137.html HTTP/1.1" 200 0 "-" "meta-externalagent/1.1 (+https://developers.facebook.com/docs/sharing/webmasters/crawler)"
66.249.74.101 - - [26/Apr/2025:12:27:10 -0400] "GET /store.php?Lottery/phjoincom HTTP/1.1" 200 181 "-" "Mozilla/5.0 (Linux; Android 6.0.1; Nexus 5X Build/MMB29P) AppleWebKit/537.36 (KHTML, like Gecko) Chrome/135.0.7049.95 Mobile Safari/537.36 (compatible; GoogleOther)"
2a03:2880:f800:6:: - - [26/Apr/2025:12:27:12 -0400] "GET /good.php/shopdetail/35763013137.html HTTP/1.1" 200 0 "-" "meta-externalagent/1.1 (+https://developers.facebook.com/docs/sharing/webmasters/crawler)"
2a03:2880:f800:1d:: - - [26/Apr/2025:12:27:16 -0400] "GET /good.php/shopdetail/34835543137.html HTTP/1.1" 200 0 "-" "meta-externalagent/1.1 (+https://developers.facebook.com/docs/sharing/webmasters/crawler)"
2a03:2880:f800:15:: - - [26/Apr/2025:12:27:16 -0400] "GET /good.php/shopdetail/31137883137.html HTTP/1.1" 200 0 "-" "meta-externalagent/1.1 (+https://developers.facebook.com/docs/sharing/webmasters/crawler)"
66.249.74.99 - - [26/Apr/2025:12:27:20 -0400] "GET /store.php?St-Louis/www-milyon88-com HTTP/1.1" 200 181 "-" "Mozilla/5.0 (Linux; Android 6.0.1; Nexus 5X Build/MMB29P) AppleWebKit/537.36 (KHTML, like Gecko) Chrome/135.0.7049.95 Mobile Safari/537.36 (compatible; GoogleOther)"
2a03:2880:f800:12:: - - [26/Apr/2025:12:27:21 -0400] "GET /good.php/shopdetail/8365903137.html HTTP/1.1" 200 0 "-" "meta-externalagent/1.1 (+https://developers.facebook.com/docs/sharing/webmasters/crawler)"
144.76.72.245 - - [26/Apr/2025:12:27:23 -0400] "GET /wp-content/plugins/ultimate-member/readme.txt HTTP/1.1" 404 9387 "-" "python-requests/2.32.3"
2a03:2880:f800:13:: - - [26/Apr/2025:12:27:24 -0400] "GET /good.php/shopdetail/7477553137.html HTTP/1.1" 200 0 "-" "meta-externalagent/1.1 (+https://developers.facebook.com/docs/sharing/webmasters/crawler)"
2a03:2880:f800:1d:: - - [26/Apr/2025:12:27:25 -0400] "GET /good.php/shopdetail/37493623137.html HTTP/1.1" 200 0 "-" "meta-externalagent/1.1 (+https://developers.facebook.com/docs/sharing/webmasters/crawler)"
2a03:2880:f800:18:: - - [26/Apr/2025:12:27:26 -0400] "GET /good.php/shopdetail/22513533137.html HTTP/1.1" 200 0 "-" "meta-externalagent/1.1 (+https://developers.facebook.com/docs/sharing/webmasters/crawler)"
51.222.253.13 - - [26/Apr/2025:12:27:27 -0400] "GET /good.php/shopdetail/31785183137.html HTTP/1.1" 200 0 "-" "Mozilla/5.0 (compatible; AhrefsBot/7.0; +http://ahrefs.com/robot/)"
40.77.167.247 - - [26/Apr/2025:12:27:27 -0400] "GET /?s=%D0%B1%D0%B8%D1%82%D0%B2%D0%B0+%D0%BF%D1%80%D0%B8+%D1%81%D1%82%D1%80%D0%B0%D1%81%D0%B1%D1%83%D1%80%D0%B3%D0%B5 HTTP/1.1" 200 13636 "-" "Mozilla/5.0 AppleWebKit/537.36 (KHTML, like Gecko; compatible; bingbot/2.0; +http://www.bing.com/bingbot.htm) Chrome/116.0.1938.76 Safari/537.36"
2a03:2880:f800:b:: - - [26/Apr/2025:12:27:28 -0400] "GET /good.php/shopdetail/18121943137.html HTTP/1.1" 200 0 "-" "meta-externalagent/1.1 (+https://developers.facebook.com/docs/sharing/webmasters/crawler)"
40.77.167.247 - - [26/Apr/2025:12:27:28 -0400] "GET /?s=piles+in+assamese HTTP/1.1" 200 13536 "-" "Mozilla/5.0 AppleWebKit/537.36 (KHTML, like Gecko; compatible; bingbot/2.0; +http://www.bing.com/bingbot.htm) Chrome/116.0.1938.76 Safari/537.36"
66.249.74.99 - - [26/Apr/2025:12:27:30 -0400] "GET /store.php?Kent/coupon-vip-1xbet HTTP/1.1" 200 181 "-" "Mozilla/5.0 (Linux; Android 6.0.1; Nexus 5X Build/MMB29P) AppleWebKit/537.36 (KHTML, like Gecko) Chrome/135.0.7049.95 Mobile Safari/537.36 (compatible; GoogleOther)"
2a03:2880:f800:18:: - - [26/Apr/2025:12:27:31 -0400] "GET /good.php/shopdetail/21135593137.html HTTP/1.1" 200 0 "-" "meta-externalagent/1.1 (+https://developers.facebook.com/docs/sharing/webmasters/crawler)"
66.249.74.99 - - [26/Apr/2025:12:27:33 -0400] "GET /store.php?Seattle/pp365-app HTTP/1.1" 200 181 "-" "Mozilla/5.0 (Linux; Android 6.0.1; Nexus 5X Build/MMB29P) AppleWebKit/537.36 (KHTML, like Gecko) Chrome/135.0.7049.95 Mobile Safari/537.36 (compatible; GoogleOther)"
66.249.74.99 - - [26/Apr/2025:12:27:36 -0400] "GET /store.php?Lubbock/taya777-bingo-card-baccarat HTTP/1.1" 200 181 "-" "Mozilla/5.0 (Linux; Android 6.0.1; Nexus 5X Build/MMB29P) AppleWebKit/537.36 (KHTML, like Gecko) Chrome/135.0.7049.95 Mobile Safari/537.36 (compatible; GoogleOther)"
2a03:2880:f800:1:: - - [26/Apr/2025:12:27:37 -0400] "GET /good.php/shopdetail/6051353137.html HTTP/1.1" 200 0 "-" "meta-externalagent/1.1 (+https://developers.facebook.com/docs/sharing/webmasters/crawler)"
66.249.74.99 - - [26/Apr/2025:12:27:39 -0400] "GET /store.php?Indianapolis/layout-cc6 HTTP/1.1" 200 181 "-" "Mozilla/5.0 (Linux; Android 6.0.1; Nexus 5X Build/MMB29P) AppleWebKit/537.36 (KHTML, like Gecko) Chrome/135.0.7049.95 Mobile Safari/537.36 (compatible; GoogleOther)"
51.222.253.16 - - [26/Apr/2025:12:27:40 -0400] "GET /good.php/shopdetail/31808983137.html HTTP/1.1" 200 0 "-" "Mozilla/5.0 (compatible; AhrefsBot/7.0; +http://ahrefs.com/robot/)"
66.249.74.99 - - [26/Apr/2025:12:27:42 -0400] "GET /store.php?KeyWest/Spin-Casino HTTP/1.1" 200 181 "-" "Mozilla/5.0 (Linux; Android 6.0.1; Nexus 5X Build/MMB29P) AppleWebKit/537.36 (KHTML, like Gecko) Chrome/135.0.7049.95 Mobile Safari/537.36 (compatible; GoogleOther)"
2a03:2880:f800:19:: - - [26/Apr/2025:12:27:49 -0400] "GET /good.php/shopdetail/3855473137.html HTTP/1.1" 200 0 "-" "meta-externalagent/1.1 (+https://developers.facebook.com/docs/sharing/webmasters/crawler)"
162.0.215.210 - - [26/Apr/2025:12:27:52 -0400] "POST /wp-cron.php?doing_wp_cron=1745684872.0416960716247558593750 HTTP/1.1" 200 0 "-" "WordPress/6.8; https://oiltrain.org"
40.77.167.116 - - [26/Apr/2025:12:27:51 -0400] "GET /books-others-2jypu HTTP/1.1" 404 9386 "-" "Mozilla/5.0 AppleWebKit/537.36 (KHTML, like Gecko; compatible; bingbot/2.0; +http://www.bing.com/bingbot.htm) Chrome/116.0.1938.76 Safari/537.36"
40.77.167.116 - - [26/Apr/2025:12:27:53 -0400] "GET /art-percussion-instruments-xn5e HTTP/1.1" 404 9388 "-" "Mozilla/5.0 AppleWebKit/537.36 (KHTML, like Gecko; compatible; bingbot/2.0; +http://www.bing.com/bingbot.htm) Chrome/116.0.1938.76 Safari/537.36"
51.222.253.5 - - [26/Apr/2025:12:27:54 -0400] "GET /good.php/shopdetail/31835083137.html HTTP/1.1" 200 0 "-" "Mozilla/5.0 (compatible; AhrefsBot/7.0; +http://ahrefs.com/robot/)"
2a03:2880:f800:17:: - - [26/Apr/2025:12:27:56 -0400] "GET /good.php/shopdetail/17269723137.html HTTP/1.1" 200 0 "-" "meta-externalagent/1.1 (+https://developers.facebook.com/docs/sharing/webmasters/crawler)"
2a03:2880:f800:2:: - - [26/Apr/2025:12:27:57 -0400] "GET /good.php/shopdetail/16712213137.html HTTP/1.1" 200 0 "-" "meta-externalagent/1.1 (+https://developers.facebook.com/docs/sharing/webmasters/crawler)"
2a03:2880:f800:13:: - - [26/Apr/2025:12:28:00 -0400] "GET /good.php/shopdetail/8771373137.html HTTP/1.1" 200 0 "-" "meta-externalagent/1.1 (+https://developers.facebook.com/docs/sharing/webmasters/crawler)"
162.0.215.210 - - [26/Apr/2025:12:28:00 -0400] "POST /wp-cron.php?doing_wp_cron=1745684880.8862340450286865234375 HTTP/1.1" 200 0 "-" "WordPress/6.8; https://oiltrain.org"
40.77.167.247 - - [26/Apr/2025:12:28:00 -0400] "GET /books-languages-1p9qe HTTP/1.1" 404 9388 "-" "Mozilla/5.0 AppleWebKit/537.36 (KHTML, like Gecko; compatible; bingbot/2.0; +http://www.bing.com/bingbot.htm) Chrome/116.0.1938.76 Safari/537.36"
162.0.215.210 - - [26/Apr/2025:12:28:01 -0400] "POST /wp-admin/admin-ajax.php?action=async_litespeed&nonce=KxhdIXoq85ojnZnO8h39EKihnX0bO7i6&litespeed_type=imgoptm HTTP/1.1" 200 5 "-" "WordPress/6.8; https://oiltrain.org"
2a03:2880:f800:11:: - - [26/Apr/2025:12:28:02 -0400] "GET /good.php/shopdetail/34045173137.html HTTP/1.1" 200 0 "-" "meta-externalagent/1.1 (+https://developers.facebook.com/docs/sharing/webmasters/crawler)"
2a03:2880:f800:1:: - - [26/Apr/2025:12:28:07 -0400] "GET /good.php/shopdetail/30781083137.html HTTP/1.1" 200 0 "-" "meta-externalagent/1.1 (+https://developers.facebook.com/docs/sharing/webmasters/crawler)"
66.249.74.110 - - [26/Apr/2025:12:28:09 -0400] "GET /store.php?North-Bay_Add-to-cart/games-747-live-net-bingo HTTP/1.1" 200 181 "-" "Mozilla/5.0 (Linux; Android 6.0.1; Nexus 5X Build/MMB29P) AppleWebKit/537.36 (KHTML, like Gecko) Chrome/135.0.7049.95 Mobile Safari/537.36 (compatible; GoogleOther)"
51.222.253.16 - - [26/Apr/2025:12:28:12 -0400] "GET /good.php/shopdetail/31836963137.html HTTP/1.1" 200 0 "-" "Mozilla/5.0 (compatible; AhrefsBot/7.0; +http://ahrefs.com/robot/)"
66.249.74.97 - - [26/Apr/2025:12:28:12 -0400] "GET /store.php?Homepage/jilibet%20ro1%20register HTTP/1.1" 200 181 "-" "Mozilla/5.0 (Linux; Android 6.0.1; Nexus 5X Build/MMB29P) AppleWebKit/537.36 (KHTML, like Gecko) Chrome/135.0.7049.95 Mobile Safari/537.36 (compatible; GoogleOther)"
2a03:2880:f800:3:: - - [26/Apr/2025:12:28:15 -0400] "GET /good.php/shopdetail/32138113137.html HTTP/1.1" 200 0 "-" "meta-externalagent/1.1 (+https://developers.facebook.com/docs/sharing/webmasters/crawler)"
2a03:2880:f800:15:: - - [26/Apr/2025:12:28:17 -0400] "GET /good.php/shopdetail/3754893137.html HTTP/1.1" 200 0 "-" "meta-externalagent/1.1 (+https://developers.facebook.com/docs/sharing/webmasters/crawler)"
66.249.74.96 - - [26/Apr/2025:12:28:19 -0400] "GET /fashion-bags-1iqyo HTTP/1.1" 404 9387 "-" "Mozilla/5.0 (Linux; Android 6.0.1; Nexus 5X Build/MMB29P) AppleWebKit/537.36 (KHTML, like Gecko) Chrome/135.0.7049.95 Mobile Safari/537.36 (compatible; Googlebot/2.1; +http://www.google.com/bot.html)"
2a03:2880:f800:a:: - - [26/Apr/2025:12:28:19 -0400] "GET /good.php/shopdetail/26810603137.html HTTP/1.1" 200 0 "-" "meta-externalagent/1.1 (+https://developers.facebook.com/docs/sharing/webmasters/crawler)"
2a03:2880:f800:18:: - - [26/Apr/2025:12:28:20 -0400] "GET /good.php/shopdetail/3158863137.html HTTP/1.1" 200 0 "-" "meta-externalagent/1.1 (+https://developers.facebook.com/docs/sharing/webmasters/crawler)"
2a03:2880:f800:1d:: - - [26/Apr/2025:12:28:20 -0400] "GET /good.php/shopdetail/18992213137.html HTTP/1.1" 200 0 "-" "meta-externalagent/1.1 (+https://developers.facebook.com/docs/sharing/webmasters/crawler)"
66.249.74.110 - - [26/Apr/2025:12:28:22 -0400] "GET /store.php?Alturas/north-bay-casino HTTP/1.1" 200 181 "-" "Mozilla/5.0 (Linux; Android 6.0.1; Nexus 5X Build/MMB29P) AppleWebKit/537.36 (KHTML, like Gecko) Chrome/135.0.7049.95 Mobile Safari/537.36 (compatible; GoogleOther)"
51.222.253.10 - - [26/Apr/2025:12:28:24 -0400] "GET /good.php/shopdetail/3184793137.html HTTP/1.1" 200 0 "-" "Mozilla/5.0 (compatible; AhrefsBot/7.0; +http://ahrefs.com/robot/)"
2a03:2880:f800:d:: - - [26/Apr/2025:12:28:28 -0400] "GET /good.php/shopdetail/30530113137.html HTTP/1.1" 200 0 "-" "meta-externalagent/1.1 (+https://developers.facebook.com/docs/sharing/webmasters/crawler)"
66.249.74.110 - - [26/Apr/2025:12:28:31 -0400] "GET /store.php?Kissimmee/swerte-gaming-log-in HTTP/1.1" 200 181 "-" "Mozilla/5.0 (Linux; Android 6.0.1; Nexus 5X Build/MMB29P) AppleWebKit/537.36 (KHTML, like Gecko) Chrome/135.0.7049.95 Mobile Safari/537.36 (compatible; GoogleOther)"
2a03:2880:f800:3:: - - [26/Apr/2025:12:28:35 -0400] "GET /good.php/shopdetail/26791533137.html HTTP/1.1" 200 0 "-" "meta-externalagent/1.1 (+https://developers.facebook.com/docs/sharing/webmasters/crawler)"
51.222.253.1 - - [26/Apr/2025:12:28:38 -0400] "GET /good.php/shopdetail/31863563137.html HTTP/1.1" 200 0 "-" "Mozilla/5.0 (compatible; AhrefsBot/7.0; +http://ahrefs.com/robot/)"
162.0.215.210 - - [26/Apr/2025:12:28:38 -0400] "POST /wp-cron.php?doing_wp_cron=1745684918.2997920513153076171875 HTTP/1.1" 200 0 "-" "WordPress/6.8; https://oiltrain.org"
40.77.167.247 - - [26/Apr/2025:12:28:38 -0400] "GET /?s=POTTERY+BARN+SOFA+TEEN HTTP/1.1" 200 13587 "-" "Mozilla/5.0 AppleWebKit/537.36 (KHTML, like Gecko; compatible; bingbot/2.0; +http://www.bing.com/bingbot.htm) Chrome/116.0.1938.76 Safari/537.36"
40.77.167.247 - - [26/Apr/2025:12:28:39 -0400] "GET /?s=POTTERY+BARN+SOFA+TEEN HTTP/1.1" 200 13587 "-" "Mozilla/5.0 AppleWebKit/537.36 (KHTML, like Gecko; compatible; bingbot/2.0; +http://www.bing.com/bingbot.htm) Chrome/116.0.1938.76 Safari/537.36"
66.249.74.110 - - [26/Apr/2025:12:28:41 -0400] "GET /store.php?Los-Angeles/world-casino-list HTTP/1.1" 200 181 "-" "Mozilla/5.0 (Linux; Android 6.0.1; Nexus 5X Build/MMB29P) AppleWebKit/537.36 (KHTML, like Gecko) Chrome/135.0.7049.95 Mobile Safari/537.36 (compatible; GoogleOther)"
40.77.167.247 - - [26/Apr/2025:12:28:48 -0400] "GET /?s=%D0%BF%D0%BE%D0%B3%D0%BE%D0%B4%D0%B0+%D0%B2+%D0%B1%D0%BE%D1%80%D0%B8%D1%81%D0%BE%D0%B2%D0%BA%D0%B5+%D0%BF%D0%BB%D0%B0%D1%81%D1%82%D0%BE%D0%B2%D1%81%D0%BA%D0%B8%D0%B9+%D1%80%D0%B0%D0%B9%D0%BE%D0%BD+%D1%87%D0%B5%D0%BB%D1%8F%D0%B1%D0%B8%D0%BD%D1%81%D0%BA%D0%BE%D0%B9+%D0%BE%D0%B1%D0%BB%D0%B0%D1%81%D1%82%D0%B8 HTTP/1.1" 200 13779 "-" "Mozilla/5.0 AppleWebKit/537.36 (KHTML, like Gecko; compatible; bingbot/2.0; +http://www.bing.com/bingbot.htm) Chrome/116.0.1938.76 Safari/537.36"
2a03:2880:f800:8:: - - [26/Apr/2025:12:28:49 -0400] "GET /good.php/shopdetail/21716273137.html HTTP/1.1" 200 0 "-" "meta-externalagent/1.1 (+https://developers.facebook.com/docs/sharing/webmasters/crawler)"
2a03:2880:f800:b:: - - [26/Apr/2025:12:28:49 -0400] "GET /good.php/shopdetail/38474313137.html HTTP/1.1" 200 0 "-" "meta-externalagent/1.1 (+https://developers.facebook.com/docs/sharing/webmasters/crawler)"
2a03:2880:f800:7:: - - [26/Apr/2025:12:28:50 -0400] "GET /good.php/shopdetail/16954753137.html HTTP/1.1" 200 0 "-" "meta-externalagent/1.1 (+https://developers.facebook.com/docs/sharing/webmasters/crawler)"
52.167.144.25 - - [26/Apr/2025:12:28:51 -0400] "GET /?s=Starch%2C+extra+pure%2C+potato%2C+powder%2C+9005-25-8 HTTP/1.1" 200 13572 "-" "Mozilla/5.0 AppleWebKit/537.36 (KHTML, like Gecko; compatible; bingbot/2.0; +http://www.bing.com/bingbot.htm) Chrome/116.0.1938.76 Safari/537.36"
2a03:2880:f800:a:: - - [26/Apr/2025:12:28:54 -0400] "GET /good.php/shopdetail/6925163137.html HTTP/1.1" 200 0 "-" "meta-externalagent/1.1 (+https://developers.facebook.com/docs/sharing/webmasters/crawler)"
51.222.253.20 - - [26/Apr/2025:12:28:58 -0400] "GET /good.php/shopdetail/31881663137.html HTTP/1.1" 200 0 "-" "Mozilla/5.0 (compatible; AhrefsBot/7.0; +http://ahrefs.com/robot/)"
2a03:2880:f800:1b:: - - [26/Apr/2025:12:28:59 -0400] "GET /good.php/shopdetail/21621643137.html HTTP/1.1" 200 0 "-" "meta-externalagent/1.1 (+https://developers.facebook.com/docs/sharing/webmasters/crawler)"
66.249.74.110 - - [26/Apr/2025:12:29:01 -0400] "GET /store.php?like/nextcasino-casino HTTP/1.1" 200 181 "-" "Mozilla/5.0 (Linux; Android 6.0.1; Nexus 5X Build/MMB29P) AppleWebKit/537.36 (KHTML, like Gecko) Chrome/135.0.7049.95 Mobile Safari/537.36 (compatible; GoogleOther)"
162.0.215.210 - - [26/Apr/2025:12:29:02 -0400] "POST /wp-cron.php?doing_wp_cron=1745684940.8263230323791503906250 HTTP/1.1" 200 0 "-" "WordPress/6.8; https://oiltrain.org"
52.167.144.25 - - [26/Apr/2025:12:29:00 -0400] "GET /?s=%D0%BF%D0%BE%D0%B3%D0%BE%D0%B4%D0%B0+%D0%BC%D0%BE%D1%81%D0%BA%D0%B2%D0%B0+%D0%B8%D1%8E%D0%BD%D1%8C+2025 HTTP/1.1" 200 13655 "-" "Mozilla/5.0 AppleWebKit/537.36 (KHTML, like Gecko; compatible; bingbot/2.0; +http://www.bing.com/bingbot.htm) Chrome/116.0.1938.76 Safari/537.36"
66.249.74.110 - - [26/Apr/2025:12:29:02 -0400] "GET /store.php?Available-Services/ph636%20casino HTTP/1.1" 200 181 "-" "Mozilla/5.0 (Linux; Android 6.0.1; Nexus 5X Build/MMB29P) AppleWebKit/537.36 (KHTML, like Gecko) Chrome/135.0.7049.114 Mobile Safari/537.36 (compatible; Googlebot/2.1; +http://www.google.com/bot.html)"
66.249.74.110 - - [26/Apr/2025:12:29:03 -0400] "GET /smartphones-smartphone-accessories-2fvdt HTTP/1.1" 404 9386 "-" "Mozilla/5.0 (Linux; Android 6.0.1; Nexus 5X Build/MMB29P) AppleWebKit/537.36 (KHTML, like Gecko) Chrome/135.0.7049.114 Mobile Safari/537.36 (compatible; Googlebot/2.1; +http://www.google.com/bot.html)"
66.249.74.110 - - [26/Apr/2025:12:29:04 -0400] "GET /store.php?Fort-Myers_Add-to-cart/Golden-Coast HTTP/1.1" 200 181 "-" "Mozilla/5.0 (Linux; Android 6.0.1; Nexus 5X Build/MMB29P) AppleWebKit/537.36 (KHTML, like Gecko) Chrome/135.0.7049.95 Mobile Safari/537.36 (compatible; GoogleOther)"
2a03:2880:f800:5:: - - [26/Apr/2025:12:29:05 -0400] "GET /good.php/shopdetail/34335093137.html HTTP/1.1" 200 0 "-" "meta-externalagent/1.1 (+https://developers.facebook.com/docs/sharing/webmasters/crawler)"
51.222.253.12 - - [26/Apr/2025:12:29:06 -0400] "GET /good.php/shopdetail/31890363137.html HTTP/1.1" 200 0 "-" "Mozilla/5.0 (compatible; AhrefsBot/7.0; +http://ahrefs.com/robot/)"
2a03:2880:f800:8:: - - [26/Apr/2025:12:29:09 -0400] "GET /good.php/shopdetail/36620493137.html HTTP/1.1" 200 0 "-" "meta-externalagent/1.1 (+https://developers.facebook.com/docs/sharing/webmasters/crawler)"
66.249.74.110 - - [26/Apr/2025:12:29:14 -0400] "GET /store.php?Salina/337jili-betgame-bingo HTTP/1.1" 200 181 "-" "Mozilla/5.0 (Linux; Android 6.0.1; Nexus 5X Build/MMB29P) AppleWebKit/537.36 (KHTML, like Gecko) Chrome/135.0.7049.95 Mobile Safari/537.36 (compatible; GoogleOther)"
2a03:2880:f800:f:: - - [26/Apr/2025:12:29:17 -0400] "GET /good.php/shopdetail/22812653137.html HTTP/1.1" 200 0 "-" "meta-externalagent/1.1 (+https://developers.facebook.com/docs/sharing/webmasters/crawler)"
51.222.253.18 - - [26/Apr/2025:12:29:19 -0400] "GET /good.php/shopdetail/31920903137.html HTTP/1.1" 200 0 "-" "Mozilla/5.0 (compatible; AhrefsBot/7.0; +http://ahrefs.com/robot/)"
52.167.144.193 - - [26/Apr/2025:12:29:17 -0400] "GET /sports-skiing-itjs HTTP/1.1" 404 9387 "-" "Mozilla/5.0 AppleWebKit/537.36 (KHTML, like Gecko; compatible; bingbot/2.0; +http://www.bing.com/bingbot.htm) Chrome/116.0.1938.76 Safari/537.36"
66.249.74.110 - - [26/Apr/2025:12:29:18 -0400] "GET /store.php?Wichita/lottery-michigan HTTP/1.1" 200 181 "-" "Mozilla/5.0 (Linux; Android 6.0.1; Nexus 5X Build/MMB29P) AppleWebKit/537.36 (KHTML, like Gecko) Chrome/135.0.7049.95 Mobile Safari/537.36 (compatible; GoogleOther)"
40.77.167.247 - - [26/Apr/2025:12:29:18 -0400] "GET /?s=%D0%BF%D0%BE%D0%B3%D0%BE%D0%B4%D0%B0+%D0%B2+%D0%BD%D0%BE%D0%B3%D0%B8%D0%BD%D1%81%D0%BA%D0%B5+%D0%BD%D0%B0+%D0%B0%D0%B2%D0%B3%D1%83%D1%81%D1%82+2025 HTTP/1.1" 200 13669 "-" "Mozilla/5.0 AppleWebKit/537.36 (KHTML, like Gecko; compatible; bingbot/2.0; +http://www.bing.com/bingbot.htm) Chrome/116.0.1938.76 Safari/537.36"
66.249.74.110 - - [26/Apr/2025:12:29:21 -0400] "GET /travel-supplies-tents-22blf HTTP/1.1" 404 9388 "-" "Mozilla/5.0 (Linux; Android 6.0.1; Nexus 5X Build/MMB29P) AppleWebKit/537.36 (KHTML, like Gecko) Chrome/135.0.7049.114 Mobile Safari/537.36 (compatible; Googlebot/2.1; +http://www.google.com/bot.html)"
2a03:2880:f800:15:: - - [26/Apr/2025:12:29:22 -0400] "GET /good.php/shopdetail/29958033137.html HTTP/1.1" 200 0 "-" "meta-externalagent/1.1 (+https://developers.facebook.com/docs/sharing/webmasters/crawler)"
2a03:2880:f800:14:: - - [26/Apr/2025:12:29:22 -0400] "GET /good.php/shopdetail/7736473137.html HTTP/1.1" 200 0 "-" "meta-externalagent/1.1 (+https://developers.facebook.com/docs/sharing/webmasters/crawler)"
40.77.167.247 - - [26/Apr/2025:12:29:21 -0400] "GET /tools-dust-collectors-1wk6y HTTP/1.1" 404 9387 "-" "Mozilla/5.0 AppleWebKit/537.36 (KHTML, like Gecko; compatible; bingbot/2.0; +http://www.bing.com/bingbot.htm) Chrome/116.0.1938.76 Safari/537.36"
2a03:2880:f800:15:: - - [26/Apr/2025:12:29:23 -0400] "GET /good.php/shopdetail/22544343137.html HTTP/1.1" 200 0 "-" "meta-externalagent/1.1 (+https://developers.facebook.com/docs/sharing/webmasters/crawler)"
66.249.74.110 - - [26/Apr/2025:12:29:29 -0400] "GET /store.php?FAQs/w19%20bingo%20card%20register HTTP/1.1" 200 181 "-" "Mozilla/5.0 (Linux; Android 6.0.1; Nexus 5X Build/MMB29P) AppleWebKit/537.36 (KHTML, like Gecko) Chrome/135.0.7049.95 Mobile Safari/537.36 (compatible; GoogleOther)"
52.167.144.25 - - [26/Apr/2025:12:29:29 -0400] "GET /?s=%D0%BF%D0%BE%D0%B3%D0%BE%D0%B4%D0%B0+%D0%B2+%D0%BD%D0%BE%D0%B3%D0%B8%D0%BD%D1%81%D0%BA%D0%B5+%D0%BD%D0%B0+%D0%B8%D1%8E%D0%BD%D1%8C+2025 HTTP/1.1" 200 13689 "-" "Mozilla/5.0 AppleWebKit/537.36 (KHTML, like Gecko; compatible; bingbot/2.0; +http://www.bing.com/bingbot.htm) Chrome/116.0.1938.76 Safari/537.36"
52.167.144.25 - - [26/Apr/2025:12:29:30 -0400] "GET /?s=%D0%BF%D0%BE%D0%B3%D0%BE%D0%B4%D0%B0+%D0%B2+%D0%BD%D0%BE%D0%B3%D0%B8%D0%BD%D1%81%D0%BA%D0%B5+%D0%BD%D0%B0+%D0%B8%D1%8E%D0%BB%D1%8C+2025 HTTP/1.1" 200 13689 "-" "Mozilla/5.0 AppleWebKit/537.36 (KHTML, like Gecko; compatible; bingbot/2.0; +http://www.bing.com/bingbot.htm) Chrome/116.0.1938.76 Safari/537.36"
51.222.253.5 - - [26/Apr/2025:12:29:34 -0400] "GET /good.php/shopdetail/31980123137.html HTTP/1.1" 200 0 "-" "Mozilla/5.0 (compatible; AhrefsBot/7.0; +http://ahrefs.com/robot/)"
2a03:2880:f800:1d:: - - [26/Apr/2025:12:29:35 -0400] "GET /nebosh-course/ HTTP/1.1" 200 21014 "-" "meta-externalagent/1.1 (+https://developers.facebook.com/docs/sharing/webmasters/crawler)"
2a03:2880:f800:3:: - - [26/Apr/2025:12:29:39 -0400] "GET /good.php/shopdetail/2300623137.html HTTP/1.1" 200 0 "-" "meta-externalagent/1.1 (+https://developers.facebook.com/docs/sharing/webmasters/crawler)"
66.249.74.110 - - [26/Apr/2025:12:29:39 -0400] "GET /store.php?Rome/Kings-Chance-Casino HTTP/1.1" 200 181 "-" "Mozilla/5.0 (Linux; Android 6.0.1; Nexus 5X Build/MMB29P) AppleWebKit/537.36 (KHTML, like Gecko) Chrome/135.0.7049.95 Mobile Safari/537.36 (compatible; GoogleOther)"
66.249.74.110 - - [26/Apr/2025:12:29:45 -0400] "GET /store.php?Blanding/fjili-legit-dice-game HTTP/1.1" 200 181 "-" "Mozilla/5.0 (Linux; Android 6.0.1; Nexus 5X Build/MMB29P) AppleWebKit/537.36 (KHTML, like Gecko) Chrome/135.0.7049.95 Mobile Safari/537.36 (compatible; GoogleOther)"
2a03:2880:f800:10:: - - [26/Apr/2025:12:29:46 -0400] "GET /good.php/shopdetail/20984573137.html HTTP/1.1" 200 0 "-" "meta-externalagent/1.1 (+https://developers.facebook.com/docs/sharing/webmasters/crawler)"
2a03:2880:f800:1a:: - - [26/Apr/2025:12:29:47 -0400] "GET /good.php/shopdetail/26613523137.html HTTP/1.1" 200 0 "-" "meta-externalagent/1.1 (+https://developers.facebook.com/docs/sharing/webmasters/crawler)"
51.222.253.20 - - [26/Apr/2025:12:29:48 -0400] "GET /good.php/shopdetail/31988623137.html HTTP/1.1" 200 0 "-" "Mozilla/5.0 (compatible; AhrefsBot/7.0; +http://ahrefs.com/robot/)"
2a03:2880:f800:17:: - - [26/Apr/2025:12:29:48 -0400] "GET /good.php/shopdetail/15824373137.html HTTP/1.1" 200 0 "-" "meta-externalagent/1.1 (+https://developers.facebook.com/docs/sharing/webmasters/crawler)"
2a03:2880:f800:c:: - - [26/Apr/2025:12:29:51 -0400] "GET /good.php/shopdetail/37131313137.html HTTP/1.1" 200 0 "-" "meta-externalagent/1.1 (+https://developers.facebook.com/docs/sharing/webmasters/crawler)"
2a03:2880:f800:: - - [26/Apr/2025:12:29:54 -0400] "GET /good.php/shopdetail/24904963137.html HTTP/1.1" 200 0 "-" "meta-externalagent/1.1 (+https://developers.facebook.com/docs/sharing/webmasters/crawler)"
66.249.74.110 - - [26/Apr/2025:12:29:55 -0400] "GET /store.php?Latest-Posts/777jili%20games%20dice%20game HTTP/1.1" 200 181 "-" "Mozilla/5.0 (Linux; Android 6.0.1; Nexus 5X Build/MMB29P) AppleWebKit/537.36 (KHTML, like Gecko) Chrome/135.0.7049.95 Mobile Safari/537.36 (compatible; GoogleOther)"
2a03:2880:f800:16:: - - [26/Apr/2025:12:29:56 -0400] "GET /good.php/shopdetail/12294783137.html HTTP/1.1" 200 0 "-" "meta-externalagent/1.1 (+https://developers.facebook.com/docs/sharing/webmasters/crawler)"
51.222.253.18 - - [26/Apr/2025:12:29:58 -0400] "GET /good.php/shopdetail/3200843137.html HTTP/1.1" 200 0 "-" "Mozilla/5.0 (compatible; AhrefsBot/7.0; +http://ahrefs.com/robot/)"
2a03:2880:f800:: - - [26/Apr/2025:12:30:00 -0400] "GET /good.php/shopdetail/6872563137.html HTTP/1.1" 200 0 "-" "meta-externalagent/1.1 (+https://developers.facebook.com/docs/sharing/webmasters/crawler)"
2a03:2880:f800:11:: - - [26/Apr/2025:12:30:01 -0400] "GET /good.php/shopdetail/21818493137.html HTTP/1.1" 200 0 "-" "meta-externalagent/1.1 (+https://developers.facebook.com/docs/sharing/webmasters/crawler)"
2a03:2880:f800:4:: - - [26/Apr/2025:12:30:03 -0400] "GET /good.php/shopdetail/29707293137.html HTTP/1.1" 200 0 "-" "meta-externalagent/1.1 (+https://developers.facebook.com/docs/sharing/webmasters/crawler)"
66.249.74.96 - - [26/Apr/2025:12:30:05 -0400] "GET /store.php?Harrisburg/las-vegas-flamingo-casino HTTP/1.1" 200 181 "-" "Mozilla/5.0 (Linux; Android 6.0.1; Nexus 5X Build/MMB29P) AppleWebKit/537.36 (KHTML, like Gecko) Chrome/135.0.7049.95 Mobile Safari/537.36 (compatible; GoogleOther)"
2a03:2880:f800:8:: - - [26/Apr/2025:12:30:06 -0400] "GET /good.php/shopdetail/9571863137.html HTTP/1.1" 200 0 "-" "meta-externalagent/1.1 (+https://developers.facebook.com/docs/sharing/webmasters/crawler)"
66.249.74.110 - - [26/Apr/2025:12:30:10 -0400] "GET /store.php?New-Brunswick/practice-teaching-internship HTTP/1.1" 200 181 "-" "Mozilla/5.0 (Linux; Android 6.0.1; Nexus 5X Build/MMB29P) AppleWebKit/537.36 (KHTML, like Gecko) Chrome/135.0.7049.95 Mobile Safari/537.36 (compatible; GoogleOther)"
162.0.215.210 - - [26/Apr/2025:12:30:12 -0400] "POST /wp-cron.php?doing_wp_cron=1745685011.7520229816436767578125 HTTP/1.1" 200 0 "-" "WordPress/6.8; https://oiltrain.org"
40.77.167.247 - - [26/Apr/2025:12:30:11 -0400] "GET /?s=%D0%93%D0%A0%D0%90%D0%9D%D0%98%D0%A6%D0%AB+%D0%A2%D0%A0%D0%90%D0%9D%D0%A1%D0%9F%D0%9E%D0%A0%D0%A2%D0%9D%D0%9E%D0%99+%D0%98%D0%9C%D0%9C%D0%9E%D0%91%D0%98%D0%9B%D0%98%D0%97%D0%90%D0%A6%D0%98%D0%98+%D0%A3+%D0%9F%D0%9E%D0%A1%D0%A2%D0%A0%D0%90%D0%94%D0%90%D0%92%D0%A8%D0%95%D0%93%D0%9E+%D0%9F%D0%A0%D0%98+%D0%9F%D0%95%D0%A0%D0%95%D0%9B%D0%9E%D0%9C%D0%95+%D0%9F%D0%9B%D0%95%D0%A7%D0%95%D0%92%D0%9E%D0%99+%D0%9A%D0%9E%D0%A1%D0%A2%D0%98A)+%D0%BF%D0%B0%D0%BB%D1%8C%D1%86%D1%8B+%D0%BA%D0%B8%D1%81%D1%82%D0%B8+%D0%BD%D0%B0+%D0%B1%D0%BE%D0%BB%D1%8C%D0%BD%D0%BE%D0%B9+%D1%81%D1%82%D0%BE%D1%80%D0%BE%D0%BD%D0%B5+-+%D0%BB%D0%BE%D0%BF%D0%B0%D1%82%D0%BA%D0%B0+%D0%B7%D0%B4%D0%BE%D1%80%D0%BE%D0%B2%D0%BE%D0%B9+%D1%81%D1%82%D0%BE%D1%80%D0%BE%D0%BD%D1%8B+%D0%91)+%D0%BA%D0%B8%D1%81%D1%82%D1%8C+%D0%BD%D0%B0+%D0%B1%D0%BE%D0%BB%D1%8C%D0%BD%D0%BE%D0%B9+%D1%81%D1%82%D0%BE%D1%80%D0%BE%D0%BD%D0%B5+-+%D0%BB%D0%BE%D0%BF%D0%B0%D1%82%D0%BA%D0%B0+%D0%B1%D0%BE%D0%BB%D1%8C%D0%BD%D0%BE%D0%B9+%D1%81%D1%82%D0%BE%D1%80%D0%BE%D0%BD%D1%8BB)+%D0%BB%D1%83%D1%87%D0%B5%D0%B7%D0%B0%D0%BF%D1%8F%D1%81%D1%82%D0%BD%D1%8B%D0%B9+%D1%81%D1%83%D1%81%D1%82%D0%B0%D0%B2+%D0%BD%D0%B0+%D0%B1%D0%BE%D0%BB%D1%8C%D0%BD%D0%BE%D0%B9+%D1%81%D1%82%D0%BE%D1%80%D0%BE%D0%BD%D0%B5+-+%D0%BB%D0%BE%D0%BF%D0%B0%D1%82%D0%BA%D0%B0+%D0%B1%D0%BE%D0%BB%D1%8C%D0%BD%D0%BE%D0%B9+%D1%81%D1%82%D0%BE%D1%80%D0%BE%D0%BD%D1%8B%D0%93)+%D0%BB%D1%83%D1%87%D0%B5%D0%B7%D0%B0%D0%BF%D1%8F%D1%81%D1%82%D0%BD%D1%8B%D0%B9+%D1%81%D1%83%D1%81%D1%82%D0%B0%D0%B2+%D0%B1%D0%BE%D0%BB%D1%8C%D0%BD%D0%BE%D0%B9+%D1%81%D1%82%D0%BE%D1%80%D0%BE%D0%BD%D1%8B+-+%D0%BF%D0%BB%D0%B5%D1%87%D0%B5%D0%B2%D0%BE%D0%B9+%D1%81%D1%83%D1%81%D1%82%D0%B0%D0%B2+%D0%B1%D0%BE%D0%BB%D1%8C%D0%BD%D0%BE%D0%B9+%D1%81%D1%82%D0%BE%D1%80%D0%BE%D0%BD%D1%8B HTTP/1.1" 200 14253 "-" "Mozilla/5.0 AppleWebKit/537.36 (KHTML, like Gecko; compatible; bingbot/2.0; +http://www.bing.com/bingbot.htm) Chrome/116.0.1938.76 Safari/537.36"
162.0.215.210 - - [26/Apr/2025:12:30:13 -0400] "POST /wp-admin/admin-ajax.php?action=async_litespeed&nonce=VCi7xH7WB8XfwIcquZ38Jrxjm5pybrPt&litespeed_type=imgoptm HTTP/1.1" 200 0 "-" "WordPress/6.8; https://oiltrain.org"
40.77.167.247 - - [26/Apr/2025:12:30:13 -0400] "GET /blu-ray-tv-dramas-23rlm HTTP/1.1" 404 9386 "-" "Mozilla/5.0 AppleWebKit/537.36 (KHTML, like Gecko; compatible; bingbot/2.0; +http://www.bing.com/bingbot.htm) Chrome/116.0.1938.76 Safari/537.36"
66.249.74.110 - - [26/Apr/2025:12:30:15 -0400] "GET /store.php?What-We-Do/hot%20games HTTP/1.1" 200 181 "-" "Mozilla/5.0 (Linux; Android 6.0.1; Nexus 5X Build/MMB29P) AppleWebKit/537.36 (KHTML, like Gecko) Chrome/135.0.7049.95 Mobile Safari/537.36 (compatible; GoogleOther)"
51.222.253.12 - - [26/Apr/2025:12:30:23 -0400] "GET /good.php/shopdetail/32022933137.html HTTP/1.1" 200 0 "-" "Mozilla/5.0 (compatible; AhrefsBot/7.0; +http://ahrefs.com/robot/)"
2a03:2880:f800:8:: - - [26/Apr/2025:12:30:24 -0400] "GET /good.php/shopdetail/7585053137.html HTTP/1.1" 200 0 "-" "meta-externalagent/1.1 (+https://developers.facebook.com/docs/sharing/webmasters/crawler)"
52.167.144.25 - - [26/Apr/2025:12:30:24 -0400] "GET /?s=%D0%92+%D0%9A%D0%90%D0%A7%D0%95%D0%A1%D0%A2%D0%92%D0%95+%D0%90%D0%9D%D0%A2%D0%98%D0%A1%D0%95%D0%9F%D0%A2%D0%98%D0%A7%D0%95%D0%A1%D0%9A%D0%9E%D0%93%D0%9E+%D0%A0%D0%90%D0%A1%D0%A2%D0%92%D0%9E%D0%A0%D0%90+%D0%94%D0%9B%D0%AF+%D0%9F%D0%A0%D0%9E%D0%9C%D0%AB%D0%92%D0%90%D0%9D%D0%98%D0%AF+%D0%9C%D0%9E%D0%A7%D0%95%D0%92%D0%9E%D0%93%D0%9E+%D0%9F%D0%A3%D0%97%D0%AB%D0%A0%D0%AF+%D0%98%D0%A1%D0%9F%D0%9E%D0%9B%D0%AC%D0%97%D0%A3%D0%AE%D0%A2%3AA)+0%2C02+%25+%D1%80-%D1%80+%D1%84%D1%83%D1%80%D0%B0%D1%86%D0%B8%D0%BB%D0%B8%D0%BD%D0%B0%D0%91)+0%2C9+%25+%D1%80%D0%B0%D1%81%D1%82%D0%B2%D0%BE%D1%80+%D0%BD%D0%B0%D1%82%D1%80%D0%B8%D1%8F+%D1%85%D0%BB%D0%BE%D1%80%D0%B8%D0%B4%D0%B0+B)+3+%25+%D1%80-%D1%80+%D0%BF%D0%B5%D1%80%D0%B5%D0%BA%D0%B8%D1%81%D0%B8+%D0%B2%D0%BE%D0%B4%D0%BE%D1%80%D0%BE%D0%B4%D0%B0%D0%93)+0%2C05+%25+%D0%B2%D0%BE%D0%B4%D0%BD%D1%8B%D0%B9+%D1%80%D0%B0%D1%81%D1%82%D0%B2%D0%BE%D1%80+%D1%85%D0%BB%D0%BE%D1%80%D0%B3%D0%B5%D0%BA%D1%81%D0%B8%D0%B4%D0%B8%D0%BD%D0%B0 HTTP/1.1" 200 14211 "-" "Mozilla/5.0 AppleWebKit/537.36 (KHTML, like Gecko; compatible; bingbot/2.0; +http://www.bing.com/bingbot.htm) Chrome/116.0.1938.76 Safari/537.36"
51.222.253.8 - - [26/Apr/2025:12:30:31 -0400] "GET /good.php/shopdetail/32041683137.html HTTP/1.1" 200 0 "-" "Mozilla/5.0 (compatible; AhrefsBot/7.0; +http://ahrefs.com/robot/)"
2a03:2880:f800:b:: - - [26/Apr/2025:12:30:31 -0400] "GET /good.php/shopdetail/34735773137.html HTTP/1.1" 200 0 "-" "meta-externalagent/1.1 (+https://developers.facebook.com/docs/sharing/webmasters/crawler)"
2a03:2880:f800:f:: - - [26/Apr/2025:12:30:33 -0400] "GET /good.php/shopdetail/21996603137.html HTTP/1.1" 200 0 "-" "meta-externalagent/1.1 (+https://developers.facebook.com/docs/sharing/webmasters/crawler)"
66.249.74.110 - - [26/Apr/2025:12:30:34 -0400] "GET /store.php?What-We-Do/super%20ace%20coin HTTP/1.1" 200 181 "-" "Mozilla/5.0 (Linux; Android 6.0.1; Nexus 5X Build/MMB29P) AppleWebKit/537.36 (KHTML, like Gecko) Chrome/135.0.7049.95 Mobile Safari/537.36 (compatible; GoogleOther)"
52.167.144.193 - - [26/Apr/2025:12:30:34 -0400] "GET /?s=%D0%BF%D0%BE%D0%B3%D0%BE%D0%B4%D0%B0+%D0%B2+%D1%81%D0%B0%D0%BC%D0%B0%D1%80%D0%B5+%D0%BD%D0%B0+3+%D0%B4%D0%BD%D1%8F HTTP/1.1" 200 13652 "-" "Mozilla/5.0 AppleWebKit/537.36 (KHTML, like Gecko; compatible; bingbot/2.0; +http://www.bing.com/bingbot.htm) Chrome/116.0.1938.76 Safari/537.36"
52.167.144.193 - - [26/Apr/2025:12:30:36 -0400] "GET /?s=%D0%BA%D0%B0%D0%BA%D0%B0%D1%8F+%D1%82%D0%B5%D0%BC%D0%BF%D0%B5%D1%80%D0%B0%D1%82%D1%83%D1%80%D0%B0+%D0%B2+%D0%B8%D1%80%D0%BB%D0%B0%D0%BD%D0%B4%D0%B8%D0%B8 HTTP/1.1" 200 13668 "-" "Mozilla/5.0 AppleWebKit/537.36 (KHTML, like Gecko; compatible; bingbot/2.0; +http://www.bing.com/bingbot.htm) Chrome/116.0.1938.76 Safari/537.36"
