51.222.253.2 - - [26/Apr/2025:10:34:20 -0400] "GET /good.php/shopdetail/27045153137.html HTTP/1.1" 200 0 "-" "Mozilla/5.0 (compatible; AhrefsBot/7.0; +http://ahrefs.com/robot/)"
66.249.74.97 - - [26/Apr/2025:10:34:24 -0400] "GET /store.php-Williamsport/phdream-66-login-app HTTP/1.1" 404 9386 "-" "Mozilla/5.0 (Linux; Android 6.0.1; Nexus 5X Build/MMB29P) AppleWebKit/537.36 (KHTML, like Gecko) Chrome/135.0.7049.95 Mobile Safari/537.36 (compatible; GoogleOther)"
2a03:2880:f800:1:: - - [26/Apr/2025:10:34:24 -0400] "GET /good.php/shopdetail/9333563137.html HTTP/1.1" 200 0 "-" "meta-externalagent/1.1 (+https://developers.facebook.com/docs/sharing/webmasters/crawler)"
162.0.235.2 - - [26/Apr/2025:10:34:24 -0400] "POST /wp-login.php HTTP/1.1" 200 2064 "https://oiltrain.org" "Mozilla/5.0 (Windows NT 10.0; Win64; x64; rv:126.0) Gecko/20100101 Firefox/126.0"
2a03:2880:f800:14:: - - [26/Apr/2025:10:34:32 -0400] "GET /good.php/shopdetail/19821453137.html HTTP/1.1" 200 0 "-" "meta-externalagent/1.1 (+https://developers.facebook.com/docs/sharing/webmasters/crawler)"
51.222.253.8 - - [26/Apr/2025:10:34:32 -0400] "GET /good.php/shopdetail/27053703137.html HTTP/1.1" 200 0 "-" "Mozilla/5.0 (compatible; AhrefsBot/7.0; +http://ahrefs.com/robot/)"
66.249.74.97 - - [26/Apr/2025:10:34:37 -0400] "GET /store.php?Hopkinsville/sabong-unity-com HTTP/1.1" 200 181 "-" "Mozilla/5.0 (Linux; Android 6.0.1; Nexus 5X Build/MMB29P) AppleWebKit/537.36 (KHTML, like Gecko) Chrome/135.0.7049.95 Mobile Safari/537.36 (compatible; GoogleOther)"
66.249.74.97 - - [26/Apr/2025:10:34:44 -0400] "GET /pcmypage?callback=product%2Fdetail%2F35909693 HTTP/1.1" 404 9386 "-" "Mozilla/5.0 (Linux; Android 6.0.1; Nexus 5X Build/MMB29P) AppleWebKit/537.36 (KHTML, like Gecko) Chrome/135.0.7049.95 Mobile Safari/537.36 (compatible; Googlebot/2.1; +http://www.google.com/bot.html)"
2a03:2880:f800:1c:: - - [26/Apr/2025:10:34:46 -0400] "GET /good.php/shopdetail/32493743137.html HTTP/1.1" 200 0 "-" "meta-externalagent/1.1 (+https://developers.facebook.com/docs/sharing/webmasters/crawler)"
2a03:2880:f800:1b:: - - [26/Apr/2025:10:34:48 -0400] "GET /good.php/shopdetail/27529163137.html HTTP/1.1" 200 0 "-" "meta-externalagent/1.1 (+https://developers.facebook.com/docs/sharing/webmasters/crawler)"
51.222.253.10 - - [26/Apr/2025:10:34:49 -0400] "GET /good.php/shopdetail/27112633137.html HTTP/1.1" 200 0 "-" "Mozilla/5.0 (compatible; AhrefsBot/7.0; +http://ahrefs.com/robot/)"
2a03:2880:f800:15:: - - [26/Apr/2025:10:34:50 -0400] "GET /good.php/shopdetail/1572443137.html HTTP/1.1" 200 0 "-" "meta-externalagent/1.1 (+https://developers.facebook.com/docs/sharing/webmasters/crawler)"
66.249.74.97 - - [26/Apr/2025:10:34:53 -0400] "GET /store.php?Chandler/poker-real-cash HTTP/1.1" 200 181 "-" "Mozilla/5.0 (Linux; Android 6.0.1; Nexus 5X Build/MMB29P) AppleWebKit/537.36 (KHTML, like Gecko) Chrome/135.0.7049.95 Mobile Safari/537.36 (compatible; GoogleOther)"
2a03:2880:f800:a:: - - [26/Apr/2025:10:34:54 -0400] "GET /good.php/shopdetail/9777853137.html HTTP/1.1" 200 0 "-" "meta-externalagent/1.1 (+https://developers.facebook.com/docs/sharing/webmasters/crawler)"
2a03:2880:f800:a:: - - [26/Apr/2025:10:34:56 -0400] "GET /good.php/shopdetail/12604583137.html HTTP/1.1" 200 0 "-" "meta-externalagent/1.1 (+https://developers.facebook.com/docs/sharing/webmasters/crawler)"
40.77.167.35 - - [26/Apr/2025:10:34:56 -0400] "GET /tablets-windows-notebooks-12x40 HTTP/1.1" 404 9386 "-" "Mozilla/5.0 AppleWebKit/537.36 (KHTML, like Gecko; compatible; bingbot/2.0; +http://www.bing.com/bingbot.htm) Chrome/116.0.1938.76 Safari/537.36"
66.249.74.97 - - [26/Apr/2025:10:35:03 -0400] "GET /store.php?cart/CasinoPlus%20dice%20game%20games HTTP/1.1" 200 181 "-" "Mozilla/5.0 (Linux; Android 6.0.1; Nexus 5X Build/MMB29P) AppleWebKit/537.36 (KHTML, like Gecko) Chrome/135.0.7049.95 Mobile Safari/537.36 (compatible; GoogleOther)"
51.222.253.10 - - [26/Apr/2025:10:35:04 -0400] "GET /good.php/shopdetail/27154003137.html HTTP/1.1" 200 0 "-" "Mozilla/5.0 (compatible; AhrefsBot/7.0; +http://ahrefs.com/robot/)"
2a03:2880:f800:1b:: - - [26/Apr/2025:10:35:07 -0400] "GET /good.php/shopdetail/34523283137.html HTTP/1.1" 200 0 "-" "meta-externalagent/1.1 (+https://developers.facebook.com/docs/sharing/webmasters/crawler)"
66.249.74.97 - - [26/Apr/2025:10:35:09 -0400] "GET /store.php?Lexington/gagamba-for-sale HTTP/1.1" 200 181 "-" "Mozilla/5.0 (Linux; Android 6.0.1; Nexus 5X Build/MMB29P) AppleWebKit/537.36 (KHTML, like Gecko) Chrome/135.0.7049.95 Mobile Safari/537.36 (compatible; GoogleOther)"
2a03:2880:f800:1d:: - - [26/Apr/2025:10:35:11 -0400] "GET /good.php/shopdetail/23029593137.html HTTP/1.1" 200 0 "-" "meta-externalagent/1.1 (+https://developers.facebook.com/docs/sharing/webmasters/crawler)"
2a03:2880:f800:a:: - - [26/Apr/2025:10:35:14 -0400] "GET /good.php/shopdetail/37514873137.html HTTP/1.1" 200 0 "-" "meta-externalagent/1.1 (+https://developers.facebook.com/docs/sharing/webmasters/crawler)"
51.222.253.8 - - [26/Apr/2025:10:35:18 -0400] "GET /good.php/shopdetail/27221483137.html HTTP/1.1" 200 0 "-" "Mozilla/5.0 (compatible; AhrefsBot/7.0; +http://ahrefs.com/robot/)"
66.249.74.99 - - [26/Apr/2025:10:35:21 -0400] "GET /store.php?San-Antonio/jili-official HTTP/1.1" 200 181 "-" "Mozilla/5.0 (Linux; Android 6.0.1; Nexus 5X Build/MMB29P) AppleWebKit/537.36 (KHTML, like Gecko) Chrome/135.0.7049.95 Mobile Safari/537.36 (compatible; GoogleOther)"
162.0.215.210 - - [26/Apr/2025:10:35:27 -0400] "POST /wp-cron.php?doing_wp_cron=1745678127.1625900268554687500000 HTTP/1.1" 200 0 "-" "WordPress/6.8; https://oiltrain.org"
213.209.150.163 - - [26/Apr/2025:10:35:26 -0400] "POST /wp-login.php?action=register HTTP/1.1" 302 0 "-" "-"
162.0.215.210 - - [26/Apr/2025:10:35:28 -0400] "POST /wp-admin/admin-ajax.php?action=async_litespeed&nonce=AuSMmST9wuYiqeANPq1wvS9dMPVHNiGj&litespeed_type=imgoptm HTTP/1.1" 200 0 "-" "WordPress/6.8; https://oiltrain.org"
2a03:2880:f800:a:: - - [26/Apr/2025:10:35:30 -0400] "GET /good.php/shopdetail/2162523137.html HTTP/1.1" 200 0 "-" "meta-externalagent/1.1 (+https://developers.facebook.com/docs/sharing/webmasters/crawler)"
2a03:2880:f800:17:: - - [26/Apr/2025:10:35:32 -0400] "GET /good.php/shopdetail/8185743137.html HTTP/1.1" 200 0 "-" "meta-externalagent/1.1 (+https://developers.facebook.com/docs/sharing/webmasters/crawler)"
66.249.74.99 - - [26/Apr/2025:10:35:35 -0400] "GET /store.php?NewRoads/bet-ph HTTP/1.1" 200 181 "-" "Mozilla/5.0 (Linux; Android 6.0.1; Nexus 5X Build/MMB29P) AppleWebKit/537.36 (KHTML, like Gecko) Chrome/135.0.7049.95 Mobile Safari/537.36 (compatible; GoogleOther)"
51.222.253.3 - - [26/Apr/2025:10:35:37 -0400] "GET /good.php/shopdetail/27224693137.html HTTP/1.1" 200 0 "-" "Mozilla/5.0 (compatible; AhrefsBot/7.0; +http://ahrefs.com/robot/)"
2a03:2880:f800:8:: - - [26/Apr/2025:10:35:39 -0400] "GET /good.php/shopdetail/32019273137.html HTTP/1.1" 200 0 "-" "meta-externalagent/1.1 (+https://developers.facebook.com/docs/sharing/webmasters/crawler)"
2a03:2880:f800:4:: - - [26/Apr/2025:10:35:44 -0400] "GET /good.php/shopdetail/1128243137.html HTTP/1.1" 200 0 "-" "meta-externalagent/1.1 (+https://developers.facebook.com/docs/sharing/webmasters/crawler)"
66.249.74.99 - - [26/Apr/2025:10:35:49 -0400] "GET /store.php?Ludington_Add-to-cart/hula-ng-football HTTP/1.1" 200 181 "-" "Mozilla/5.0 (Linux; Android 6.0.1; Nexus 5X Build/MMB29P) AppleWebKit/537.36 (KHTML, like Gecko) Chrome/135.0.7049.95 Mobile Safari/537.36 (compatible; GoogleOther)"
2a03:2880:f800:5:: - - [26/Apr/2025:10:35:53 -0400] "GET /good.php/shopdetail/5014903137.html HTTP/1.1" 200 0 "-" "meta-externalagent/1.1 (+https://developers.facebook.com/docs/sharing/webmasters/crawler)"
162.0.215.210 - - [26/Apr/2025:10:35:54 -0400] "POST /wp-cron.php?doing_wp_cron=1745678154.1993410587310791015625 HTTP/1.1" 200 0 "-" "WordPress/6.8; https://oiltrain.org"
172.213.21.117 - - [26/Apr/2025:10:35:54 -0400] "GET / HTTP/1.1" 200 25414 "-" "Mozilla/5.0 AppleWebKit/537.36 (KHTML, like Gecko); compatible; ChatGPT-User/1.0; +https://openai.com/bot"
172.213.21.116 - - [26/Apr/2025:10:35:54 -0400] "GET /bosiet-course/ HTTP/1.1" 200 22591 "-" "Mozilla/5.0 AppleWebKit/537.36 (KHTML, like Gecko); compatible; ChatGPT-User/1.0; +https://openai.com/bot"
2a03:2880:f800:1:: - - [26/Apr/2025:10:35:55 -0400] "GET /good.php/shopdetail/38577343137.html HTTP/1.1" 200 0 "-" "meta-externalagent/1.1 (+https://developers.facebook.com/docs/sharing/webmasters/crawler)"
2a03:2880:f800:c:: - - [26/Apr/2025:10:35:55 -0400] "GET /good.php/shopdetail/38054433137.html HTTP/1.1" 200 0 "-" "meta-externalagent/1.1 (+https://developers.facebook.com/docs/sharing/webmasters/crawler)"
51.222.253.10 - - [26/Apr/2025:10:35:55 -0400] "GET /good.php/shopdetail/27226053137.html HTTP/1.1" 200 0 "-" "Mozilla/5.0 (compatible; AhrefsBot/7.0; +http://ahrefs.com/robot/)"
2a03:2880:f800:a:: - - [26/Apr/2025:10:35:53 -0400] "GET /teams/thomas-arthur-2/?utm_source=rss&utm_medium=rss&utm_campaign=thomas-arthur-2 HTTP/1.1" 200 16221 "-" "meta-externalagent/1.1 (+https://developers.facebook.com/docs/sharing/webmasters/crawler)"
2a03:2880:f800:17:: - - [26/Apr/2025:10:35:58 -0400] "GET /good.php/shopdetail/33619913137.html HTTP/1.1" 200 0 "-" "meta-externalagent/1.1 (+https://developers.facebook.com/docs/sharing/webmasters/crawler)"
66.249.74.99 - - [26/Apr/2025:10:35:58 -0400] "GET /store.php?Thomasville/winhq-lottery-slots HTTP/1.1" 200 181 "-" "Mozilla/5.0 (Linux; Android 6.0.1; Nexus 5X Build/MMB29P) AppleWebKit/537.36 (KHTML, like Gecko) Chrome/135.0.7049.95 Mobile Safari/537.36 (compatible; GoogleOther)"
2a03:2880:f800:f:: - - [26/Apr/2025:10:35:59 -0400] "GET /good.php/shopdetail/39407733137.html HTTP/1.1" 200 0 "-" "meta-externalagent/1.1 (+https://developers.facebook.com/docs/sharing/webmasters/crawler)"
2a03:2880:f800:1b:: - - [26/Apr/2025:10:36:00 -0400] "GET /good.php/shopdetail/24729463137.html HTTP/1.1" 200 0 "-" "meta-externalagent/1.1 (+https://developers.facebook.com/docs/sharing/webmasters/crawler)"
162.0.215.210 - - [26/Apr/2025:10:36:04 -0400] "POST /wp-cron.php?doing_wp_cron=1745678164.5966529846191406250000 HTTP/1.1" 200 0 "-" "WordPress/6.8; https://oiltrain.org"
66.249.74.99 - - [26/Apr/2025:10:36:04 -0400] "GET /store.php-Eau-Claire_Add-to-cart/Gkbet-dice-game-betting-sites HTTP/1.1" 404 9386 "-" "Mozilla/5.0 (Linux; Android 6.0.1; Nexus 5X Build/MMB29P) AppleWebKit/537.36 (KHTML, like Gecko) Chrome/135.0.7049.95 Mobile Safari/537.36 (compatible; GoogleOther)"
162.0.215.210 - - [26/Apr/2025:10:36:05 -0400] "POST /wp-admin/admin-ajax.php?action=async_litespeed&nonce=RedTLBlHMLpmeasDxTzLpYsirtzj66Ge&litespeed_type=imgoptm HTTP/1.1" 200 5 "-" "WordPress/6.8; https://oiltrain.org"
51.222.253.11 - - [26/Apr/2025:10:36:10 -0400] "GET /good.php/shopdetail/27275313137.html HTTP/1.1" 200 0 "-" "Mozilla/5.0 (compatible; AhrefsBot/7.0; +http://ahrefs.com/robot/)"
52.167.144.183 - - [26/Apr/2025:10:36:17 -0400] "GET /?s=nonfiction+books+for+14+year+olds HTTP/1.1" 200 13575 "-" "Mozilla/5.0 AppleWebKit/537.36 (KHTML, like Gecko; compatible; bingbot/2.0; +http://www.bing.com/bingbot.htm) Chrome/116.0.1938.76 Safari/537.36"
66.249.74.100 - - [26/Apr/2025:10:36:18 -0400] "GET /store.php?Sacramento/barcelona-1xbet HTTP/1.1" 200 181 "-" "Mozilla/5.0 (Linux; Android 6.0.1; Nexus 5X Build/MMB29P) AppleWebKit/537.36 (KHTML, like Gecko) Chrome/135.0.7049.95 Mobile Safari/537.36 (compatible; GoogleOther)"
2a03:2880:f800:c:: - - [26/Apr/2025:10:36:21 -0400] "GET /good.php/shopdetail/4228413137.html HTTP/1.1" 200 0 "-" "meta-externalagent/1.1 (+https://developers.facebook.com/docs/sharing/webmasters/crawler)"
51.222.253.13 - - [26/Apr/2025:10:36:22 -0400] "GET /good.php/shopdetail/27338853137.html HTTP/1.1" 200 0 "-" "Mozilla/5.0 (compatible; AhrefsBot/7.0; +http://ahrefs.com/robot/)"
2a03:2880:f800:1c:: - - [26/Apr/2025:10:36:26 -0400] "GET /good.php/shopdetail/38249953137.html HTTP/1.1" 200 0 "-" "meta-externalagent/1.1 (+https://developers.facebook.com/docs/sharing/webmasters/crawler)"
2a03:2880:f800:2:: - - [26/Apr/2025:10:36:31 -0400] "GET /good.php/shopdetail/20567453137.html HTTP/1.1" 200 0 "-" "meta-externalagent/1.1 (+https://developers.facebook.com/docs/sharing/webmasters/crawler)"
66.249.74.99 - - [26/Apr/2025:10:36:33 -0400] "GET /store.php-Manhattan_Add-to-cart/WOW888-review-online HTTP/1.1" 404 9386 "-" "Mozilla/5.0 (Linux; Android 6.0.1; Nexus 5X Build/MMB29P) AppleWebKit/537.36 (KHTML, like Gecko) Chrome/135.0.7049.95 Mobile Safari/537.36 (compatible; GoogleOther)"
2a03:2880:f800:4:: - - [26/Apr/2025:10:36:36 -0400] "GET /good.php/shopdetail/20465653137.html HTTP/1.1" 200 0 "-" "meta-externalagent/1.1 (+https://developers.facebook.com/docs/sharing/webmasters/crawler)"
51.222.253.12 - - [26/Apr/2025:10:36:36 -0400] "GET /good.php/shopdetail/27346023137.html HTTP/1.1" 200 0 "-" "Mozilla/5.0 (compatible; AhrefsBot/7.0; +http://ahrefs.com/robot/)"
66.249.74.99 - - [26/Apr/2025:10:36:47 -0400] "GET /store.php?Jefferson-City/c9taya-register-win HTTP/1.1" 200 181 "-" "Mozilla/5.0 (Linux; Android 6.0.1; Nexus 5X Build/MMB29P) AppleWebKit/537.36 (KHTML, like Gecko) Chrome/135.0.7049.95 Mobile Safari/537.36 (compatible; GoogleOther)"
2a03:2880:f800:15:: - - [26/Apr/2025:10:36:53 -0400] "GET /good.php/shopdetail/34413603137.html HTTP/1.1" 200 0 "-" "meta-externalagent/1.1 (+https://developers.facebook.com/docs/sharing/webmasters/crawler)"
51.222.253.10 - - [26/Apr/2025:10:36:54 -0400] "GET /good.php/shopdetail/27347423137.html HTTP/1.1" 200 0 "-" "Mozilla/5.0 (compatible; AhrefsBot/7.0; +http://ahrefs.com/robot/)"
66.249.74.99 - - [26/Apr/2025:10:36:53 -0400] "GET /store.php?Product-detail/richph001%20app%20lottery HTTP/1.1" 200 181 "-" "Mozilla/5.0 (Linux; Android 6.0.1; Nexus 5X Build/MMB29P) AppleWebKit/537.36 (KHTML, like Gecko) Chrome/135.0.7049.95 Mobile Safari/537.36 (compatible; GoogleOther)"
2a03:2880:f800:17:: - - [26/Apr/2025:10:37:00 -0400] "GET /good.php/shopdetail/35605363137.html HTTP/1.1" 200 0 "-" "meta-externalagent/1.1 (+https://developers.facebook.com/docs/sharing/webmasters/crawler)"
66.249.74.100 - - [26/Apr/2025:10:37:01 -0400] "GET /store.php?Winchester_Add-to-cart/kkjili-app-big HTTP/1.1" 200 181 "-" "Mozilla/5.0 (Linux; Android 6.0.1; Nexus 5X Build/MMB29P) AppleWebKit/537.36 (KHTML, like Gecko) Chrome/135.0.7049.95 Mobile Safari/537.36 (compatible; GoogleOther)"
2a03:2880:f800:6:: - - [26/Apr/2025:10:37:03 -0400] "GET /good.php/shopdetail/8566233137.html HTTP/1.1" 200 0 "-" "meta-externalagent/1.1 (+https://developers.facebook.com/docs/sharing/webmasters/crawler)"
51.222.253.14 - - [26/Apr/2025:10:37:10 -0400] "GET /good.php/shopdetail/27351853137.html HTTP/1.1" 200 0 "-" "Mozilla/5.0 (compatible; AhrefsBot/7.0; +http://ahrefs.com/robot/)"
2a03:2880:f800:19:: - - [26/Apr/2025:10:37:15 -0400] "GET /good.php/shopdetail/10242533137.html HTTP/1.1" 200 0 "-" "meta-externalagent/1.1 (+https://developers.facebook.com/docs/sharing/webmasters/crawler)"
66.249.74.99 - - [26/Apr/2025:10:37:16 -0400] "GET /store.php?Cooksville/phdream-tricks HTTP/1.1" 200 181 "-" "Mozilla/5.0 (Linux; Android 6.0.1; Nexus 5X Build/MMB29P) AppleWebKit/537.36 (KHTML, like Gecko) Chrome/135.0.7049.95 Mobile Safari/537.36 (compatible; GoogleOther)"
2a03:2880:f800:13:: - - [26/Apr/2025:10:37:20 -0400] "GET /good.php/shopdetail/16973823137.html HTTP/1.1" 200 0 "-" "meta-externalagent/1.1 (+https://developers.facebook.com/docs/sharing/webmasters/crawler)"
2a03:2880:f800:12:: - - [26/Apr/2025:10:37:20 -0400] "GET /good.php/shopdetail/24809583137.html HTTP/1.1" 200 0 "-" "meta-externalagent/1.1 (+https://developers.facebook.com/docs/sharing/webmasters/crawler)"
51.222.253.5 - - [26/Apr/2025:10:37:23 -0400] "GET /good.php/shopdetail/27425093137.html HTTP/1.1" 200 0 "-" "Mozilla/5.0 (compatible; AhrefsBot/7.0; +http://ahrefs.com/robot/)"
2a03:2880:f800:c:: - - [26/Apr/2025:10:37:26 -0400] "GET /good.php/shopdetail/25193933137.html HTTP/1.1" 200 0 "-" "meta-externalagent/1.1 (+https://developers.facebook.com/docs/sharing/webmasters/crawler)"
2a03:2880:f800:15:: - - [26/Apr/2025:10:37:27 -0400] "GET /good.php/shopdetail/6382303137.html HTTP/1.1" 200 0 "-" "meta-externalagent/1.1 (+https://developers.facebook.com/docs/sharing/webmasters/crawler)"
2a03:2880:f800:8:: - - [26/Apr/2025:10:37:29 -0400] "GET /good.php/shopdetail/3078423137.html HTTP/1.1" 200 0 "-" "meta-externalagent/1.1 (+https://developers.facebook.com/docs/sharing/webmasters/crawler)"
2a03:2880:f800:: - - [26/Apr/2025:10:37:30 -0400] "GET /good.php/shopdetail/38453313137.html HTTP/1.1" 200 0 "-" "meta-externalagent/1.1 (+https://developers.facebook.com/docs/sharing/webmasters/crawler)"
66.249.74.99 - - [26/Apr/2025:10:37:30 -0400] "GET /store.php?Wichita-Falls_Add-to-cart/wowph HTTP/1.1" 200 181 "-" "Mozilla/5.0 (Linux; Android 6.0.1; Nexus 5X Build/MMB29P) AppleWebKit/537.36 (KHTML, like Gecko) Chrome/135.0.7049.95 Mobile Safari/537.36 (compatible; GoogleOther)"
51.222.253.10 - - [26/Apr/2025:10:37:38 -0400] "GET /good.php/shopdetail/27509123137.html HTTP/1.1" 200 0 "-" "Mozilla/5.0 (compatible; AhrefsBot/7.0; +http://ahrefs.com/robot/)"
2a03:2880:f800:6:: - - [26/Apr/2025:10:37:39 -0400] "GET /good.php/shopdetail/29018923137.html HTTP/1.1" 200 0 "-" "meta-externalagent/1.1 (+https://developers.facebook.com/docs/sharing/webmasters/crawler)"
2a03:2880:f800:19:: - - [26/Apr/2025:10:37:43 -0400] "GET /good.php/shopdetail/2207663137.html HTTP/1.1" 200 0 "-" "meta-externalagent/1.1 (+https://developers.facebook.com/docs/sharing/webmasters/crawler)"
66.249.74.99 - - [26/Apr/2025:10:37:44 -0400] "GET /store.php?Greensboro/deposito-bet365 HTTP/1.1" 200 181 "-" "Mozilla/5.0 (Linux; Android 6.0.1; Nexus 5X Build/MMB29P) AppleWebKit/537.36 (KHTML, like Gecko) Chrome/135.0.7049.95 Mobile Safari/537.36 (compatible; GoogleOther)"
2a03:2880:f800:17:: - - [26/Apr/2025:10:37:45 -0400] "GET /good.php/shopdetail/33558903137.html HTTP/1.1" 200 0 "-" "meta-externalagent/1.1 (+https://developers.facebook.com/docs/sharing/webmasters/crawler)"
66.249.74.99 - - [26/Apr/2025:10:37:49 -0400] "GET /store.php?Lottery/888jili%20jili%20jackpot HTTP/1.1" 200 181 "-" "Mozilla/5.0 (Linux; Android 6.0.1; Nexus 5X Build/MMB29P) AppleWebKit/537.36 (KHTML, like Gecko) Chrome/135.0.7049.95 Mobile Safari/537.36 (compatible; GoogleOther)"
51.222.253.19 - - [26/Apr/2025:10:37:53 -0400] "GET /good.php/shopdetail/27618693137.html HTTP/1.1" 200 0 "-" "Mozilla/5.0 (compatible; AhrefsBot/7.0; +http://ahrefs.com/robot/)"
66.249.74.99 - - [26/Apr/2025:10:37:53 -0400] "GET /store.php?Richfield/Jiliko777-fortune-casino HTTP/1.1" 200 181 "-" "Mozilla/5.0 (Linux; Android 6.0.1; Nexus 5X Build/MMB29P) AppleWebKit/537.36 (KHTML, like Gecko) Chrome/135.0.7049.95 Mobile Safari/537.36 (compatible; Googlebot/2.1; +http://www.google.com/bot.html)"
2001:4860:7:60a::ff - - [26/Apr/2025:10:37:56 -0400] "GET /store.php?cart/dirtyship HTTP/1.1" 200 181 "https://www.google.com/" "Mozilla/5.0 (Linux; Android 10; K) AppleWebKit/537.36 (KHTML, like Gecko) Chrome/135.0.0.0 Mobile Safari/537.36"
66.249.74.99 - - [26/Apr/2025:10:37:59 -0400] "GET /store.php?Irvine/numbers-bet HTTP/1.1" 200 181 "-" "Mozilla/5.0 (Linux; Android 6.0.1; Nexus 5X Build/MMB29P) AppleWebKit/537.36 (KHTML, like Gecko) Chrome/135.0.7049.95 Mobile Safari/537.36 (compatible; GoogleOther)"
51.222.253.8 - - [26/Apr/2025:10:38:08 -0400] "GET /good.php/shopdetail/27628733137.html HTTP/1.1" 200 0 "-" "Mozilla/5.0 (compatible; AhrefsBot/7.0; +http://ahrefs.com/robot/)"
162.0.215.210 - - [26/Apr/2025:10:38:09 -0400] "POST /wp-cron.php?doing_wp_cron=1745678288.9816660881042480468750 HTTP/1.1" 200 0 "-" "WordPress/6.8; https://oiltrain.org"
52.167.144.183 - - [26/Apr/2025:10:38:07 -0400] "GET /tools-others-1ajps HTTP/1.1" 404 9386 "-" "Mozilla/5.0 AppleWebKit/537.36 (KHTML, like Gecko; compatible; bingbot/2.0; +http://www.bing.com/bingbot.htm) Chrome/116.0.1938.76 Safari/537.36"
2001:4860:7:705::fb - - [26/Apr/2025:10:38:09 -0400] "GET /store.php?cart/dirtyship HTTP/1.1" 200 181 "https://www.google.com/" "Mozilla/5.0 (Linux; Android 10; K) AppleWebKit/537.36 (KHTML, like Gecko) Chrome/134.0.0.0 Mobile Safari/537.36"
2a03:2880:f800:7:: - - [26/Apr/2025:10:38:10 -0400] "GET /good.php/shopdetail/1685333137.html HTTP/1.1" 200 0 "-" "meta-externalagent/1.1 (+https://developers.facebook.com/docs/sharing/webmasters/crawler)"
162.0.215.210 - - [26/Apr/2025:10:38:10 -0400] "POST /wp-admin/admin-ajax.php?action=async_litespeed&nonce=UOiM1rhAYOzmQkvPWWlvkdD7vFFuYSRt&litespeed_type=imgoptm HTTP/1.1" 200 0 "-" "WordPress/6.8; https://oiltrain.org"
66.249.74.99 - - [26/Apr/2025:10:38:13 -0400] "GET /store.php?Richmond/casino-cbet HTTP/1.1" 200 181 "-" "Mozilla/5.0 (Linux; Android 6.0.1; Nexus 5X Build/MMB29P) AppleWebKit/537.36 (KHTML, like Gecko) Chrome/135.0.7049.95 Mobile Safari/537.36 (compatible; GoogleOther)"
2a03:2880:f800:b:: - - [26/Apr/2025:10:38:20 -0400] "GET /good.php/shopdetail/11745313137.html HTTP/1.1" 200 0 "-" "meta-externalagent/1.1 (+https://developers.facebook.com/docs/sharing/webmasters/crawler)"
51.222.253.8 - - [26/Apr/2025:10:38:20 -0400] "GET /good.php/shopdetail/27647833137.html HTTP/1.1" 200 0 "-" "Mozilla/5.0 (compatible; AhrefsBot/7.0; +http://ahrefs.com/robot/)"
2a03:2880:f800:11:: - - [26/Apr/2025:10:38:22 -0400] "GET /good.php/shopdetail/24327243137.html HTTP/1.1" 200 0 "-" "meta-externalagent/1.1 (+https://developers.facebook.com/docs/sharing/webmasters/crawler)"
2a03:2880:f800:2:: - - [26/Apr/2025:10:38:23 -0400] "GET /good.php/shopdetail/3003393137.html HTTP/1.1" 200 0 "-" "meta-externalagent/1.1 (+https://developers.facebook.com/docs/sharing/webmasters/crawler)"
66.249.74.99 - - [26/Apr/2025:10:38:27 -0400] "GET /store.php?Canton/relance-poker HTTP/1.1" 200 181 "-" "Mozilla/5.0 (Linux; Android 6.0.1; Nexus 5X Build/MMB29P) AppleWebKit/537.36 (KHTML, like Gecko) Chrome/135.0.7049.95 Mobile Safari/537.36 (compatible; GoogleOther)"
52.167.144.183 - - [26/Apr/2025:10:38:29 -0400] "GET /?s=woman+face+shadows+draw+colors HTTP/1.1" 200 13583 "-" "Mozilla/5.0 AppleWebKit/537.36 (KHTML, like Gecko; compatible; bingbot/2.0; +http://www.bing.com/bingbot.htm) Chrome/116.0.1938.76 Safari/537.36"
2a03:2880:f800:9:: - - [26/Apr/2025:10:38:31 -0400] "GET /good.php/shopdetail/31564973137.html HTTP/1.1" 200 0 "-" "meta-externalagent/1.1 (+https://developers.facebook.com/docs/sharing/webmasters/crawler)"
52.167.144.183 - - [26/Apr/2025:10:38:31 -0400] "GET /?s=arma+pesada+claymore HTTP/1.1" 200 13593 "-" "Mozilla/5.0 AppleWebKit/537.36 (KHTML, like Gecko; compatible; bingbot/2.0; +http://www.bing.com/bingbot.htm) Chrome/116.0.1938.76 Safari/537.36"
52.167.144.190 - - [26/Apr/2025:10:38:32 -0400] "GET /?s=t%C3%B4i+m%E1%BB%99ng+gi%E1%BB%AFa+ban+ng%C3%A0y+phim+motchill HTTP/1.1" 200 13629 "-" "Mozilla/5.0 AppleWebKit/537.36 (KHTML, like Gecko; compatible; bingbot/2.0; +http://www.bing.com/bingbot.htm) Chrome/116.0.1938.76 Safari/537.36"
52.167.144.183 - - [26/Apr/2025:10:38:32 -0400] "GET /?s=%E7%A5%9E%E7%A4%BE%E3%81%AE%E8%80%83%E5%8F%A4%E5%AD%A6 HTTP/1.1" 200 13638 "-" "Mozilla/5.0 AppleWebKit/537.36 (KHTML, like Gecko; compatible; bingbot/2.0; +http://www.bing.com/bingbot.htm) Chrome/116.0.1938.76 Safari/537.36"
51.222.253.13 - - [26/Apr/2025:10:38:33 -0400] "GET /good.php/shopdetail/27684733137.html HTTP/1.1" 200 0 "-" "Mozilla/5.0 (compatible; AhrefsBot/7.0; +http://ahrefs.com/robot/)"
2a03:2880:f800:: - - [26/Apr/2025:10:38:34 -0400] "GET /good.php/shopdetail/35740383137.html HTTP/1.1" 200 0 "-" "meta-externalagent/1.1 (+https://developers.facebook.com/docs/sharing/webmasters/crawler)"
2a03:2880:f800:f:: - - [26/Apr/2025:10:38:38 -0400] "GET /good.php/shopdetail/38895143137.html HTTP/1.1" 200 0 "-" "meta-externalagent/1.1 (+https://developers.facebook.com/docs/sharing/webmasters/crawler)"
2a03:2880:f800:4:: - - [26/Apr/2025:10:38:39 -0400] "GET /good.php/shopdetail/10465513137.html HTTP/1.1" 200 0 "-" "meta-externalagent/1.1 (+https://developers.facebook.com/docs/sharing/webmasters/crawler)"
2a03:2880:f800:1d:: - - [26/Apr/2025:10:38:40 -0400] "GET /good.php/shopdetail/33425133137.html HTTP/1.1" 200 0 "-" "meta-externalagent/1.1 (+https://developers.facebook.com/docs/sharing/webmasters/crawler)"
162.0.215.210 - - [26/Apr/2025:10:38:41 -0400] "POST /wp-cron.php?doing_wp_cron=1745678321.2309689521789550781250 HTTP/1.1" 200 0 "-" "WordPress/6.8; https://oiltrain.org"
52.167.144.183 - - [26/Apr/2025:10:38:40 -0400] "GET /?s=hegseth+doing+push+ups HTTP/1.1" 200 13588 "-" "Mozilla/5.0 AppleWebKit/537.36 (KHTML, like Gecko; compatible; bingbot/2.0; +http://www.bing.com/bingbot.htm) Chrome/116.0.1938.76 Safari/537.36"
52.167.144.190 - - [26/Apr/2025:10:38:41 -0400] "GET /art-crafts-fkqh HTTP/1.1" 404 9386 "-" "Mozilla/5.0 AppleWebKit/537.36 (KHTML, like Gecko; compatible; bingbot/2.0; +http://www.bing.com/bingbot.htm) Chrome/116.0.1938.76 Safari/537.36"
66.249.74.99 - - [26/Apr/2025:10:38:43 -0400] "GET /store.php?Peekskill/panalo999- HTTP/1.1" 200 181 "-" "Mozilla/5.0 (Linux; Android 6.0.1; Nexus 5X Build/MMB29P) AppleWebKit/537.36 (KHTML, like Gecko) Chrome/135.0.7049.95 Mobile Safari/537.36 (compatible; GoogleOther)"
2a03:2880:f800:17:: - - [26/Apr/2025:10:38:43 -0400] "GET /good.php/shopdetail/24076853137.html HTTP/1.1" 200 0 "-" "meta-externalagent/1.1 (+https://developers.facebook.com/docs/sharing/webmasters/crawler)"
52.167.144.183 - - [26/Apr/2025:10:38:43 -0400] "GET /tablets-cpu-1shol HTTP/1.1" 404 9386 "-" "Mozilla/5.0 AppleWebKit/537.36 (KHTML, like Gecko; compatible; bingbot/2.0; +http://www.bing.com/bingbot.htm) Chrome/116.0.1938.76 Safari/537.36"
2a03:2880:f800:16:: - - [26/Apr/2025:10:38:43 -0400] "GET /good.php/shopdetail/17269953137.html HTTP/1.1" 200 0 "-" "meta-externalagent/1.1 (+https://developers.facebook.com/docs/sharing/webmasters/crawler)"
40.77.167.255 - - [26/Apr/2025:10:38:42 -0400] "GET /?s=augal%C5%B3+suderinamumas HTTP/1.1" 200 13565 "-" "Mozilla/5.0 AppleWebKit/537.36 (KHTML, like Gecko; compatible; bingbot/2.0; +http://www.bing.com/bingbot.htm) Chrome/116.0.1938.76 Safari/537.36"
52.167.144.190 - - [26/Apr/2025:10:38:43 -0400] "GET /dvds-anime-eobw HTTP/1.1" 404 9386 "-" "Mozilla/5.0 AppleWebKit/537.36 (KHTML, like Gecko; compatible; bingbot/2.0; +http://www.bing.com/bingbot.htm) Chrome/116.0.1938.76 Safari/537.36"
40.77.167.255 - - [26/Apr/2025:10:38:44 -0400] "GET /?s=microsoft+365+lisans+etkinle%C5%9Ftirme HTTP/1.1" 200 13602 "-" "Mozilla/5.0 AppleWebKit/537.36 (KHTML, like Gecko; compatible; bingbot/2.0; +http://www.bing.com/bingbot.htm) Chrome/116.0.1938.76 Safari/537.36"
40.77.167.255 - - [26/Apr/2025:10:38:45 -0400] "GET /food-whiskey-ygve HTTP/1.1" 404 9386 "-" "Mozilla/5.0 AppleWebKit/537.36 (KHTML, like Gecko; compatible; bingbot/2.0; +http://www.bing.com/bingbot.htm) Chrome/116.0.1938.76 Safari/537.36"
66.249.74.99 - - [26/Apr/2025:10:38:47 -0400] "GET /store.php?Ludington/Megapari-big-dice-game HTTP/1.1" 200 181 "-" "Mozilla/5.0 (Linux; Android 6.0.1; Nexus 5X Build/MMB29P) AppleWebKit/537.36 (KHTML, like Gecko) Chrome/135.0.7049.95 Mobile Safari/537.36 (compatible; GoogleOther)"
51.222.253.14 - - [26/Apr/2025:10:38:48 -0400] "GET /good.php/shopdetail/2774093137.html HTTP/1.1" 200 0 "-" "Mozilla/5.0 (compatible; AhrefsBot/7.0; +http://ahrefs.com/robot/)"
2a03:2880:f800:12:: - - [26/Apr/2025:10:38:50 -0400] "GET /good.php/shopdetail/22263043137.html HTTP/1.1" 200 0 "-" "meta-externalagent/1.1 (+https://developers.facebook.com/docs/sharing/webmasters/crawler)"
2a03:2880:f800:7:: - - [26/Apr/2025:10:38:54 -0400] "GET /good.php/shopdetail/39258283137.html HTTP/1.1" 200 0 "-" "meta-externalagent/1.1 (+https://developers.facebook.com/docs/sharing/webmasters/crawler)"
66.249.74.99 - - [26/Apr/2025:10:38:56 -0400] "GET /store.php?Palo-Alto_Add-to-cart/solare-keshishian HTTP/1.1" 200 181 "-" "Mozilla/5.0 (Linux; Android 6.0.1; Nexus 5X Build/MMB29P) AppleWebKit/537.36 (KHTML, like Gecko) Chrome/135.0.7049.95 Mobile Safari/537.36 (compatible; GoogleOther)"
51.222.253.20 - - [26/Apr/2025:10:38:57 -0400] "GET /good.php/shopdetail/27755703137.html HTTP/1.1" 200 0 "-" "Mozilla/5.0 (compatible; AhrefsBot/7.0; +http://ahrefs.com/robot/)"
2a03:2880:f800:f:: - - [26/Apr/2025:10:39:05 -0400] "GET /good.php/shopdetail/21143983137.html HTTP/1.1" 200 0 "-" "meta-externalagent/1.1 (+https://developers.facebook.com/docs/sharing/webmasters/crawler)"
2a03:2880:f800:1d:: - - [26/Apr/2025:10:39:06 -0400] "GET /good.php/shopdetail/14568343137.html HTTP/1.1" 200 0 "-" "meta-externalagent/1.1 (+https://developers.facebook.com/docs/sharing/webmasters/crawler)"
66.249.74.101 - - [26/Apr/2025:10:39:06 -0400] "GET /store.php?Westlake/pagcor%20casino%20plus HTTP/1.1" 200 181 "-" "Mozilla/5.0 (Linux; Android 6.0.1; Nexus 5X Build/MMB29P) AppleWebKit/537.36 (KHTML, like Gecko) Chrome/135.0.7049.95 Mobile Safari/537.36 (compatible; GoogleOther)"
2a03:2880:f800:4:: - - [26/Apr/2025:10:39:07 -0400] "GET /good.php/shopdetail/39905743137.html HTTP/1.1" 200 0 "-" "meta-externalagent/1.1 (+https://developers.facebook.com/docs/sharing/webmasters/crawler)"
51.222.253.11 - - [26/Apr/2025:10:39:11 -0400] "GET /good.php/shopdetail/27756963137.html HTTP/1.1" 200 0 "-" "Mozilla/5.0 (compatible; AhrefsBot/7.0; +http://ahrefs.com/robot/)"
2a03:2880:f800:16:: - - [26/Apr/2025:10:39:11 -0400] "GET /good.php/shopdetail/37267333137.html HTTP/1.1" 200 0 "-" "meta-externalagent/1.1 (+https://developers.facebook.com/docs/sharing/webmasters/crawler)"
66.249.74.99 - - [26/Apr/2025:10:39:11 -0400] "GET /store.php?Fort-Myers_Add-to-cart/Anna-Login HTTP/1.1" 200 181 "-" "Mozilla/5.0 (Linux; Android 6.0.1; Nexus 5X Build/MMB29P) AppleWebKit/537.36 (KHTML, like Gecko) Chrome/135.0.7049.95 Mobile Safari/537.36 (compatible; GoogleOther)"
162.0.215.210 - - [26/Apr/2025:10:39:12 -0400] "POST /wp-cron.php?doing_wp_cron=1745678351.7954719066619873046875 HTTP/1.1" 200 0 "-" "WordPress/6.8; https://oiltrain.org"
52.167.144.190 - - [26/Apr/2025:10:39:10 -0400] "GET /cds-anime-158f1 HTTP/1.1" 404 9386 "-" "Mozilla/5.0 AppleWebKit/537.36 (KHTML, like Gecko; compatible; bingbot/2.0; +http://www.bing.com/bingbot.htm) Chrome/116.0.1938.76 Safari/537.36"
51.222.253.5 - - [26/Apr/2025:10:39:23 -0400] "GET /good.php/shopdetail/27776473137.html HTTP/1.1" 200 0 "-" "Mozilla/5.0 (compatible; AhrefsBot/7.0; +http://ahrefs.com/robot/)"
2a03:2880:f800:11:: - - [26/Apr/2025:10:39:24 -0400] "GET /good.php/shopdetail/2068123137.html HTTP/1.1" 200 0 "-" "meta-externalagent/1.1 (+https://developers.facebook.com/docs/sharing/webmasters/crawler)"
66.249.74.99 - - [26/Apr/2025:10:39:26 -0400] "GET /store.php?Staunton/online-bet-sites HTTP/1.1" 200 181 "-" "Mozilla/5.0 (Linux; Android 6.0.1; Nexus 5X Build/MMB29P) AppleWebKit/537.36 (KHTML, like Gecko) Chrome/135.0.7049.95 Mobile Safari/537.36 (compatible; GoogleOther)"
2a03:2880:f800:11:: - - [26/Apr/2025:10:39:29 -0400] "GET /good.php/shopdetail/29801483137.html HTTP/1.1" 200 0 "-" "meta-externalagent/1.1 (+https://developers.facebook.com/docs/sharing/webmasters/crawler)"
51.222.253.8 - - [26/Apr/2025:10:39:32 -0400] "GET /good.php/shopdetail/27822783137.html HTTP/1.1" 200 0 "-" "Mozilla/5.0 (compatible; AhrefsBot/7.0; +http://ahrefs.com/robot/)"
2a03:2880:f800:9:: - - [26/Apr/2025:10:39:33 -0400] "GET /good.php/shopdetail/31087683137.html HTTP/1.1" 200 0 "-" "meta-externalagent/1.1 (+https://developers.facebook.com/docs/sharing/webmasters/crawler)"
2a03:2880:f800:17:: - - [26/Apr/2025:10:39:34 -0400] "GET /good.php/shopdetail/31919233137.html HTTP/1.1" 200 0 "-" "meta-externalagent/1.1 (+https://developers.facebook.com/docs/sharing/webmasters/crawler)"
2a03:2880:f800:: - - [26/Apr/2025:10:39:35 -0400] "GET /good.php/shopdetail/18176203137.html HTTP/1.1" 200 0 "-" "meta-externalagent/1.1 (+https://developers.facebook.com/docs/sharing/webmasters/crawler)"
2a03:2880:f800:1c:: - - [26/Apr/2025:10:39:35 -0400] "GET /good.php/shopdetail/739243137.html HTTP/1.1" 200 0 "-" "meta-externalagent/1.1 (+https://developers.facebook.com/docs/sharing/webmasters/crawler)"
2a03:2880:f800:c:: - - [26/Apr/2025:10:39:35 -0400] "GET /good.php/shopdetail/23108803137.html HTTP/1.1" 200 0 "-" "meta-externalagent/1.1 (+https://developers.facebook.com/docs/sharing/webmasters/crawler)"
66.249.74.99 - - [26/Apr/2025:10:39:40 -0400] "GET /store.php?Everett/sabong-tv-derby HTTP/1.1" 200 181 "-" "Mozilla/5.0 (Linux; Android 6.0.1; Nexus 5X Build/MMB29P) AppleWebKit/537.36 (KHTML, like Gecko) Chrome/135.0.7049.95 Mobile Safari/537.36 (compatible; GoogleOther)"
2a03:2880:f800:7:: - - [26/Apr/2025:10:39:44 -0400] "GET /good.php/shopdetail/5147463137.html HTTP/1.1" 200 0 "-" "meta-externalagent/1.1 (+https://developers.facebook.com/docs/sharing/webmasters/crawler)"
66.249.74.99 - - [26/Apr/2025:10:39:49 -0400] "GET /store.php?Huntsville/200jili-win-dice-game HTTP/1.1" 200 181 "-" "Mozilla/5.0 (Linux; Android 6.0.1; Nexus 5X Build/MMB29P) AppleWebKit/537.36 (KHTML, like Gecko) Chrome/135.0.7049.95 Mobile Safari/537.36 (compatible; GoogleOther)"
2a03:2880:f800:1a:: - - [26/Apr/2025:10:39:51 -0400] "GET /good.php/shopdetail/9678973137.html HTTP/1.1" 200 0 "-" "meta-externalagent/1.1 (+https://developers.facebook.com/docs/sharing/webmasters/crawler)"
51.222.253.9 - - [26/Apr/2025:10:39:51 -0400] "GET /good.php/shopdetail/27890313137.html HTTP/1.1" 200 0 "-" "Mozilla/5.0 (compatible; AhrefsBot/7.0; +http://ahrefs.com/robot/)"
2001:4860:7:214::fe - - [26/Apr/2025:10:39:53 -0400] "GET /store.php?Checkout/camcaps HTTP/1.1" 200 0 "https://www.google.com/" "Mozilla/5.0 (Linux; Android 10; K) AppleWebKit/537.36 (KHTML, like Gecko) Chrome/135.0.0.0 Mobile Safari/537.36"
2a03:2880:f800:17:: - - [26/Apr/2025:10:39:54 -0400] "GET /good.php/shopdetail/3134243137.html HTTP/1.1" 200 0 "-" "meta-externalagent/1.1 (+https://developers.facebook.com/docs/sharing/webmasters/crawler)"
51.222.253.15 - - [26/Apr/2025:10:39:58 -0400] "GET /good.php/shopdetail/27908763137.html HTTP/1.1" 200 0 "-" "Mozilla/5.0 (compatible; AhrefsBot/7.0; +http://ahrefs.com/robot/)"
52.167.144.190 - - [26/Apr/2025:10:39:58 -0400] "GET /?s=procase+tastiera+connessione+pin HTTP/1.1" 200 13598 "-" "Mozilla/5.0 AppleWebKit/537.36 (KHTML, like Gecko; compatible; bingbot/2.0; +http://www.bing.com/bingbot.htm) Chrome/116.0.1938.76 Safari/537.36"
52.167.144.190 - - [26/Apr/2025:10:40:00 -0400] "GET /smartphones-smart-watch-2i86w HTTP/1.1" 404 9386 "-" "Mozilla/5.0 AppleWebKit/537.36 (KHTML, like Gecko; compatible; bingbot/2.0; +http://www.bing.com/bingbot.htm) Chrome/116.0.1938.76 Safari/537.36"
66.249.74.101 - - [26/Apr/2025:10:40:04 -0400] "GET /store.php?New-Brunswick_Add-to-cart/wagi777-is-legit-or-not HTTP/1.1" 200 181 "-" "Mozilla/5.0 (Linux; Android 6.0.1; Nexus 5X Build/MMB29P) AppleWebKit/537.36 (KHTML, like Gecko) Chrome/135.0.7049.95 Mobile Safari/537.36 (compatible; GoogleOther)"
2a03:2880:f800:3:: - - [26/Apr/2025:10:40:06 -0400] "GET /good.php/shopdetail/12918773137.html HTTP/1.1" 200 0 "-" "meta-externalagent/1.1 (+https://developers.facebook.com/docs/sharing/webmasters/crawler)"
2a03:2880:f800:19:: - - [26/Apr/2025:10:40:06 -0400] "GET /good.php/shopdetail/12708703137.html HTTP/1.1" 200 0 "-" "meta-externalagent/1.1 (+https://developers.facebook.com/docs/sharing/webmasters/crawler)"
2a03:2880:f800:1d:: - - [26/Apr/2025:10:40:07 -0400] "GET /good.php/shopdetail/7307403137.html HTTP/1.1" 200 0 "-" "meta-externalagent/1.1 (+https://developers.facebook.com/docs/sharing/webmasters/crawler)"
2a03:2880:f800:c:: - - [26/Apr/2025:10:40:13 -0400] "GET /good.php/shopdetail/19011693137.html HTTP/1.1" 200 0 "-" "meta-externalagent/1.1 (+https://developers.facebook.com/docs/sharing/webmasters/crawler)"
51.222.253.18 - - [26/Apr/2025:10:40:18 -0400] "GET /good.php/shopdetail/27943613137.html HTTP/1.1" 200 0 "-" "Mozilla/5.0 (compatible; AhrefsBot/7.0; +http://ahrefs.com/robot/)"
2a03:2880:f800:8:: - - [26/Apr/2025:10:40:19 -0400] "GET /good.php/shopdetail/5233023137.html HTTP/1.1" 200 0 "-" "meta-externalagent/1.1 (+https://developers.facebook.com/docs/sharing/webmasters/crawler)"
162.0.215.210 - - [26/Apr/2025:10:40:20 -0400] "POST /wp-cron.php?doing_wp_cron=1745678419.3543539047241210937500 HTTP/1.1" 200 0 "-" "WordPress/6.8; https://oiltrain.org"
66.249.74.99 - - [26/Apr/2025:10:40:18 -0400] "GET /store.php-Durham_Add-to-cart/free-welcome-bonus-no-deposit HTTP/1.1" 404 9386 "-" "Mozilla/5.0 (Linux; Android 6.0.1; Nexus 5X Build/MMB29P) AppleWebKit/537.36 (KHTML, like Gecko) Chrome/135.0.7049.95 Mobile Safari/537.36 (compatible; GoogleOther)"
162.0.215.210 - - [26/Apr/2025:10:40:21 -0400] "POST /wp-admin/admin-ajax.php?action=async_litespeed&nonce=xChFCVMgWDTddqVEUqJ2xNJU0mXYGg9G&litespeed_type=imgoptm HTTP/1.1" 200 5 "-" "WordPress/6.8; https://oiltrain.org"
66.249.74.99 - - [26/Apr/2025:10:40:22 -0400] "GET /pcmypage HTTP/1.1" 404 9386 "-" "Mozilla/5.0 (Linux; Android 6.0.1; Nexus 5X Build/MMB29P) AppleWebKit/537.36 (KHTML, like Gecko) Chrome/135.0.7049.95 Mobile Safari/537.36 (compatible; Googlebot/2.1; +http://www.google.com/bot.html)"
2a03:2880:f800:18:: - - [26/Apr/2025:10:40:25 -0400] "GET /good.php/shopdetail/12956963137.html HTTP/1.1" 200 0 "-" "meta-externalagent/1.1 (+https://developers.facebook.com/docs/sharing/webmasters/crawler)"
51.222.253.9 - - [26/Apr/2025:10:40:25 -0400] "GET /good.php/shopdetail/27961603137.html HTTP/1.1" 200 0 "-" "Mozilla/5.0 (compatible; AhrefsBot/7.0; +http://ahrefs.com/robot/)"
2a03:2880:f800:5:: - - [26/Apr/2025:10:40:27 -0400] "GET /good.php/shopdetail/20594983137.html HTTP/1.1" 200 0 "-" "meta-externalagent/1.1 (+https://developers.facebook.com/docs/sharing/webmasters/crawler)"
66.249.74.100 - - [26/Apr/2025:10:40:31 -0400] "GET /store.php?San-Antonio_Add-to-cart/jpwinner-review-lucky HTTP/1.1" 200 181 "-" "Mozilla/5.0 (Linux; Android 6.0.1; Nexus 5X Build/MMB29P) AppleWebKit/537.36 (KHTML, like Gecko) Chrome/135.0.7049.95 Mobile Safari/537.36 (compatible; GoogleOther)"
2a03:2880:f800:19:: - - [26/Apr/2025:10:40:42 -0400] "GET /good.php/shopdetail/39126263137.html HTTP/1.1" 200 0 "-" "meta-externalagent/1.1 (+https://developers.facebook.com/docs/sharing/webmasters/crawler)"
66.249.74.100 - - [26/Apr/2025:10:40:42 -0400] "GET /store.php?Naperville/Betkubi-lottery-games HTTP/1.1" 200 181 "-" "Mozilla/5.0 (Linux; Android 6.0.1; Nexus 5X Build/MMB29P) AppleWebKit/537.36 (KHTML, like Gecko) Chrome/135.0.7049.95 Mobile Safari/537.36 (compatible; GoogleOther)"
51.222.253.7 - - [26/Apr/2025:10:40:45 -0400] "GET /good.php/shopdetail/27968223137.html HTTP/1.1" 200 0 "-" "Mozilla/5.0 (compatible; AhrefsBot/7.0; +http://ahrefs.com/robot/)"
2a03:2880:f800:14:: - - [26/Apr/2025:10:40:46 -0400] "GET /good.php/shopdetail/10457813137.html HTTP/1.1" 200 0 "-" "meta-externalagent/1.1 (+https://developers.facebook.com/docs/sharing/webmasters/crawler)"
52.167.144.183 - - [26/Apr/2025:10:40:45 -0400] "GET /?s=miakalifa+sex+video HTTP/1.1" 200 13567 "-" "Mozilla/5.0 AppleWebKit/537.36 (KHTML, like Gecko; compatible; bingbot/2.0; +http://www.bing.com/bingbot.htm) Chrome/116.0.1938.76 Safari/537.36"
2a03:2880:f800:18:: - - [26/Apr/2025:10:40:49 -0400] "GET /good.php/shopdetail/1123973137.html HTTP/1.1" 200 0 "-" "meta-externalagent/1.1 (+https://developers.facebook.com/docs/sharing/webmasters/crawler)"
51.222.253.16 - - [26/Apr/2025:10:40:53 -0400] "GET /good.php/shopdetail/28070023137.html HTTP/1.1" 200 0 "-" "Mozilla/5.0 (compatible; AhrefsBot/7.0; +http://ahrefs.com/robot/)"
66.249.74.100 - - [26/Apr/2025:10:40:53 -0400] "GET /store.php?Shopping-cart/g7bet%20lottery%20games HTTP/1.1" 200 181 "-" "Mozilla/5.0 (Linux; Android 6.0.1; Nexus 5X Build/MMB29P) AppleWebKit/537.36 (KHTML, like Gecko) Chrome/135.0.7049.95 Mobile Safari/537.36 (compatible; GoogleOther)"
66.249.74.102 - - [26/Apr/2025:10:41:07 -0400] "GET /store.php?Thomasville/wjevo-betgame-legit HTTP/1.1" 200 181 "-" "Mozilla/5.0 (Linux; Android 6.0.1; Nexus 5X Build/MMB29P) AppleWebKit/537.36 (KHTML, like Gecko) Chrome/135.0.7049.95 Mobile Safari/537.36 (compatible; GoogleOther)"
51.222.253.11 - - [26/Apr/2025:10:41:10 -0400] "GET /good.php/shopdetail/28082443137.html HTTP/1.1" 200 0 "-" "Mozilla/5.0 (compatible; AhrefsBot/7.0; +http://ahrefs.com/robot/)"
40.77.167.255 - - [26/Apr/2025:10:41:13 -0400] "GET /furniture-kotatsu-11f0v HTTP/1.1" 404 9386 "-" "Mozilla/5.0 AppleWebKit/537.36 (KHTML, like Gecko; compatible; bingbot/2.0; +http://www.bing.com/bingbot.htm) Chrome/116.0.1938.76 Safari/537.36"
66.249.74.100 - - [26/Apr/2025:10:41:16 -0400] "GET /store.php?North-Platte_Add-to-cart/gala-bingo HTTP/1.1" 200 181 "-" "Mozilla/5.0 (Linux; Android 6.0.1; Nexus 5X Build/MMB29P) AppleWebKit/537.36 (KHTML, like Gecko) Chrome/135.0.7049.95 Mobile Safari/537.36 (compatible; GoogleOther)"
51.222.253.6 - - [26/Apr/2025:10:41:22 -0400] "GET /good.php/shopdetail/28166513137.html HTTP/1.1" 200 0 "-" "Mozilla/5.0 (compatible; AhrefsBot/7.0; +http://ahrefs.com/robot/)"
2a03:2880:f800:5:: - - [26/Apr/2025:10:41:28 -0400] "GET /good.php/shopdetail/21428123137.html HTTP/1.1" 200 0 "-" "meta-externalagent/1.1 (+https://developers.facebook.com/docs/sharing/webmasters/crawler)"
66.249.74.100 - - [26/Apr/2025:10:41:28 -0400] "GET /store.php?Wichita/9s-app-legit-or-not HTTP/1.1" 200 181 "-" "Mozilla/5.0 (Linux; Android 6.0.1; Nexus 5X Build/MMB29P) AppleWebKit/537.36 (KHTML, like Gecko) Chrome/135.0.7049.95 Mobile Safari/537.36 (compatible; GoogleOther)"
2a03:2880:f800:6:: - - [26/Apr/2025:10:41:29 -0400] "GET /good.php/shopdetail/23960093137.html HTTP/1.1" 200 0 "-" "meta-externalagent/1.1 (+https://developers.facebook.com/docs/sharing/webmasters/crawler)"
52.167.144.190 - - [26/Apr/2025:10:41:30 -0400] "GET /interior-floor-stands-1xhru HTTP/1.1" 404 9388 "-" "Mozilla/5.0 AppleWebKit/537.36 (KHTML, like Gecko; compatible; bingbot/2.0; +http://www.bing.com/bingbot.htm) Chrome/116.0.1938.76 Safari/537.36"
51.222.253.10 - - [26/Apr/2025:10:41:35 -0400] "GET /good.php/shopdetail/2823643137.html HTTP/1.1" 200 0 "-" "Mozilla/5.0 (compatible; AhrefsBot/7.0; +http://ahrefs.com/robot/)"
52.167.144.183 - - [26/Apr/2025:10:41:36 -0400] "GET /?s=%D0%BF%D0%BE%D0%B3%D0%BE%D0%B4%D0%B0+%D0%B2+%D1%82%D1%8E%D0%BC%D0%B5%D0%BD%D0%B8+%D0%BD%D0%B0+%D0%BC%D0%B0%D0%B9+2025 HTTP/1.1" 200 13626 "-" "Mozilla/5.0 AppleWebKit/537.36 (KHTML, like Gecko; compatible; bingbot/2.0; +http://www.bing.com/bingbot.htm) Chrome/116.0.1938.76 Safari/537.36"
66.249.74.100 - - [26/Apr/2025:10:41:39 -0400] "GET /store.php?Bellingham/playhub-plus-online HTTP/1.1" 200 181 "-" "Mozilla/5.0 (Linux; Android 6.0.1; Nexus 5X Build/MMB29P) AppleWebKit/537.36 (KHTML, like Gecko) Chrome/135.0.7049.95 Mobile Safari/537.36 (compatible; GoogleOther)"
71.131.231.117 - - [26/Apr/2025:10:41:40 -0400] "GET / HTTP/1.1" 200 25414 "-" "Mozilla/5.0 (Linux; Android 10; HD1900 Build/QKQ1.190716.003; wv) AppleWebKit/537.36 (KHTML, like Gecko) Version/4.0 Chrome/75.0.3770.156 Mobile Safari/537.36 aweme_230400 JsSdk/1.0 NetType/WIFI AppName/aweme app_version/23.4.0 ByteLocale/zh-CN Region/CN AppSkin/white AppTheme/light BytedanceWebview/d8a21c6 WebView/075113004008"
162.0.215.210 - - [26/Apr/2025:10:41:46 -0400] "POST /wp-cron.php?doing_wp_cron=1745678506.1575200557708740234375 HTTP/1.1" 200 0 "-" "WordPress/6.8; https://oiltrain.org"
52.167.144.190 - - [26/Apr/2025:10:41:45 -0400] "GET /motorcycles-parts-uefq HTTP/1.1" 404 9386 "-" "Mozilla/5.0 AppleWebKit/537.36 (KHTML, like Gecko; compatible; bingbot/2.0; +http://www.bing.com/bingbot.htm) Chrome/116.0.1938.76 Safari/537.36"
162.0.215.210 - - [26/Apr/2025:10:41:46 -0400] "POST /wp-admin/admin-ajax.php?action=async_litespeed&nonce=TpRChHzebiyotUh0eygd4ql0oakwGIau&litespeed_type=imgoptm HTTP/1.1" 200 5 "-" "WordPress/6.8; https://oiltrain.org"
37.156.147.221 - - [26/Apr/2025:10:41:46 -0400] "POST /wp-login.php HTTP/1.1" 200 2064 "https://oiltrain.org" "Mozilla/5.0 (Windows NT 10.0; Win64; x64; rv:128.0) Gecko/20100101 Firefox/128.0"
66.249.74.100 - - [26/Apr/2025:10:41:49 -0400] "GET /store.php?FAQs/taiwan%20lottery%20sports HTTP/1.1" 200 181 "-" "Mozilla/5.0 (Linux; Android 6.0.1; Nexus 5X Build/MMB29P) AppleWebKit/537.36 (KHTML, like Gecko) Chrome/135.0.7049.95 Mobile Safari/537.36 (compatible; GoogleOther)"
51.222.253.17 - - [26/Apr/2025:10:41:54 -0400] "GET /good.php/shopdetail/28272183137.html HTTP/1.1" 200 0 "-" "Mozilla/5.0 (compatible; AhrefsBot/7.0; +http://ahrefs.com/robot/)"
2a03:2880:f800:f:: - - [26/Apr/2025:10:41:54 -0400] "GET /good.php/shopdetail/6962503137.html HTTP/1.1" 200 0 "-" "meta-externalagent/1.1 (+https://developers.facebook.com/docs/sharing/webmasters/crawler)"
66.249.74.100 - - [26/Apr/2025:10:41:58 -0400] "GET /store.php?Sacramento/slots777-dice-game-review HTTP/1.1" 200 181 "-" "Mozilla/5.0 (Linux; Android 6.0.1; Nexus 5X Build/MMB29P) AppleWebKit/537.36 (KHTML, like Gecko) Chrome/135.0.7049.95 Mobile Safari/537.36 (compatible; GoogleOther)"
51.222.253.13 - - [26/Apr/2025:10:42:02 -0400] "GET /good.php/shopdetail/28314203137.html HTTP/1.1" 200 0 "-" "Mozilla/5.0 (compatible; AhrefsBot/7.0; +http://ahrefs.com/robot/)"
2a03:2880:f800:8:: - - [26/Apr/2025:10:42:06 -0400] "GET /good.php/shopdetail/37268463137.html HTTP/1.1" 200 0 "-" "meta-externalagent/1.1 (+https://developers.facebook.com/docs/sharing/webmasters/crawler)"
66.249.74.102 - - [26/Apr/2025:10:42:07 -0400] "GET /store.php?Uniontown/bihar-lottery HTTP/1.1" 200 181 "-" "Mozilla/5.0 (Linux; Android 6.0.1; Nexus 5X Build/MMB29P) AppleWebKit/537.36 (KHTML, like Gecko) Chrome/135.0.7049.95 Mobile Safari/537.36 (compatible; GoogleOther)"
2a03:2880:f800:1d:: - - [26/Apr/2025:10:42:10 -0400] "GET /good.php/shopdetail/12754663137.html HTTP/1.1" 200 0 "-" "meta-externalagent/1.1 (+https://developers.facebook.com/docs/sharing/webmasters/crawler)"
2a03:2880:f800:11:: - - [26/Apr/2025:10:42:14 -0400] "GET /good.php/shopdetail/13283223137.html HTTP/1.1" 200 0 "-" "meta-externalagent/1.1 (+https://developers.facebook.com/docs/sharing/webmasters/crawler)"
66.249.74.101 - - [26/Apr/2025:10:42:15 -0400] "GET /store.php?Lincoln/skyrim-iron-mines HTTP/1.1" 200 181 "-" "Mozilla/5.0 (Linux; Android 6.0.1; Nexus 5X Build/MMB29P) AppleWebKit/537.36 (KHTML, like Gecko) Chrome/135.0.7049.95 Mobile Safari/537.36 (compatible; GoogleOther)"
2a03:2880:f800:1c:: - - [26/Apr/2025:10:42:19 -0400] "GET /good.php/shopdetail/38560433137.html HTTP/1.1" 200 0 "-" "meta-externalagent/1.1 (+https://developers.facebook.com/docs/sharing/webmasters/crawler)"
51.222.253.14 - - [26/Apr/2025:10:42:20 -0400] "GET /good.php/shopdetail/28354903137.html HTTP/1.1" 200 0 "-" "Mozilla/5.0 (compatible; AhrefsBot/7.0; +http://ahrefs.com/robot/)"
2a03:2880:f800:17:: - - [26/Apr/2025:10:42:20 -0400] "GET /good.php/shopdetail/19519443137.html HTTP/1.1" 200 0 "-" "meta-externalagent/1.1 (+https://developers.facebook.com/docs/sharing/webmasters/crawler)"
2a03:2880:f800:11:: - - [26/Apr/2025:10:42:21 -0400] "GET /good.php/shopdetail/35427173137.html HTTP/1.1" 200 0 "-" "meta-externalagent/1.1 (+https://developers.facebook.com/docs/sharing/webmasters/crawler)"
162.0.215.210 - - [26/Apr/2025:10:42:24 -0400] "POST /wp-cron.php?doing_wp_cron=1745678544.7121949195861816406250 HTTP/1.1" 200 0 "-" "WordPress/6.8; https://oiltrain.org"
52.167.144.183 - - [26/Apr/2025:10:42:24 -0400] "GET /?s=t%C3%A0u+h%E1%BB%A7+c%C3%B3c HTTP/1.1" 200 13582 "-" "Mozilla/5.0 AppleWebKit/537.36 (KHTML, like Gecko; compatible; bingbot/2.0; +http://www.bing.com/bingbot.htm) Chrome/116.0.1938.76 Safari/537.36"
162.0.215.210 - - [26/Apr/2025:10:42:25 -0400] "POST /wp-admin/admin-ajax.php?action=async_litespeed&nonce=2Kus3X2jK5kwOzlUZY2lxeqewVpq7N01&litespeed_type=imgoptm HTTP/1.1" 200 5 "-" "WordPress/6.8; https://oiltrain.org"
52.167.144.185 - - [26/Apr/2025:10:42:25 -0400] "GET /smartphones-ipads-3vag HTTP/1.1" 404 9386 "-" "Mozilla/5.0 AppleWebKit/537.36 (KHTML, like Gecko; compatible; bingbot/2.0; +http://www.bing.com/bingbot.htm) Chrome/116.0.1938.76 Safari/537.36"
66.249.74.100 - - [26/Apr/2025:10:42:26 -0400] "GET /store.php?North-Hollywood/phdream33 HTTP/1.1" 200 181 "-" "Mozilla/5.0 (Linux; Android 6.0.1; Nexus 5X Build/MMB29P) AppleWebKit/537.36 (KHTML, like Gecko) Chrome/135.0.7049.95 Mobile Safari/537.36 (compatible; GoogleOther)"
52.167.144.185 - - [26/Apr/2025:10:42:27 -0400] "GET /tools-trolleys-sxkj HTTP/1.1" 404 9388 "-" "Mozilla/5.0 AppleWebKit/537.36 (KHTML, like Gecko; compatible; bingbot/2.0; +http://www.bing.com/bingbot.htm) Chrome/116.0.1938.76 Safari/537.36"
40.77.167.255 - - [26/Apr/2025:10:42:27 -0400] "GET /toys-others-xwcb HTTP/1.1" 404 9386 "-" "Mozilla/5.0 AppleWebKit/537.36 (KHTML, like Gecko; compatible; bingbot/2.0; +http://www.bing.com/bingbot.htm) Chrome/116.0.1938.76 Safari/537.36"
2a03:2880:f800:d:: - - [26/Apr/2025:10:42:30 -0400] "GET /good.php/shopdetail/1242663137.html HTTP/1.1" 200 0 "-" "meta-externalagent/1.1 (+https://developers.facebook.com/docs/sharing/webmasters/crawler)"
66.249.74.100 - - [26/Apr/2025:10:42:33 -0400] "GET /store.php?West-Palm-Beach_Add-to-cart/hot646-betgame-777 HTTP/1.1" 200 181 "-" "Mozilla/5.0 (Linux; Android 6.0.1; Nexus 5X Build/MMB29P) AppleWebKit/537.36 (KHTML, like Gecko) Chrome/135.0.7049.95 Mobile Safari/537.36 (compatible; GoogleOther)"
20.171.207.6 - - [26/Apr/2025:10:42:35 -0400] "GET /store.php?Scottsdale/mobile-bet-365 HTTP/1.1" 404 110 "-" "Mozilla/5.0 AppleWebKit/537.36 (KHTML, like Gecko; compatible; GPTBot/1.2; +https://openai.com/gptbot)"
66.249.74.100 - - [26/Apr/2025:10:42:39 -0400] "GET /store.php?Goodland/download-sg777-download HTTP/1.1" 200 181 "-" "Mozilla/5.0 (Linux; Android 6.0.1; Nexus 5X Build/MMB29P) AppleWebKit/537.36 (KHTML, like Gecko) Chrome/135.0.7049.95 Mobile Safari/537.36 (compatible; GoogleOther)"
2a03:2880:f800:8:: - - [26/Apr/2025:10:42:40 -0400] "GET /good.php/shopdetail/13777963137.html HTTP/1.1" 200 0 "-" "meta-externalagent/1.1 (+https://developers.facebook.com/docs/sharing/webmasters/crawler)"
