66.249.74.100 - - [26/Apr/2025:11:24:43 -0400] "GET /store.php?Sebastian/fjili.com-legit-register HTTP/1.1" 200 181 "-" "Mozilla/5.0 (Linux; Android 6.0.1; Nexus 5X Build/MMB29P) AppleWebKit/537.36 (KHTML, like Gecko) Chrome/135.0.7049.95 Mobile Safari/537.36 (compatible; GoogleOther)"
51.222.253.12 - - [26/Apr/2025:11:24:47 -0400] "GET /good.php/shopdetail/1868033137.html HTTP/1.1" 200 0 "-" "Mozilla/5.0 (compatible; AhrefsBot/7.0; +http://ahrefs.com/robot/)"
2a03:2880:f800:18:: - - [26/Apr/2025:11:24:47 -0400] "GET /good.php/shopdetail/24908123137.html HTTP/1.1" 200 0 "-" "meta-externalagent/1.1 (+https://developers.facebook.com/docs/sharing/webmasters/crawler)"
2a03:2880:f800:6:: - - [26/Apr/2025:11:24:48 -0400] "GET /good.php/shopdetail/38750103137.html HTTP/1.1" 200 0 "-" "meta-externalagent/1.1 (+https://developers.facebook.com/docs/sharing/webmasters/crawler)"
2a03:2880:f800:9:: - - [26/Apr/2025:11:24:53 -0400] "GET /good.php/shopdetail/39704603137.html HTTP/1.1" 200 0 "-" "meta-externalagent/1.1 (+https://developers.facebook.com/docs/sharing/webmasters/crawler)"
2a03:2880:f800:10:: - - [26/Apr/2025:11:24:54 -0400] "GET /good.php/shopdetail/30914363137.html HTTP/1.1" 200 0 "-" "meta-externalagent/1.1 (+https://developers.facebook.com/docs/sharing/webmasters/crawler)"
162.0.215.210 - - [26/Apr/2025:11:24:59 -0400] "POST /wp-cron.php?doing_wp_cron=1745681099.3900609016418457031250 HTTP/1.1" 200 0 "-" "WordPress/6.8; https://oiltrain.org"
52.167.144.220 - - [26/Apr/2025:11:24:58 -0400] "GET /?s=%D0%BF%D0%BE%D0%B3%D0%BE%D0%B4%D0%B0+%D1%82%D0%BE%D0%BA%D0%B0%D1%80%D0%B5%D0%B2%D0%BA%D0%B0+%D1%82%D0%B0%D0%BC%D0%B1%D0%BE%D0%B2%D1%81%D0%BA%D0%B0%D1%8F+%D0%BE%D0%B1%D0%BB%D0%B0%D1%81%D1%82%D1%8C+%D0%BD%D0%B0+14+%D0%B4%D0%BD%D0%B5%D0%B9 HTTP/1.1" 200 13745 "-" "Mozilla/5.0 AppleWebKit/537.36 (KHTML, like Gecko; compatible; bingbot/2.0; +http://www.bing.com/bingbot.htm) Chrome/116.0.1938.76 Safari/537.36"
2a03:2880:f800:16:: - - [26/Apr/2025:11:25:00 -0400] "GET /good.php/shopdetail/19400523137.html HTTP/1.1" 200 0 "-" "meta-externalagent/1.1 (+https://developers.facebook.com/docs/sharing/webmasters/crawler)"
162.0.215.210 - - [26/Apr/2025:11:25:00 -0400] "POST /wp-admin/admin-ajax.php?action=async_litespeed&nonce=rlFxOYuDUbbQHPVSLBR7fN2WKHImm3f1&litespeed_type=imgoptm HTTP/1.1" 200 5 "-" "WordPress/6.8; https://oiltrain.org"
2a03:2880:f800:16:: - - [26/Apr/2025:11:25:01 -0400] "GET /good.php/shopdetail/5246273137.html HTTP/1.1" 200 0 "-" "meta-externalagent/1.1 (+https://developers.facebook.com/docs/sharing/webmasters/crawler)"
51.222.253.10 - - [26/Apr/2025:11:25:04 -0400] "GET /good.php/shopdetail/18757153137.html HTTP/1.1" 200 0 "-" "Mozilla/5.0 (compatible; AhrefsBot/7.0; +http://ahrefs.com/robot/)"
66.249.74.100 - - [26/Apr/2025:11:25:04 -0400] "GET /store.php?Bowling-Green/latest-crazy-time HTTP/1.1" 200 181 "-" "Mozilla/5.0 (Linux; Android 6.0.1; Nexus 5X Build/MMB29P) AppleWebKit/537.36 (KHTML, like Gecko) Chrome/135.0.7049.95 Mobile Safari/537.36 (compatible; GoogleOther)"
2a03:2880:f800:a:: - - [26/Apr/2025:11:25:07 -0400] "GET /good.php/shopdetail/4277803137.html HTTP/1.1" 200 0 "-" "meta-externalagent/1.1 (+https://developers.facebook.com/docs/sharing/webmasters/crawler)"
66.249.74.101 - - [26/Apr/2025:11:25:08 -0400] "GET /store.php?What-We-Do/primebet%20bingo%20bingo%20card HTTP/1.1" 200 181 "-" "Mozilla/5.0 (Linux; Android 6.0.1; Nexus 5X Build/MMB29P) AppleWebKit/537.36 (KHTML, like Gecko) Chrome/135.0.7049.95 Mobile Safari/537.36 (compatible; GoogleOther)"
2a03:2880:f800:4:: - - [26/Apr/2025:11:25:11 -0400] "GET /good.php/shopdetail/15242963137.html HTTP/1.1" 200 0 "-" "meta-externalagent/1.1 (+https://developers.facebook.com/docs/sharing/webmasters/crawler)"
2a03:2880:f800:19:: - - [26/Apr/2025:11:25:13 -0400] "GET /good.php/shopdetail/2134883137.html HTTP/1.1" 200 0 "-" "meta-externalagent/1.1 (+https://developers.facebook.com/docs/sharing/webmasters/crawler)"
66.249.74.101 - - [26/Apr/2025:11:25:15 -0400] "GET /store.php?Morehead/sugarplay-big-betting-sites HTTP/1.1" 200 181 "-" "Mozilla/5.0 (Linux; Android 6.0.1; Nexus 5X Build/MMB29P) AppleWebKit/537.36 (KHTML, like Gecko) Chrome/135.0.7049.95 Mobile Safari/537.36 (compatible; GoogleOther)"
2a03:2880:f800:10:: - - [26/Apr/2025:11:25:21 -0400] "GET /good.php/shopdetail/39782583137.html HTTP/1.1" 200 0 "-" "meta-externalagent/1.1 (+https://developers.facebook.com/docs/sharing/webmasters/crawler)"
51.222.253.19 - - [26/Apr/2025:11:25:22 -0400] "GET /good.php/shopdetail/18994683137.html HTTP/1.1" 200 0 "-" "Mozilla/5.0 (compatible; AhrefsBot/7.0; +http://ahrefs.com/robot/)"
2a03:2880:f800:13:: - - [26/Apr/2025:11:25:25 -0400] "GET /good.php/shopdetail/2542743137.html HTTP/1.1" 200 0 "-" "meta-externalagent/1.1 (+https://developers.facebook.com/docs/sharing/webmasters/crawler)"
52.167.144.220 - - [26/Apr/2025:11:25:28 -0400] "GET /tablets-built-in-ssd-1697r HTTP/1.1" 404 9387 "-" "Mozilla/5.0 AppleWebKit/537.36 (KHTML, like Gecko; compatible; bingbot/2.0; +http://www.bing.com/bingbot.htm) Chrome/116.0.1938.76 Safari/537.36"
66.249.74.100 - - [26/Apr/2025:11:25:29 -0400] "GET /store.php?Manchester/primebet HTTP/1.1" 200 181 "-" "Mozilla/5.0 (Linux; Android 6.0.1; Nexus 5X Build/MMB29P) AppleWebKit/537.36 (KHTML, like Gecko) Chrome/135.0.7049.95 Mobile Safari/537.36 (compatible; GoogleOther)"
52.167.144.169 - - [26/Apr/2025:11:25:29 -0400] "GET /hobbies-japanese-instruments-dh92 HTTP/1.1" 404 9386 "-" "Mozilla/5.0 AppleWebKit/537.36 (KHTML, like Gecko; compatible; bingbot/2.0; +http://www.bing.com/bingbot.htm) Chrome/116.0.1938.76 Safari/537.36"
2001:4860:7:22c::ff - - [26/Apr/2025:11:25:32 -0400] "GET /store.php?cart/dirtyship HTTP/1.1" 200 181 "https://www.google.com/" "Mozilla/5.0 (Linux; Android 10; K) AppleWebKit/537.36 (KHTML, like Gecko) Chrome/135.0.0.0 Mobile Safari/537.36"
2a03:2880:f800:c:: - - [26/Apr/2025:11:25:32 -0400] "GET /good.php/shopdetail/3206313137.html HTTP/1.1" 200 0 "-" "meta-externalagent/1.1 (+https://developers.facebook.com/docs/sharing/webmasters/crawler)"
66.249.74.100 - - [26/Apr/2025:11:25:32 -0400] "GET /store.php?like/top-universities-philippines HTTP/1.1" 200 181 "-" "Mozilla/5.0 (Linux; Android 6.0.1; Nexus 5X Build/MMB29P) AppleWebKit/537.36 (KHTML, like Gecko) Chrome/135.0.7049.95 Mobile Safari/537.36 (compatible; GoogleOther)"
51.222.253.11 - - [26/Apr/2025:11:25:35 -0400] "GET /good.php/shopdetail/19220183137.html HTTP/1.1" 200 0 "-" "Mozilla/5.0 (compatible; AhrefsBot/7.0; +http://ahrefs.com/robot/)"
66.249.74.100 - - [26/Apr/2025:11:25:40 -0400] "GET /store.php?Manchester/c9taya-legit-jili HTTP/1.1" 200 181 "-" "Mozilla/5.0 (Linux; Android 6.0.1; Nexus 5X Build/MMB29P) AppleWebKit/537.36 (KHTML, like Gecko) Chrome/135.0.7049.95 Mobile Safari/537.36 (compatible; GoogleOther)"
20.171.207.6 - - [26/Apr/2025:11:25:41 -0400] "GET /store.php?Homepage/csc HTTP/1.1" 404 110 "-" "Mozilla/5.0 AppleWebKit/537.36 (KHTML, like Gecko; compatible; GPTBot/1.2; +https://openai.com/gptbot)"
66.249.74.100 - - [26/Apr/2025:11:25:47 -0400] "GET /store.php?Worcester/pwin777-jackpot-lucky HTTP/1.1" 200 181 "-" "Mozilla/5.0 (Linux; Android 6.0.1; Nexus 5X Build/MMB29P) AppleWebKit/537.36 (KHTML, like Gecko) Chrome/135.0.7049.95 Mobile Safari/537.36 (compatible; GoogleOther)"
2a03:2880:f800:e:: - - [26/Apr/2025:11:25:48 -0400] "GET /good.php/shopdetail/9078953137.html HTTP/1.1" 200 0 "-" "meta-externalagent/1.1 (+https://developers.facebook.com/docs/sharing/webmasters/crawler)"
51.222.253.6 - - [26/Apr/2025:11:25:49 -0400] "GET /good.php/shopdetail/19609513137.html HTTP/1.1" 200 0 "-" "Mozilla/5.0 (compatible; AhrefsBot/7.0; +http://ahrefs.com/robot/)"
2a03:2880:f800:15:: - - [26/Apr/2025:11:25:50 -0400] "GET /good.php/shopdetail/3841363137.html HTTP/1.1" 200 0 "-" "meta-externalagent/1.1 (+https://developers.facebook.com/docs/sharing/webmasters/crawler)"
162.0.215.210 - - [26/Apr/2025:11:25:52 -0400] "POST /wp-cron.php?doing_wp_cron=1745681152.2696919441223144531250 HTTP/1.1" 200 0 "-" "WordPress/6.8; https://oiltrain.org"
133.242.131.226 - - [26/Apr/2025:11:25:51 -0400] "POST /wp-login.php HTTP/1.1" 200 2064 "https://oiltrain.org" "Mozilla/5.0 (Macintosh; Intel Mac OS X 10_15_7; rv:125.0.1) Gecko/20100101 Firefox/125.0.1"
2a03:2880:f800:8:: - - [26/Apr/2025:11:25:56 -0400] "GET /good.php/shopdetail/26525553137.html HTTP/1.1" 200 0 "-" "meta-externalagent/1.1 (+https://developers.facebook.com/docs/sharing/webmasters/crawler)"
2a03:2880:f800:b:: - - [26/Apr/2025:11:26:00 -0400] "GET /good.php/shopdetail/17076813137.html HTTP/1.1" 200 0 "-" "meta-externalagent/1.1 (+https://developers.facebook.com/docs/sharing/webmasters/crawler)"
2a03:2880:f800:16:: - - [26/Apr/2025:11:26:00 -0400] "GET /good.php/shopdetail/28260213137.html HTTP/1.1" 200 0 "-" "meta-externalagent/1.1 (+https://developers.facebook.com/docs/sharing/webmasters/crawler)"
2a03:2880:f800:18:: - - [26/Apr/2025:11:26:01 -0400] "GET /good.php/shopdetail/33184593137.html HTTP/1.1" 200 0 "-" "meta-externalagent/1.1 (+https://developers.facebook.com/docs/sharing/webmasters/crawler)"
2a03:2880:f800:1b:: - - [26/Apr/2025:11:26:02 -0400] "GET /good.php/shopdetail/27343413137.html HTTP/1.1" 200 0 "-" "meta-externalagent/1.1 (+https://developers.facebook.com/docs/sharing/webmasters/crawler)"
51.222.253.11 - - [26/Apr/2025:11:26:07 -0400] "GET /good.php/shopdetail/19610673137.html HTTP/1.1" 200 0 "-" "Mozilla/5.0 (compatible; AhrefsBot/7.0; +http://ahrefs.com/robot/)"
66.249.74.98 - - [26/Apr/2025:11:26:08 -0400] "GET /store.php?Omaha/kamusta-in-thailand HTTP/1.1" 200 181 "-" "Mozilla/5.0 (Linux; Android 6.0.1; Nexus 5X Build/MMB29P) AppleWebKit/537.36 (KHTML, like Gecko) Chrome/135.0.7049.95 Mobile Safari/537.36 (compatible; GoogleOther)"
66.249.74.98 - - [26/Apr/2025:11:26:11 -0400] "GET /store.php?Jacksonville_Add-to-cart/luxebet77 HTTP/1.1" 200 181 "-" "Mozilla/5.0 (Linux; Android 6.0.1; Nexus 5X Build/MMB29P) AppleWebKit/537.36 (KHTML, like Gecko) Chrome/135.0.7049.95 Mobile Safari/537.36 (compatible; GoogleOther)"
66.249.74.98 - - [26/Apr/2025:11:26:15 -0400] "GET /store.php?Victoria/fbjili-review-register HTTP/1.1" 200 181 "-" "Mozilla/5.0 (Linux; Android 6.0.1; Nexus 5X Build/MMB29P) AppleWebKit/537.36 (KHTML, like Gecko) Chrome/135.0.7049.95 Mobile Safari/537.36 (compatible; GoogleOther)"
162.0.215.210 - - [26/Apr/2025:11:26:18 -0400] "POST /wp-cron.php?doing_wp_cron=1745681178.0882749557495117187500 HTTP/1.1" 200 0 "-" "WordPress/6.8; https://oiltrain.org"
52.167.144.220 - - [26/Apr/2025:11:26:17 -0400] "GET /?s=%E0%B8%AA%E0%B8%B1%E0%B8%8D%E0%B8%8D%E0%B8%B2%E0%B8%81%E0%B8%B9%E0%B9%89%E0%B8%9B%E0%B8%A5%E0%B8%AD%E0%B8%A1+%E0%B8%9A%E0%B8%B1%E0%B8%95%E0%B8%A3%E0%B8%9B%E0%B8%A3%E0%B8%B0%E0%B8%8A%E0%B8%B2%E0%B8%8A%E0%B8%99 HTTP/1.1" 200 13716 "-" "Mozilla/5.0 AppleWebKit/537.36 (KHTML, like Gecko; compatible; bingbot/2.0; +http://www.bing.com/bingbot.htm) Chrome/116.0.1938.76 Safari/537.36"
162.0.215.210 - - [26/Apr/2025:11:26:18 -0400] "POST /wp-admin/admin-ajax.php?action=async_litespeed&nonce=Z5vUIcKFzATh50KidSmV0Jnyjwig0t1p&litespeed_type=imgoptm HTTP/1.1" 200 0 "-" "WordPress/6.8; https://oiltrain.org"
2a03:2880:f800:17:: - - [26/Apr/2025:11:26:21 -0400] "GET /good.php/shopdetail/7499863137.html HTTP/1.1" 200 0 "-" "meta-externalagent/1.1 (+https://developers.facebook.com/docs/sharing/webmasters/crawler)"
66.249.74.97 - - [26/Apr/2025:11:26:22 -0400] "GET /store.php?Chandler/ab777-big-lottery HTTP/1.1" 200 181 "-" "Mozilla/5.0 (Linux; Android 6.0.1; Nexus 5X Build/MMB29P) AppleWebKit/537.36 (KHTML, like Gecko) Chrome/135.0.7049.95 Mobile Safari/537.36 (compatible; GoogleOther)"
51.222.253.6 - - [26/Apr/2025:11:26:24 -0400] "GET /good.php/shopdetail/19628293137.html HTTP/1.1" 200 0 "-" "Mozilla/5.0 (compatible; AhrefsBot/7.0; +http://ahrefs.com/robot/)"
66.249.74.97 - - [26/Apr/2025:11:26:25 -0400] "GET /store.php?RockIsland/www.291bet HTTP/1.1" 200 181 "-" "Mozilla/5.0 (Linux; Android 6.0.1; Nexus 5X Build/MMB29P) AppleWebKit/537.36 (KHTML, like Gecko) Chrome/135.0.7049.95 Mobile Safari/537.36 (compatible; GoogleOther)"
2a03:2880:13ff:73:: - - [26/Apr/2025:11:26:27 -0400] "GET /robots.txt HTTP/1.1" 304 0 "-" "facebookexternalhit/1.1 (+http://www.facebook.com/externalhit_uatext.php)"
2a03:2880:f800:10:: - - [26/Apr/2025:11:26:29 -0400] "GET / HTTP/1.1" 200 25414 "-" "meta-externalagent/1.1 (+https://developers.facebook.com/docs/sharing/webmasters/crawler)"
2a03:2880:f800:17:: - - [26/Apr/2025:11:26:30 -0400] "GET /good.php/shopdetail/1281203137.html HTTP/1.1" 200 0 "-" "meta-externalagent/1.1 (+https://developers.facebook.com/docs/sharing/webmasters/crawler)"
2a03:2880:f800:17:: - - [26/Apr/2025:11:26:32 -0400] "GET /good.php/shopdetail/324523137.html HTTP/1.1" 200 0 "-" "meta-externalagent/1.1 (+https://developers.facebook.com/docs/sharing/webmasters/crawler)"
103.241.65.180 - - [26/Apr/2025:11:26:35 -0400] "GET /store.php?cart/xxxvideos%20modelo HTTP/1.1" 404 110 "-" "Mozilla/5.0 (Windows NT 10.0; WOW64; Rv:50.0) Gecko/20100101 Firefox/50.0"
66.249.74.97 - - [26/Apr/2025:11:26:35 -0400] "GET /store.php?Lafayette/Wowjili-bingo-card-bingo HTTP/1.1" 200 181 "-" "Mozilla/5.0 (Linux; Android 6.0.1; Nexus 5X Build/MMB29P) AppleWebKit/537.36 (KHTML, like Gecko) Chrome/135.0.7049.95 Mobile Safari/537.36 (compatible; GoogleOther)"
2a03:2880:f800:11:: - - [26/Apr/2025:11:26:36 -0400] "GET /good.php/shopdetail/22502503137.html HTTP/1.1" 200 0 "-" "meta-externalagent/1.1 (+https://developers.facebook.com/docs/sharing/webmasters/crawler)"
2a03:2880:f800:b:: - - [26/Apr/2025:11:26:36 -0400] "GET /good.php/shopdetail/35819923137.html HTTP/1.1" 200 0 "-" "meta-externalagent/1.1 (+https://developers.facebook.com/docs/sharing/webmasters/crawler)"
2a03:2880:f800:19:: - - [26/Apr/2025:11:26:37 -0400] "GET /good.php/shopdetail/34587963137.html HTTP/1.1" 200 0 "-" "meta-externalagent/1.1 (+https://developers.facebook.com/docs/sharing/webmasters/crawler)"
66.249.74.97 - - [26/Apr/2025:11:26:38 -0400] "GET /store.php?Columbia_Add-to-cart/phmacao-customer-service HTTP/1.1" 200 181 "-" "Mozilla/5.0 (Linux; Android 6.0.1; Nexus 5X Build/MMB29P) AppleWebKit/537.36 (KHTML, like Gecko) Chrome/135.0.7049.95 Mobile Safari/537.36 (compatible; GoogleOther)"
51.222.253.9 - - [26/Apr/2025:11:26:41 -0400] "GET /good.php/shopdetail/19667303137.html HTTP/1.1" 200 0 "-" "Mozilla/5.0 (compatible; AhrefsBot/7.0; +http://ahrefs.com/robot/)"
162.0.215.210 - - [26/Apr/2025:11:26:42 -0400] "POST /wp-cron.php?doing_wp_cron=1745681201.8965051174163818359375 HTTP/1.1" 200 0 "-" "WordPress/6.8; https://oiltrain.org"
52.167.144.220 - - [26/Apr/2025:11:26:41 -0400] "GET /tools-others-170vm HTTP/1.1" 404 9387 "-" "Mozilla/5.0 AppleWebKit/537.36 (KHTML, like Gecko; compatible; bingbot/2.0; +http://www.bing.com/bingbot.htm) Chrome/116.0.1938.76 Safari/537.36"
52.167.144.220 - - [26/Apr/2025:11:26:42 -0400] "GET /smartphones-cpu-1tu85 HTTP/1.1" 404 9386 "-" "Mozilla/5.0 AppleWebKit/537.36 (KHTML, like Gecko; compatible; bingbot/2.0; +http://www.bing.com/bingbot.htm) Chrome/116.0.1938.76 Safari/537.36"
40.77.167.4 - - [26/Apr/2025:11:26:42 -0400] "GET /tools-screws-1swia HTTP/1.1" 404 9386 "-" "Mozilla/5.0 AppleWebKit/537.36 (KHTML, like Gecko; compatible; bingbot/2.0; +http://www.bing.com/bingbot.htm) Chrome/116.0.1938.76 Safari/537.36"
66.249.74.97 - - [26/Apr/2025:11:26:47 -0400] "GET /store.php?Coolidge_Add-to-cart/77ph-.com HTTP/1.1" 200 181 "-" "Mozilla/5.0 (Linux; Android 6.0.1; Nexus 5X Build/MMB29P) AppleWebKit/537.36 (KHTML, like Gecko) Chrome/135.0.7049.95 Mobile Safari/537.36 (compatible; GoogleOther)"
2a03:2880:f800:16:: - - [26/Apr/2025:11:26:51 -0400] "GET /good.php/shopdetail/36397553137.html HTTP/1.1" 200 0 "-" "meta-externalagent/1.1 (+https://developers.facebook.com/docs/sharing/webmasters/crawler)"
2001:4860:7:603::fe - - [26/Apr/2025:11:26:55 -0400] "GET /store.php?FAQs/thisvod HTTP/1.1" 404 110 "https://www.google.at/" "Mozilla/5.0 (Linux; Android 10; K) AppleWebKit/537.36 (KHTML, like Gecko) Chrome/135.0.0.0 Mobile Safari/537.36"
66.249.74.97 - - [26/Apr/2025:11:26:55 -0400] "GET /store.php?Ottawa/55bmw HTTP/1.1" 200 181 "-" "Mozilla/5.0 (Linux; Android 6.0.1; Nexus 5X Build/MMB29P) AppleWebKit/537.36 (KHTML, like Gecko) Chrome/135.0.7049.95 Mobile Safari/537.36 (compatible; GoogleOther)"
2a03:2880:f800:1:: - - [26/Apr/2025:11:26:56 -0400] "GET /good.php/shopdetail/25471193137.html HTTP/1.1" 200 0 "-" "meta-externalagent/1.1 (+https://developers.facebook.com/docs/sharing/webmasters/crawler)"
2a03:2880:f800:a:: - - [26/Apr/2025:11:26:58 -0400] "GET /good.php/shopdetail/15913493137.html HTTP/1.1" 200 0 "-" "meta-externalagent/1.1 (+https://developers.facebook.com/docs/sharing/webmasters/crawler)"
66.249.74.97 - - [26/Apr/2025:11:26:58 -0400] "GET /store.php?Hutchinson/byu777-fortune-big HTTP/1.1" 200 181 "-" "Mozilla/5.0 (Linux; Android 6.0.1; Nexus 5X Build/MMB29P) AppleWebKit/537.36 (KHTML, like Gecko) Chrome/135.0.7049.95 Mobile Safari/537.36 (compatible; GoogleOther)"
51.222.253.12 - - [26/Apr/2025:11:26:58 -0400] "GET /good.php/shopdetail/19712843137.html HTTP/1.1" 200 0 "-" "Mozilla/5.0 (compatible; AhrefsBot/7.0; +http://ahrefs.com/robot/)"
2a03:2880:f800:8:: - - [26/Apr/2025:11:26:58 -0400] "GET /good.php/shopdetail/38016653137.html HTTP/1.1" 200 0 "-" "meta-externalagent/1.1 (+https://developers.facebook.com/docs/sharing/webmasters/crawler)"
66.249.74.98 - - [26/Apr/2025:11:27:01 -0400] "GET /store.php?Waterloo/solaire-online HTTP/1.1" 200 181 "-" "Mozilla/5.0 (Linux; Android 6.0.1; Nexus 5X Build/MMB29P) AppleWebKit/537.36 (KHTML, like Gecko) Chrome/135.0.7049.95 Mobile Safari/537.36 (compatible; GoogleOther)"
2a03:2880:f800:f:: - - [26/Apr/2025:11:27:01 -0400] "GET /good.php/shopdetail/10140973137.html HTTP/1.1" 200 0 "-" "meta-externalagent/1.1 (+https://developers.facebook.com/docs/sharing/webmasters/crawler)"
2a03:2880:f800:10:: - - [26/Apr/2025:11:27:03 -0400] "GET /good.php/shopdetail/11589393137.html HTTP/1.1" 200 0 "-" "meta-externalagent/1.1 (+https://developers.facebook.com/docs/sharing/webmasters/crawler)"
51.222.253.8 - - [26/Apr/2025:11:27:14 -0400] "GET /good.php/shopdetail/1989343137.html HTTP/1.1" 200 0 "-" "Mozilla/5.0 (compatible; AhrefsBot/7.0; +http://ahrefs.com/robot/)"
66.249.74.97 - - [26/Apr/2025:11:27:15 -0400] "GET /store.php?Product-detail/wildcoins%20app HTTP/1.1" 200 181 "-" "Mozilla/5.0 (Linux; Android 6.0.1; Nexus 5X Build/MMB29P) AppleWebKit/537.36 (KHTML, like Gecko) Chrome/135.0.7049.95 Mobile Safari/537.36 (compatible; GoogleOther)"
66.249.74.98 - - [26/Apr/2025:11:27:18 -0400] "GET /store.php?Palm-Springs_Add-to-cart/phlove-slots-review HTTP/1.1" 200 181 "-" "Mozilla/5.0 (Linux; Android 6.0.1; Nexus 5X Build/MMB29P) AppleWebKit/537.36 (KHTML, like Gecko) Chrome/135.0.7049.95 Mobile Safari/537.36 (compatible; GoogleOther)"
66.249.74.97 - - [26/Apr/2025:11:27:25 -0400] "GET /store.php?Davenport/ab777-baccarat-slots HTTP/1.1" 200 181 "-" "Mozilla/5.0 (Linux; Android 6.0.1; Nexus 5X Build/MMB29P) AppleWebKit/537.36 (KHTML, like Gecko) Chrome/135.0.7049.95 Mobile Safari/537.36 (compatible; GoogleOther)"
2a03:2880:f800:18:: - - [26/Apr/2025:11:27:27 -0400] "GET /good.php/shopdetail/26467463137.html HTTP/1.1" 200 0 "-" "meta-externalagent/1.1 (+https://developers.facebook.com/docs/sharing/webmasters/crawler)"
51.222.253.3 - - [26/Apr/2025:11:27:30 -0400] "GET /good.php/shopdetail/19914153137.html HTTP/1.1" 200 0 "-" "Mozilla/5.0 (compatible; AhrefsBot/7.0; +http://ahrefs.com/robot/)"
2a03:2880:f800:18:: - - [26/Apr/2025:11:27:31 -0400] "GET /good.php/shopdetail/30746343137.html HTTP/1.1" 200 0 "-" "meta-externalagent/1.1 (+https://developers.facebook.com/docs/sharing/webmasters/crawler)"
66.249.74.97 - - [26/Apr/2025:11:27:40 -0400] "GET /store.php?Regina/ml-promo-code HTTP/1.1" 200 181 "-" "Mozilla/5.0 (Linux; Android 6.0.1; Nexus 5X Build/MMB29P) AppleWebKit/537.36 (KHTML, like Gecko) Chrome/135.0.7049.95 Mobile Safari/537.36 (compatible; GoogleOther)"
66.249.74.97 - - [26/Apr/2025:11:27:43 -0400] "GET /store.php?Fort-William/ggbet-payment-methods HTTP/1.1" 200 181 "-" "Mozilla/5.0 (Linux; Android 6.0.1; Nexus 5X Build/MMB29P) AppleWebKit/537.36 (KHTML, like Gecko) Chrome/135.0.7049.95 Mobile Safari/537.36 (compatible; GoogleOther)"
51.222.253.2 - - [26/Apr/2025:11:27:47 -0400] "GET /good.php/shopdetail/19942703137.html HTTP/1.1" 200 0 "-" "Mozilla/5.0 (compatible; AhrefsBot/7.0; +http://ahrefs.com/robot/)"
162.0.215.210 - - [26/Apr/2025:11:27:47 -0400] "POST /wp-cron.php?doing_wp_cron=1745681267.0364830493927001953125 HTTP/1.1" 200 0 "-" "WordPress/6.8; https://oiltrain.org"
52.167.144.169 - - [26/Apr/2025:11:27:46 -0400] "GET /?s=concuros+de+dise%C3%B1o+de+casas+arquitectos+jovenes HTTP/1.1" 200 13619 "-" "Mozilla/5.0 AppleWebKit/537.36 (KHTML, like Gecko; compatible; bingbot/2.0; +http://www.bing.com/bingbot.htm) Chrome/116.0.1938.76 Safari/537.36"
2a03:2880:f800:17:: - - [26/Apr/2025:11:27:47 -0400] "GET /good.php/shopdetail/1100833137.html HTTP/1.1" 200 0 "-" "meta-externalagent/1.1 (+https://developers.facebook.com/docs/sharing/webmasters/crawler)"
2a03:2880:f800:f:: - - [26/Apr/2025:11:27:47 -0400] "GET /good.php/shopdetail/18583573137.html HTTP/1.1" 200 0 "-" "meta-externalagent/1.1 (+https://developers.facebook.com/docs/sharing/webmasters/crawler)"
52.167.144.169 - - [26/Apr/2025:11:27:47 -0400] "GET /dvds-anime-e98w HTTP/1.1" 404 9387 "-" "Mozilla/5.0 AppleWebKit/537.36 (KHTML, like Gecko; compatible; bingbot/2.0; +http://www.bing.com/bingbot.htm) Chrome/116.0.1938.76 Safari/537.36"
162.0.215.210 - - [26/Apr/2025:11:27:47 -0400] "POST /wp-admin/admin-ajax.php?action=async_litespeed&nonce=B2llxnzF1LVgz79L4pkvCfcp01GsWSlM&litespeed_type=imgoptm HTTP/1.1" 200 5 "-" "WordPress/6.8; https://oiltrain.org"
2a03:2880:f800:f:: - - [26/Apr/2025:11:27:49 -0400] "GET /good.php/shopdetail/10252533137.html HTTP/1.1" 200 0 "-" "meta-externalagent/1.1 (+https://developers.facebook.com/docs/sharing/webmasters/crawler)"
2a03:2880:f800:4:: - - [26/Apr/2025:11:27:51 -0400] "GET /good.php/shopdetail/4887863137.html HTTP/1.1" 200 0 "-" "meta-externalagent/1.1 (+https://developers.facebook.com/docs/sharing/webmasters/crawler)"
2a03:2880:f800:6:: - - [26/Apr/2025:11:27:58 -0400] "GET /good.php/shopdetail/39399253137.html HTTP/1.1" 200 0 "-" "meta-externalagent/1.1 (+https://developers.facebook.com/docs/sharing/webmasters/crawler)"
66.249.74.97 - - [26/Apr/2025:11:27:57 -0400] "GET /store.php?GrandPrairie/brutalmania HTTP/1.1" 200 181 "-" "Mozilla/5.0 (Linux; Android 6.0.1; Nexus 5X Build/MMB29P) AppleWebKit/537.36 (KHTML, like Gecko) Chrome/135.0.7049.95 Mobile Safari/537.36 (compatible; GoogleOther)"
2001:4860:7:22c::ff - - [26/Apr/2025:11:27:58 -0400] "GET /store.php?cart/dirtyship HTTP/1.1" 200 181 "https://www.google.com/" "Mozilla/5.0 (Linux; Android 10; K) AppleWebKit/537.36 (KHTML, like Gecko) Chrome/135.0.0.0 Mobile Safari/537.36"
66.249.74.97 - - [26/Apr/2025:11:28:01 -0400] "GET /store.php?Muskogee/44-winph HTTP/1.1" 200 181 "-" "Mozilla/5.0 (Linux; Android 6.0.1; Nexus 5X Build/MMB29P) AppleWebKit/537.36 (KHTML, like Gecko) Chrome/135.0.7049.95 Mobile Safari/537.36 (compatible; GoogleOther)"
51.222.253.8 - - [26/Apr/2025:11:28:04 -0400] "GET /good.php/shopdetail/19951763137.html HTTP/1.1" 200 0 "-" "Mozilla/5.0 (compatible; AhrefsBot/7.0; +http://ahrefs.com/robot/)"
2a03:2880:f800:11:: - - [26/Apr/2025:11:28:04 -0400] "GET /good.php/shopdetail/4576713137.html HTTP/1.1" 200 0 "-" "meta-externalagent/1.1 (+https://developers.facebook.com/docs/sharing/webmasters/crawler)"
66.249.74.97 - - [26/Apr/2025:11:28:08 -0400] "GET /store.php?FAQs/byu777%20jili%20lottery HTTP/1.1" 200 181 "-" "Mozilla/5.0 (Linux; Android 6.0.1; Nexus 5X Build/MMB29P) AppleWebKit/537.36 (KHTML, like Gecko) Chrome/135.0.7049.95 Mobile Safari/537.36 (compatible; GoogleOther)"
66.249.74.97 - - [26/Apr/2025:11:28:15 -0400] "GET /store.php?San-Diego/bet365-erfahrung HTTP/1.1" 200 181 "-" "Mozilla/5.0 (Linux; Android 6.0.1; Nexus 5X Build/MMB29P) AppleWebKit/537.36 (KHTML, like Gecko) Chrome/135.0.7049.95 Mobile Safari/537.36 (compatible; GoogleOther)"
51.222.253.5 - - [26/Apr/2025:11:28:19 -0400] "GET /good.php/shopdetail/20061863137.html HTTP/1.1" 200 0 "-" "Mozilla/5.0 (compatible; AhrefsBot/7.0; +http://ahrefs.com/robot/)"
2a03:2880:f800:10:: - - [26/Apr/2025:11:28:20 -0400] "GET /good.php/shopdetail/33330813137.html HTTP/1.1" 200 0 "-" "meta-externalagent/1.1 (+https://developers.facebook.com/docs/sharing/webmasters/crawler)"
52.167.144.220 - - [26/Apr/2025:11:28:22 -0400] "GET /sports-others-262cm HTTP/1.1" 404 9388 "-" "Mozilla/5.0 AppleWebKit/537.36 (KHTML, like Gecko; compatible; bingbot/2.0; +http://www.bing.com/bingbot.htm) Chrome/116.0.1938.76 Safari/537.36"
162.0.215.210 - - [26/Apr/2025:11:28:23 -0400] "POST /wp-cron.php?doing_wp_cron=1745681302.9995009899139404296875 HTTP/1.1" 200 0 "-" "WordPress/6.8; https://oiltrain.org"
66.249.74.97 - - [26/Apr/2025:11:28:22 -0400] "GET /store.php?Oneida/poker-platforms HTTP/1.1" 200 181 "-" "Mozilla/5.0 (Linux; Android 6.0.1; Nexus 5X Build/MMB29P) AppleWebKit/537.36 (KHTML, like Gecko) Chrome/135.0.7049.95 Mobile Safari/537.36 (compatible; GoogleOther)"
52.167.144.220 - - [26/Apr/2025:11:28:22 -0400] "GET /?s=%D0%BF%D0%BE%D0%B3%D0%BE%D0%B4%D0%B0+%D0%B2+%D0%B1%D0%B0%D1%87%D0%B0%D1%82%D1%81%D0%BA%D0%BE%D0%BC+%D0%BD%D0%B0+%D0%B0%D0%BF%D1%80%D0%B5%D0%BB%D1%8C+%D0%BD%D0%B0+%D0%BC%D0%B0%D0%B9 HTTP/1.1" 200 13694 "-" "Mozilla/5.0 AppleWebKit/537.36 (KHTML, like Gecko; compatible; bingbot/2.0; +http://www.bing.com/bingbot.htm) Chrome/116.0.1938.76 Safari/537.36"
52.167.144.220 - - [26/Apr/2025:11:28:23 -0400] "GET /food-sake-12vb HTTP/1.1" 404 9386 "-" "Mozilla/5.0 AppleWebKit/537.36 (KHTML, like Gecko; compatible; bingbot/2.0; +http://www.bing.com/bingbot.htm) Chrome/116.0.1938.76 Safari/537.36"
162.0.215.210 - - [26/Apr/2025:11:28:23 -0400] "POST /wp-admin/admin-ajax.php?action=async_litespeed&nonce=oUUMMBqtppB4jNJri1IAXkGEJuzANyD4&litespeed_type=imgoptm HTTP/1.1" 200 5 "-" "WordPress/6.8; https://oiltrain.org"
2a03:2880:f800:18:: - - [26/Apr/2025:11:28:24 -0400] "GET /good.php/shopdetail/17927023137.html HTTP/1.1" 200 0 "-" "meta-externalagent/1.1 (+https://developers.facebook.com/docs/sharing/webmasters/crawler)"
66.249.74.97 - - [26/Apr/2025:11:28:25 -0400] "GET /store.php?Kissimmee_Add-to-cart/boeing-747-8-house-livery HTTP/1.1" 200 181 "-" "Mozilla/5.0 (Linux; Android 6.0.1; Nexus 5X Build/MMB29P) AppleWebKit/537.36 (KHTML, like Gecko) Chrome/135.0.7049.95 Mobile Safari/537.36 (compatible; GoogleOther)"
2a03:2880:f800:4:: - - [26/Apr/2025:11:28:28 -0400] "GET /good.php/shopdetail/21328513137.html HTTP/1.1" 200 0 "-" "meta-externalagent/1.1 (+https://developers.facebook.com/docs/sharing/webmasters/crawler)"
66.249.74.97 - - [26/Apr/2025:11:28:28 -0400] "GET /store.php-St.Petersburg_Add-to-cart/lodigame-com HTTP/1.1" 404 9388 "-" "Mozilla/5.0 (Linux; Android 6.0.1; Nexus 5X Build/MMB29P) AppleWebKit/537.36 (KHTML, like Gecko) Chrome/135.0.7049.95 Mobile Safari/537.36 (compatible; GoogleOther)"
51.222.253.9 - - [26/Apr/2025:11:28:31 -0400] "GET /good.php/shopdetail/20136683137.html HTTP/1.1" 200 0 "-" "Mozilla/5.0 (compatible; AhrefsBot/7.0; +http://ahrefs.com/robot/)"
52.167.144.169 - - [26/Apr/2025:11:28:32 -0400] "GET /?s=isat+peru HTTP/1.1" 200 13550 "-" "Mozilla/5.0 AppleWebKit/537.36 (KHTML, like Gecko; compatible; bingbot/2.0; +http://www.bing.com/bingbot.htm) Chrome/116.0.1938.76 Safari/537.36"
66.249.74.97 - - [26/Apr/2025:11:28:36 -0400] "GET /store.php?Frankfort/logo-jili HTTP/1.1" 200 181 "-" "Mozilla/5.0 (Linux; Android 6.0.1; Nexus 5X Build/MMB29P) AppleWebKit/537.36 (KHTML, like Gecko) Chrome/135.0.7049.95 Mobile Safari/537.36 (compatible; GoogleOther)"
162.0.215.210 - - [26/Apr/2025:11:28:39 -0400] "POST /wp-cron.php?doing_wp_cron=1745681319.1948249340057373046875 HTTP/1.1" 200 0 "-" "WordPress/6.8; https://oiltrain.org"
66.249.74.97 - - [26/Apr/2025:11:28:38 -0400] "GET /store.php-RockHill_Add-to-cart/777-pub-login HTTP/1.1" 404 9387 "-" "Mozilla/5.0 (Linux; Android 6.0.1; Nexus 5X Build/MMB29P) AppleWebKit/537.36 (KHTML, like Gecko) Chrome/135.0.7049.95 Mobile Safari/537.36 (compatible; GoogleOther)"
66.249.74.97 - - [26/Apr/2025:11:28:41 -0400] "GET /store.php?Berkeley_Add-to-cart/w-okada- HTTP/1.1" 200 181 "-" "Mozilla/5.0 (Linux; Android 6.0.1; Nexus 5X Build/MMB29P) AppleWebKit/537.36 (KHTML, like Gecko) Chrome/135.0.7049.95 Mobile Safari/537.36 (compatible; GoogleOther)"
51.222.253.12 - - [26/Apr/2025:11:28:45 -0400] "GET /good.php/shopdetail/20183483137.html HTTP/1.1" 200 0 "-" "Mozilla/5.0 (compatible; AhrefsBot/7.0; +http://ahrefs.com/robot/)"
2a03:2880:f800:18:: - - [26/Apr/2025:11:28:49 -0400] "GET /good.php/shopdetail/17444053137.html HTTP/1.1" 200 0 "-" "meta-externalagent/1.1 (+https://developers.facebook.com/docs/sharing/webmasters/crawler)"
2a03:2880:f800:17:: - - [26/Apr/2025:11:28:50 -0400] "GET /good.php/shopdetail/13589553137.html HTTP/1.1" 200 0 "-" "meta-externalagent/1.1 (+https://developers.facebook.com/docs/sharing/webmasters/crawler)"
52.167.144.169 - - [26/Apr/2025:11:28:54 -0400] "GET /audio-lenses-tu3e HTTP/1.1" 404 9387 "-" "Mozilla/5.0 AppleWebKit/537.36 (KHTML, like Gecko; compatible; bingbot/2.0; +http://www.bing.com/bingbot.htm) Chrome/116.0.1938.76 Safari/537.36"
51.222.253.14 - - [26/Apr/2025:11:29:00 -0400] "GET /good.php/shopdetail/20210853137.html HTTP/1.1" 200 0 "-" "Mozilla/5.0 (compatible; AhrefsBot/7.0; +http://ahrefs.com/robot/)"
66.249.74.97 - - [26/Apr/2025:11:29:03 -0400] "GET /store.php?Dodge-City/bingo-cards HTTP/1.1" 200 181 "-" "Mozilla/5.0 (Linux; Android 6.0.1; Nexus 5X Build/MMB29P) AppleWebKit/537.36 (KHTML, like Gecko) Chrome/135.0.7049.95 Mobile Safari/537.36 (compatible; GoogleOther)"
66.249.74.98 - - [26/Apr/2025:11:29:06 -0400] "GET /store.php?Alpharetta_Add-to-cart/cards-names HTTP/1.1" 200 181 "-" "Mozilla/5.0 (Linux; Android 6.0.1; Nexus 5X Build/MMB29P) AppleWebKit/537.36 (KHTML, like Gecko) Chrome/135.0.7049.95 Mobile Safari/537.36 (compatible; GoogleOther)"
2a03:2880:f800:7:: - - [26/Apr/2025:11:29:08 -0400] "GET /good.php/shopdetail/33136673137.html HTTP/1.1" 200 0 "-" "meta-externalagent/1.1 (+https://developers.facebook.com/docs/sharing/webmasters/crawler)"
66.249.74.98 - - [26/Apr/2025:11:29:12 -0400] "GET /store.php?Wharton/swerte99-baccarat-jackpot HTTP/1.1" 200 181 "-" "Mozilla/5.0 (Linux; Android 6.0.1; Nexus 5X Build/MMB29P) AppleWebKit/537.36 (KHTML, like Gecko) Chrome/135.0.7049.95 Mobile Safari/537.36 (compatible; GoogleOther)"
2a03:2880:f800:18:: - - [26/Apr/2025:11:29:12 -0400] "GET /good.php/shopdetail/31810613137.html HTTP/1.1" 200 0 "-" "meta-externalagent/1.1 (+https://developers.facebook.com/docs/sharing/webmasters/crawler)"
2a03:2880:f800:14:: - - [26/Apr/2025:11:29:13 -0400] "GET /good.php/shopdetail/33742953137.html HTTP/1.1" 200 0 "-" "meta-externalagent/1.1 (+https://developers.facebook.com/docs/sharing/webmasters/crawler)"
198.98.62.50 - - [26/Apr/2025:11:29:14 -0400] "GET /wp-login.php HTTP/1.1" 200 1922 "-" "Mozilla/5.0 (Windows NT 5.1) AppleWebKit/537.36 (KHTML, like Gecko) Chrome/36.0.1985.125 Safari/537.36"
162.0.215.210 - - [26/Apr/2025:11:29:15 -0400] "POST /wp-cron.php?doing_wp_cron=1745681354.9856328964233398437500 HTTP/1.1" 200 0 "-" "WordPress/6.8; https://oiltrain.org"
198.98.62.50 - - [26/Apr/2025:11:29:14 -0400] "POST /wp-login.php HTTP/1.1" 200 2087 "-" "Mozilla/5.0 (Windows NT 5.1) AppleWebKit/537.36 (KHTML, like Gecko) Chrome/36.0.1985.125 Safari/537.36"
162.0.215.210 - - [26/Apr/2025:11:29:15 -0400] "POST /wp-admin/admin-ajax.php?action=async_litespeed&nonce=yGtY7NMjRfa4zTGhCFSCOlCvuXdwQOLQ&litespeed_type=imgoptm HTTP/1.1" 200 5 "-" "WordPress/6.8; https://oiltrain.org"
51.222.253.18 - - [26/Apr/2025:11:29:16 -0400] "GET /good.php/shopdetail/20261613137.html HTTP/1.1" 200 0 "-" "Mozilla/5.0 (compatible; AhrefsBot/7.0; +http://ahrefs.com/robot/)"
2a03:2880:f800:9:: - - [26/Apr/2025:11:29:16 -0400] "GET /good.php/shopdetail/15270973137.html HTTP/1.1" 200 0 "-" "meta-externalagent/1.1 (+https://developers.facebook.com/docs/sharing/webmasters/crawler)"
2001:4860:7:62c::fe - - [26/Apr/2025:11:29:21 -0400] "GET /store.php?cart/dirtyship HTTP/1.1" 200 181 "https://www.google.com/" "Mozilla/5.0 (Linux; Android 10; K) AppleWebKit/537.36 (KHTML, like Gecko) Chrome/135.0.0.0 Mobile Safari/537.36"
66.249.74.97 - - [26/Apr/2025:11:29:22 -0400] "GET /store.php?Augusta/555bmw-fortune-big HTTP/1.1" 200 181 "-" "Mozilla/5.0 (Linux; Android 6.0.1; Nexus 5X Build/MMB29P) AppleWebKit/537.36 (KHTML, like Gecko) Chrome/135.0.7049.95 Mobile Safari/537.36 (compatible; GoogleOther)"
66.249.74.97 - - [26/Apr/2025:11:29:25 -0400] "GET /store.php?Ludington/jili777-vip-login-register HTTP/1.1" 200 181 "-" "Mozilla/5.0 (Linux; Android 6.0.1; Nexus 5X Build/MMB29P) AppleWebKit/537.36 (KHTML, like Gecko) Chrome/135.0.7049.95 Mobile Safari/537.36 (compatible; GoogleOther)"
66.249.74.97 - - [26/Apr/2025:11:29:28 -0400] "GET /store.php?Toledo/poker-fusion HTTP/1.1" 200 181 "-" "Mozilla/5.0 (Linux; Android 6.0.1; Nexus 5X Build/MMB29P) AppleWebKit/537.36 (KHTML, like Gecko) Chrome/135.0.7049.95 Mobile Safari/537.36 (compatible; GoogleOther)"
2a03:2880:f800:18:: - - [26/Apr/2025:11:29:30 -0400] "GET /good.php/shopdetail/2496273137.html HTTP/1.1" 200 0 "-" "meta-externalagent/1.1 (+https://developers.facebook.com/docs/sharing/webmasters/crawler)"
2a03:2880:f800:c:: - - [26/Apr/2025:11:29:35 -0400] "GET /good.php/shopdetail/3710273137.html HTTP/1.1" 200 0 "-" "meta-externalagent/1.1 (+https://developers.facebook.com/docs/sharing/webmasters/crawler)"
51.222.253.7 - - [26/Apr/2025:11:29:37 -0400] "GET /good.php/shopdetail/2027913137.html HTTP/1.1" 200 0 "-" "Mozilla/5.0 (compatible; AhrefsBot/7.0; +http://ahrefs.com/robot/)"
66.249.74.97 - - [26/Apr/2025:11:29:42 -0400] "GET /store.php?Beaverton/phoenix-casino HTTP/1.1" 200 181 "-" "Mozilla/5.0 (Linux; Android 6.0.1; Nexus 5X Build/MMB29P) AppleWebKit/537.36 (KHTML, like Gecko) Chrome/135.0.7049.95 Mobile Safari/537.36 (compatible; GoogleOther)"
162.0.215.210 - - [26/Apr/2025:11:29:44 -0400] "POST /wp-cron.php?doing_wp_cron=1745681384.3249909877777099609375 HTTP/1.1" 200 0 "-" "WordPress/6.8; https://oiltrain.org"
52.167.144.169 - - [26/Apr/2025:11:29:44 -0400] "GET /?s=Draw+or+Paint+a+Natural+Heritage+Site HTTP/1.1" 200 13566 "-" "Mozilla/5.0 AppleWebKit/537.36 (KHTML, like Gecko; compatible; bingbot/2.0; +http://www.bing.com/bingbot.htm) Chrome/116.0.1938.76 Safari/537.36"
52.167.144.169 - - [26/Apr/2025:11:29:44 -0400] "GET /?s=.+Draw+or+Paint+a+Natural+Heritage+Site%3A HTTP/1.1" 200 13608 "-" "Mozilla/5.0 AppleWebKit/537.36 (KHTML, like Gecko; compatible; bingbot/2.0; +http://www.bing.com/bingbot.htm) Chrome/116.0.1938.76 Safari/537.36"
52.167.144.169 - - [26/Apr/2025:11:29:45 -0400] "GET /?s=.+Draw+or+Paint+a+Natural+Heritage+Site HTTP/1.1" 200 13603 "-" "Mozilla/5.0 AppleWebKit/537.36 (KHTML, like Gecko; compatible; bingbot/2.0; +http://www.bing.com/bingbot.htm) Chrome/116.0.1938.76 Safari/537.36"
66.249.74.97 - - [26/Apr/2025:11:29:45 -0400] "GET /store.php?Lubbock/wjevo777-casino-review HTTP/1.1" 200 181 "-" "Mozilla/5.0 (Linux; Android 6.0.1; Nexus 5X Build/MMB29P) AppleWebKit/537.36 (KHTML, like Gecko) Chrome/135.0.7049.95 Mobile Safari/537.36 (compatible; GoogleOther)"
2a03:2880:f800:2:: - - [26/Apr/2025:11:29:46 -0400] "GET /good.php/shopdetail/10123013137.html HTTP/1.1" 200 0 "-" "meta-externalagent/1.1 (+https://developers.facebook.com/docs/sharing/webmasters/crawler)"
2a03:2880:f800:7:: - - [26/Apr/2025:11:29:47 -0400] "GET /good.php/shopdetail/17219223137.html HTTP/1.1" 200 0 "-" "meta-externalagent/1.1 (+https://developers.facebook.com/docs/sharing/webmasters/crawler)"
2a03:2880:f800:1:: - - [26/Apr/2025:11:29:50 -0400] "GET /good.php/shopdetail/35005103137.html HTTP/1.1" 200 0 "-" "meta-externalagent/1.1 (+https://developers.facebook.com/docs/sharing/webmasters/crawler)"
51.222.253.8 - - [26/Apr/2025:11:29:54 -0400] "GET /good.php/shopdetail/20307813137.html HTTP/1.1" 200 0 "-" "Mozilla/5.0 (compatible; AhrefsBot/7.0; +http://ahrefs.com/robot/)"
66.249.74.97 - - [26/Apr/2025:11:29:55 -0400] "GET /store.php?Lansing/phdream-lottery-gambling HTTP/1.1" 200 181 "-" "Mozilla/5.0 (Linux; Android 6.0.1; Nexus 5X Build/MMB29P) AppleWebKit/537.36 (KHTML, like Gecko) Chrome/135.0.7049.95 Mobile Safari/537.36 (compatible; GoogleOther)"
2a03:2880:f800:f:: - - [26/Apr/2025:11:29:55 -0400] "GET /good.php/shopdetail/14189683137.html HTTP/1.1" 200 0 "-" "meta-externalagent/1.1 (+https://developers.facebook.com/docs/sharing/webmasters/crawler)"
2a03:2880:f800:e:: - - [26/Apr/2025:11:30:03 -0400] "GET /good.php/shopdetail/36253643137.html HTTP/1.1" 200 0 "-" "meta-externalagent/1.1 (+https://developers.facebook.com/docs/sharing/webmasters/crawler)"
66.249.74.97 - - [26/Apr/2025:11:30:04 -0400] "GET /store.php?Waco/milyon88-app HTTP/1.1" 200 181 "-" "Mozilla/5.0 (Linux; Android 6.0.1; Nexus 5X Build/MMB29P) AppleWebKit/537.36 (KHTML, like Gecko) Chrome/135.0.7049.95 Mobile Safari/537.36 (compatible; GoogleOther)"
162.0.215.210 - - [26/Apr/2025:11:30:06 -0400] "POST /wp-cron.php?doing_wp_cron=1745681405.9910171031951904296875 HTTP/1.1" 200 0 "-" "WordPress/6.8; https://oiltrain.org"
52.167.144.169 - - [26/Apr/2025:11:30:05 -0400] "GET /dvds-anime-ujct HTTP/1.1" 404 9386 "-" "Mozilla/5.0 AppleWebKit/537.36 (KHTML, like Gecko; compatible; bingbot/2.0; +http://www.bing.com/bingbot.htm) Chrome/116.0.1938.76 Safari/537.36"
2a03:2880:f800:9:: - - [26/Apr/2025:11:30:07 -0400] "GET /good.php/shopdetail/29496463137.html HTTP/1.1" 200 0 "-" "meta-externalagent/1.1 (+https://developers.facebook.com/docs/sharing/webmasters/crawler)"
162.0.215.210 - - [26/Apr/2025:11:30:07 -0400] "POST /wp-admin/admin-ajax.php?action=async_litespeed&nonce=Z9OikE7qfMMbW3fTwskSLnBY0r38xkL9&litespeed_type=imgoptm HTTP/1.1" 200 5 "-" "WordPress/6.8; https://oiltrain.org"
2a03:2880:f800:1b:: - - [26/Apr/2025:11:30:08 -0400] "GET /good.php/shopdetail/22543783137.html HTTP/1.1" 200 0 "-" "meta-externalagent/1.1 (+https://developers.facebook.com/docs/sharing/webmasters/crawler)"
66.249.74.98 - - [26/Apr/2025:11:30:08 -0400] "GET /store.php?Ann-Arbor_Add-to-cart/royale777 HTTP/1.1" 200 181 "-" "Mozilla/5.0 (Linux; Android 6.0.1; Nexus 5X Build/MMB29P) AppleWebKit/537.36 (KHTML, like Gecko) Chrome/135.0.7049.95 Mobile Safari/537.36 (compatible; GoogleOther)"
52.167.144.169 - - [26/Apr/2025:11:30:08 -0400] "GET /food-sweets-ns5w HTTP/1.1" 404 9386 "-" "Mozilla/5.0 AppleWebKit/537.36 (KHTML, like Gecko; compatible; bingbot/2.0; +http://www.bing.com/bingbot.htm) Chrome/116.0.1938.76 Safari/537.36"
51.222.253.9 - - [26/Apr/2025:11:30:09 -0400] "GET /good.php/shopdetail/20407153137.html HTTP/1.1" 200 0 "-" "Mozilla/5.0 (compatible; AhrefsBot/7.0; +http://ahrefs.com/robot/)"
52.167.144.169 - - [26/Apr/2025:11:30:09 -0400] "GET /sports-clubs-2dvj7 HTTP/1.1" 404 9386 "-" "Mozilla/5.0 AppleWebKit/537.36 (KHTML, like Gecko; compatible; bingbot/2.0; +http://www.bing.com/bingbot.htm) Chrome/116.0.1938.76 Safari/537.36"
66.249.74.98 - - [26/Apr/2025:11:30:13 -0400] "GET /store.php?Guelph/pogo88.com HTTP/1.1" 200 181 "-" "Mozilla/5.0 (Linux; Android 6.0.1; Nexus 5X Build/MMB29P) AppleWebKit/537.36 (KHTML, like Gecko) Chrome/135.0.7049.95 Mobile Safari/537.36 (compatible; GoogleOther)"
2a03:2880:f800:1c:: - - [26/Apr/2025:11:30:13 -0400] "GET /good.php/shopdetail/17330583137.html HTTP/1.1" 200 0 "-" "meta-externalagent/1.1 (+https://developers.facebook.com/docs/sharing/webmasters/crawler)"
40.77.167.4 - - [26/Apr/2025:11:30:15 -0400] "GET /smartphones-smartphones-gf7b HTTP/1.1" 404 9386 "-" "Mozilla/5.0 AppleWebKit/537.36 (KHTML, like Gecko; compatible; bingbot/2.0; +http://www.bing.com/bingbot.htm) Chrome/116.0.1938.76 Safari/537.36"
2a03:2880:f800:f:: - - [26/Apr/2025:11:30:20 -0400] "GET /good.php/shopdetail/21905823137.html HTTP/1.1" 200 0 "-" "meta-externalagent/1.1 (+https://developers.facebook.com/docs/sharing/webmasters/crawler)"
51.222.253.6 - - [26/Apr/2025:11:30:23 -0400] "GET /good.php/shopdetail/20479133137.html HTTP/1.1" 200 0 "-" "Mozilla/5.0 (compatible; AhrefsBot/7.0; +http://ahrefs.com/robot/)"
66.249.74.97 - - [26/Apr/2025:11:30:27 -0400] "GET /store.php-Valdosta_Add-to-cart/nuebe88-big-slots HTTP/1.1" 404 9386 "-" "Mozilla/5.0 (Linux; Android 6.0.1; Nexus 5X Build/MMB29P) AppleWebKit/537.36 (KHTML, like Gecko) Chrome/135.0.7049.95 Mobile Safari/537.36 (compatible; GoogleOther)"
2a03:2880:f800:d:: - - [26/Apr/2025:11:30:31 -0400] "GET /good.php/shopdetail/8441433137.html HTTP/1.1" 200 0 "-" "meta-externalagent/1.1 (+https://developers.facebook.com/docs/sharing/webmasters/crawler)"
66.249.74.97 - - [26/Apr/2025:11:30:35 -0400] "GET /store.php-PaineBluff_Add-to-cart/masaya-promo-code HTTP/1.1" 404 9386 "-" "Mozilla/5.0 (Linux; Android 6.0.1; Nexus 5X Build/MMB29P) AppleWebKit/537.36 (KHTML, like Gecko) Chrome/135.0.7049.95 Mobile Safari/537.36 (compatible; GoogleOther)"
2a03:2880:f800:1b:: - - [26/Apr/2025:11:30:41 -0400] "GET /good.php/shopdetail/31645463137.html HTTP/1.1" 200 0 "-" "meta-externalagent/1.1 (+https://developers.facebook.com/docs/sharing/webmasters/crawler)"
2001:4860:7:62c::fe - - [26/Apr/2025:11:30:41 -0400] "GET /store.php?cart/dirtyship HTTP/1.1" 200 181 "https://www.google.com/" "Mozilla/5.0 (Linux; Android 10; K) AppleWebKit/537.36 (KHTML, like Gecko) Chrome/135.0.0.0 Mobile Safari/537.36"
162.0.215.210 - - [26/Apr/2025:11:30:42 -0400] "POST /wp-cron.php?doing_wp_cron=1745681442.6823110580444335937500 HTTP/1.1" 200 0 "-" "WordPress/6.8; https://oiltrain.org"
2a03:2880:f800:16:: - - [26/Apr/2025:11:30:42 -0400] "GET / HTTP/1.1" 301 0 "-" "meta-externalagent/1.1 (+https://developers.facebook.com/docs/sharing/webmasters/crawler)"
66.249.74.97 - - [26/Apr/2025:11:30:42 -0400] "GET /store.php?Tampa/casino-room-app HTTP/1.1" 200 181 "-" "Mozilla/5.0 (Linux; Android 6.0.1; Nexus 5X Build/MMB29P) AppleWebKit/537.36 (KHTML, like Gecko) Chrome/135.0.7049.95 Mobile Safari/537.36 (compatible; GoogleOther)"
2a03:2880:f800:2:: - - [26/Apr/2025:11:30:44 -0400] "GET / HTTP/1.1" 200 25414 "-" "meta-externalagent/1.1 (+https://developers.facebook.com/docs/sharing/webmasters/crawler)"
51.222.253.11 - - [26/Apr/2025:11:30:47 -0400] "GET /good.php/shopdetail/20624193137.html HTTP/1.1" 200 0 "-" "Mozilla/5.0 (compatible; AhrefsBot/7.0; +http://ahrefs.com/robot/)"
66.249.74.97 - - [26/Apr/2025:11:30:50 -0400] "GET /store.php-New-Haven/jpwinner-online-win HTTP/1.1" 404 9386 "-" "Mozilla/5.0 (Linux; Android 6.0.1; Nexus 5X Build/MMB29P) AppleWebKit/537.36 (KHTML, like Gecko) Chrome/135.0.7049.95 Mobile Safari/537.36 (compatible; GoogleOther)"
2a03:2880:f800:6:: - - [26/Apr/2025:11:30:53 -0400] "GET /good.php/shopdetail/29787283137.html HTTP/1.1" 200 0 "-" "meta-externalagent/1.1 (+https://developers.facebook.com/docs/sharing/webmasters/crawler)"
66.249.74.97 - - [26/Apr/2025:11:30:53 -0400] "GET /store.php?Houma/bet-testproduct HTTP/1.1" 200 181 "-" "Mozilla/5.0 (Linux; Android 6.0.1; Nexus 5X Build/MMB29P) AppleWebKit/537.36 (KHTML, like Gecko) Chrome/135.0.7049.95 Mobile Safari/537.36 (compatible; GoogleOther)"
51.222.253.18 - - [26/Apr/2025:11:30:55 -0400] "GET /good.php/shopdetail/20713993137.html HTTP/1.1" 200 0 "-" "Mozilla/5.0 (compatible; AhrefsBot/7.0; +http://ahrefs.com/robot/)"
66.249.74.97 - - [26/Apr/2025:11:30:57 -0400] "GET /store.php?Sudbury/ontario-casino HTTP/1.1" 200 181 "-" "Mozilla/5.0 (Linux; Android 6.0.1; Nexus 5X Build/MMB29P) AppleWebKit/537.36 (KHTML, like Gecko) Chrome/135.0.7049.95 Mobile Safari/537.36 (compatible; GoogleOther)"
2a03:2880:f800:1:: - - [26/Apr/2025:11:30:58 -0400] "GET /good.php/shopdetail/39479563137.html HTTP/1.1" 200 0 "-" "meta-externalagent/1.1 (+https://developers.facebook.com/docs/sharing/webmasters/crawler)"
66.249.74.97 - - [26/Apr/2025:11:31:00 -0400] "GET /store.php?Manchester/pagcor-vs-cir HTTP/1.1" 200 181 "-" "Mozilla/5.0 (Linux; Android 6.0.1; Nexus 5X Build/MMB29P) AppleWebKit/537.36 (KHTML, like Gecko) Chrome/135.0.7049.95 Mobile Safari/537.36 (compatible; GoogleOther)"
162.0.215.210 - - [26/Apr/2025:11:31:01 -0400] "POST /wp-cron.php?doing_wp_cron=1745681461.1414010524749755859375 HTTP/1.1" 200 0 "-" "WordPress/6.8; https://oiltrain.org"
52.167.144.169 - - [26/Apr/2025:11:31:00 -0400] "GET /tools-screwdrivers-kfgm HTTP/1.1" 404 9386 "-" "Mozilla/5.0 AppleWebKit/537.36 (KHTML, like Gecko; compatible; bingbot/2.0; +http://www.bing.com/bingbot.htm) Chrome/116.0.1938.76 Safari/537.36"
52.167.144.169 - - [26/Apr/2025:11:31:01 -0400] "GET /sports-clubs-10b58 HTTP/1.1" 404 9386 "-" "Mozilla/5.0 AppleWebKit/537.36 (KHTML, like Gecko; compatible; bingbot/2.0; +http://www.bing.com/bingbot.htm) Chrome/116.0.1938.76 Safari/537.36"
162.0.215.210 - - [26/Apr/2025:11:31:01 -0400] "POST /wp-admin/admin-ajax.php?action=async_litespeed&nonce=xwEgo0c0ke4kUwZtPlnJCyqebxZsBHHR&litespeed_type=imgoptm HTTP/1.1" 200 5 "-" "WordPress/6.8; https://oiltrain.org"
66.249.74.97 - - [26/Apr/2025:11:31:04 -0400] "GET /store.php?Red-Wing_Add-to-cart/masaya-365-casino HTTP/1.1" 200 181 "-" "Mozilla/5.0 (Linux; Android 6.0.1; Nexus 5X Build/MMB29P) AppleWebKit/537.36 (KHTML, like Gecko) Chrome/135.0.7049.95 Mobile Safari/537.36 (compatible; GoogleOther)"
2a03:2880:f800:1c:: - - [26/Apr/2025:11:31:07 -0400] "GET /good.php/shopdetail/12239103137.html HTTP/1.1" 200 0 "-" "meta-externalagent/1.1 (+https://developers.facebook.com/docs/sharing/webmasters/crawler)"
2a03:2880:f800:11:: - - [26/Apr/2025:11:31:07 -0400] "GET /good.php/shopdetail/11013713137.html HTTP/1.1" 200 0 "-" "meta-externalagent/1.1 (+https://developers.facebook.com/docs/sharing/webmasters/crawler)"
20.15.133.191 - - [26/Apr/2025:11:31:07 -0400] "GET /fashion-dresses-m5w2 HTTP/1.1" 404 9386 "-" "Mozilla/5.0 AppleWebKit/537.36 (KHTML, like Gecko; compatible; bingbot/2.0; +http://www.bing.com/bingbot.htm) Chrome/116.0.1938.76 Safari/537.36"
20.15.133.191 - - [26/Apr/2025:11:31:08 -0400] "GET /diet-royal-jelly-2fiud HTTP/1.1" 404 9386 "-" "Mozilla/5.0 AppleWebKit/537.36 (KHTML, like Gecko; compatible; bingbot/2.0; +http://www.bing.com/bingbot.htm) Chrome/116.0.1938.76 Safari/537.36"
51.222.253.20 - - [26/Apr/2025:11:31:10 -0400] "GET /good.php/shopdetail/20741663137.html HTTP/1.1" 200 0 "-" "Mozilla/5.0 (compatible; AhrefsBot/7.0; +http://ahrefs.com/robot/)"
2a03:2880:f800:7:: - - [26/Apr/2025:11:31:11 -0400] "GET /good.php/shopdetail/32081303137.html HTTP/1.1" 200 0 "-" "meta-externalagent/1.1 (+https://developers.facebook.com/docs/sharing/webmasters/crawler)"
66.249.74.97 - - [26/Apr/2025:11:31:10 -0400] "GET /store.php?Grand-Junction/234win-app-login HTTP/1.1" 200 181 "-" "Mozilla/5.0 (Linux; Android 6.0.1; Nexus 5X Build/MMB29P) AppleWebKit/537.36 (KHTML, like Gecko) Chrome/135.0.7049.95 Mobile Safari/537.36 (compatible; GoogleOther)"
2a03:2880:f800:15:: - - [26/Apr/2025:11:31:18 -0400] "GET /good.php/shopdetail/30474033137.html HTTP/1.1" 200 0 "-" "meta-externalagent/1.1 (+https://developers.facebook.com/docs/sharing/webmasters/crawler)"
2a03:2880:f800:f:: - - [26/Apr/2025:11:31:18 -0400] "GET /good.php/shopdetail/22181133137.html HTTP/1.1" 200 0 "-" "meta-externalagent/1.1 (+https://developers.facebook.com/docs/sharing/webmasters/crawler)"
103.11.103.186 - - [26/Apr/2025:11:31:20 -0400] "GET /wp-login.php HTTP/1.1" 200 1922 "http://www.oiltrain.org/wp-login.php" "GRequests/0.10"
103.11.103.186 - - [26/Apr/2025:11:31:21 -0400] "GET /wp-login.php HTTP/1.1" 200 1922 "http://www.oiltrain.org/wp-login.php" "GRequests/0.10"
103.11.103.186 - - [26/Apr/2025:11:31:21 -0400] "GET /wp-admin/ HTTP/1.1" 302 0 "http://www.oiltrain.org/wp-admin/" "GRequests/0.10"
66.249.74.103 - - [26/Apr/2025:11:31:21 -0400] "GET /store.php?Council-Bluffs/777PESO-win-app HTTP/1.1" 200 181 "-" "Mozilla/5.0 (Linux; Android 6.0.1; Nexus 5X Build/MMB29P) AppleWebKit/537.36 (KHTML, like Gecko) Chrome/135.0.7049.95 Mobile Safari/537.36 (compatible; GoogleOther)"
103.11.103.186 - - [26/Apr/2025:11:31:22 -0400] "GET /wp-login.php?redirect_to=https%3A%2F%2Fwww.oiltrain.org%2Fwp-admin%2F&reauth=1 HTTP/1.1" 200 1931 "https://www.oiltrain.org/wp-admin/" "GRequests/0.10"
51.222.253.7 - - [26/Apr/2025:11:31:28 -0400] "GET /good.php/shopdetail/20993193137.html HTTP/1.1" 200 0 "-" "Mozilla/5.0 (compatible; AhrefsBot/7.0; +http://ahrefs.com/robot/)"
2a03:2880:f800:9:: - - [26/Apr/2025:11:31:33 -0400] "GET /good.php/shopdetail/28158863137.html HTTP/1.1" 200 0 "-" "meta-externalagent/1.1 (+https://developers.facebook.com/docs/sharing/webmasters/crawler)"
66.249.74.103 - - [26/Apr/2025:11:31:35 -0400] "GET /store.php?Flint_Add-to-cart/Gkbet-baccarat HTTP/1.1" 200 181 "-" "Mozilla/5.0 (Linux; Android 6.0.1; Nexus 5X Build/MMB29P) AppleWebKit/537.36 (KHTML, like Gecko) Chrome/135.0.7049.95 Mobile Safari/537.36 (compatible; GoogleOther)"
2a03:2880:f800:b:: - - [26/Apr/2025:11:31:37 -0400] "GET /good.php/shopdetail/3361843137.html HTTP/1.1" 200 0 "-" "meta-externalagent/1.1 (+https://developers.facebook.com/docs/sharing/webmasters/crawler)"
66.249.74.103 - - [26/Apr/2025:11:31:38 -0400] "GET /store.php?PaineBluff/phdream-com-log-in-25 HTTP/1.1" 200 181 "-" "Mozilla/5.0 (Linux; Android 6.0.1; Nexus 5X Build/MMB29P) AppleWebKit/537.36 (KHTML, like Gecko) Chrome/135.0.7049.95 Mobile Safari/537.36 (compatible; GoogleOther)"
2a03:2880:f800:5:: - - [26/Apr/2025:11:31:39 -0400] "GET /good.php/shopdetail/2185643137.html HTTP/1.1" 200 0 "-" "meta-externalagent/1.1 (+https://developers.facebook.com/docs/sharing/webmasters/crawler)"
2a03:2880:f800:f:: - - [26/Apr/2025:11:31:39 -0400] "GET /good.php/shopdetail/23639663137.html HTTP/1.1" 200 0 "-" "meta-externalagent/1.1 (+https://developers.facebook.com/docs/sharing/webmasters/crawler)"
162.0.215.210 - - [26/Apr/2025:11:31:43 -0400] "POST /wp-cron.php?doing_wp_cron=1745681503.1655058860778808593750 HTTP/1.1" 200 0 "-" "WordPress/6.8; https://oiltrain.org"
