66.249.73.12 - - [26/Apr/2025:10:51:31 -0400] "GET /shopdetail/180900259 HTTP/1.1" 301 0 "-" "Mozilla/5.0 (Linux; Android 6.0.1; Nexus 5X Build/MMB29P) AppleWebKit/537.36 (KHTML, like Gecko) Chrome/135.0.7049.95 Mobile Safari/537.36 (compatible; GoogleOther)"
162.0.215.211 - - [26/Apr/2025:10:51:32 -0400] "POST /wp-admin/admin-ajax.php?action=async_litespeed&nonce=l5fc7sb5pLWaDANZQ4SFNPa9e7lqVLmM&litespeed_type=imgoptm HTTP/1.1" 200 21 "-" "WordPress/6.8; https://luxuryhomez.org"
66.249.73.5 - - [26/Apr/2025:10:51:39 -0400] "GET /index.php/product/edit/41000594/pcsp.html/safe_search/config/text/terms/pcmypage/pcmypage/shopdetail/55088659/man/customer_guide/shopdetail/78924359/shopdetail/114816159 HTTP/1.1" 301 0 "-" "Mozilla/5.0 (Linux; Android 6.0.1; Nexus 5X Build/MMB29P) AppleWebKit/537.36 (KHTML, like Gecko) Chrome/135.0.7049.95 Mobile Safari/537.36 (compatible; GoogleOther)"
66.249.73.5 - - [26/Apr/2025:10:51:46 -0400] "GET /shopdetail/180900259 HTTP/1.1" 404 17022 "-" "Mozilla/5.0 (Linux; Android 6.0.1; Nexus 5X Build/MMB29P) AppleWebKit/537.36 (KHTML, like Gecko) Chrome/135.0.7049.95 Mobile Safari/537.36 (compatible; GoogleOther)"
66.249.73.5 - - [26/Apr/2025:10:51:53 -0400] "GET /product/edit/41000594/pcsp.html/safe_search/config/text/terms/pcmypage/pcmypage/shopdetail/55088659/man/customer_guide/shopdetail/78924359/shopdetail/114816159 HTTP/1.1" 404 17114 "-" "Mozilla/5.0 (Linux; Android 6.0.1; Nexus 5X Build/MMB29P) AppleWebKit/537.36 (KHTML, like Gecko) Chrome/135.0.7049.95 Mobile Safari/537.36 (compatible; GoogleOther)"
162.0.215.211 - - [26/Apr/2025:10:52:32 -0400] "POST /wp-cron.php?doing_wp_cron=1745679151.8840360641479492187500 HTTP/1.1" 200 0 "-" "WordPress/6.8; https://luxuryhomez.org"
51.222.253.19 - - [26/Apr/2025:10:52:31 -0400] "GET /brand/brand-2/?orderby=price-desc&product_count=45&category-view-mode=list HTTP/1.1" 200 17956 "-" "Mozilla/5.0 (compatible; AhrefsBot/7.0; +http://ahrefs.com/robot/)"
162.0.215.211 - - [26/Apr/2025:10:52:32 -0400] "POST /wp-admin/admin-ajax.php?action=async_litespeed&nonce=N8iNYslzkCYFNNgnEwUusVBaQ4GtM78X&litespeed_type=imgoptm HTTP/1.1" 200 21 "-" "WordPress/6.8; https://luxuryhomez.org"
162.0.215.211 - - [26/Apr/2025:10:55:33 -0400] "POST /wp-cron.php?doing_wp_cron=1745679333.7134699821472167968750 HTTP/1.1" 200 0 "-" "WordPress/6.8; https://luxuryhomez.org"
66.249.73.7 - - [26/Apr/2025:10:55:29 -0400] "GET /index.php/safe_search/config/feature/sale2411-5/index.html/man/customer_guide/safe_search/config/pcmypage/oreka/plamodel_menu.html HTTP/1.1" 301 0 "-" "Mozilla/5.0 (Linux; Android 6.0.1; Nexus 5X Build/MMB29P) AppleWebKit/537.36 (KHTML, like Gecko) Chrome/135.0.7049.95 Mobile Safari/537.36 (compatible; GoogleOther)"
162.0.215.211 - - [26/Apr/2025:10:55:34 -0400] "POST /wp-admin/admin-ajax.php?action=async_litespeed&nonce=1aH5JK5Rma0jazwPhwQ3POglDql0n8n4&litespeed_type=imgoptm HTTP/1.1" 200 21 "-" "WordPress/6.8; https://luxuryhomez.org"
66.249.73.6 - - [26/Apr/2025:10:55:59 -0400] "GET /safe_search/config/feature/sale2411-5/index.html/man/customer_guide/safe_search/config/pcmypage/oreka/plamodel_menu.html HTTP/1.1" 404 17073 "-" "Mozilla/5.0 (Linux; Android 6.0.1; Nexus 5X Build/MMB29P) AppleWebKit/537.36 (KHTML, like Gecko) Chrome/135.0.7049.95 Mobile Safari/537.36 (compatible; GoogleOther)"
162.0.215.211 - - [26/Apr/2025:10:56:09 -0400] "POST /wp-cron.php?doing_wp_cron=1745679369.5322239398956298828125 HTTP/1.1" 200 0 "-" "WordPress/6.8; https://luxuryhomez.org"
66.249.73.11 - - [26/Apr/2025:10:56:08 -0400] "GET /shopdetail/15512959 HTTP/1.1" 301 0 "-" "Mozilla/5.0 (compatible; Googlebot/2.1; +http://www.google.com/bot.html)"
66.249.73.5 - - [26/Apr/2025:10:56:10 -0400] "GET /shopdetail/15512959 HTTP/1.1" 404 17019 "-" "Mozilla/5.0 (compatible; Googlebot/2.1; +http://www.google.com/bot.html)"
162.0.215.211 - - [26/Apr/2025:10:59:25 -0400] "POST /wp-cron.php?doing_wp_cron=1745679565.0009980201721191406250 HTTP/1.1" 200 0 "-" "WordPress/6.8; https://luxuryhomez.org"
66.249.73.6 - - [26/Apr/2025:10:59:18 -0400] "GET /index.php/product/edit/41000594/pcsp.html/safe_search/config/text/terms/events/pcmypage/safe_search/config/books.html HTTP/1.1" 301 0 "-" "Mozilla/5.0 (Linux; Android 6.0.1; Nexus 5X Build/MMB29P) AppleWebKit/537.36 (KHTML, like Gecko) Chrome/135.0.7049.95 Mobile Safari/537.36 (compatible; GoogleOther)"
162.0.215.211 - - [26/Apr/2025:10:59:25 -0400] "POST /wp-admin/admin-ajax.php?action=async_litespeed&nonce=Reg0Kohm1oMgUyVUFr0ffCHxj95pIbRS&litespeed_type=imgoptm HTTP/1.1" 200 0 "-" "WordPress/6.8; https://luxuryhomez.org"
162.0.215.211 - - [26/Apr/2025:10:59:56 -0400] "POST /wp-cron.php?doing_wp_cron=1745679596.7973790168762207031250 HTTP/1.1" 200 0 "-" "WordPress/6.8; https://luxuryhomez.org"
162.0.215.211 - - [26/Apr/2025:10:59:57 -0400] "POST /wp-admin/admin-ajax.php?action=async_litespeed&nonce=PIC9bWoenUCLgtfbHjo9kY11S6vCzazL&litespeed_type=imgoptm HTTP/1.1" 200 21 "-" "WordPress/6.8; https://luxuryhomez.org"
66.249.73.6 - - [26/Apr/2025:10:59:56 -0400] "GET /index.phpsshopdetail/363233859 HTTP/1.1" 404 17028 "-" "Mozilla/5.0 (compatible; Googlebot/2.1; +http://www.google.com/bot.html)"
162.0.215.211 - - [26/Apr/2025:11:00:27 -0400] "POST /wp-cron.php?doing_wp_cron=1745679627.4924969673156738281250 HTTP/1.1" 200 0 "-" "WordPress/6.8; https://luxuryhomez.org"
66.249.73.6 - - [26/Apr/2025:11:00:26 -0400] "GET /product/edit/41000594/pcsp.html/safe_search/config/text/terms/events/pcmypage/safe_search/config/books.html HTTP/1.1" 404 17075 "-" "Mozilla/5.0 (Linux; Android 6.0.1; Nexus 5X Build/MMB29P) AppleWebKit/537.36 (KHTML, like Gecko) Chrome/135.0.7049.95 Mobile Safari/537.36 (compatible; GoogleOther)"
162.0.215.211 - - [26/Apr/2025:11:00:28 -0400] "POST /wp-admin/admin-ajax.php?action=async_litespeed&nonce=I2bZTIDtG6WVkdWkjpPQqW4L64VgdHhO&litespeed_type=imgoptm HTTP/1.1" 200 21 "-" "WordPress/6.8; https://luxuryhomez.org"
162.0.215.211 - - [26/Apr/2025:11:02:06 -0400] "POST /wp-cron.php?doing_wp_cron=1745679726.5034129619598388671875 HTTP/1.1" 200 0 "-" "WordPress/6.8; https://luxuryhomez.org"
66.249.73.12 - - [26/Apr/2025:11:02:01 -0400] "GET /shopdetail/121310459 HTTP/1.1" 301 0 "-" "Mozilla/5.0 (compatible; Googlebot/2.1; +http://www.google.com/bot.html)"
162.0.215.211 - - [26/Apr/2025:11:02:07 -0400] "POST /wp-admin/admin-ajax.php?action=async_litespeed&nonce=DlX8Wz7pRKdGTBliZVM6vm0IFV7imLrU&litespeed_type=imgoptm HTTP/1.1" 200 21 "-" "WordPress/6.8; https://luxuryhomez.org"
66.249.73.6 - - [26/Apr/2025:11:02:06 -0400] "GET /shopdetail/121310459 HTTP/1.1" 404 17019 "-" "Mozilla/5.0 (compatible; Googlebot/2.1; +http://www.google.com/bot.html)"
162.0.215.211 - - [26/Apr/2025:11:03:29 -0400] "POST /wp-cron.php?doing_wp_cron=1745679808.9960889816284179687500 HTTP/1.1" 200 0 "-" "WordPress/6.8; https://luxuryhomez.org"
66.249.73.7 - - [26/Apr/2025:11:03:28 -0400] "GET /index.php/safe_search/config/feature/sale2411-5/index.html/man/customer_guide/text/terms/shopdetail/105603659/avsoft.html HTTP/1.1" 301 0 "-" "Mozilla/5.0 (Linux; Android 6.0.1; Nexus 5X Build/MMB29P) AppleWebKit/537.36 (KHTML, like Gecko) Chrome/135.0.7049.95 Mobile Safari/537.36 (compatible; GoogleOther)"
162.0.215.211 - - [26/Apr/2025:11:03:29 -0400] "POST /wp-admin/admin-ajax.php?action=async_litespeed&nonce=6RbEl9Pmq3ZSUnJvl4GshRna6UQ4QRQQ&litespeed_type=imgoptm HTTP/1.1" 200 21 "-" "WordPress/6.8; https://luxuryhomez.org"
162.0.215.211 - - [26/Apr/2025:11:04:12 -0400] "POST /wp-cron.php?doing_wp_cron=1745679851.2959480285644531250000 HTTP/1.1" 200 0 "-" "WordPress/6.8; https://luxuryhomez.org"
66.249.73.7 - - [26/Apr/2025:11:04:10 -0400] "GET /safe_search/config/feature/sale2411-5/index.html/man/customer_guide/text/terms/shopdetail/105603659/avsoft.html HTTP/1.1" 404 17073 "-" "Mozilla/5.0 (Linux; Android 6.0.1; Nexus 5X Build/MMB29P) AppleWebKit/537.36 (KHTML, like Gecko) Chrome/135.0.7049.95 Mobile Safari/537.36 (compatible; GoogleOther)"
162.0.215.211 - - [26/Apr/2025:11:04:33 -0400] "POST /wp-cron.php?doing_wp_cron=1745679873.4506640434265136718750 HTTP/1.1" 200 0 "-" "WordPress/6.8; https://luxuryhomez.org"
66.249.73.10 - - [26/Apr/2025:11:04:33 -0400] "GET /shopdetail/2656459 HTTP/1.1" 301 0 "-" "Mozilla/5.0 (Linux; Android 6.0.1; Nexus 5X Build/MMB29P) AppleWebKit/537.36 (KHTML, like Gecko) Chrome/135.0.7049.95 Mobile Safari/537.36 (compatible; Googlebot/2.1; +http://www.google.com/bot.html)"
162.0.215.211 - - [26/Apr/2025:11:04:33 -0400] "POST /wp-admin/admin-ajax.php?action=async_litespeed&nonce=C5ftFBqnFqm3K5gt2GHUSjAnr9qpmzX4&litespeed_type=imgoptm HTTP/1.1" 200 21 "-" "WordPress/6.8; https://luxuryhomez.org"
66.249.73.5 - - [26/Apr/2025:11:04:33 -0400] "GET /shopdetail/2656459 HTTP/1.1" 404 17013 "-" "Mozilla/5.0 (Linux; Android 6.0.1; Nexus 5X Build/MMB29P) AppleWebKit/537.36 (KHTML, like Gecko) Chrome/135.0.7049.95 Mobile Safari/537.36 (compatible; Googlebot/2.1; +http://www.google.com/bot.html)"
162.0.215.211 - - [26/Apr/2025:11:07:12 -0400] "POST /wp-cron.php?doing_wp_cron=1745680031.9677820205688476562500 HTTP/1.1" 200 0 "-" "WordPress/6.8; https://luxuryhomez.org"
66.249.73.5 - - [26/Apr/2025:11:07:08 -0400] "GET /index.php/safe_search/config/feature/sale2411-5/index.html/man/customer_guide/shopdetail/89539259/text/terms/product_archives/man/kaitori/kantan.html HTTP/1.1" 301 0 "-" "Mozilla/5.0 (Linux; Android 6.0.1; Nexus 5X Build/MMB29P) AppleWebKit/537.36 (KHTML, like Gecko) Chrome/135.0.7049.95 Mobile Safari/537.36 (compatible; GoogleOther)"
66.249.73.11 - - [26/Apr/2025:11:07:09 -0400] "GET /shopdetail/28452259 HTTP/1.1" 301 0 "-" "Mozilla/5.0 (compatible; Googlebot/2.1; +http://www.google.com/bot.html)"
162.0.215.211 - - [26/Apr/2025:11:07:12 -0400] "POST /wp-admin/admin-ajax.php?action=async_litespeed&nonce=aScoTovHffOxREHUprM6T6bR4xLzNujc&litespeed_type=imgoptm HTTP/1.1" 200 21 "-" "WordPress/6.8; https://luxuryhomez.org"
66.249.73.5 - - [26/Apr/2025:11:07:12 -0400] "GET /shopdetail/28452259 HTTP/1.1" 404 17020 "-" "Mozilla/5.0 (compatible; Googlebot/2.1; +http://www.google.com/bot.html)"
162.0.215.211 - - [26/Apr/2025:11:07:29 -0400] "POST /wp-cron.php?doing_wp_cron=1745680049.5720019340515136718750 HTTP/1.1" 200 0 "-" "WordPress/6.8; https://luxuryhomez.org"
162.0.215.211 - - [26/Apr/2025:11:07:30 -0400] "POST /wp-admin/admin-ajax.php?action=async_litespeed&nonce=HssEKN3szyGaDWyJjUdESEAOrX3eMTD8&litespeed_type=imgoptm HTTP/1.1" 200 21 "-" "WordPress/6.8; https://luxuryhomez.org"
66.249.73.5 - - [26/Apr/2025:11:07:28 -0400] "GET /safe_search/config/feature/sale2411-5/index.html/man/customer_guide/shopdetail/89539259/text/terms/product_archives/man/kaitori/kantan.html HTTP/1.1" 404 17092 "-" "Mozilla/5.0 (Linux; Android 6.0.1; Nexus 5X Build/MMB29P) AppleWebKit/537.36 (KHTML, like Gecko) Chrome/135.0.7049.95 Mobile Safari/537.36 (compatible; GoogleOther)"
162.0.215.211 - - [26/Apr/2025:11:10:25 -0400] "POST /wp-cron.php?doing_wp_cron=1745680225.6335580348968505859375 HTTP/1.1" 200 0 "-" "WordPress/6.8; https://luxuryhomez.org"
66.249.73.7 - - [26/Apr/2025:11:10:19 -0400] "GET /shopdetail/227322759 HTTP/1.1" 404 17017 "-" "Mozilla/5.0 (Linux; Android 6.0.1; Nexus 5X Build/MMB29P) AppleWebKit/537.36 (KHTML, like Gecko) Chrome/135.0.7049.95 Mobile Safari/537.36 (compatible; Googlebot/2.1; +http://www.google.com/bot.html)"
66.249.73.5 - - [26/Apr/2025:11:10:19 -0400] "GET /shopdetail/227322759 HTTP/1.1" 404 17019 "-" "Mozilla/5.0 (compatible; Googlebot/2.1; +http://www.google.com/bot.html)"
162.0.215.211 - - [26/Apr/2025:11:10:26 -0400] "POST /wp-admin/admin-ajax.php?action=async_litespeed&nonce=rDYCI8QNEBZTe0ortyYH02jav2PX9hMy&litespeed_type=imgoptm HTTP/1.1" 200 0 "-" "WordPress/6.8; https://luxuryhomez.org"
66.249.73.10 - - [26/Apr/2025:11:10:55 -0400] "GET /shopdetail/336823859 HTTP/1.1" 301 0 "-" "Mozilla/5.0 (Linux; Android 6.0.1; Nexus 5X Build/MMB29P) AppleWebKit/537.36 (KHTML, like Gecko) Chrome/135.0.7049.95 Mobile Safari/537.36 (compatible; GoogleOther)"
162.0.215.211 - - [26/Apr/2025:11:11:12 -0400] "POST /wp-cron.php?doing_wp_cron=1745680272.5538210868835449218750 HTTP/1.1" 200 0 "-" "WordPress/6.8; https://luxuryhomez.org"
66.249.73.7 - - [26/Apr/2025:11:11:12 -0400] "GET /shopdetail/336823859 HTTP/1.1" 404 17020 "-" "Mozilla/5.0 (Linux; Android 6.0.1; Nexus 5X Build/MMB29P) AppleWebKit/537.36 (KHTML, like Gecko) Chrome/135.0.7049.95 Mobile Safari/537.36 (compatible; GoogleOther)"
162.0.215.211 - - [26/Apr/2025:11:11:29 -0400] "POST /wp-cron.php?doing_wp_cron=1745680289.0070691108703613281250 HTTP/1.1" 200 0 "-" "WordPress/6.8; https://luxuryhomez.org"
51.222.253.12 - - [26/Apr/2025:11:11:28 -0400] "GET /brand/brand-2/?orderby=price-desc&product_count=15&category-view-mode=grid&product_col_large=2 HTTP/1.1" 200 17955 "-" "Mozilla/5.0 (compatible; AhrefsBot/7.0; +http://ahrefs.com/robot/)"
162.0.215.211 - - [26/Apr/2025:11:11:29 -0400] "POST /wp-admin/admin-ajax.php?action=async_litespeed&nonce=J3e3a633UuEj5yl7BwAM4hTKZ7O3neBr&litespeed_type=imgoptm HTTP/1.1" 200 21 "-" "WordPress/6.8; https://luxuryhomez.org"
162.0.215.211 - - [26/Apr/2025:11:12:57 -0400] "POST /wp-cron.php?doing_wp_cron=1745680377.7082309722900390625000 HTTP/1.1" 200 0 "-" "WordPress/6.8; https://luxuryhomez.org"
66.249.73.10 - - [26/Apr/2025:11:12:55 -0400] "GET /pcmypage?callback=/product%2Fdetail%2F23755337 HTTP/1.1" 301 0 "-" "Mozilla/5.0 (Linux; Android 6.0.1; Nexus 5X Build/MMB29P) AppleWebKit/537.36 (KHTML, like Gecko) Chrome/135.0.7049.95 Mobile Safari/537.36 (compatible; GoogleOther)"
162.0.215.211 - - [26/Apr/2025:11:12:58 -0400] "POST /wp-admin/admin-ajax.php?action=async_litespeed&nonce=73W97rG87bqeGqkhaPkjMemYZhk3OwOc&litespeed_type=imgoptm HTTP/1.1" 200 21 "-" "WordPress/6.8; https://luxuryhomez.org"
162.0.215.211 - - [26/Apr/2025:11:13:11 -0400] "POST /wp-cron.php?doing_wp_cron=1745680391.4780170917510986328125 HTTP/1.1" 200 0 "-" "WordPress/6.8; https://luxuryhomez.org"
66.249.73.7 - - [26/Apr/2025:11:13:10 -0400] "GET /pcmypage?callback=/product%2Fdetail%2F23755337 HTTP/1.1" 404 17042 "-" "Mozilla/5.0 (Linux; Android 6.0.1; Nexus 5X Build/MMB29P) AppleWebKit/537.36 (KHTML, like Gecko) Chrome/135.0.7049.95 Mobile Safari/537.36 (compatible; GoogleOther)"
162.0.215.211 - - [26/Apr/2025:11:15:29 -0400] "POST /wp-cron.php?doing_wp_cron=1745680529.2544610500335693359375 HTTP/1.1" 200 0 "-" "WordPress/6.8; https://luxuryhomez.org"
66.249.73.11 - - [26/Apr/2025:11:15:25 -0400] "GET /shopdetail/113897159 HTTP/1.1" 301 0 "-" "Mozilla/5.0 (Linux; Android 6.0.1; Nexus 5X Build/MMB29P) AppleWebKit/537.36 (KHTML, like Gecko) Chrome/135.0.7049.95 Mobile Safari/537.36 (compatible; Googlebot/2.1; +http://www.google.com/bot.html)"
162.0.215.211 - - [26/Apr/2025:11:15:29 -0400] "POST /wp-admin/admin-ajax.php?action=async_litespeed&nonce=5WA2mbuC7qqxYmAZOAgJ97aDdCbX2Iuw&litespeed_type=imgoptm HTTP/1.1" 200 21 "-" "WordPress/6.8; https://luxuryhomez.org"
66.249.73.7 - - [26/Apr/2025:11:15:29 -0400] "GET /shopdetail/113897159 HTTP/1.1" 404 17021 "-" "Mozilla/5.0 (Linux; Android 6.0.1; Nexus 5X Build/MMB29P) AppleWebKit/537.36 (KHTML, like Gecko) Chrome/135.0.7049.95 Mobile Safari/537.36 (compatible; Googlebot/2.1; +http://www.google.com/bot.html)"
162.0.215.211 - - [26/Apr/2025:11:16:14 -0400] "POST /wp-cron.php?doing_wp_cron=1745680574.5775530338287353515625 HTTP/1.1" 200 0 "-" "WordPress/6.8; https://luxuryhomez.org"
66.249.73.5 - - [26/Apr/2025:11:16:13 -0400] "GET /index.phpsshopdetail/152699359 HTTP/1.1" 404 17030 "-" "Mozilla/5.0 (compatible; Googlebot/2.1; +http://www.google.com/bot.html)"
162.0.215.211 - - [26/Apr/2025:11:17:03 -0400] "POST /wp-cron.php?doing_wp_cron=1745680623.5097990036010742187500 HTTP/1.1" 200 0 "-" "WordPress/6.8; https://luxuryhomez.org"
57.141.4.11 - - [26/Apr/2025:11:17:03 -0400] "GET / HTTP/1.1" 301 0 "-" "meta-externalagent/1.1 (+https://developers.facebook.com/docs/sharing/webmasters/crawler)"
162.0.215.211 - - [26/Apr/2025:11:17:04 -0400] "POST /wp-admin/admin-ajax.php?action=async_litespeed&nonce=Sv6fdGQ1gDjylQh0nKeCQdQmsy1rt8H4&litespeed_type=imgoptm HTTP/1.1" 200 21 "-" "WordPress/6.8; https://luxuryhomez.org"
57.141.4.20 - - [26/Apr/2025:11:17:10 -0400] "GET / HTTP/1.1" 200 138866 "-" "meta-externalagent/1.1 (+https://developers.facebook.com/docs/sharing/webmasters/crawler)"
66.249.73.12 - - [26/Apr/2025:11:17:14 -0400] "GET /pcmypage?callback=product/review/47042927 HTTP/1.1" 301 0 "-" "Mozilla/5.0 (Linux; Android 6.0.1; Nexus 5X Build/MMB29P) AppleWebKit/537.36 (KHTML, like Gecko) Chrome/135.0.7049.95 Mobile Safari/537.36 (compatible; Googlebot/2.1; +http://www.google.com/bot.html)"
66.249.73.6 - - [26/Apr/2025:11:17:14 -0400] "GET /pcmypage?callback=product/review/47042927 HTTP/1.1" 404 17037 "-" "Mozilla/5.0 (Linux; Android 6.0.1; Nexus 5X Build/MMB29P) AppleWebKit/537.36 (KHTML, like Gecko) Chrome/135.0.7049.95 Mobile Safari/537.36 (compatible; Googlebot/2.1; +http://www.google.com/bot.html)"
162.0.215.211 - - [26/Apr/2025:11:18:10 -0400] "POST /wp-cron.php?doing_wp_cron=1745680690.9428830146789550781250 HTTP/1.1" 200 0 "-" "WordPress/6.8; https://luxuryhomez.org"
66.249.73.12 - - [26/Apr/2025:11:18:10 -0400] "GET /shopdetail/22388659 HTTP/1.1" 301 0 "-" "Mozilla/5.0 (Linux; Android 6.0.1; Nexus 5X Build/MMB29P) AppleWebKit/537.36 (KHTML, like Gecko) Chrome/135.0.7049.95 Mobile Safari/537.36 (compatible; Googlebot/2.1; +http://www.google.com/bot.html)"
162.0.215.211 - - [26/Apr/2025:11:18:11 -0400] "POST /wp-admin/admin-ajax.php?action=async_litespeed&nonce=fd9NnvJo5xhYiva7nTPXMHqhon4rn9eF&litespeed_type=imgoptm HTTP/1.1" 200 21 "-" "WordPress/6.8; https://luxuryhomez.org"
66.249.73.5 - - [26/Apr/2025:11:18:11 -0400] "GET /shopdetail/22388659 HTTP/1.1" 404 17014 "-" "Mozilla/5.0 (Linux; Android 6.0.1; Nexus 5X Build/MMB29P) AppleWebKit/537.36 (KHTML, like Gecko) Chrome/135.0.7049.95 Mobile Safari/537.36 (compatible; Googlebot/2.1; +http://www.google.com/bot.html)"
162.0.215.211 - - [26/Apr/2025:11:18:33 -0400] "POST /wp-cron.php?doing_wp_cron=1745680713.7656939029693603515625 HTTP/1.1" 200 0 "-" "WordPress/6.8; https://luxuryhomez.org"
57.141.4.14 - - [26/Apr/2025:11:18:33 -0400] "GET /shopdetail/269958159 HTTP/1.1" 404 71762 "-" "meta-externalagent/1.1 (+https://developers.facebook.com/docs/sharing/webmasters/crawler)"
162.0.215.211 - - [26/Apr/2025:11:18:34 -0400] "POST /wp-admin/admin-ajax.php?action=async_litespeed&nonce=5apwPsYlvwS7Gm5GhtSYOyJpxodScIS9&litespeed_type=imgoptm HTTP/1.1" 200 21 "-" "WordPress/6.8; https://luxuryhomez.org"
162.0.215.211 - - [26/Apr/2025:11:20:26 -0400] "POST /wp-cron.php?doing_wp_cron=1745680826.6093740463256835937500 HTTP/1.1" 200 0 "-" "WordPress/6.8; https://luxuryhomez.org"
66.249.73.7 - - [26/Apr/2025:11:20:21 -0400] "GET /index.php/pcmypage/shopdetail/153521659/shopdetail/86467759 HTTP/1.1" 301 0 "-" "Mozilla/5.0 (compatible; Googlebot/2.1; +http://www.google.com/bot.html)"
162.0.215.211 - - [26/Apr/2025:11:20:27 -0400] "POST /wp-admin/admin-ajax.php?action=async_litespeed&nonce=YDO5iNkkOUlmFwloZZVnZxQgBDABNJ4H&litespeed_type=imgoptm HTTP/1.1" 200 21 "-" "WordPress/6.8; https://luxuryhomez.org"
66.249.73.6 - - [26/Apr/2025:11:20:27 -0400] "GET /pcmypage/shopdetail/153521659/shopdetail/86467759 HTTP/1.1" 404 17038 "-" "Mozilla/5.0 (compatible; Googlebot/2.1; +http://www.google.com/bot.html)"
162.0.215.211 - - [26/Apr/2025:11:21:05 -0400] "POST /wp-cron.php?doing_wp_cron=1745680865.5845909118652343750000 HTTP/1.1" 200 0 "-" "WordPress/6.8; https://luxuryhomez.org"
66.249.73.6 - - [26/Apr/2025:11:21:05 -0400] "GET /shopdetail/276689959 HTTP/1.1" 404 17023 "-" "Mozilla/5.0 (Linux; Android 6.0.1; Nexus 5X Build/MMB29P) AppleWebKit/537.36 (KHTML, like Gecko) Chrome/135.0.7049.95 Mobile Safari/537.36 (compatible; GoogleOther)"
162.0.215.211 - - [26/Apr/2025:11:21:26 -0400] "POST /wp-cron.php?doing_wp_cron=1745680886.1931819915771484375000 HTTP/1.1" 200 0 "-" "WordPress/6.8; https://luxuryhomez.org"
66.249.73.11 - - [26/Apr/2025:11:21:25 -0400] "GET /shopdetail/368312959 HTTP/1.1" 301 0 "-" "Mozilla/5.0 (Linux; Android 6.0.1; Nexus 5X Build/MMB29P) AppleWebKit/537.36 (KHTML, like Gecko) Chrome/135.0.7049.95 Mobile Safari/537.36 (compatible; GoogleOther)"
162.0.215.211 - - [26/Apr/2025:11:21:27 -0400] "POST /wp-admin/admin-ajax.php?action=async_litespeed&nonce=8VjApcNIYeynKRaQW8jrmLi6BGZHUrxA&litespeed_type=imgoptm HTTP/1.1" 200 21 "-" "WordPress/6.8; https://luxuryhomez.org"
66.249.73.11 - - [26/Apr/2025:11:21:29 -0400] "GET /shopdetail/78264759 HTTP/1.1" 301 0 "-" "Mozilla/5.0 (Linux; Android 6.0.1; Nexus 5X Build/MMB29P) AppleWebKit/537.36 (KHTML, like Gecko) Chrome/135.0.7049.95 Mobile Safari/537.36 (compatible; Googlebot/2.1; +http://www.google.com/bot.html)"
66.249.73.6 - - [26/Apr/2025:11:21:29 -0400] "GET /shopdetail/78264759 HTTP/1.1" 404 17021 "-" "Mozilla/5.0 (Linux; Android 6.0.1; Nexus 5X Build/MMB29P) AppleWebKit/537.36 (KHTML, like Gecko) Chrome/135.0.7049.95 Mobile Safari/537.36 (compatible; Googlebot/2.1; +http://www.google.com/bot.html)"
66.249.73.6 - - [26/Apr/2025:11:21:30 -0400] "GET /shopdetail/368312959 HTTP/1.1" 404 17017 "-" "Mozilla/5.0 (Linux; Android 6.0.1; Nexus 5X Build/MMB29P) AppleWebKit/537.36 (KHTML, like Gecko) Chrome/135.0.7049.95 Mobile Safari/537.36 (compatible; GoogleOther)"
162.0.215.211 - - [26/Apr/2025:11:22:47 -0400] "POST /wp-cron.php?doing_wp_cron=1745680967.7170100212097167968750 HTTP/1.1" 200 0 "-" "WordPress/6.8; https://luxuryhomez.org"
162.0.215.211 - - [26/Apr/2025:11:22:48 -0400] "POST /wp-admin/admin-ajax.php?action=async_litespeed&nonce=3WziUPxMwN8r2wbzcEZ6VJjfnRz1NwwM&litespeed_type=imgoptm HTTP/1.1" 200 21 "-" "WordPress/6.8; https://luxuryhomez.org"
57.141.4.19 - - [26/Apr/2025:11:22:47 -0400] "GET /shadow.php?1617522621.htm HTTP/1.1" 404 71767 "-" "meta-externalagent/1.1 (+https://developers.facebook.com/docs/sharing/webmasters/crawler)"
162.0.215.211 - - [26/Apr/2025:11:23:40 -0400] "POST /wp-cron.php?doing_wp_cron=1745681020.7314128875732421875000 HTTP/1.1" 200 0 "-" "WordPress/6.8; https://luxuryhomez.org"
66.249.73.5 - - [26/Apr/2025:11:23:40 -0400] "GET /index.phpsshopdetail/190843659 HTTP/1.1" 404 17029 "-" "Mozilla/5.0 (compatible; Googlebot/2.1; +http://www.google.com/bot.html)"
162.0.215.211 - - [26/Apr/2025:11:23:41 -0400] "POST /wp-admin/admin-ajax.php?action=async_litespeed&nonce=mRg3w4hX3gDJD2lWpfQ0I5PeFLorPnzg&litespeed_type=imgoptm HTTP/1.1" 200 21 "-" "WordPress/6.8; https://luxuryhomez.org"
162.0.215.211 - - [26/Apr/2025:11:25:25 -0400] "POST /wp-cron.php?doing_wp_cron=1745681125.0031199455261230468750 HTTP/1.1" 200 0 "-" "WordPress/6.8; https://luxuryhomez.org"
66.249.73.7 - - [26/Apr/2025:11:25:21 -0400] "GET /shopdetail/302908359 HTTP/1.1" 404 17020 "-" "Mozilla/5.0 (Linux; Android 6.0.1; Nexus 5X Build/MMB29P) AppleWebKit/537.36 (KHTML, like Gecko) Chrome/135.0.7049.95 Mobile Safari/537.36 (compatible; GoogleOther)"
162.0.215.211 - - [26/Apr/2025:11:25:25 -0400] "POST /wp-admin/admin-ajax.php?action=async_litespeed&nonce=vo9ZWePuw796DsRHPunK54LCkmEzymfW&litespeed_type=imgoptm HTTP/1.1" 200 21 "-" "WordPress/6.8; https://luxuryhomez.org"
162.0.215.211 - - [26/Apr/2025:11:25:37 -0400] "POST /wp-cron.php?doing_wp_cron=1745681137.8768539428710937500000 HTTP/1.1" 200 0 "-" "WordPress/6.8; https://luxuryhomez.org"
66.249.73.10 - - [26/Apr/2025:11:25:37 -0400] "GET /shopdetail/67584159 HTTP/1.1" 301 0 "-" "Mozilla/5.0 (Linux; Android 6.0.1; Nexus 5X Build/MMB29P) AppleWebKit/537.36 (KHTML, like Gecko) Chrome/135.0.7049.95 Mobile Safari/537.36 (compatible; Googlebot/2.1; +http://www.google.com/bot.html)"
162.0.215.211 - - [26/Apr/2025:11:25:38 -0400] "POST /wp-admin/admin-ajax.php?action=async_litespeed&nonce=mmsdlj1ug7QHYlonzsRa94j1lAcZ1sSI&litespeed_type=imgoptm HTTP/1.1" 200 21 "-" "WordPress/6.8; https://luxuryhomez.org"
66.249.73.5 - - [26/Apr/2025:11:25:38 -0400] "GET /shopdetail/67584159 HTTP/1.1" 404 17019 "-" "Mozilla/5.0 (Linux; Android 6.0.1; Nexus 5X Build/MMB29P) AppleWebKit/537.36 (KHTML, like Gecko) Chrome/135.0.7049.95 Mobile Safari/537.36 (compatible; Googlebot/2.1; +http://www.google.com/bot.html)"
162.0.215.211 - - [26/Apr/2025:11:27:29 -0400] "POST /wp-cron.php?doing_wp_cron=1745681249.5346000194549560546875 HTTP/1.1" 200 0 "-" "WordPress/6.8; https://luxuryhomez.org"
66.249.73.10 - - [26/Apr/2025:11:27:27 -0400] "GET /shopdetail/8313959 HTTP/1.1" 301 0 "-" "Mozilla/5.0 (Linux; Android 6.0.1; Nexus 5X Build/MMB29P) AppleWebKit/537.36 (KHTML, like Gecko) Chrome/135.0.7049.95 Mobile Safari/537.36 (compatible; Googlebot/2.1; +http://www.google.com/bot.html)"
162.0.215.211 - - [26/Apr/2025:11:27:29 -0400] "POST /wp-admin/admin-ajax.php?action=async_litespeed&nonce=LzAFgE36JBG4Ua6C12MNyK6iRIkS01o5&litespeed_type=imgoptm HTTP/1.1" 200 0 "-" "WordPress/6.8; https://luxuryhomez.org"
66.249.73.6 - - [26/Apr/2025:11:27:29 -0400] "GET /shopdetail/8313959 HTTP/1.1" 404 17014 "-" "Mozilla/5.0 (Linux; Android 6.0.1; Nexus 5X Build/MMB29P) AppleWebKit/537.36 (KHTML, like Gecko) Chrome/135.0.7049.95 Mobile Safari/537.36 (compatible; Googlebot/2.1; +http://www.google.com/bot.html)"
162.0.215.211 - - [26/Apr/2025:11:29:43 -0400] "POST /wp-cron.php?doing_wp_cron=1745681383.3601589202880859375000 HTTP/1.1" 200 0 "-" "WordPress/6.8; https://luxuryhomez.org"
162.0.215.211 - - [26/Apr/2025:11:29:43 -0400] "POST /wp-cron.php?doing_wp_cron=1745681383.3601589202880859375000 HTTP/1.1" 200 0 "-" "WordPress/6.8; https://luxuryhomez.org"
66.249.73.10 - - [26/Apr/2025:11:29:42 -0400] "GET /shopdetail/32780459 HTTP/1.1" 301 0 "-" "Mozilla/5.0 (Linux; Android 6.0.1; Nexus 5X Build/MMB29P) AppleWebKit/537.36 (KHTML, like Gecko) Chrome/135.0.7049.95 Mobile Safari/537.36 (compatible; Googlebot/2.1; +http://www.google.com/bot.html)"
162.0.215.211 - - [26/Apr/2025:11:29:43 -0400] "POST /wp-admin/admin-ajax.php?action=async_litespeed&nonce=Lzizu8lMMG6pJusEzLh0OZSyP6zIAebl&litespeed_type=imgoptm HTTP/1.1" 200 21 "-" "WordPress/6.8; https://luxuryhomez.org"
162.0.215.211 - - [26/Apr/2025:11:29:43 -0400] "POST /wp-admin/admin-ajax.php?action=async_litespeed&nonce=0KuRP5oYl0C7id2liwkz8udg8LwiwRQ4&litespeed_type=imgoptm HTTP/1.1" 200 21 "-" "WordPress/6.8; https://luxuryhomez.org"
66.249.73.6 - - [26/Apr/2025:11:29:40 -0400] "GET /shopdetail/306830459 HTTP/1.1" 404 17019 "-" "Mozilla/5.0 (Linux; Android 6.0.1; Nexus 5X Build/MMB29P) AppleWebKit/537.36 (KHTML, like Gecko) Chrome/135.0.7049.95 Mobile Safari/537.36 (compatible; GoogleOther)"
66.249.73.7 - - [26/Apr/2025:11:29:43 -0400] "GET /shopdetail/32780459 HTTP/1.1" 404 17016 "-" "Mozilla/5.0 (Linux; Android 6.0.1; Nexus 5X Build/MMB29P) AppleWebKit/537.36 (KHTML, like Gecko) Chrome/135.0.7049.95 Mobile Safari/537.36 (compatible; Googlebot/2.1; +http://www.google.com/bot.html)"
66.249.73.5 - - [26/Apr/2025:11:29:51 -0400] "GET /index.php/product/edit/51965083 HTTP/1.1" 301 0 "-" "Mozilla/5.0 (compatible; Googlebot/2.1; +http://www.google.com/bot.html)"
66.249.73.6 - - [26/Apr/2025:11:29:51 -0400] "GET /product/edit/51965083 HTTP/1.1" 404 17027 "-" "Mozilla/5.0 (compatible; Googlebot/2.1; +http://www.google.com/bot.html)"
51.222.253.10 - - [26/Apr/2025:11:29:56 -0400] "GET /brand/brand-2/?orderby=price-desc&product_count=15&category-view-mode=grid&product_col_large=3 HTTP/1.1" 200 17953 "-" "Mozilla/5.0 (compatible; AhrefsBot/7.0; +http://ahrefs.com/robot/)"
162.0.215.211 - - [26/Apr/2025:11:30:44 -0400] "POST /wp-cron.php?doing_wp_cron=1745681444.8802559375762939453125 HTTP/1.1" 200 0 "-" "WordPress/6.8; https://luxuryhomez.org"
162.0.215.211 - - [26/Apr/2025:11:30:45 -0400] "POST /wp-admin/admin-ajax.php?action=async_litespeed&nonce=PgodA2l8Wll96v9rkYOtJGj8TyucTj9F&litespeed_type=imgoptm HTTP/1.1" 200 21 "-" "WordPress/6.8; https://luxuryhomez.org"
57.141.4.23 - - [26/Apr/2025:11:30:44 -0400] "GET /shadow.php?1513858586.htm HTTP/1.1" 404 71767 "-" "meta-externalagent/1.1 (+https://developers.facebook.com/docs/sharing/webmasters/crawler)"
162.0.215.211 - - [26/Apr/2025:11:31:19 -0400] "POST /wp-cron.php?doing_wp_cron=1745681479.8511230945587158203125 HTTP/1.1" 200 0 "-" "WordPress/6.8; https://luxuryhomez.org"
66.249.73.7 - - [26/Apr/2025:11:31:19 -0400] "GET /index.phpsshopdetail/272437059 HTTP/1.1" 404 17027 "-" "Mozilla/5.0 (Linux; Android 6.0.1; Nexus 5X Build/MMB29P) AppleWebKit/537.36 (KHTML, like Gecko) Chrome/135.0.7049.95 Mobile Safari/537.36 (compatible; Googlebot/2.1; +http://www.google.com/bot.html)"
162.0.215.211 - - [26/Apr/2025:11:33:57 -0400] "POST /wp-cron.php?doing_wp_cron=1745681637.4361059665679931640625 HTTP/1.1" 200 0 "-" "WordPress/6.8; https://luxuryhomez.org"
66.249.73.7 - - [26/Apr/2025:11:33:53 -0400] "GET /shopdetail/285579359 HTTP/1.1" 404 17019 "-" "Mozilla/5.0 (Linux; Android 6.0.1; Nexus 5X Build/MMB29P) AppleWebKit/537.36 (KHTML, like Gecko) Chrome/135.0.7049.95 Mobile Safari/537.36 (compatible; GoogleOther)"
162.0.215.211 - - [26/Apr/2025:11:33:58 -0400] "POST /wp-admin/admin-ajax.php?action=async_litespeed&nonce=v1T0Y3inp97SeF813t8kh8H1j1S49Djs&litespeed_type=imgoptm HTTP/1.1" 200 21 "-" "WordPress/6.8; https://luxuryhomez.org"
162.0.215.211 - - [26/Apr/2025:11:34:31 -0400] "POST /wp-cron.php?doing_wp_cron=1745681671.6564860343933105468750 HTTP/1.1" 200 0 "-" "WordPress/6.8; https://luxuryhomez.org"
162.0.215.211 - - [26/Apr/2025:11:34:31 -0400] "POST /wp-admin/admin-ajax.php?action=async_litespeed&nonce=Mp5EQMlMMk8C4w3QMOa1ZlRMbyiNuyz9&litespeed_type=imgoptm HTTP/1.1" 200 21 "-" "WordPress/6.8; https://luxuryhomez.org"
66.249.73.7 - - [26/Apr/2025:11:34:31 -0400] "GET /index.phpsshopdetail/283384359 HTTP/1.1" 404 17030 "-" "Mozilla/5.0 (Linux; Android 6.0.1; Nexus 5X Build/MMB29P) AppleWebKit/537.36 (KHTML, like Gecko) Chrome/135.0.7049.95 Mobile Safari/537.36 (compatible; Googlebot/2.1; +http://www.google.com/bot.html)"
66.249.73.5 - - [26/Apr/2025:11:34:36 -0400] "GET /index.phpsshopdetail/118035959 HTTP/1.1" 404 17027 "-" "Mozilla/5.0 (Linux; Android 6.0.1; Nexus 5X Build/MMB29P) AppleWebKit/537.36 (KHTML, like Gecko) Chrome/135.0.7049.95 Mobile Safari/537.36 (compatible; Googlebot/2.1; +http://www.google.com/bot.html)"
162.0.215.211 - - [26/Apr/2025:11:37:23 -0400] "POST /wp-cron.php?doing_wp_cron=1745681843.1469149589538574218750 HTTP/1.1" 200 0 "-" "WordPress/6.8; https://luxuryhomez.org"
57.141.4.23 - - [26/Apr/2025:11:37:18 -0400] "GET /shadow.php?132264557.htm HTTP/1.1" 404 71766 "-" "meta-externalagent/1.1 (+https://developers.facebook.com/docs/sharing/webmasters/crawler)"
162.0.215.211 - - [26/Apr/2025:11:37:23 -0400] "POST /wp-admin/admin-ajax.php?action=async_litespeed&nonce=I1yNFV8RuXPpjdR1N9XrlZkxQlrjCj9w&litespeed_type=imgoptm HTTP/1.1" 200 21 "-" "WordPress/6.8; https://luxuryhomez.org"
162.0.215.211 - - [26/Apr/2025:11:37:48 -0400] "POST /wp-cron.php?doing_wp_cron=1745681868.7785620689392089843750 HTTP/1.1" 200 0 "-" "WordPress/6.8; https://luxuryhomez.org"
66.249.73.7 - - [26/Apr/2025:11:37:48 -0400] "GET /shopdetail/155572259 HTTP/1.1" 404 17017 "-" "Mozilla/5.0 (compatible; Googlebot/2.1; +http://www.google.com/bot.html)"
162.0.215.211 - - [26/Apr/2025:11:37:49 -0400] "POST /wp-admin/admin-ajax.php?action=async_litespeed&nonce=051dy0CcuvfZqr0qkF6ncp27rtN3GEXi&litespeed_type=imgoptm HTTP/1.1" 200 21 "-" "WordPress/6.8; https://luxuryhomez.org"
162.0.215.211 - - [26/Apr/2025:11:38:10 -0400] "POST /wp-cron.php?doing_wp_cron=1745681890.8050270080566406250000 HTTP/1.1" 200 0 "-" "WordPress/6.8; https://luxuryhomez.org"
66.249.73.5 - - [26/Apr/2025:11:38:10 -0400] "GET /shopdetail/259986259 HTTP/1.1" 404 17019 "-" "Mozilla/5.0 (compatible; Googlebot/2.1; +http://www.google.com/bot.html)"
162.0.215.211 - - [26/Apr/2025:11:38:53 -0400] "POST /wp-cron.php?doing_wp_cron=1745681933.6057660579681396484375 HTTP/1.1" 200 0 "-" "WordPress/6.8; https://luxuryhomez.org"
194.233.77.58 - - [26/Apr/2025:11:38:53 -0400] "POST /xmlrpc.php HTTP/1.1" 200 403 "-" "Mozilla/5.0 (Windows NT 10.0; Win64; x64; rv:61.0) Gecko/20100101 Firefox/61.0"
162.0.215.211 - - [26/Apr/2025:11:38:54 -0400] "POST /wp-admin/admin-ajax.php?action=async_litespeed&nonce=NgJdiT7888KijhIejULnOIhyHKsjxNsw&litespeed_type=imgoptm HTTP/1.1" 200 21 "-" "WordPress/6.8; https://luxuryhomez.org"
162.0.215.211 - - [26/Apr/2025:11:39:10 -0400] "POST /wp-cron.php?doing_wp_cron=1745681950.3736350536346435546875 HTTP/1.1" 200 0 "-" "WordPress/6.8; https://luxuryhomez.org"
85.10.137.175 - - [26/Apr/2025:11:39:09 -0400] "POST /xmlrpc.php HTTP/1.1" 200 403 "-" "Mozilla/5.0 (Windows NT 10.0; Win64; x64) AppleWebKit/537.36 (KHTML, like Gecko) Chrome/63.0.3239.132 Safari/537.36"
94.46.178.8 - - [26/Apr/2025:11:39:22 -0400] "POST /xmlrpc.php HTTP/1.1" 200 403 "-" "Mozilla/5.0 (Windows NT 10.0; Win64; x64; rv:88.0) Gecko/20100101 Firefox/88.0"
162.0.215.211 - - [26/Apr/2025:11:39:28 -0400] "POST /wp-cron.php?doing_wp_cron=1745681968.0076498985290527343750 HTTP/1.1" 200 0 "-" "WordPress/6.8; https://luxuryhomez.org"
104.207.158.139 - - [26/Apr/2025:11:39:27 -0400] "POST /xmlrpc.php HTTP/1.1" 200 403 "-" "Mozilla/5.0 (Windows NT 10.0; Win64; x64) AppleWebKit/537.36 (KHTML, like Gecko) Chrome/63.0.3239.132 Safari/537.36"
162.0.215.211 - - [26/Apr/2025:11:39:29 -0400] "POST /wp-admin/admin-ajax.php?action=async_litespeed&nonce=4o8PcuA29fx3O9MBWEEiNRkLXCsqJ0Tc&litespeed_type=imgoptm HTTP/1.1" 200 0 "-" "WordPress/6.8; https://luxuryhomez.org"
62.146.182.76 - - [26/Apr/2025:11:39:37 -0400] "POST /xmlrpc.php HTTP/1.1" 200 403 "-" "Mozilla/5.0 (Windows; U; Windows NT 5.1; en-US; rv:1.7.5) Gecko/20041107 Firefox/1.0"
94.46.178.8 - - [26/Apr/2025:11:39:39 -0400] "POST /xmlrpc.php HTTP/1.1" 200 403 "-" "Mozilla/5.0 (Windows NT 6.1; WOW64; rv:45.0) Gecko/20100101 Firefox/45.0"
66.249.73.5 - - [26/Apr/2025:11:39:49 -0400] "GET /index.phpsshopdetail/216813159 HTTP/1.1" 404 17029 "-" "Mozilla/5.0 (compatible; Googlebot/2.1; +http://www.google.com/bot.html)"
94.127.7.153 - - [26/Apr/2025:11:39:52 -0400] "POST /xmlrpc.php HTTP/1.1" 200 403 "-" "Mozilla/5.0 (Macintosh; Intel Mac OS X 10_10; rv:33.0) Gecko/20100101 Firefox/33.0"
66.249.73.6 - - [26/Apr/2025:11:39:52 -0400] "GET /index.phpsshopdetail/145259159 HTTP/1.1" 404 17032 "-" "Mozilla/5.0 (compatible; Googlebot/2.1; +http://www.google.com/bot.html)"
162.0.215.211 - - [26/Apr/2025:11:40:04 -0400] "POST /wp-cron.php?doing_wp_cron=1745682004.8767149448394775390625 HTTP/1.1" 200 0 "-" "WordPress/6.8; https://luxuryhomez.org"
94.46.178.8 - - [26/Apr/2025:11:40:04 -0400] "POST /xmlrpc.php HTTP/1.1" 200 403 "-" "Mozilla/5.0 (Windows NT 10.0; Win64; x64) AppleWebKit/537.36 (KHTML, like Gecko) Chrome/79.0.3945.130 Safari/537.36"
51.68.11.199 - - [26/Apr/2025:11:40:04 -0400] "POST /xmlrpc.php HTTP/1.1" 200 403 "-" "Mozilla/5.0 (Windows NT 10.0; Win64; x64) AppleWebKit/537.36 (KHTML, like Gecko) Chrome/61.0.3163.100 Safari/537.36"
162.0.215.211 - - [26/Apr/2025:11:40:46 -0400] "POST /wp-cron.php?doing_wp_cron=1745682046.0071179866790771484375 HTTP/1.1" 200 0 "-" "WordPress/6.8; https://luxuryhomez.org"
162.0.215.211 - - [26/Apr/2025:11:40:46 -0400] "POST /wp-admin/admin-ajax.php?action=async_litespeed&nonce=GvtziZUyeCJiekegwMjlBTx6r8dMceJR&litespeed_type=imgoptm HTTP/1.1" 200 21 "-" "WordPress/6.8; https://luxuryhomez.org"
57.141.4.17 - - [26/Apr/2025:11:40:45 -0400] "GET /shadow.php?967275891.htm HTTP/1.1" 404 71766 "-" "meta-externalagent/1.1 (+https://developers.facebook.com/docs/sharing/webmasters/crawler)"
162.0.215.211 - - [26/Apr/2025:11:41:55 -0400] "POST /wp-cron.php?doing_wp_cron=1745682115.9233369827270507812500 HTTP/1.1" 200 0 "-" "WordPress/6.8; https://luxuryhomez.org"
162.0.215.211 - - [26/Apr/2025:11:41:56 -0400] "POST /wp-admin/admin-ajax.php?action=async_litespeed&nonce=qsPblGosqtb92IIQlu9mjTvi9Nw0X7KK&litespeed_type=imgoptm HTTP/1.1" 200 21 "-" "WordPress/6.8; https://luxuryhomez.org"
66.249.73.5 - - [26/Apr/2025:11:41:55 -0400] "GET /index.phpsshopdetail/348065359 HTTP/1.1" 404 17042 "-" "Mozilla/5.0 (compatible; Googlebot/2.1; +http://www.google.com/bot.html)"
162.0.215.211 - - [26/Apr/2025:11:45:58 -0400] "POST /wp-cron.php?doing_wp_cron=1745682358.1400589942932128906250 HTTP/1.1" 200 0 "-" "WordPress/6.8; https://luxuryhomez.org"
66.249.73.7 - - [26/Apr/2025:11:45:53 -0400] "GET /index.phpsshopdetail/307566859 HTTP/1.1" 404 17026 "-" "Mozilla/5.0 (compatible; Googlebot/2.1; +http://www.google.com/bot.html)"
162.0.215.211 - - [26/Apr/2025:11:45:58 -0400] "POST /wp-admin/admin-ajax.php?action=async_litespeed&nonce=LOtcDmWuR2iJxPAfEWepVCwSHEhpQYPn&litespeed_type=imgoptm HTTP/1.1" 200 21 "-" "WordPress/6.8; https://luxuryhomez.org"
162.0.215.211 - - [26/Apr/2025:11:47:26 -0400] "POST /wp-cron.php?doing_wp_cron=1745682446.3947679996490478515625 HTTP/1.1" 200 0 "-" "WordPress/6.8; https://luxuryhomez.org"
66.249.73.5 - - [26/Apr/2025:11:47:23 -0400] "GET /index.php/zhHant/product/surugaya/11338750?campaign_uid=f64d716db5e979ed2f947dbaf4296895b951ae7f HTTP/1.1" 301 0 "-" "Mozilla/5.0 (compatible; Googlebot/2.1; +http://www.google.com/bot.html)"
162.0.215.211 - - [26/Apr/2025:11:47:26 -0400] "POST /wp-admin/admin-ajax.php?action=async_litespeed&nonce=CjDvG6QcnehC6jBNST7bboa7qHfBs4SQ&litespeed_type=imgoptm HTTP/1.1" 200 21 "-" "WordPress/6.8; https://luxuryhomez.org"
66.249.73.6 - - [26/Apr/2025:11:47:26 -0400] "GET /zhHant/product/surugaya/11338750?campaign_uid=f64d716db5e979ed2f947dbaf4296895b951ae7f HTTP/1.1" 404 17068 "-" "Mozilla/5.0 (compatible; Googlebot/2.1; +http://www.google.com/bot.html)"
51.222.253.16 - - [26/Apr/2025:11:47:42 -0400] "GET /brand/brand-2/?orderby=price-desc&product_count=15&category-view-mode=grid&product_col_large=4 HTTP/1.1" 200 17950 "-" "Mozilla/5.0 (compatible; AhrefsBot/7.0; +http://ahrefs.com/robot/)"
162.0.215.211 - - [26/Apr/2025:11:48:27 -0400] "POST /wp-cron.php?doing_wp_cron=1745682507.0239028930664062500000 HTTP/1.1" 200 0 "-" "WordPress/6.8; https://luxuryhomez.org"
66.249.73.6 - - [26/Apr/2025:11:48:26 -0400] "GET /index.phpsshopdetail/28050959 HTTP/1.1" 404 17032 "-" "Mozilla/5.0 (Linux; Android 6.0.1; Nexus 5X Build/MMB29P) AppleWebKit/537.36 (KHTML, like Gecko) Chrome/135.0.7049.95 Mobile Safari/537.36 (compatible; Googlebot/2.1; +http://www.google.com/bot.html)"
162.0.215.211 - - [26/Apr/2025:11:48:27 -0400] "POST /wp-admin/admin-ajax.php?action=async_litespeed&nonce=tFckTNvcsa64R2dGOnW2Iv89QVVsBytJ&litespeed_type=imgoptm HTTP/1.1" 200 21 "-" "WordPress/6.8; https://luxuryhomez.org"
57.141.4.2 - - [26/Apr/2025:11:48:58 -0400] "GET /shadow.php?1370829237.htm HTTP/1.1" 404 71767 "-" "meta-externalagent/1.1 (+https://developers.facebook.com/docs/sharing/webmasters/crawler)"
162.0.215.211 - - [26/Apr/2025:11:49:52 -0400] "POST /wp-cron.php?doing_wp_cron=1745682592.2616689205169677734375 HTTP/1.1" 200 0 "-" "WordPress/6.8; https://luxuryhomez.org"
66.249.73.12 - - [26/Apr/2025:11:49:51 -0400] "GET /shopdetail/107672259 HTTP/1.1" 301 0 "-" "Mozilla/5.0 (Linux; Android 6.0.1; Nexus 5X Build/MMB29P) AppleWebKit/537.36 (KHTML, like Gecko) Chrome/135.0.7049.95 Mobile Safari/537.36 (compatible; Googlebot/2.1; +http://www.google.com/bot.html)"
162.0.215.211 - - [26/Apr/2025:11:49:52 -0400] "POST /wp-admin/admin-ajax.php?action=async_litespeed&nonce=l7OpcVoy1Hvy3HsahZLphrEgr6sO9Kut&litespeed_type=imgoptm HTTP/1.1" 200 21 "-" "WordPress/6.8; https://luxuryhomez.org"
66.249.73.7 - - [26/Apr/2025:11:49:53 -0400] "GET /shopdetail/107672259 HTTP/1.1" 404 17015 "-" "Mozilla/5.0 (Linux; Android 6.0.1; Nexus 5X Build/MMB29P) AppleWebKit/537.36 (KHTML, like Gecko) Chrome/135.0.7049.95 Mobile Safari/537.36 (compatible; Googlebot/2.1; +http://www.google.com/bot.html)"
162.0.215.211 - - [26/Apr/2025:11:52:09 -0400] "POST /wp-cron.php?doing_wp_cron=1745682729.1450850963592529296875 HTTP/1.1" 200 0 "-" "WordPress/6.8; https://luxuryhomez.org"
162.0.215.211 - - [26/Apr/2025:11:52:09 -0400] "POST /wp-cron.php?doing_wp_cron=1745682729.1453680992126464843750 HTTP/1.1" 200 0 "-" "WordPress/6.8; https://luxuryhomez.org"
66.249.73.12 - - [26/Apr/2025:11:52:06 -0400] "GET /shopdetail/29276559 HTTP/1.1" 301 0 "-" "Mozilla/5.0 (compatible; Googlebot/2.1; +http://www.google.com/bot.html)"
66.249.73.11 - - [26/Apr/2025:11:52:06 -0400] "GET /shopdetail/29276559 HTTP/1.1" 301 0 "-" "Mozilla/5.0 (Linux; Android 6.0.1; Nexus 5X Build/MMB29P) AppleWebKit/537.36 (KHTML, like Gecko) Chrome/135.0.7049.95 Mobile Safari/537.36 (compatible; Googlebot/2.1; +http://www.google.com/bot.html)"
162.0.215.211 - - [26/Apr/2025:11:52:09 -0400] "POST /wp-admin/admin-ajax.php?action=async_litespeed&nonce=T3ZCCTcwnrAULmBhJ3x9245fx7bD8dzM&litespeed_type=imgoptm HTTP/1.1" 200 21 "-" "WordPress/6.8; https://luxuryhomez.org"
66.249.73.6 - - [26/Apr/2025:11:52:09 -0400] "GET /shopdetail/29276559 HTTP/1.1" 404 17017 "-" "Mozilla/5.0 (compatible; Googlebot/2.1; +http://www.google.com/bot.html)"
66.249.73.7 - - [26/Apr/2025:11:52:11 -0400] "GET /shopdetail/29276559 HTTP/1.1" 404 17017 "-" "Mozilla/5.0 (Linux; Android 6.0.1; Nexus 5X Build/MMB29P) AppleWebKit/537.36 (KHTML, like Gecko) Chrome/135.0.7049.95 Mobile Safari/537.36 (compatible; Googlebot/2.1; +http://www.google.com/bot.html)"
57.141.4.2 - - [26/Apr/2025:11:52:19 -0400] "GET /shopdetail/199478559 HTTP/1.1" 404 71762 "-" "meta-externalagent/1.1 (+https://developers.facebook.com/docs/sharing/webmasters/crawler)"
162.0.215.211 - - [26/Apr/2025:11:53:21 -0400] "POST /wp-cron.php?doing_wp_cron=1745682801.3421480655670166015625 HTTP/1.1" 200 0 "-" "WordPress/6.8; https://luxuryhomez.org"
66.249.73.12 - - [26/Apr/2025:11:53:20 -0400] "GET /shopdetail/111279159 HTTP/1.1" 301 0 "-" "Mozilla/5.0 (Linux; Android 6.0.1; Nexus 5X Build/MMB29P) AppleWebKit/537.36 (KHTML, like Gecko) Chrome/135.0.7049.95 Mobile Safari/537.36 (compatible; Googlebot/2.1; +http://www.google.com/bot.html)"
162.0.215.211 - - [26/Apr/2025:11:53:21 -0400] "POST /wp-admin/admin-ajax.php?action=async_litespeed&nonce=oqcDVluDeIFHSRiWgRPitsOJqT5x8j85&litespeed_type=imgoptm HTTP/1.1" 200 21 "-" "WordPress/6.8; https://luxuryhomez.org"
66.249.73.7 - - [26/Apr/2025:11:53:21 -0400] "GET /shopdetail/111279159 HTTP/1.1" 404 17019 "-" "Mozilla/5.0 (Linux; Android 6.0.1; Nexus 5X Build/MMB29P) AppleWebKit/537.36 (KHTML, like Gecko) Chrome/135.0.7049.95 Mobile Safari/537.36 (compatible; Googlebot/2.1; +http://www.google.com/bot.html)"
162.0.215.211 - - [26/Apr/2025:11:55:28 -0400] "POST /wp-cron.php?doing_wp_cron=1745682928.9539930820465087890625 HTTP/1.1" 200 0 "-" "WordPress/6.8; https://luxuryhomez.org"
162.0.215.211 - - [26/Apr/2025:11:55:29 -0400] "POST /wp-admin/admin-ajax.php?action=async_litespeed&nonce=2wWOR6txkIPryILEJHwvCTuK6V3m6tbW&litespeed_type=imgoptm HTTP/1.1" 200 21 "-" "WordPress/6.8; https://luxuryhomez.org"
57.141.4.20 - - [26/Apr/2025:11:55:26 -0400] "GET /shadow.php?468939794.htm HTTP/1.1" 404 71766 "-" "meta-externalagent/1.1 (+https://developers.facebook.com/docs/sharing/webmasters/crawler)"
66.249.73.12 - - [26/Apr/2025:11:55:30 -0400] "GET /shopdetail/75631659 HTTP/1.1" 301 0 "-" "Mozilla/5.0 (compatible; Googlebot/2.1; +http://www.google.com/bot.html)"
66.249.73.6 - - [26/Apr/2025:11:55:31 -0400] "GET /shopdetail/75631659 HTTP/1.1" 404 17020 "-" "Mozilla/5.0 (compatible; Googlebot/2.1; +http://www.google.com/bot.html)"
162.0.215.211 - - [26/Apr/2025:11:56:12 -0400] "POST /wp-cron.php?doing_wp_cron=1745682972.9222240447998046875000 HTTP/1.1" 200 0 "-" "WordPress/6.8; https://luxuryhomez.org"
66.249.73.11 - - [26/Apr/2025:11:56:12 -0400] "GET /shopdetail/68043359 HTTP/1.1" 301 0 "-" "Mozilla/5.0 (Linux; Android 6.0.1; Nexus 5X Build/MMB29P) AppleWebKit/537.36 (KHTML, like Gecko) Chrome/135.0.7049.95 Mobile Safari/537.36 (compatible; Googlebot/2.1; +http://www.google.com/bot.html)"
66.249.73.7 - - [26/Apr/2025:11:56:13 -0400] "GET /shopdetail/68043359 HTTP/1.1" 404 17019 "-" "Mozilla/5.0 (Linux; Android 6.0.1; Nexus 5X Build/MMB29P) AppleWebKit/537.36 (KHTML, like Gecko) Chrome/135.0.7049.95 Mobile Safari/537.36 (compatible; Googlebot/2.1; +http://www.google.com/bot.html)"
162.0.215.211 - - [26/Apr/2025:11:56:53 -0400] "POST /wp-cron.php?doing_wp_cron=1745683013.0368320941925048828125 HTTP/1.1" 200 0 "-" "WordPress/6.8; https://luxuryhomez.org"
66.249.73.10 - - [26/Apr/2025:11:56:52 -0400] "GET /shopdetail/305330859 HTTP/1.1" 301 0 "-" "Mozilla/5.0 (compatible; Googlebot/2.1; +http://www.google.com/bot.html)"
162.0.215.211 - - [26/Apr/2025:11:56:53 -0400] "POST /wp-admin/admin-ajax.php?action=async_litespeed&nonce=nWLfbhgjwxQINn0r0pcRF1jDBX7rl267&litespeed_type=imgoptm HTTP/1.1" 200 21 "-" "WordPress/6.8; https://luxuryhomez.org"
66.249.73.6 - - [26/Apr/2025:11:56:53 -0400] "GET /shopdetail/305330859 HTTP/1.1" 404 17019 "-" "Mozilla/5.0 (compatible; Googlebot/2.1; +http://www.google.com/bot.html)"
162.0.215.211 - - [26/Apr/2025:11:58:16 -0400] "POST /wp-cron.php?doing_wp_cron=1745683096.6455860137939453125000 HTTP/1.1" 200 0 "-" "WordPress/6.8; https://luxuryhomez.org"
66.249.73.10 - - [26/Apr/2025:11:58:16 -0400] "GET /shopdetail/19691959 HTTP/1.1" 301 0 "-" "Mozilla/5.0 (Linux; Android 6.0.1; Nexus 5X Build/MMB29P) AppleWebKit/537.36 (KHTML, like Gecko) Chrome/135.0.7049.95 Mobile Safari/537.36 (compatible; Googlebot/2.1; +http://www.google.com/bot.html)"
162.0.215.211 - - [26/Apr/2025:11:58:16 -0400] "POST /wp-admin/admin-ajax.php?action=async_litespeed&nonce=lNuJKRTusNd5ofZWyVZQjuP8FOM0A5W9&litespeed_type=imgoptm HTTP/1.1" 200 21 "-" "WordPress/6.8; https://luxuryhomez.org"
66.249.73.7 - - [26/Apr/2025:11:58:17 -0400] "GET /shopdetail/19691959 HTTP/1.1" 404 17021 "-" "Mozilla/5.0 (Linux; Android 6.0.1; Nexus 5X Build/MMB29P) AppleWebKit/537.36 (KHTML, like Gecko) Chrome/135.0.7049.95 Mobile Safari/537.36 (compatible; Googlebot/2.1; +http://www.google.com/bot.html)"
162.0.215.211 - - [26/Apr/2025:11:59:00 -0400] "POST /wp-cron.php?doing_wp_cron=1745683140.7338259220123291015625 HTTP/1.1" 200 0 "-" "WordPress/6.8; https://luxuryhomez.org"
66.249.73.6 - - [26/Apr/2025:11:59:00 -0400] "GET /index.php/pcmypage/shopdetail/155808259/recruit HTTP/1.1" 301 0 "-" "Mozilla/5.0 (compatible; Googlebot/2.1; +http://www.google.com/bot.html)"
66.249.73.7 - - [26/Apr/2025:11:59:00 -0400] "GET /index.php/pcmypage/shopdetail/155808259/recruit HTTP/1.1" 301 0 "-" "Mozilla/5.0 (Linux; Android 6.0.1; Nexus 5X Build/MMB29P) AppleWebKit/537.36 (KHTML, like Gecko) Chrome/135.0.7049.95 Mobile Safari/537.36 (compatible; Googlebot/2.1; +http://www.google.com/bot.html)"
162.0.215.211 - - [26/Apr/2025:11:59:00 -0400] "POST /wp-admin/admin-ajax.php?action=async_litespeed&nonce=O5hK4OfITDpUDZVPbXJX3NuIhjsi8W7m&litespeed_type=imgoptm HTTP/1.1" 200 21 "-" "WordPress/6.8; https://luxuryhomez.org"
66.249.73.6 - - [26/Apr/2025:11:59:00 -0400] "GET /pcmypage/shopdetail/155808259/recruit HTTP/1.1" 404 17040 "-" "Mozilla/5.0 (compatible; Googlebot/2.1; +http://www.google.com/bot.html)"
66.249.73.7 - - [26/Apr/2025:11:59:01 -0400] "GET /pcmypage/shopdetail/155808259/recruit HTTP/1.1" 404 17042 "-" "Mozilla/5.0 (Linux; Android 6.0.1; Nexus 5X Build/MMB29P) AppleWebKit/537.36 (KHTML, like Gecko) Chrome/135.0.7049.95 Mobile Safari/537.36 (compatible; Googlebot/2.1; +http://www.google.com/bot.html)"
162.0.215.211 - - [26/Apr/2025:11:59:50 -0400] "POST /wp-cron.php?doing_wp_cron=1745683190.2446451187133789062500 HTTP/1.1" 200 0 "-" "WordPress/6.8; https://luxuryhomez.org"
66.249.73.5 - - [26/Apr/2025:11:59:49 -0400] "GET /index.php/pcmypage/shopdetail/226780759 HTTP/1.1" 301 0 "-" "Mozilla/5.0 (compatible; Googlebot/2.1; +http://www.google.com/bot.html)"
162.0.215.211 - - [26/Apr/2025:11:59:50 -0400] "POST /wp-admin/admin-ajax.php?action=async_litespeed&nonce=KM416PPUOkBHn7bjMfIUiJHxxWeZciCZ&litespeed_type=imgoptm HTTP/1.1" 200 21 "-" "WordPress/6.8; https://luxuryhomez.org"
66.249.73.6 - - [26/Apr/2025:11:59:50 -0400] "GET /pcmypage/shopdetail/226780759 HTTP/1.1" 404 17035 "-" "Mozilla/5.0 (compatible; Googlebot/2.1; +http://www.google.com/bot.html)"
162.0.215.211 - - [26/Apr/2025:12:00:08 -0400] "POST /wp-cron.php?doing_wp_cron=1745683208.6841249465942382812500 HTTP/1.1" 200 0 "-" "WordPress/6.8; https://luxuryhomez.org"
66.249.73.11 - - [26/Apr/2025:12:00:07 -0400] "GET /shopdetail/76000259 HTTP/1.1" 301 0 "-" "Mozilla/5.0 (compatible; Googlebot/2.1; +http://www.google.com/bot.html)"
66.249.73.7 - - [26/Apr/2025:12:00:10 -0400] "GET /shopdetail/76000259 HTTP/1.1" 404 17015 "-" "Mozilla/5.0 (compatible; Googlebot/2.1; +http://www.google.com/bot.html)"
66.249.73.11 - - [26/Apr/2025:12:00:20 -0400] "GET /shopdetail/106374459 HTTP/1.1" 301 0 "-" "Mozilla/5.0 (Linux; Android 6.0.1; Nexus 5X Build/MMB29P) AppleWebKit/537.36 (KHTML, like Gecko) Chrome/135.0.7049.95 Mobile Safari/537.36 (compatible; Googlebot/2.1; +http://www.google.com/bot.html)"
66.249.73.5 - - [26/Apr/2025:12:00:21 -0400] "GET /shopdetail/106374459 HTTP/1.1" 404 17019 "-" "Mozilla/5.0 (Linux; Android 6.0.1; Nexus 5X Build/MMB29P) AppleWebKit/537.36 (KHTML, like Gecko) Chrome/135.0.7049.95 Mobile Safari/537.36 (compatible; Googlebot/2.1; +http://www.google.com/bot.html)"
162.0.215.211 - - [26/Apr/2025:12:04:05 -0400] "POST /wp-cron.php?doing_wp_cron=1745683445.1075639724731445312500 HTTP/1.1" 200 0 "-" "WordPress/6.8; https://luxuryhomez.org"
51.222.253.1 - - [26/Apr/2025:12:04:00 -0400] "GET /brand/brand-2/?orderby=price-desc&product_count=15&category-view-mode=list HTTP/1.1" 200 17959 "-" "Mozilla/5.0 (compatible; AhrefsBot/7.0; +http://ahrefs.com/robot/)"
66.249.73.5 - - [26/Apr/2025:12:04:02 -0400] "GET /index.phpsshopdetail/50745859 HTTP/1.1" 404 17032 "-" "Mozilla/5.0 (Linux; Android 6.0.1; Nexus 5X Build/MMB29P) AppleWebKit/537.36 (KHTML, like Gecko) Chrome/135.0.7049.95 Mobile Safari/537.36 (compatible; Googlebot/2.1; +http://www.google.com/bot.html)"
162.0.215.211 - - [26/Apr/2025:12:04:06 -0400] "POST /wp-admin/admin-ajax.php?action=async_litespeed&nonce=zh4GGSTZV6pRCkWh3LkjX2IvZzvzcuqy&litespeed_type=imgoptm HTTP/1.1" 200 0 "-" "WordPress/6.8; https://luxuryhomez.org"
