D7net
Home
Console
Upload
information
Create File
Create Folder
About
Tools
:
/
home
/
probwael
/
access-logs
/
Filename :
luxuryhomez.org.problemfix.org-ssl_log
back
Copy
162.0.215.211 - - [26/Apr/2025:08:08:45 -0400] "POST /wp-cron.php?doing_wp_cron=1745669325.5461800098419189453125 HTTP/1.1" 200 0 "-" "WordPress/6.8; https://luxuryhomez.org"
66.249.73.6 - - [26/Apr/2025:08:08:42 -0400] "GET /index.phpsshopdetail/31231459 HTTP/1.1" 404 17029 "-" "Mozilla/5.0 (compatible; Googlebot/2.1; +http://www.google.com/bot.html)"
162.0.215.211 - - [26/Apr/2025:08:08:46 -0400] "POST /wp-admin/admin-ajax.php?action=async_litespeed&nonce=YMviYxw82nvPGQ4jtvXn6OTcmJnCmULs&litespeed_type=imgoptm HTTP/1.1" 200 21 "-" "WordPress/6.8; https://luxuryhomez.org"
57.141.4.29 - - [26/Apr/2025:08:08:54 -0400] "GET /shopdetail/112796459 HTTP/1.1" 404 71762 "-" "meta-externalagent/1.1 (+https://developers.facebook.com/docs/sharing/webmasters/crawler)"
162.0.215.211 - - [26/Apr/2025:08:09:37 -0400] "POST /wp-cron.php?doing_wp_cron=1745669377.1533238887786865234375 HTTP/1.1" 200 0 "-" "WordPress/6.8; https://luxuryhomez.org"
162.0.215.211 - - [26/Apr/2025:08:09:37 -0400] "POST /wp-admin/admin-ajax.php?action=async_litespeed&nonce=2en5cRU77jnnRFH65ZSGGesVCP6EACrq&litespeed_type=imgoptm HTTP/1.1" 200 21 "-" "WordPress/6.8; https://luxuryhomez.org"
66.249.73.7 - - [26/Apr/2025:08:09:36 -0400] "GET /shopdetail/129722559 HTTP/1.1" 404 17022 "-" "Mozilla/5.0 (compatible; Googlebot/2.1; +http://www.google.com/bot.html)"
162.0.215.211 - - [26/Apr/2025:08:13:39 -0400] "POST /wp-cron.php?doing_wp_cron=1745669619.9346170425415039062500 HTTP/1.1" 200 0 "-" "WordPress/6.8; https://luxuryhomez.org"
66.249.73.5 - - [26/Apr/2025:08:13:37 -0400] "GET /shopdetail/116587759 HTTP/1.1" 404 17020 "-" "Mozilla/5.0 (compatible; Googlebot/2.1; +http://www.google.com/bot.html)"
162.0.215.211 - - [26/Apr/2025:08:13:40 -0400] "POST /wp-admin/admin-ajax.php?action=async_litespeed&nonce=hNde5MW8Otk6reJuyBQPOznt9hXS5tFA&litespeed_type=imgoptm HTTP/1.1" 200 21 "-" "WordPress/6.8; https://luxuryhomez.org"
162.0.215.211 - - [26/Apr/2025:08:17:08 -0400] "POST /wp-cron.php?doing_wp_cron=1745669828.1526410579681396484375 HTTP/1.1" 200 0 "-" "WordPress/6.8; https://luxuryhomez.org"
57.141.4.28 - - [26/Apr/2025:08:17:04 -0400] "GET /shadow.php?158648428.htm HTTP/1.1" 404 71766 "-" "meta-externalagent/1.1 (+https://developers.facebook.com/docs/sharing/webmasters/crawler)"
162.0.215.211 - - [26/Apr/2025:08:17:09 -0400] "POST /wp-admin/admin-ajax.php?action=async_litespeed&nonce=Q4zTygB3eXquIowSy15nIs55Jslm6zos&litespeed_type=imgoptm HTTP/1.1" 200 0 "-" "WordPress/6.8; https://luxuryhomez.org"
162.0.215.211 - - [26/Apr/2025:08:19:10 -0400] "POST /wp-cron.php?doing_wp_cron=1745669950.2136518955230712890625 HTTP/1.1" 200 0 "-" "WordPress/6.8; https://luxuryhomez.org"
162.0.215.211 - - [26/Apr/2025:08:19:10 -0400] "POST /wp-cron.php?doing_wp_cron=1745669950.2137520313262939453125 HTTP/1.1" 200 0 "-" "WordPress/6.8; https://luxuryhomez.org"
66.249.73.6 - - [26/Apr/2025:08:19:07 -0400] "GET /pcmypage?callback=product%2Fdetail%2F09870473 HTTP/1.1" 404 17037 "-" "Mozilla/5.0 (Linux; Android 6.0.1; Nexus 5X Build/MMB29P) AppleWebKit/537.36 (KHTML, like Gecko) Chrome/135.0.7049.95 Mobile Safari/537.36 (compatible; Googlebot/2.1; +http://www.google.com/bot.html)"
66.249.73.5 - - [26/Apr/2025:08:19:07 -0400] "GET /pcmypage?callback=product%2Fdetail%2F09870473 HTTP/1.1" 404 17040 "-" "Mozilla/5.0 (compatible; Googlebot/2.1; +http://www.google.com/bot.html)"
162.0.215.211 - - [26/Apr/2025:08:19:10 -0400] "POST /wp-admin/admin-ajax.php?action=async_litespeed&nonce=M6hF4ndykR8wghTUMwuHARLsQhfOk54N&litespeed_type=imgoptm HTTP/1.1" 200 21 "-" "WordPress/6.8; https://luxuryhomez.org"
51.222.253.10 - - [26/Apr/2025:08:19:14 -0400] "GET /brand/brand-3/?orderby=price&category-view-mode=grid&product_col_large=3&product_count=45 HTTP/1.1" 200 17958 "-" "Mozilla/5.0 (compatible; AhrefsBot/7.0; +http://ahrefs.com/robot/)"
162.0.215.211 - - [26/Apr/2025:08:19:28 -0400] "POST /wp-cron.php?doing_wp_cron=1745669968.2594430446624755859375 HTTP/1.1" 200 0 "-" "WordPress/6.8; https://luxuryhomez.org"
66.249.73.12 - - [26/Apr/2025:08:19:27 -0400] "GET /shopdetail/43128559 HTTP/1.1" 301 0 "-" "Mozilla/5.0 (compatible; Googlebot/2.1; +http://www.google.com/bot.html)"
162.0.215.211 - - [26/Apr/2025:08:19:28 -0400] "POST /wp-admin/admin-ajax.php?action=async_litespeed&nonce=rSA14etrPR7ELA0YrVv1yoGZriTM0htl&litespeed_type=imgoptm HTTP/1.1" 200 21 "-" "WordPress/6.8; https://luxuryhomez.org"
66.249.73.6 - - [26/Apr/2025:08:19:28 -0400] "GET /shopdetail/43128559 HTTP/1.1" 404 17018 "-" "Mozilla/5.0 (compatible; Googlebot/2.1; +http://www.google.com/bot.html)"
162.0.215.211 - - [26/Apr/2025:08:20:05 -0400] "POST /wp-cron.php?doing_wp_cron=1745670005.3103489875793457031250 HTTP/1.1" 200 0 "-" "WordPress/6.8; https://luxuryhomez.org"
66.249.73.7 - - [26/Apr/2025:08:20:04 -0400] "GET /index.php/safe_search/config/feature/sale2411-5/index.html/cargo/detail/man/customer_guide/text/terms/feature/shoplist/index.html HTTP/1.1" 301 0 "-" "Mozilla/5.0 (Linux; Android 6.0.1; Nexus 5X Build/MMB29P) AppleWebKit/537.36 (KHTML, like Gecko) Chrome/135.0.7049.95 Mobile Safari/537.36 (compatible; GoogleOther)"
66.249.73.6 - - [26/Apr/2025:08:20:10 -0400] "GET /safe_search/config/feature/sale2411-5/index.html/cargo/detail/man/customer_guide/text/terms/feature/shoplist/index.html HTTP/1.1" 404 17075 "-" "Mozilla/5.0 (Linux; Android 6.0.1; Nexus 5X Build/MMB29P) AppleWebKit/537.36 (KHTML, like Gecko) Chrome/135.0.7049.95 Mobile Safari/537.36 (compatible; GoogleOther)"
57.141.4.23 - - [26/Apr/2025:08:20:16 -0400] "GET /shopdetail/245764359 HTTP/1.1" 404 71762 "-" "meta-externalagent/1.1 (+https://developers.facebook.com/docs/sharing/webmasters/crawler)"
162.0.215.211 - - [26/Apr/2025:08:20:54 -0400] "POST /wp-cron.php?doing_wp_cron=1745670054.9460709095001220703125 HTTP/1.1" 200 0 "-" "WordPress/6.8; https://luxuryhomez.org"
162.0.215.211 - - [26/Apr/2025:08:20:55 -0400] "POST /wp-admin/admin-ajax.php?action=async_litespeed&nonce=YnXKeUNFrtxIltl070GDh6zJsDSsxqO5&litespeed_type=imgoptm HTTP/1.1" 200 21 "-" "WordPress/6.8; https://luxuryhomez.org"
57.141.4.6 - - [26/Apr/2025:08:20:54 -0400] "GET /shopdetail/127196159 HTTP/1.1" 404 71762 "-" "meta-externalagent/1.1 (+https://developers.facebook.com/docs/sharing/webmasters/crawler)"
162.0.215.211 - - [26/Apr/2025:08:22:18 -0400] "POST /wp-cron.php?doing_wp_cron=1745670138.4816570281982421875000 HTTP/1.1" 200 0 "-" "WordPress/6.8; https://luxuryhomez.org"
162.0.215.211 - - [26/Apr/2025:08:22:18 -0400] "POST /wp-admin/admin-ajax.php?action=async_litespeed&nonce=HTn0kav7ZP1tUFtuVb92XIjAa8U29bnq&litespeed_type=imgoptm HTTP/1.1" 200 21 "-" "WordPress/6.8; https://luxuryhomez.org"
66.249.73.7 - - [26/Apr/2025:08:22:17 -0400] "GET /index.phpsshopdetail/349089159 HTTP/1.1" 404 17028 "-" "Mozilla/5.0 (Linux; Android 6.0.1; Nexus 5X Build/MMB29P) AppleWebKit/537.36 (KHTML, like Gecko) Chrome/135.0.7049.95 Mobile Safari/537.36 (compatible; Googlebot/2.1; +http://www.google.com/bot.html)"
66.249.73.5 - - [26/Apr/2025:08:22:22 -0400] "GET /index.php/safe_search/config/feature/sale2411-5/index.html/man/customer_guide/safe_search/config/pcmypage/boyslove.html HTTP/1.1" 301 0 "-" "Mozilla/5.0 (Linux; Android 6.0.1; Nexus 5X Build/MMB29P) AppleWebKit/537.36 (KHTML, like Gecko) Chrome/135.0.7049.95 Mobile Safari/537.36 (compatible; GoogleOther)"
162.0.215.211 - - [26/Apr/2025:08:22:29 -0400] "POST /wp-cron.php?doing_wp_cron=1745670149.3014450073242187500000 HTTP/1.1" 200 0 "-" "WordPress/6.8; https://luxuryhomez.org"
162.0.215.211 - - [26/Apr/2025:08:22:29 -0400] "POST /wp-admin/admin-ajax.php?action=async_litespeed&nonce=wbcIM4VzDvZeLQEqilGyMzKjhzLYpfWY&litespeed_type=imgoptm HTTP/1.1" 200 21 "-" "WordPress/6.8; https://luxuryhomez.org"
66.249.73.5 - - [26/Apr/2025:08:22:28 -0400] "GET /safe_search/config/feature/sale2411-5/index.html/man/customer_guide/safe_search/config/pcmypage/boyslove.html HTTP/1.1" 404 17064 "-" "Mozilla/5.0 (Linux; Android 6.0.1; Nexus 5X Build/MMB29P) AppleWebKit/537.36 (KHTML, like Gecko) Chrome/135.0.7049.95 Mobile Safari/537.36 (compatible; GoogleOther)"
162.0.215.211 - - [26/Apr/2025:08:23:15 -0400] "POST /wp-cron.php?doing_wp_cron=1745670194.9096250534057617187500 HTTP/1.1" 200 0 "-" "WordPress/6.8; https://luxuryhomez.org"
66.249.73.12 - - [26/Apr/2025:08:23:13 -0400] "GET /shopdetail/112788159 HTTP/1.1" 301 0 "-" "Mozilla/5.0 (compatible; Googlebot/2.1; +http://www.google.com/bot.html)"
66.249.73.6 - - [26/Apr/2025:08:23:17 -0400] "GET /shopdetail/112788159 HTTP/1.1" 404 17021 "-" "Mozilla/5.0 (compatible; Googlebot/2.1; +http://www.google.com/bot.html)"
162.0.215.211 - - [26/Apr/2025:08:24:40 -0400] "POST /wp-cron.php?doing_wp_cron=1745670280.7664411067962646484375 HTTP/1.1" 200 0 "-" "WordPress/6.8; https://luxuryhomez.org"
66.249.73.5 - - [26/Apr/2025:08:24:40 -0400] "GET /index.php/safe_search/config/feature/sale2411-5/index.html/man/customer_guide/shopdetail/89539259/safe_search/config/feature/idol/gradol.html HTTP/1.1" 301 0 "-" "Mozilla/5.0 (Linux; Android 6.0.1; Nexus 5X Build/MMB29P) AppleWebKit/537.36 (KHTML, like Gecko) Chrome/135.0.7049.95 Mobile Safari/537.36 (compatible; GoogleOther)"
162.0.215.211 - - [26/Apr/2025:08:24:41 -0400] "POST /wp-admin/admin-ajax.php?action=async_litespeed&nonce=dS39q6izdFqvSIpNipBycq9oR80V9vDm&litespeed_type=imgoptm HTTP/1.1" 200 21 "-" "WordPress/6.8; https://luxuryhomez.org"
66.249.73.6 - - [26/Apr/2025:08:24:46 -0400] "GET /safe_search/config/feature/sale2411-5/index.html/man/customer_guide/shopdetail/89539259/safe_search/config/feature/idol/gradol.html HTTP/1.1" 404 17086 "-" "Mozilla/5.0 (Linux; Android 6.0.1; Nexus 5X Build/MMB29P) AppleWebKit/537.36 (KHTML, like Gecko) Chrome/135.0.7049.95 Mobile Safari/537.36 (compatible; GoogleOther)"
162.0.215.211 - - [26/Apr/2025:08:27:03 -0400] "POST /wp-cron.php?doing_wp_cron=1745670423.5940709114074707031250 HTTP/1.1" 200 0 "-" "WordPress/6.8; https://luxuryhomez.org"
66.249.73.6 - - [26/Apr/2025:08:27:00 -0400] "GET /index.php/product/edit/41000594/pcsp.html/shopdetail/36073659/shopdetail/126264659/feature/sale2411-5/index.html HTTP/1.1" 301 0 "-" "Mozilla/5.0 (Linux; Android 6.0.1; Nexus 5X Build/MMB29P) AppleWebKit/537.36 (KHTML, like Gecko) Chrome/135.0.7049.95 Mobile Safari/537.36 (compatible; GoogleOther)"
162.0.215.211 - - [26/Apr/2025:08:27:04 -0400] "POST /wp-admin/admin-ajax.php?action=async_litespeed&nonce=aWqjYxJMLKdPhpF3drdmrFQJ5jo1wJS3&litespeed_type=imgoptm HTTP/1.1" 200 21 "-" "WordPress/6.8; https://luxuryhomez.org"
66.249.73.6 - - [26/Apr/2025:08:27:08 -0400] "GET /product/edit/41000594/pcsp.html/shopdetail/36073659/shopdetail/126264659/feature/sale2411-5/index.html HTTP/1.1" 404 17068 "-" "Mozilla/5.0 (Linux; Android 6.0.1; Nexus 5X Build/MMB29P) AppleWebKit/537.36 (KHTML, like Gecko) Chrome/135.0.7049.95 Mobile Safari/537.36 (compatible; GoogleOther)"
162.0.215.211 - - [26/Apr/2025:08:30:03 -0400] "POST /wp-cron.php?doing_wp_cron=1745670603.6584949493408203125000 HTTP/1.1" 200 0 "-" "WordPress/6.8; https://luxuryhomez.org"
66.249.73.12 - - [26/Apr/2025:08:30:00 -0400] "GET /shopdetail/319473859 HTTP/1.1" 301 0 "-" "Mozilla/5.0 (Linux; Android 6.0.1; Nexus 5X Build/MMB29P) AppleWebKit/537.36 (KHTML, like Gecko) Chrome/135.0.7049.95 Mobile Safari/537.36 (compatible; Googlebot/2.1; +http://www.google.com/bot.html)"
162.0.215.211 - - [26/Apr/2025:08:30:05 -0400] "POST /wp-admin/admin-ajax.php?action=async_litespeed&nonce=xrsxRRl7EWUZEqpAinBgbrsq3YfKftyI&litespeed_type=imgoptm HTTP/1.1" 200 0 "-" "WordPress/6.8; https://luxuryhomez.org"
66.249.73.6 - - [26/Apr/2025:08:30:04 -0400] "GET /shopdetail/319473859 HTTP/1.1" 404 17020 "-" "Mozilla/5.0 (Linux; Android 6.0.1; Nexus 5X Build/MMB29P) AppleWebKit/537.36 (KHTML, like Gecko) Chrome/135.0.7049.95 Mobile Safari/537.36 (compatible; Googlebot/2.1; +http://www.google.com/bot.html)"
162.0.215.211 - - [26/Apr/2025:08:31:03 -0400] "POST /wp-cron.php?doing_wp_cron=1745670663.1915121078491210937500 HTTP/1.1" 200 0 "-" "WordPress/6.8; https://luxuryhomez.org"
162.0.215.211 - - [26/Apr/2025:08:31:03 -0400] "POST /wp-admin/admin-ajax.php?action=async_litespeed&nonce=IUhzDxr5apUBPY1OWq0R9GyHkOWmUyGj&litespeed_type=imgoptm HTTP/1.1" 200 21 "-" "WordPress/6.8; https://luxuryhomez.org"
66.249.73.6 - - [26/Apr/2025:08:31:02 -0400] "GET /pcmypage?callback=product/review/21932297 HTTP/1.1" 404 17038 "-" "Mozilla/5.0 (compatible; Googlebot/2.1; +http://www.google.com/bot.html)"
162.0.215.211 - - [26/Apr/2025:08:34:32 -0400] "POST /wp-cron.php?doing_wp_cron=1745670872.4820311069488525390625 HTTP/1.1" 200 0 "-" "WordPress/6.8; https://luxuryhomez.org"
66.249.73.5 - - [26/Apr/2025:08:34:25 -0400] "GET /index.php/safe_search/config/feature/sale2411-5/index.html/man/customer_guide/shopdetail/89539259/pcmypage/pcmypage/safe_search/config?return_url=%2Fproduct%2Fdetail%2F96586632 HTTP/1.1" 301 0 "-" "Mozilla/5.0 (Linux; Android 6.0.1; Nexus 5X Build/MMB29P) AppleWebKit/537.36 (KHTML, like Gecko) Chrome/135.0.7049.95 Mobile Safari/537.36 (compatible; GoogleOther)"
162.0.215.211 - - [26/Apr/2025:08:34:33 -0400] "POST /wp-admin/admin-ajax.php?action=async_litespeed&nonce=uQaixfHIfhP2UdjlQwUucGTokwwicSkf&litespeed_type=imgoptm HTTP/1.1" 200 0 "-" "WordPress/6.8; https://luxuryhomez.org"
162.0.215.211 - - [26/Apr/2025:08:35:28 -0400] "POST /wp-cron.php?doing_wp_cron=1745670928.3074231147766113281250 HTTP/1.1" 200 0 "-" "WordPress/6.8; https://luxuryhomez.org"
162.0.215.211 - - [26/Apr/2025:08:35:28 -0400] "POST /wp-admin/admin-ajax.php?action=async_litespeed&nonce=68UHW51fMvjhZiwkVXw6nX3YQDmkFACT&litespeed_type=imgoptm HTTP/1.1" 200 21 "-" "WordPress/6.8; https://luxuryhomez.org"
66.249.73.7 - - [26/Apr/2025:08:35:27 -0400] "GET /safe_search/config/feature/sale2411-5/index.html/man/customer_guide/shopdetail/89539259/pcmypage/pcmypage/safe_search/config?return_url=%2Fproduct%2Fdetail%2F96586632 HTTP/1.1" 404 17100 "-" "Mozilla/5.0 (Linux; Android 6.0.1; Nexus 5X Build/MMB29P) AppleWebKit/537.36 (KHTML, like Gecko) Chrome/135.0.7049.95 Mobile Safari/537.36 (compatible; GoogleOther)"
51.222.253.5 - - [26/Apr/2025:08:35:50 -0400] "GET /brand/brand-2/?orderby=popularity&product_count=45&category-view-mode=grid&product_col_large=2 HTTP/1.1" 200 17950 "-" "Mozilla/5.0 (compatible; AhrefsBot/7.0; +http://ahrefs.com/robot/)"
162.0.215.211 - - [26/Apr/2025:08:42:17 -0400] "POST /wp-cron.php?doing_wp_cron=1745671337.5509810447692871093750 HTTP/1.1" 200 0 "-" "WordPress/6.8; https://luxuryhomez.org"
66.249.73.6 - - [26/Apr/2025:08:42:13 -0400] "GET /index.php/product/edit/41000594/pcsp.html/safe_search/config/text/terms/pcmypage/pcmypage/shopdetail/55088659/text/terms/events//shopdetail/128927559 HTTP/1.1" 301 0 "-" "Mozilla/5.0 (Linux; Android 6.0.1; Nexus 5X Build/MMB29P) AppleWebKit/537.36 (KHTML, like Gecko) Chrome/135.0.7049.95 Mobile Safari/537.36 (compatible; GoogleOther)"
162.0.215.211 - - [26/Apr/2025:08:42:18 -0400] "POST /wp-admin/admin-ajax.php?action=async_litespeed&nonce=g6ht6DJySUlHG7DvMBASlqEMpJCT42Aa&litespeed_type=imgoptm HTTP/1.1" 200 21 "-" "WordPress/6.8; https://luxuryhomez.org"
162.0.215.211 - - [26/Apr/2025:08:43:16 -0400] "POST /wp-cron.php?doing_wp_cron=1745671396.9167840480804443359375 HTTP/1.1" 200 0 "-" "WordPress/6.8; https://luxuryhomez.org"
162.0.215.211 - - [26/Apr/2025:08:43:17 -0400] "POST /wp-admin/admin-ajax.php?action=async_litespeed&nonce=P4fZ6Ew33t7Q7EjAyfaPRNIW0X8mcJdV&litespeed_type=imgoptm HTTP/1.1" 200 21 "-" "WordPress/6.8; https://luxuryhomez.org"
66.249.73.5 - - [26/Apr/2025:08:43:16 -0400] "GET /product/edit/41000594/pcsp.html/safe_search/config/text/terms/pcmypage/pcmypage/shopdetail/55088659/text/terms/events/shopdetail/128927559 HTTP/1.1" 404 17080 "-" "Mozilla/5.0 (Linux; Android 6.0.1; Nexus 5X Build/MMB29P) AppleWebKit/537.36 (KHTML, like Gecko) Chrome/135.0.7049.95 Mobile Safari/537.36 (compatible; GoogleOther)"
162.0.215.211 - - [26/Apr/2025:08:44:29 -0400] "POST /wp-cron.php?doing_wp_cron=1745671469.1149630546569824218750 HTTP/1.1" 200 0 "-" "WordPress/6.8; https://luxuryhomez.org"
66.249.73.7 - - [26/Apr/2025:08:44:28 -0400] "GET /index.php/safe_search/config/feature/sale2411-5/index.html/man/customer_guide/pcmypage/safe_search/config/text/terms/toreka/toreka_menu.html HTTP/1.1" 301 0 "-" "Mozilla/5.0 (Linux; Android 6.0.1; Nexus 5X Build/MMB29P) AppleWebKit/537.36 (KHTML, like Gecko) Chrome/135.0.7049.95 Mobile Safari/537.36 (compatible; GoogleOther)"
162.0.215.211 - - [26/Apr/2025:08:44:29 -0400] "POST /wp-admin/admin-ajax.php?action=async_litespeed&nonce=Mz6ligjNaU6FEtazy90sqdBHO26P0NlF&litespeed_type=imgoptm HTTP/1.1" 200 21 "-" "WordPress/6.8; https://luxuryhomez.org"
66.249.73.5 - - [26/Apr/2025:08:44:31 -0400] "GET /index.phpsshopdetail/303455459 HTTP/1.1" 404 17028 "-" "Mozilla/5.0 (Linux; Android 6.0.1; Nexus 5X Build/MMB29P) AppleWebKit/537.36 (KHTML, like Gecko) Chrome/135.0.7049.95 Mobile Safari/537.36 (compatible; Googlebot/2.1; +http://www.google.com/bot.html)"
162.0.215.211 - - [26/Apr/2025:08:45:02 -0400] "POST /wp-cron.php?doing_wp_cron=1745671502.1590011119842529296875 HTTP/1.1" 200 0 "-" "WordPress/6.8; https://luxuryhomez.org"
66.249.73.10 - - [26/Apr/2025:08:45:01 -0400] "GET /shopdetail/116083559 HTTP/1.1" 301 0 "-" "Mozilla/5.0 (Linux; Android 6.0.1; Nexus 5X Build/MMB29P) AppleWebKit/537.36 (KHTML, like Gecko) Chrome/135.0.7049.95 Mobile Safari/537.36 (compatible; Googlebot/2.1; +http://www.google.com/bot.html)"
66.249.73.5 - - [26/Apr/2025:08:45:03 -0400] "GET /shopdetail/116083559 HTTP/1.1" 404 17021 "-" "Mozilla/5.0 (Linux; Android 6.0.1; Nexus 5X Build/MMB29P) AppleWebKit/537.36 (KHTML, like Gecko) Chrome/135.0.7049.95 Mobile Safari/537.36 (compatible; Googlebot/2.1; +http://www.google.com/bot.html)"
66.249.73.5 - - [26/Apr/2025:08:45:19 -0400] "GET /safe_search/config/feature/sale2411-5/index.html/man/customer_guide/pcmypage/safe_search/config/text/terms/toreka/toreka_menu.html HTTP/1.1" 404 17088 "-" "Mozilla/5.0 (Linux; Android 6.0.1; Nexus 5X Build/MMB29P) AppleWebKit/537.36 (KHTML, like Gecko) Chrome/135.0.7049.95 Mobile Safari/537.36 (compatible; GoogleOther)"
162.0.215.211 - - [26/Apr/2025:08:46:30 -0400] "POST /wp-cron.php?doing_wp_cron=1745671590.4737169742584228515625 HTTP/1.1" 200 0 "-" "WordPress/6.8; https://luxuryhomez.org"
66.249.73.7 - - [26/Apr/2025:08:46:30 -0400] "GET /index.php/product/edit/41000594/pcsp.html/safe_search/config/text/terms/pcmypage/pcmypage/shopdetail/55088659/events//boyslove.html HTTP/1.1" 301 0 "-" "Mozilla/5.0 (Linux; Android 6.0.1; Nexus 5X Build/MMB29P) AppleWebKit/537.36 (KHTML, like Gecko) Chrome/135.0.7049.95 Mobile Safari/537.36 (compatible; GoogleOther)"
162.0.215.211 - - [26/Apr/2025:08:46:30 -0400] "POST /wp-admin/admin-ajax.php?action=async_litespeed&nonce=YG7edlqLtbMIihk04vtRHw7PIhardu5a&litespeed_type=imgoptm HTTP/1.1" 200 21 "-" "WordPress/6.8; https://luxuryhomez.org"
162.0.215.211 - - [26/Apr/2025:08:47:11 -0400] "POST /wp-cron.php?doing_wp_cron=1745671631.9745841026306152343750 HTTP/1.1" 200 0 "-" "WordPress/6.8; https://luxuryhomez.org"
66.249.73.5 - - [26/Apr/2025:08:47:11 -0400] "GET /product/edit/41000594/pcsp.html/safe_search/config/text/terms/pcmypage/pcmypage/shopdetail/55088659/events/boyslove.html HTTP/1.1" 404 17087 "-" "Mozilla/5.0 (Linux; Android 6.0.1; Nexus 5X Build/MMB29P) AppleWebKit/537.36 (KHTML, like Gecko) Chrome/135.0.7049.95 Mobile Safari/537.36 (compatible; GoogleOther)"
57.141.4.20 - - [26/Apr/2025:08:47:15 -0400] "GET /shopdetail/380861459 HTTP/1.1" 404 71762 "-" "meta-externalagent/1.1 (+https://developers.facebook.com/docs/sharing/webmasters/crawler)"
162.0.215.211 - - [26/Apr/2025:08:52:09 -0400] "POST /wp-cron.php?doing_wp_cron=1745671929.3666079044342041015625 HTTP/1.1" 200 0 "-" "WordPress/6.8; https://luxuryhomez.org"
51.222.253.12 - - [26/Apr/2025:08:52:05 -0400] "GET /brand/brand-2/?orderby=popularity&product_count=15&category-view-mode=grid&product_col_large=3 HTTP/1.1" 200 17948 "-" "Mozilla/5.0 (compatible; AhrefsBot/7.0; +http://ahrefs.com/robot/)"
162.0.215.211 - - [26/Apr/2025:08:52:10 -0400] "POST /wp-admin/admin-ajax.php?action=async_litespeed&nonce=ppUMalkV5Tb8hWw0UeCc3WKf4clvNyyJ&litespeed_type=imgoptm HTTP/1.1" 200 21 "-" "WordPress/6.8; https://luxuryhomez.org"
162.0.215.211 - - [26/Apr/2025:08:54:15 -0400] "POST /wp-cron.php?doing_wp_cron=1745672055.4715869426727294921875 HTTP/1.1" 200 0 "-" "WordPress/6.8; https://luxuryhomez.org"
57.141.4.19 - - [26/Apr/2025:08:54:12 -0400] "GET /shopdetail/120875159 HTTP/1.1" 404 71762 "-" "meta-externalagent/1.1 (+https://developers.facebook.com/docs/sharing/webmasters/crawler)"
162.0.215.211 - - [26/Apr/2025:08:54:16 -0400] "POST /wp-admin/admin-ajax.php?action=async_litespeed&nonce=6oFXBQRM3PtdSMBMUB8Rru3RZUJEFyVT&litespeed_type=imgoptm HTTP/1.1" 200 21 "-" "WordPress/6.8; https://luxuryhomez.org"
162.0.215.211 - - [26/Apr/2025:09:01:08 -0400] "POST /wp-cron.php?doing_wp_cron=1745672468.1882729530334472656250 HTTP/1.1" 200 0 "-" "WordPress/6.8; https://luxuryhomez.org"
66.249.73.7 - - [26/Apr/2025:09:01:02 -0400] "GET /index.php/pcmypage/shopdetail/143270859 HTTP/1.1" 301 0 "-" "Mozilla/5.0 (compatible; Googlebot/2.1; +http://www.google.com/bot.html)"
162.0.215.211 - - [26/Apr/2025:09:01:08 -0400] "POST /wp-admin/admin-ajax.php?action=async_litespeed&nonce=Lgp0UPeiGle9YyRuRtiNKKpSaUUT1Omg&litespeed_type=imgoptm HTTP/1.1" 200 21 "-" "WordPress/6.8; https://luxuryhomez.org"
66.249.73.5 - - [26/Apr/2025:09:01:09 -0400] "GET /pcmypage/shopdetail/143270859 HTTP/1.1" 404 17036 "-" "Mozilla/5.0 (compatible; Googlebot/2.1; +http://www.google.com/bot.html)"
162.0.215.211 - - [26/Apr/2025:09:01:36 -0400] "POST /wp-cron.php?doing_wp_cron=1745672496.1526000499725341796875 HTTP/1.1" 200 0 "-" "WordPress/6.8; https://luxuryhomez.org"
129.211.215.233 - - [26/Apr/2025:09:01:35 -0400] "GET / HTTP/1.1" 301 0 "http://www.luxuryhomez.org" "Mozilla/5.0 (iPhone; CPU iPhone OS 13_2_3 like Mac OS X) AppleWebKit/605.1.15 (KHTML, like Gecko) Version/13.0.3 Mobile/15E148 Safari/604.1"
162.0.215.211 - - [26/Apr/2025:09:01:36 -0400] "POST /wp-admin/admin-ajax.php?action=async_litespeed&nonce=MBdLAxd9z6bFCSgmTRdHtZDyaA1m0nyn&litespeed_type=imgoptm HTTP/1.1" 200 21 "-" "WordPress/6.8; https://luxuryhomez.org"
129.211.215.233 - - [26/Apr/2025:09:01:40 -0400] "GET / HTTP/1.1" 200 32705 "https://www.luxuryhomez.org/" "Mozilla/5.0 (iPhone; CPU iPhone OS 13_2_3 like Mac OS X) AppleWebKit/605.1.15 (KHTML, like Gecko) Version/13.0.3 Mobile/15E148 Safari/604.1"
66.249.73.5 - - [26/Apr/2025:09:01:56 -0400] "GET /index.phpsshopdetail/202115259 HTTP/1.1" 404 17030 "-" "Mozilla/5.0 (compatible; Googlebot/2.1; +http://www.google.com/bot.html)"
162.0.215.211 - - [26/Apr/2025:09:02:12 -0400] "POST /wp-cron.php?doing_wp_cron=1745672532.9719390869140625000000 HTTP/1.1" 200 0 "-" "WordPress/6.8; https://luxuryhomez.org"
66.249.73.12 - - [26/Apr/2025:09:02:12 -0400] "GET /pcmypage?callback=product/review/15104713 HTTP/1.1" 301 0 "-" "Mozilla/5.0 (Linux; Android 6.0.1; Nexus 5X Build/MMB29P) AppleWebKit/537.36 (KHTML, like Gecko) Chrome/135.0.7049.95 Mobile Safari/537.36 (compatible; Googlebot/2.1; +http://www.google.com/bot.html)"
66.249.73.5 - - [26/Apr/2025:09:02:13 -0400] "GET /pcmypage?callback=product/review/15104713 HTTP/1.1" 404 17038 "-" "Mozilla/5.0 (Linux; Android 6.0.1; Nexus 5X Build/MMB29P) AppleWebKit/537.36 (KHTML, like Gecko) Chrome/135.0.7049.95 Mobile Safari/537.36 (compatible; Googlebot/2.1; +http://www.google.com/bot.html)"
162.0.215.211 - - [26/Apr/2025:09:03:45 -0400] "POST /wp-cron.php?doing_wp_cron=1745672625.6390988826751708984375 HTTP/1.1" 200 0 "-" "WordPress/6.8; https://luxuryhomez.org"
57.141.4.9 - - [26/Apr/2025:09:03:42 -0400] "GET /shopdetail/100648859 HTTP/1.1" 404 71762 "-" "meta-externalagent/1.1 (+https://developers.facebook.com/docs/sharing/webmasters/crawler)"
162.0.215.211 - - [26/Apr/2025:09:03:46 -0400] "POST /wp-admin/admin-ajax.php?action=async_litespeed&nonce=By1ADoytTdN4OBAV8YqqoJIv8TIJv6xU&litespeed_type=imgoptm HTTP/1.1" 200 21 "-" "WordPress/6.8; https://luxuryhomez.org"
162.0.215.211 - - [26/Apr/2025:09:04:54 -0400] "POST /wp-cron.php?doing_wp_cron=1745672694.8387749195098876953125 HTTP/1.1" 200 0 "-" "WordPress/6.8; https://luxuryhomez.org"
162.0.215.211 - - [26/Apr/2025:09:04:55 -0400] "POST /wp-admin/admin-ajax.php?action=async_litespeed&nonce=QU8MrPIDQ1PsK1lURKGjOJwGk79leWlY&litespeed_type=imgoptm HTTP/1.1" 200 21 "-" "WordPress/6.8; https://luxuryhomez.org"
66.249.73.7 - - [26/Apr/2025:09:04:54 -0400] "GET /index.phpsshopdetail/213706759 HTTP/1.1" 404 17035 "-" "Mozilla/5.0 (compatible; Googlebot/2.1; +http://www.google.com/bot.html)"
162.0.215.211 - - [26/Apr/2025:09:07:02 -0400] "POST /wp-cron.php?doing_wp_cron=1745672822.1062750816345214843750 HTTP/1.1" 200 0 "-" "WordPress/6.8; https://luxuryhomez.org"
66.249.73.7 - - [26/Apr/2025:09:06:58 -0400] "GET /index.phpsshopdetail/288223959 HTTP/1.1" 404 17032 "-" "Mozilla/5.0 (compatible; Googlebot/2.1; +http://www.google.com/bot.html)"
162.0.215.211 - - [26/Apr/2025:09:07:02 -0400] "POST /wp-admin/admin-ajax.php?action=async_litespeed&nonce=QEAxzZclc3sqZ6UZzALT2GP7cZav0ndq&litespeed_type=imgoptm HTTP/1.1" 200 0 "-" "WordPress/6.8; https://luxuryhomez.org"
162.0.215.211 - - [26/Apr/2025:09:08:22 -0400] "POST /wp-cron.php?doing_wp_cron=1745672902.9679939746856689453125 HTTP/1.1" 200 0 "-" "WordPress/6.8; https://luxuryhomez.org"
66.249.73.11 - - [26/Apr/2025:09:08:22 -0400] "GET /shopdetail/71517759 HTTP/1.1" 301 0 "-" "Mozilla/5.0 (Linux; Android 6.0.1; Nexus 5X Build/MMB29P) AppleWebKit/537.36 (KHTML, like Gecko) Chrome/135.0.7049.95 Mobile Safari/537.36 (compatible; Googlebot/2.1; +http://www.google.com/bot.html)"
162.0.215.211 - - [26/Apr/2025:09:08:23 -0400] "POST /wp-admin/admin-ajax.php?action=async_litespeed&nonce=HoAIpoAumKvjBzLGJuF4Nr1V1pWWj5XD&litespeed_type=imgoptm HTTP/1.1" 200 21 "-" "WordPress/6.8; https://luxuryhomez.org"
66.249.73.5 - - [26/Apr/2025:09:08:23 -0400] "GET /shopdetail/71517759 HTTP/1.1" 404 17020 "-" "Mozilla/5.0 (Linux; Android 6.0.1; Nexus 5X Build/MMB29P) AppleWebKit/537.36 (KHTML, like Gecko) Chrome/135.0.7049.95 Mobile Safari/537.36 (compatible; Googlebot/2.1; +http://www.google.com/bot.html)"
66.249.73.12 - - [26/Apr/2025:09:08:25 -0400] "GET /pcmypage?callback=product%2Fdetail%2F28332906 HTTP/1.1" 301 0 "-" "Mozilla/5.0 (Linux; Android 6.0.1; Nexus 5X Build/MMB29P) AppleWebKit/537.36 (KHTML, like Gecko) Chrome/135.0.7049.95 Mobile Safari/537.36 (compatible; Googlebot/2.1; +http://www.google.com/bot.html)"
162.0.215.211 - - [26/Apr/2025:09:08:26 -0400] "POST /wp-cron.php?doing_wp_cron=1745672906.3093869686126708984375 HTTP/1.1" 200 0 "-" "WordPress/6.8; https://luxuryhomez.org"
162.0.215.211 - - [26/Apr/2025:09:08:26 -0400] "POST /wp-admin/admin-ajax.php?action=async_litespeed&nonce=dmvPui7drfHDj7cd2HTy9AolZFECR6Es&litespeed_type=imgoptm HTTP/1.1" 200 21 "-" "WordPress/6.8; https://luxuryhomez.org"
66.249.73.7 - - [26/Apr/2025:09:08:26 -0400] "GET /pcmypage?callback=product%2Fdetail%2F28332906 HTTP/1.1" 404 17043 "-" "Mozilla/5.0 (Linux; Android 6.0.1; Nexus 5X Build/MMB29P) AppleWebKit/537.36 (KHTML, like Gecko) Chrome/135.0.7049.95 Mobile Safari/537.36 (compatible; Googlebot/2.1; +http://www.google.com/bot.html)"
51.222.253.15 - - [26/Apr/2025:09:08:27 -0400] "GET /brand/brand-2/?orderby=menu_order&product_count=30&category-view-mode=grid&product_col_large=3 HTTP/1.1" 200 17948 "-" "Mozilla/5.0 (compatible; AhrefsBot/7.0; +http://ahrefs.com/robot/)"
162.0.215.211 - - [26/Apr/2025:09:09:22 -0400] "POST /wp-cron.php?doing_wp_cron=1745672962.6149930953979492187500 HTTP/1.1" 200 0 "-" "WordPress/6.8; https://luxuryhomez.org"
66.249.73.11 - - [26/Apr/2025:09:09:22 -0400] "GET /shopdetail/231185359 HTTP/1.1" 301 0 "-" "Mozilla/5.0 (Linux; Android 6.0.1; Nexus 5X Build/MMB29P) AppleWebKit/537.36 (KHTML, like Gecko) Chrome/135.0.7049.95 Mobile Safari/537.36 (compatible; GoogleOther)"
162.0.215.211 - - [26/Apr/2025:09:09:33 -0400] "POST /wp-cron.php?doing_wp_cron=1745672973.5627288818359375000000 HTTP/1.1" 200 0 "-" "WordPress/6.8; https://luxuryhomez.org"
162.0.215.211 - - [26/Apr/2025:09:09:33 -0400] "POST /wp-admin/admin-ajax.php?action=async_litespeed&nonce=P2c3KRomrGtZqiV8T3RdPk7B03mcCwb8&litespeed_type=imgoptm HTTP/1.1" 200 21 "-" "WordPress/6.8; https://luxuryhomez.org"
66.249.73.7 - - [26/Apr/2025:09:09:32 -0400] "GET /shopdetail/231185359 HTTP/1.1" 404 17024 "-" "Mozilla/5.0 (Linux; Android 6.0.1; Nexus 5X Build/MMB29P) AppleWebKit/537.36 (KHTML, like Gecko) Chrome/135.0.7049.95 Mobile Safari/537.36 (compatible; GoogleOther)"
162.0.215.211 - - [26/Apr/2025:09:10:56 -0400] "POST /wp-cron.php?doing_wp_cron=1745673056.4393560886383056640625 HTTP/1.1" 200 0 "-" "WordPress/6.8; https://luxuryhomez.org"
66.249.73.10 - - [26/Apr/2025:09:10:56 -0400] "GET /shopdetail/68609759 HTTP/1.1" 301 0 "-" "Mozilla/5.0 (compatible; Googlebot/2.1; +http://www.google.com/bot.html)"
162.0.215.211 - - [26/Apr/2025:09:10:56 -0400] "POST /wp-admin/admin-ajax.php?action=async_litespeed&nonce=RPG8WCdd5ZBYoPAQdZBlX2EVleF1sa2g&litespeed_type=imgoptm HTTP/1.1" 200 21 "-" "WordPress/6.8; https://luxuryhomez.org"
66.249.73.5 - - [26/Apr/2025:09:10:56 -0400] "GET /shopdetail/68609759 HTTP/1.1" 404 17017 "-" "Mozilla/5.0 (compatible; Googlebot/2.1; +http://www.google.com/bot.html)"
162.0.215.211 - - [26/Apr/2025:09:11:47 -0400] "POST /wp-cron.php?doing_wp_cron=1745673107.6512730121612548828125 HTTP/1.1" 200 0 "-" "WordPress/6.8; https://luxuryhomez.org"
162.0.215.211 - - [26/Apr/2025:09:11:48 -0400] "POST /wp-admin/admin-ajax.php?action=async_litespeed&nonce=jypIjgrdRRh0UmQiRCQodqKOtjp0Gh9P&litespeed_type=imgoptm HTTP/1.1" 200 21 "-" "WordPress/6.8; https://luxuryhomez.org"
66.249.73.6 - - [26/Apr/2025:09:11:46 -0400] "GET /index.phpsshopdetail/370159359 HTTP/1.1" 404 17029 "-" "Mozilla/5.0 (compatible; Googlebot/2.1; +http://www.google.com/bot.html)"
162.0.215.211 - - [26/Apr/2025:09:17:14 -0400] "POST /wp-cron.php?doing_wp_cron=1745673434.5534579753875732421875 HTTP/1.1" 200 0 "-" "WordPress/6.8; https://luxuryhomez.org"
66.249.73.5 - - [26/Apr/2025:09:17:11 -0400] "GET /index.phpsshopdetail/117133559 HTTP/1.1" 404 17026 "-" "Mozilla/5.0 (Linux; Android 6.0.1; Nexus 5X Build/MMB29P) AppleWebKit/537.36 (KHTML, like Gecko) Chrome/135.0.7049.95 Mobile Safari/537.36 (compatible; Googlebot/2.1; +http://www.google.com/bot.html)"
162.0.215.211 - - [26/Apr/2025:09:17:15 -0400] "POST /wp-admin/admin-ajax.php?action=async_litespeed&nonce=WfGjFpOoEngTiFHZeXgcMCFthWGM9h5d&litespeed_type=imgoptm HTTP/1.1" 200 21 "-" "WordPress/6.8; https://luxuryhomez.org"
66.249.73.5 - - [26/Apr/2025:09:17:23 -0400] "GET /index.phpsshopdetail/37092059 HTTP/1.1" 404 17031 "-" "Mozilla/5.0 (Linux; Android 6.0.1; Nexus 5X Build/MMB29P) AppleWebKit/537.36 (KHTML, like Gecko) Chrome/135.0.7049.95 Mobile Safari/537.36 (compatible; Googlebot/2.1; +http://www.google.com/bot.html)"
162.0.215.211 - - [26/Apr/2025:09:17:57 -0400] "POST /wp-cron.php?doing_wp_cron=1745673477.5362350940704345703125 HTTP/1.1" 200 0 "-" "WordPress/6.8; https://luxuryhomez.org"
162.0.215.211 - - [26/Apr/2025:09:17:57 -0400] "POST /wp-admin/admin-ajax.php?action=async_litespeed&nonce=LerhXBgp6jQtd6A7jObZsJ45TwEdowPe&litespeed_type=imgoptm HTTP/1.1" 200 21 "-" "WordPress/6.8; https://luxuryhomez.org"
66.249.73.5 - - [26/Apr/2025:09:17:57 -0400] "GET /shopdetail/195822459 HTTP/1.1" 404 17021 "-" "Mozilla/5.0 (Linux; Android 6.0.1; Nexus 5X Build/MMB29P) AppleWebKit/537.36 (KHTML, like Gecko) Chrome/135.0.7049.95 Mobile Safari/537.36 (compatible; Googlebot/2.1; +http://www.google.com/bot.html)"
162.0.215.211 - - [26/Apr/2025:09:19:37 -0400] "POST /wp-cron.php?doing_wp_cron=1745673577.5100970268249511718750 HTTP/1.1" 200 0 "-" "WordPress/6.8; https://luxuryhomez.org"
66.249.73.10 - - [26/Apr/2025:09:19:34 -0400] "GET /pcmypage?callback=/product%2Fdetail%2F94309082 HTTP/1.1" 301 0 "-" "Mozilla/5.0 (compatible; Googlebot/2.1; +http://www.google.com/bot.html)"
162.0.215.211 - - [26/Apr/2025:09:19:37 -0400] "POST /wp-admin/admin-ajax.php?action=async_litespeed&nonce=JshMdLb8dKgnskSpDzUpLePvdVu9mSOF&litespeed_type=imgoptm HTTP/1.1" 200 21 "-" "WordPress/6.8; https://luxuryhomez.org"
66.249.73.6 - - [26/Apr/2025:09:19:37 -0400] "GET /pcmypage?callback=/product%2Fdetail%2F94309082 HTTP/1.1" 404 17042 "-" "Mozilla/5.0 (compatible; Googlebot/2.1; +http://www.google.com/bot.html)"
66.249.73.11 - - [26/Apr/2025:09:19:56 -0400] "GET /shopdetail/176746659 HTTP/1.1" 301 0 "-" "Mozilla/5.0 (compatible; Googlebot/2.1; +http://www.google.com/bot.html)"
66.249.73.5 - - [26/Apr/2025:09:19:56 -0400] "GET /shopdetail/176746659 HTTP/1.1" 404 17024 "-" "Mozilla/5.0 (compatible; Googlebot/2.1; +http://www.google.com/bot.html)"
207.46.13.229 - - [26/Apr/2025:09:20:49 -0400] "GET /robots.txt HTTP/1.1" 200 139 "-" "Mozilla/5.0 AppleWebKit/537.36 (KHTML, like Gecko; compatible; bingbot/2.0; +http://www.bing.com/bingbot.htm) Chrome/116.0.1938.76 Safari/537.36"
162.0.215.211 - - [26/Apr/2025:09:20:56 -0400] "POST /wp-cron.php?doing_wp_cron=1745673656.3380210399627685546875 HTTP/1.1" 200 0 "-" "WordPress/6.8; https://luxuryhomez.org"
52.167.144.147 - - [26/Apr/2025:09:20:56 -0400] "GET /shopdetail/57759659 HTTP/1.1" 404 17020 "-" "Mozilla/5.0 AppleWebKit/537.36 (KHTML, like Gecko; compatible; bingbot/2.0; +http://www.bing.com/bingbot.htm) Chrome/116.0.1938.76 Safari/537.36"
162.0.215.211 - - [26/Apr/2025:09:20:56 -0400] "POST /wp-admin/admin-ajax.php?action=async_litespeed&nonce=W6xUKCBPF6DF1OYmFaWQZr3GWIzSp4qe&litespeed_type=imgoptm HTTP/1.1" 200 21 "-" "WordPress/6.8; https://luxuryhomez.org"
162.0.215.211 - - [26/Apr/2025:09:21:56 -0400] "POST /wp-cron.php?doing_wp_cron=1745673716.8954501152038574218750 HTTP/1.1" 200 0 "-" "WordPress/6.8; https://luxuryhomez.org"
66.249.73.10 - - [26/Apr/2025:09:21:56 -0400] "GET /shopdetail/115161159 HTTP/1.1" 301 0 "-" "Mozilla/5.0 (Linux; Android 6.0.1; Nexus 5X Build/MMB29P) AppleWebKit/537.36 (KHTML, like Gecko) Chrome/135.0.7049.95 Mobile Safari/537.36 (compatible; Googlebot/2.1; +http://www.google.com/bot.html)"
162.0.215.211 - - [26/Apr/2025:09:21:57 -0400] "POST /wp-admin/admin-ajax.php?action=async_litespeed&nonce=p3m1C3Sv30M1d8QeB07R5DGfefAr1ZuL&litespeed_type=imgoptm HTTP/1.1" 200 21 "-" "WordPress/6.8; https://luxuryhomez.org"
66.249.73.5 - - [26/Apr/2025:09:21:57 -0400] "GET /shopdetail/115161159 HTTP/1.1" 404 17018 "-" "Mozilla/5.0 (Linux; Android 6.0.1; Nexus 5X Build/MMB29P) AppleWebKit/537.36 (KHTML, like Gecko) Chrome/135.0.7049.95 Mobile Safari/537.36 (compatible; Googlebot/2.1; +http://www.google.com/bot.html)"
162.0.215.211 - - [26/Apr/2025:09:22:18 -0400] "POST /wp-cron.php?doing_wp_cron=1745673738.0759420394897460937500 HTTP/1.1" 200 0 "-" "WordPress/6.8; https://luxuryhomez.org"
57.141.4.15 - - [26/Apr/2025:09:22:17 -0400] "GET /shopdetail/71286159 HTTP/1.1" 404 71763 "-" "meta-externalagent/1.1 (+https://developers.facebook.com/docs/sharing/webmasters/crawler)"
178.128.236.241 - - [26/Apr/2025:09:22:44 -0400] "GET / HTTP/1.1" 200 32705 "-" "Mozilla/5.0 (compatible)"
178.128.236.241 - - [26/Apr/2025:09:22:46 -0400] "GET /wp-content/uploads/2025/03/cropped-hello-32x32.png HTTP/1.1" 200 868 "https://luxuryhomez.org/" "Mozilla/5.0 (compatible)"
162.0.215.211 - - [26/Apr/2025:09:23:15 -0400] "POST /wp-cron.php?doing_wp_cron=1745673795.2164599895477294921875 HTTP/1.1" 200 0 "-" "WordPress/6.8; https://luxuryhomez.org"
66.249.73.5 - - [26/Apr/2025:09:23:14 -0400] "GET /index.phpsshopdetail/356848059 HTTP/1.1" 404 17029 "-" "Mozilla/5.0 (compatible; Googlebot/2.1; +http://www.google.com/bot.html)"
162.0.215.211 - - [26/Apr/2025:09:23:15 -0400] "POST /wp-admin/admin-ajax.php?action=async_litespeed&nonce=OVFUbjEYHGaYJopBrHYquh0BKdoNNJS3&litespeed_type=imgoptm HTTP/1.1" 200 21 "-" "WordPress/6.8; https://luxuryhomez.org"
162.0.215.211 - - [26/Apr/2025:09:24:44 -0400] "POST /wp-cron.php?doing_wp_cron=1745673883.9551889896392822265625 HTTP/1.1" 200 0 "-" "WordPress/6.8; https://luxuryhomez.org"
51.222.253.13 - - [26/Apr/2025:09:24:40 -0400] "GET /brand/brand-2/?orderby=menu_order&product_count=30&category-view-mode=grid&product_col_large=4 HTTP/1.1" 200 17952 "-" "Mozilla/5.0 (compatible; AhrefsBot/7.0; +http://ahrefs.com/robot/)"
162.0.215.211 - - [26/Apr/2025:09:24:44 -0400] "POST /wp-admin/admin-ajax.php?action=async_litespeed&nonce=XQCrbaFmSOKo0vSoBgUkwswXbeu4UckB&litespeed_type=imgoptm HTTP/1.1" 200 21 "-" "WordPress/6.8; https://luxuryhomez.org"
162.0.215.211 - - [26/Apr/2025:09:25:07 -0400] "POST /wp-cron.php?doing_wp_cron=1745673907.0047569274902343750000 HTTP/1.1" 200 0 "-" "WordPress/6.8; https://luxuryhomez.org"
66.249.73.6 - - [26/Apr/2025:09:25:06 -0400] "GET /index.phpsshopdetail/287157459 HTTP/1.1" 404 17040 "-" "Mozilla/5.0 (Linux; Android 6.0.1; Nexus 5X Build/MMB29P) AppleWebKit/537.36 (KHTML, like Gecko) Chrome/135.0.7049.95 Mobile Safari/537.36 (compatible; Googlebot/2.1; +http://www.google.com/bot.html)"
162.0.215.211 - - [26/Apr/2025:09:27:53 -0400] "POST /wp-cron.php?doing_wp_cron=1745674073.0465528964996337890625 HTTP/1.1" 200 0 "-" "WordPress/6.8; https://luxuryhomez.org"
66.249.73.7 - - [26/Apr/2025:09:27:50 -0400] "GET /pcmypage?callback=product%2Fdetail%2F38979252 HTTP/1.1" 404 17043 "-" "Mozilla/5.0 (Linux; Android 6.0.1; Nexus 5X Build/MMB29P) AppleWebKit/537.36 (KHTML, like Gecko) Chrome/135.0.7049.95 Mobile Safari/537.36 (compatible; Googlebot/2.1; +http://www.google.com/bot.html)"
162.0.215.211 - - [26/Apr/2025:09:27:53 -0400] "POST /wp-admin/admin-ajax.php?action=async_litespeed&nonce=DURR2ZQ5uXlXcdBonUUJE3hrMM8HCDxa&litespeed_type=imgoptm HTTP/1.1" 200 21 "-" "WordPress/6.8; https://luxuryhomez.org"
162.0.215.211 - - [26/Apr/2025:09:29:42 -0400] "POST /wp-cron.php?doing_wp_cron=1745674182.5925691127777099609375 HTTP/1.1" 200 0 "-" "WordPress/6.8; https://luxuryhomez.org"
66.249.73.10 - - [26/Apr/2025:09:29:40 -0400] "GET /shopdetail/60709359 HTTP/1.1" 301 0 "-" "Mozilla/5.0 (Linux; Android 6.0.1; Nexus 5X Build/MMB29P) AppleWebKit/537.36 (KHTML, like Gecko) Chrome/135.0.7049.95 Mobile Safari/537.36 (compatible; Googlebot/2.1; +http://www.google.com/bot.html)"
162.0.215.211 - - [26/Apr/2025:09:29:42 -0400] "POST /wp-admin/admin-ajax.php?action=async_litespeed&nonce=BN9bgEsCksE9baQITjZTiBAUUzHRvqlC&litespeed_type=imgoptm HTTP/1.1" 200 21 "-" "WordPress/6.8; https://luxuryhomez.org"
66.249.73.6 - - [26/Apr/2025:09:29:43 -0400] "GET /shopdetail/60709359 HTTP/1.1" 404 17015 "-" "Mozilla/5.0 (Linux; Android 6.0.1; Nexus 5X Build/MMB29P) AppleWebKit/537.36 (KHTML, like Gecko) Chrome/135.0.7049.95 Mobile Safari/537.36 (compatible; Googlebot/2.1; +http://www.google.com/bot.html)"
66.249.73.10 - - [26/Apr/2025:09:29:58 -0400] "GET /pcmypage?callback=/product%2Fdetail%2F68154048 HTTP/1.1" 301 0 "-" "Mozilla/5.0 (Linux; Android 6.0.1; Nexus 5X Build/MMB29P) AppleWebKit/537.36 (KHTML, like Gecko) Chrome/135.0.7049.95 Mobile Safari/537.36 (compatible; Googlebot/2.1; +http://www.google.com/bot.html)"
66.249.73.6 - - [26/Apr/2025:09:29:58 -0400] "GET /pcmypage?callback=/product%2Fdetail%2F68154048 HTTP/1.1" 404 17039 "-" "Mozilla/5.0 (Linux; Android 6.0.1; Nexus 5X Build/MMB29P) AppleWebKit/537.36 (KHTML, like Gecko) Chrome/135.0.7049.95 Mobile Safari/537.36 (compatible; Googlebot/2.1; +http://www.google.com/bot.html)"
162.0.215.211 - - [26/Apr/2025:09:31:50 -0400] "POST /wp-cron.php?doing_wp_cron=1745674310.6802830696105957031250 HTTP/1.1" 200 0 "-" "WordPress/6.8; https://luxuryhomez.org"
162.0.215.211 - - [26/Apr/2025:09:31:51 -0400] "POST /wp-admin/admin-ajax.php?action=async_litespeed&nonce=tkC4xWJKTbJDuCp9gd6m5mAOizr74Muy&litespeed_type=imgoptm HTTP/1.1" 200 21 "-" "WordPress/6.8; https://luxuryhomez.org"
66.249.73.7 - - [26/Apr/2025:09:31:48 -0400] "GET /index.phpsshopdetail/353425359 HTTP/1.1" 404 17032 "-" "Mozilla/5.0 (compatible; Googlebot/2.1; +http://www.google.com/bot.html)"
66.249.73.5 - - [26/Apr/2025:09:31:59 -0400] "GET /index.phpsshopdetail/345242759 HTTP/1.1" 404 17038 "-" "Mozilla/5.0 (Linux; Android 6.0.1; Nexus 5X Build/MMB29P) AppleWebKit/537.36 (KHTML, like Gecko) Chrome/135.0.7049.95 Mobile Safari/537.36 (compatible; Googlebot/2.1; +http://www.google.com/bot.html)"
162.0.215.211 - - [26/Apr/2025:09:32:22 -0400] "POST /wp-cron.php?doing_wp_cron=1745674342.8138659000396728515625 HTTP/1.1" 200 0 "-" "WordPress/6.8; https://luxuryhomez.org"
66.249.73.5 - - [26/Apr/2025:09:32:22 -0400] "GET /index.phpsshopdetail/303492159 HTTP/1.1" 404 17025 "-" "Mozilla/5.0 (Linux; Android 6.0.1; Nexus 5X Build/MMB29P) AppleWebKit/537.36 (KHTML, like Gecko) Chrome/135.0.7049.95 Mobile Safari/537.36 (compatible; Googlebot/2.1; +http://www.google.com/bot.html)"
162.0.215.211 - - [26/Apr/2025:09:33:14 -0400] "POST /wp-cron.php?doing_wp_cron=1745674394.1689569950103759765625 HTTP/1.1" 200 0 "-" "WordPress/6.8; https://luxuryhomez.org"
162.0.215.211 - - [26/Apr/2025:09:33:14 -0400] "POST /wp-admin/admin-ajax.php?action=async_litespeed&nonce=EJZFXwbLnQ4ydKpsVxkZpSPoW77KwsJm&litespeed_type=imgoptm HTTP/1.1" 200 21 "-" "WordPress/6.8; https://luxuryhomez.org"
66.249.73.5 - - [26/Apr/2025:09:33:13 -0400] "GET /index.phpsshopdetail/373009959 HTTP/1.1" 404 17041 "-" "Mozilla/5.0 (compatible; Googlebot/2.1; +http://www.google.com/bot.html)"
162.0.215.211 - - [26/Apr/2025:09:34:13 -0400] "POST /wp-cron.php?doing_wp_cron=1745674453.1510579586029052734375 HTTP/1.1" 200 0 "-" "WordPress/6.8; https://luxuryhomez.org"
66.249.73.5 - - [26/Apr/2025:09:34:12 -0400] "GET /index.phpsshopdetail/14009559 HTTP/1.1" 404 17030 "-" "Mozilla/5.0 (Linux; Android 6.0.1; Nexus 5X Build/MMB29P) AppleWebKit/537.36 (KHTML, like Gecko) Chrome/135.0.7049.95 Mobile Safari/537.36 (compatible; Googlebot/2.1; +http://www.google.com/bot.html)"
162.0.215.211 - - [26/Apr/2025:09:34:13 -0400] "POST /wp-admin/admin-ajax.php?action=async_litespeed&nonce=qRyZArvbswl8i8IYSAd3pPVK7JyHajz3&litespeed_type=imgoptm HTTP/1.1" 200 21 "-" "WordPress/6.8; https://luxuryhomez.org"
162.0.215.211 - - [26/Apr/2025:09:41:08 -0400] "POST /wp-cron.php?doing_wp_cron=1745674868.1445190906524658203125 HTTP/1.1" 200 0 "-" "WordPress/6.8; https://luxuryhomez.org"
57.141.4.5 - - [26/Apr/2025:09:41:02 -0400] "GET /shopdetail/24018359 HTTP/1.1" 404 71761 "-" "meta-externalagent/1.1 (+https://developers.facebook.com/docs/sharing/webmasters/crawler)"
162.0.215.211 - - [26/Apr/2025:09:41:08 -0400] "POST /wp-admin/admin-ajax.php?action=async_litespeed&nonce=99OVTtmS3eX6bcMaxAKxsUi7YjX97JNK&litespeed_type=imgoptm HTTP/1.1" 200 0 "-" "WordPress/6.8; https://luxuryhomez.org"
162.0.215.211 - - [26/Apr/2025:09:41:27 -0400] "POST /wp-cron.php?doing_wp_cron=1745674887.3374340534210205078125 HTTP/1.1" 200 0 "-" "WordPress/6.8; https://luxuryhomez.org"
51.222.253.19 - - [26/Apr/2025:09:41:27 -0400] "GET /brand/brand-2/?orderby=menu_order&product_count=30&category-view-mode=list HTTP/1.1" 200 17956 "-" "Mozilla/5.0 (compatible; AhrefsBot/7.0; +http://ahrefs.com/robot/)"
162.0.215.211 - - [26/Apr/2025:09:41:27 -0400] "POST /wp-admin/admin-ajax.php?action=async_litespeed&nonce=2UvUQx6d5fjPnkDlqD7I1iIP8FPFoEGa&litespeed_type=imgoptm HTTP/1.1" 200 21 "-" "WordPress/6.8; https://luxuryhomez.org"
162.0.215.211 - - [26/Apr/2025:09:42:28 -0400] "POST /wp-cron.php?doing_wp_cron=1745674948.3680191040039062500000 HTTP/1.1" 200 0 "-" "WordPress/6.8; https://luxuryhomez.org"
57.141.4.17 - - [26/Apr/2025:09:42:27 -0400] "GET /shopdetail/336447959 HTTP/1.1" 404 71762 "-" "meta-externalagent/1.1 (+https://developers.facebook.com/docs/sharing/webmasters/crawler)"
162.0.215.211 - - [26/Apr/2025:09:42:28 -0400] "POST /wp-admin/admin-ajax.php?action=async_litespeed&nonce=aizcLe3HFvl7grUtEK1R2oofjm9uvusy&litespeed_type=imgoptm HTTP/1.1" 200 21 "-" "WordPress/6.8; https://luxuryhomez.org"
162.0.215.211 - - [26/Apr/2025:09:45:08 -0400] "POST /wp-cron.php?doing_wp_cron=1745675108.4123010635375976562500 HTTP/1.1" 200 0 "-" "WordPress/6.8; https://luxuryhomez.org"
66.249.73.7 - - [26/Apr/2025:09:45:04 -0400] "GET /shopdetail/244210959 HTTP/1.1" 404 17018 "-" "Mozilla/5.0 (compatible; Googlebot/2.1; +http://www.google.com/bot.html)"
162.0.215.211 - - [26/Apr/2025:09:45:09 -0400] "POST /wp-admin/admin-ajax.php?action=async_litespeed&nonce=V25U1M3S3yvXGaCLgqvBEw75cfHD7PYl&litespeed_type=imgoptm HTTP/1.1" 200 21 "-" "WordPress/6.8; https://luxuryhomez.org"
162.0.215.211 - - [26/Apr/2025:09:45:32 -0400] "POST /wp-cron.php?doing_wp_cron=1745675132.7154309749603271484375 HTTP/1.1" 200 0 "-" "WordPress/6.8; https://luxuryhomez.org"
66.249.72.169 - - [26/Apr/2025:09:45:32 -0400] "GET /shopdetail/27916159 HTTP/1.1" 301 0 "-" "Mozilla/5.0 (compatible; Googlebot/2.1; +http://www.google.com/bot.html)"
162.0.215.211 - - [26/Apr/2025:09:45:33 -0400] "POST /wp-admin/admin-ajax.php?action=async_litespeed&nonce=3Hjq6HHM1I0LE0qgOdaYXLG0yFjfzsK0&litespeed_type=imgoptm HTTP/1.1" 200 21 "-" "WordPress/6.8; https://luxuryhomez.org"
66.249.73.6 - - [26/Apr/2025:09:45:32 -0400] "GET /shopdetail/27916159 HTTP/1.1" 404 17017 "-" "Mozilla/5.0 (compatible; Googlebot/2.1; +http://www.google.com/bot.html)"
66.249.73.5 - - [26/Apr/2025:09:45:49 -0400] "GET /index.phpsshopdetail/123088459 HTTP/1.1" 404 17038 "-" "Mozilla/5.0 (compatible; Googlebot/2.1; +http://www.google.com/bot.html)"
66.249.73.11 - - [26/Apr/2025:09:46:01 -0400] "GET /shopdetail/118959059 HTTP/1.1" 301 0 "-" "Mozilla/5.0 (compatible; Googlebot/2.1; +http://www.google.com/bot.html)"
162.0.215.211 - - [26/Apr/2025:09:46:02 -0400] "POST /wp-cron.php?doing_wp_cron=1745675162.2488110065460205078125 HTTP/1.1" 200 0 "-" "WordPress/6.8; https://luxuryhomez.org"
66.249.73.5 - - [26/Apr/2025:09:46:02 -0400] "GET /shopdetail/118959059 HTTP/1.1" 404 17025 "-" "Mozilla/5.0 (compatible; Googlebot/2.1; +http://www.google.com/bot.html)"
66.249.73.5 - - [26/Apr/2025:09:46:04 -0400] "GET /index.php/pcmypage?callback=/product%2Fdetail%2F91107675 HTTP/1.1" 301 0 "-" "Mozilla/5.0 (Linux; Android 6.0.1; Nexus 5X Build/MMB29P) AppleWebKit/537.36 (KHTML, like Gecko) Chrome/135.0.7049.95 Mobile Safari/537.36 (compatible; Googlebot/2.1; +http://www.google.com/bot.html)"
66.249.73.7 - - [26/Apr/2025:09:46:05 -0400] "GET /pcmypage?callback=/product%2Fdetail%2F91107675 HTTP/1.1" 404 17043 "-" "Mozilla/5.0 (Linux; Android 6.0.1; Nexus 5X Build/MMB29P) AppleWebKit/537.36 (KHTML, like Gecko) Chrome/135.0.7049.95 Mobile Safari/537.36 (compatible; Googlebot/2.1; +http://www.google.com/bot.html)"
162.0.215.211 - - [26/Apr/2025:09:47:38 -0400] "POST /wp-cron.php?doing_wp_cron=1745675258.0052559375762939453125 HTTP/1.1" 200 0 "-" "WordPress/6.8; https://luxuryhomez.org"
162.0.215.211 - - [26/Apr/2025:09:47:38 -0400] "POST /wp-admin/admin-ajax.php?action=async_litespeed&nonce=Wn8UP6BWLgI8laMQ3CDq6yjAxC6lzrXe&litespeed_type=imgoptm HTTP/1.1" 200 21 "-" "WordPress/6.8; https://luxuryhomez.org"
57.141.4.18 - - [26/Apr/2025:09:47:35 -0400] "GET /shopdetail/86630459 HTTP/1.1" 404 71761 "-" "meta-externalagent/1.1 (+https://developers.facebook.com/docs/sharing/webmasters/crawler)"
162.0.215.211 - - [26/Apr/2025:09:48:51 -0400] "POST /wp-cron.php?doing_wp_cron=1745675331.9067530632019042968750 HTTP/1.1" 200 0 "-" "WordPress/6.8; https://luxuryhomez.org"
43.153.135.208 - - [26/Apr/2025:09:48:51 -0400] "GET / HTTP/1.1" 301 0 "http://www.luxuryhomez.org" "Mozilla/5.0 (iPhone; CPU iPhone OS 13_2_3 like Mac OS X) AppleWebKit/605.1.15 (KHTML, like Gecko) Version/13.0.3 Mobile/15E148 Safari/604.1"
162.0.215.211 - - [26/Apr/2025:09:48:52 -0400] "POST /wp-admin/admin-ajax.php?action=async_litespeed&nonce=9WIchSdb18IuaBuJoeHfyWkaRWmxdyq1&litespeed_type=imgoptm HTTP/1.1" 200 21 "-" "WordPress/6.8; https://luxuryhomez.org"
43.153.135.208 - - [26/Apr/2025:09:48:53 -0400] "GET / HTTP/1.1" 200 32705 "https://www.luxuryhomez.org/" "Mozilla/5.0 (iPhone; CPU iPhone OS 13_2_3 like Mac OS X) AppleWebKit/605.1.15 (KHTML, like Gecko) Version/13.0.3 Mobile/15E148 Safari/604.1"
162.0.215.211 - - [26/Apr/2025:09:49:55 -0400] "POST /wp-cron.php?doing_wp_cron=1745675395.4166750907897949218750 HTTP/1.1" 200 0 "-" "WordPress/6.8; https://luxuryhomez.org"
162.0.215.211 - - [26/Apr/2025:09:49:55 -0400] "POST /wp-admin/admin-ajax.php?action=async_litespeed&nonce=DbUe2qhREIWTuxW0EzdouvTcV55HSwNo&litespeed_type=imgoptm HTTP/1.1" 200 21 "-" "WordPress/6.8; https://luxuryhomez.org"
66.249.73.6 - - [26/Apr/2025:09:49:55 -0400] "GET /shopdetail/264636359 HTTP/1.1" 404 17018 "-" "Mozilla/5.0 (Linux; Android 6.0.1; Nexus 5X Build/MMB29P) AppleWebKit/537.36 (KHTML, like Gecko) Chrome/135.0.7049.95 Mobile Safari/537.36 (compatible; Googlebot/2.1; +http://www.google.com/bot.html)"
162.0.215.211 - - [26/Apr/2025:09:50:14 -0400] "POST /wp-cron.php?doing_wp_cron=1745675414.2806370258331298828125 HTTP/1.1" 200 0 "-" "WordPress/6.8; https://luxuryhomez.org"
57.141.4.12 - - [26/Apr/2025:09:50:13 -0400] "GET /shadow.php?72613129.htm HTTP/1.1" 404 71765 "-" "meta-externalagent/1.1 (+https://developers.facebook.com/docs/sharing/webmasters/crawler)"
162.0.215.211 - - [26/Apr/2025:09:51:23 -0400] "POST /wp-cron.php?doing_wp_cron=1745675483.3151109218597412109375 HTTP/1.1" 200 0 "-" "WordPress/6.8; https://luxuryhomez.org"
162.0.215.211 - - [26/Apr/2025:09:51:23 -0400] "POST /wp-admin/admin-ajax.php?action=async_litespeed&nonce=lgcBXYVzHXHHVVLLy3kdhbQJq3tWxLs1&litespeed_type=imgoptm HTTP/1.1" 200 21 "-" "WordPress/6.8; https://luxuryhomez.org"
57.141.4.19 - - [26/Apr/2025:09:51:23 -0400] "GET /shadow.php?428796153.htm HTTP/1.1" 404 71766 "-" "meta-externalagent/1.1 (+https://developers.facebook.com/docs/sharing/webmasters/crawler)"
162.0.215.211 - - [26/Apr/2025:09:52:41 -0400] "POST /wp-cron.php?doing_wp_cron=1745675561.9281990528106689453125 HTTP/1.1" 200 0 "-" "WordPress/6.8; https://luxuryhomez.org"
