162.0.215.211 - - [26/Apr/2025:09:52:42 -0400] "POST /wp-admin/admin-ajax.php?action=async_litespeed&nonce=50meHShrSTfcqgNQqX3AGmWv7PWoeqpi&litespeed_type=imgoptm HTTP/1.1" 200 21 "-" "WordPress/6.8; https://luxuryhomez.org"
57.141.4.5 - - [26/Apr/2025:09:52:41 -0400] "GET /shadow.php?1392911737.htm HTTP/1.1" 404 71767 "-" "meta-externalagent/1.1 (+https://developers.facebook.com/docs/sharing/webmasters/crawler)"
57.141.4.17 - - [26/Apr/2025:09:52:43 -0400] "GET /shopdetail/369814759 HTTP/1.1" 404 71762 "-" "meta-externalagent/1.1 (+https://developers.facebook.com/docs/sharing/webmasters/crawler)"
162.0.215.211 - - [26/Apr/2025:09:53:07 -0400] "POST /wp-cron.php?doing_wp_cron=1745675587.6961259841918945312500 HTTP/1.1" 200 0 "-" "WordPress/6.8; https://luxuryhomez.org"
57.141.4.29 - - [26/Apr/2025:09:53:07 -0400] "GET /shopdetail/342773559 HTTP/1.1" 404 71762 "-" "meta-externalagent/1.1 (+https://developers.facebook.com/docs/sharing/webmasters/crawler)"
162.0.215.211 - - [26/Apr/2025:09:53:55 -0400] "POST /wp-cron.php?doing_wp_cron=1745675635.2619481086730957031250 HTTP/1.1" 200 0 "-" "WordPress/6.8; https://luxuryhomez.org"
162.0.215.211 - - [26/Apr/2025:09:53:55 -0400] "POST /wp-admin/admin-ajax.php?action=async_litespeed&nonce=zWHcExd6HSZVPdbeWEVs3F0hCvcbcdid&litespeed_type=imgoptm HTTP/1.1" 200 21 "-" "WordPress/6.8; https://luxuryhomez.org"
57.141.4.22 - - [26/Apr/2025:09:53:54 -0400] "GET /shadow.php?306190544.htm HTTP/1.1" 404 71766 "-" "meta-externalagent/1.1 (+https://developers.facebook.com/docs/sharing/webmasters/crawler)"
57.141.4.30 - - [26/Apr/2025:09:53:58 -0400] "GET /shopdetail/216633059 HTTP/1.1" 404 71762 "-" "meta-externalagent/1.1 (+https://developers.facebook.com/docs/sharing/webmasters/crawler)"
162.0.215.211 - - [26/Apr/2025:09:54:46 -0400] "POST /wp-cron.php?doing_wp_cron=1745675686.6751849651336669921875 HTTP/1.1" 200 0 "-" "WordPress/6.8; https://luxuryhomez.org"
162.0.215.211 - - [26/Apr/2025:09:54:46 -0400] "POST /wp-admin/admin-ajax.php?action=async_litespeed&nonce=xuwHBZG9oYHCSa9I5egzzRd7usKuePVV&litespeed_type=imgoptm HTTP/1.1" 200 21 "-" "WordPress/6.8; https://luxuryhomez.org"
57.141.4.5 - - [26/Apr/2025:09:54:46 -0400] "GET /shadow.php?603432730.htm HTTP/1.1" 404 71766 "-" "meta-externalagent/1.1 (+https://developers.facebook.com/docs/sharing/webmasters/crawler)"
57.141.4.22 - - [26/Apr/2025:09:54:49 -0400] "GET /shadow.php?1271318404.htm HTTP/1.1" 404 71767 "-" "meta-externalagent/1.1 (+https://developers.facebook.com/docs/sharing/webmasters/crawler)"
57.141.4.14 - - [26/Apr/2025:09:54:52 -0400] "GET /shopdetail/97984159 HTTP/1.1" 404 71761 "-" "meta-externalagent/1.1 (+https://developers.facebook.com/docs/sharing/webmasters/crawler)"
162.0.215.211 - - [26/Apr/2025:09:56:14 -0400] "POST /wp-cron.php?doing_wp_cron=1745675774.4765210151672363281250 HTTP/1.1" 200 0 "-" "WordPress/6.8; https://luxuryhomez.org"
162.0.215.211 - - [26/Apr/2025:09:56:14 -0400] "POST /wp-admin/admin-ajax.php?action=async_litespeed&nonce=glTAPdXS5wJY60su68KsuBviwu9JXUYz&litespeed_type=imgoptm HTTP/1.1" 200 21 "-" "WordPress/6.8; https://luxuryhomez.org"
57.141.4.1 - - [26/Apr/2025:09:56:14 -0400] "GET /shopdetail/65149159 HTTP/1.1" 404 71763 "-" "meta-externalagent/1.1 (+https://developers.facebook.com/docs/sharing/webmasters/crawler)"
162.0.215.211 - - [26/Apr/2025:09:56:29 -0400] "POST /wp-cron.php?doing_wp_cron=1745675789.9368400573730468750000 HTTP/1.1" 200 0 "-" "WordPress/6.8; https://luxuryhomez.org"
162.0.215.211 - - [26/Apr/2025:09:56:30 -0400] "POST /wp-admin/admin-ajax.php?action=async_litespeed&nonce=Uni5ui3hlnRo1tY41DG1LibKtfL5vzGb&litespeed_type=imgoptm HTTP/1.1" 200 21 "-" "WordPress/6.8; https://luxuryhomez.org"
57.141.4.24 - - [26/Apr/2025:09:56:29 -0400] "GET /shadow.php?838162115.htm HTTP/1.1" 404 71766 "-" "meta-externalagent/1.1 (+https://developers.facebook.com/docs/sharing/webmasters/crawler)"
162.0.215.211 - - [26/Apr/2025:09:58:18 -0400] "POST /wp-cron.php?doing_wp_cron=1745675898.7397971153259277343750 HTTP/1.1" 200 0 "-" "WordPress/6.8; https://luxuryhomez.org"
51.222.253.15 - - [26/Apr/2025:09:58:16 -0400] "GET /brand/brand-2/?orderby=price-desc&product_count=45&category-view-mode=grid&product_col_large=2 HTTP/1.1" 200 17950 "-" "Mozilla/5.0 (compatible; AhrefsBot/7.0; +http://ahrefs.com/robot/)"
162.0.215.211 - - [26/Apr/2025:09:58:19 -0400] "POST /wp-admin/admin-ajax.php?action=async_litespeed&nonce=hyEdeZta29ybRMOh7aW9iVD9fRENz30e&litespeed_type=imgoptm HTTP/1.1" 200 21 "-" "WordPress/6.8; https://luxuryhomez.org"
162.0.215.211 - - [26/Apr/2025:09:58:32 -0400] "POST /wp-cron.php?doing_wp_cron=1745675912.1470489501953125000000 HTTP/1.1" 200 0 "-" "WordPress/6.8; https://luxuryhomez.org"
162.0.215.211 - - [26/Apr/2025:09:58:32 -0400] "POST /wp-admin/admin-ajax.php?action=async_litespeed&nonce=TVRGjUtXveDjpk0vSanSrmM9hEblemYF&litespeed_type=imgoptm HTTP/1.1" 200 21 "-" "WordPress/6.8; https://luxuryhomez.org"
57.141.4.28 - - [26/Apr/2025:09:58:31 -0400] "GET /shadow.php?1077642120.htm HTTP/1.1" 404 71767 "-" "meta-externalagent/1.1 (+https://developers.facebook.com/docs/sharing/webmasters/crawler)"
57.141.4.13 - - [26/Apr/2025:09:58:39 -0400] "GET /shadow.php?1178336751.htm HTTP/1.1" 404 71767 "-" "meta-externalagent/1.1 (+https://developers.facebook.com/docs/sharing/webmasters/crawler)"
57.141.4.16 - - [26/Apr/2025:09:58:51 -0400] "GET /shopdetail/347453759 HTTP/1.1" 404 71762 "-" "meta-externalagent/1.1 (+https://developers.facebook.com/docs/sharing/webmasters/crawler)"
57.141.4.9 - - [26/Apr/2025:09:58:54 -0400] "GET /shadow.php?454391011.htm HTTP/1.1" 404 71766 "-" "meta-externalagent/1.1 (+https://developers.facebook.com/docs/sharing/webmasters/crawler)"
162.0.215.211 - - [26/Apr/2025:09:59:24 -0400] "POST /wp-cron.php?doing_wp_cron=1745675964.5363240242004394531250 HTTP/1.1" 200 0 "-" "WordPress/6.8; https://luxuryhomez.org"
57.141.4.4 - - [26/Apr/2025:09:59:24 -0400] "GET /shadow.php?692390648.htm HTTP/1.1" 404 71766 "-" "meta-externalagent/1.1 (+https://developers.facebook.com/docs/sharing/webmasters/crawler)"
162.0.215.211 - - [26/Apr/2025:09:59:29 -0400] "POST /wp-cron.php?doing_wp_cron=1745675969.5423889160156250000000 HTTP/1.1" 200 0 "-" "WordPress/6.8; https://luxuryhomez.org"
66.249.73.12 - - [26/Apr/2025:09:59:29 -0400] "GET /shopdetail/27774159 HTTP/1.1" 301 0 "-" "Mozilla/5.0 (Linux; Android 6.0.1; Nexus 5X Build/MMB29P) AppleWebKit/537.36 (KHTML, like Gecko) Chrome/135.0.7049.95 Mobile Safari/537.36 (compatible; Googlebot/2.1; +http://www.google.com/bot.html)"
162.0.215.211 - - [26/Apr/2025:09:59:29 -0400] "POST /wp-admin/admin-ajax.php?action=async_litespeed&nonce=Opr0F3LUXJ8g3VfVsAYF15S9wHAfGxDj&litespeed_type=imgoptm HTTP/1.1" 200 21 "-" "WordPress/6.8; https://luxuryhomez.org"
66.249.73.5 - - [26/Apr/2025:09:59:29 -0400] "GET /shopdetail/27774159 HTTP/1.1" 404 17018 "-" "Mozilla/5.0 (Linux; Android 6.0.1; Nexus 5X Build/MMB29P) AppleWebKit/537.36 (KHTML, like Gecko) Chrome/135.0.7049.95 Mobile Safari/537.36 (compatible; Googlebot/2.1; +http://www.google.com/bot.html)"
162.0.215.211 - - [26/Apr/2025:10:01:06 -0400] "POST /wp-cron.php?doing_wp_cron=1745676066.8614549636840820312500 HTTP/1.1" 200 0 "-" "WordPress/6.8; https://luxuryhomez.org"
162.0.215.211 - - [26/Apr/2025:10:01:07 -0400] "POST /wp-admin/admin-ajax.php?action=async_litespeed&nonce=sPVNRcZ7ofB1EekznBXF04s19jR9jxYg&litespeed_type=imgoptm HTTP/1.1" 200 21 "-" "WordPress/6.8; https://luxuryhomez.org"
57.141.4.29 - - [26/Apr/2025:10:01:04 -0400] "GET /shadow.php?467350586.htm HTTP/1.1" 404 71766 "-" "meta-externalagent/1.1 (+https://developers.facebook.com/docs/sharing/webmasters/crawler)"
162.0.215.211 - - [26/Apr/2025:10:01:41 -0400] "POST /wp-cron.php?doing_wp_cron=1745676100.9981169700622558593750 HTTP/1.1" 200 0 "-" "WordPress/6.8; https://luxuryhomez.org"
162.0.215.211 - - [26/Apr/2025:10:01:41 -0400] "POST /wp-admin/admin-ajax.php?action=async_litespeed&nonce=tIaD4Ff5HcplS0sthSKvjl3fVrqgJ8Mq&litespeed_type=imgoptm HTTP/1.1" 200 21 "-" "WordPress/6.8; https://luxuryhomez.org"
57.141.4.26 - - [26/Apr/2025:10:01:40 -0400] "GET /shadow.php?1248134345.htm HTTP/1.1" 404 71769 "-" "meta-externalagent/1.1 (+https://developers.facebook.com/docs/sharing/webmasters/crawler)"
66.249.73.5 - - [26/Apr/2025:10:01:49 -0400] "GET /shopdetail/169061859 HTTP/1.1" 404 17024 "-" "Mozilla/5.0 (compatible; Googlebot/2.1; +http://www.google.com/bot.html)"
162.0.215.211 - - [26/Apr/2025:10:02:10 -0400] "POST /wp-cron.php?doing_wp_cron=1745676130.0907099246978759765625 HTTP/1.1" 200 0 "-" "WordPress/6.8; https://luxuryhomez.org"
57.141.4.10 - - [26/Apr/2025:10:02:09 -0400] "GET /shadow.php?900805827.htm HTTP/1.1" 404 71766 "-" "meta-externalagent/1.1 (+https://developers.facebook.com/docs/sharing/webmasters/crawler)"
162.0.215.211 - - [26/Apr/2025:10:02:59 -0400] "POST /wp-cron.php?doing_wp_cron=1745676179.2344720363616943359375 HTTP/1.1" 200 0 "-" "WordPress/6.8; https://luxuryhomez.org"
162.0.215.211 - - [26/Apr/2025:10:02:59 -0400] "POST /wp-admin/admin-ajax.php?action=async_litespeed&nonce=cAbx6WxOlzKGXIvtrxLkY7M8ok2OgenI&litespeed_type=imgoptm HTTP/1.1" 200 21 "-" "WordPress/6.8; https://luxuryhomez.org"
57.141.4.5 - - [26/Apr/2025:10:02:58 -0400] "GET /shadow.php?674168110.htm HTTP/1.1" 404 71768 "-" "meta-externalagent/1.1 (+https://developers.facebook.com/docs/sharing/webmasters/crawler)"
162.0.215.211 - - [26/Apr/2025:10:03:03 -0400] "POST /wp-cron.php?doing_wp_cron=1745676183.8207569122314453125000 HTTP/1.1" 200 0 "-" "WordPress/6.8; https://luxuryhomez.org"
57.141.4.20 - - [26/Apr/2025:10:03:03 -0400] "GET /shadow.php?195680827.htm HTTP/1.1" 404 71766 "-" "meta-externalagent/1.1 (+https://developers.facebook.com/docs/sharing/webmasters/crawler)"
162.0.215.211 - - [26/Apr/2025:10:03:38 -0400] "POST /wp-cron.php?doing_wp_cron=1745676218.2491428852081298828125 HTTP/1.1" 200 0 "-" "WordPress/6.8; https://luxuryhomez.org"
162.0.215.211 - - [26/Apr/2025:10:03:38 -0400] "POST /wp-admin/admin-ajax.php?action=async_litespeed&nonce=SjgOHm1bwrdkLljLCfeavZGCXqKley3V&litespeed_type=imgoptm HTTP/1.1" 200 21 "-" "WordPress/6.8; https://luxuryhomez.org"
66.249.73.5 - - [26/Apr/2025:10:03:37 -0400] "GET /index.phpsshopdetail/121189359 HTTP/1.1" 404 17030 "-" "Mozilla/5.0 (Linux; Android 6.0.1; Nexus 5X Build/MMB29P) AppleWebKit/537.36 (KHTML, like Gecko) Chrome/135.0.7049.95 Mobile Safari/537.36 (compatible; Googlebot/2.1; +http://www.google.com/bot.html)"
162.0.215.211 - - [26/Apr/2025:10:04:40 -0400] "POST /wp-cron.php?doing_wp_cron=1745676280.2415130138397216796875 HTTP/1.1" 200 0 "-" "WordPress/6.8; https://luxuryhomez.org"
162.0.215.211 - - [26/Apr/2025:10:04:40 -0400] "POST /wp-admin/admin-ajax.php?action=async_litespeed&nonce=PjYhvfIA9ktlfciWTIa9lz1u43Kgr13W&litespeed_type=imgoptm HTTP/1.1" 200 21 "-" "WordPress/6.8; https://luxuryhomez.org"
66.249.73.7 - - [26/Apr/2025:10:04:39 -0400] "GET /shopdetail/295870059 HTTP/1.1" 404 17025 "-" "Mozilla/5.0 (compatible; Googlebot/2.1; +http://www.google.com/bot.html)"
162.0.215.211 - - [26/Apr/2025:10:05:03 -0400] "POST /wp-cron.php?doing_wp_cron=1745676303.7066988945007324218750 HTTP/1.1" 200 0 "-" "WordPress/6.8; https://luxuryhomez.org"
57.141.4.22 - - [26/Apr/2025:10:05:03 -0400] "GET /shadow.php?1172137294.htm HTTP/1.1" 404 71767 "-" "meta-externalagent/1.1 (+https://developers.facebook.com/docs/sharing/webmasters/crawler)"
57.141.4.24 - - [26/Apr/2025:10:05:22 -0400] "GET /shopdetail/310546959 HTTP/1.1" 404 71762 "-" "meta-externalagent/1.1 (+https://developers.facebook.com/docs/sharing/webmasters/crawler)"
162.0.215.211 - - [26/Apr/2025:10:05:56 -0400] "POST /wp-cron.php?doing_wp_cron=1745676355.9807710647583007812500 HTTP/1.1" 200 0 "-" "WordPress/6.8; https://luxuryhomez.org"
162.0.215.211 - - [26/Apr/2025:10:05:56 -0400] "POST /wp-admin/admin-ajax.php?action=async_litespeed&nonce=LgqtHYrpKhbhpYiSMjIOAFHrzwRomH4d&litespeed_type=imgoptm HTTP/1.1" 200 21 "-" "WordPress/6.8; https://luxuryhomez.org"
57.141.4.11 - - [26/Apr/2025:10:05:55 -0400] "GET /shadow.php?56973858.htm HTTP/1.1" 404 71767 "-" "meta-externalagent/1.1 (+https://developers.facebook.com/docs/sharing/webmasters/crawler)"
162.0.215.211 - - [26/Apr/2025:10:06:46 -0400] "POST /wp-cron.php?doing_wp_cron=1745676406.6786570549011230468750 HTTP/1.1" 200 0 "-" "WordPress/6.8; https://luxuryhomez.org"
162.0.215.211 - - [26/Apr/2025:10:06:47 -0400] "POST /wp-admin/admin-ajax.php?action=async_litespeed&nonce=wbTMeUfx9zuZYQBqDhUIIM9QfY3Ap9oQ&litespeed_type=imgoptm HTTP/1.1" 200 21 "-" "WordPress/6.8; https://luxuryhomez.org"
57.141.4.16 - - [26/Apr/2025:10:06:46 -0400] "GET /shadow.php?21558754.htm HTTP/1.1" 404 71765 "-" "meta-externalagent/1.1 (+https://developers.facebook.com/docs/sharing/webmasters/crawler)"
162.0.215.211 - - [26/Apr/2025:10:10:11 -0400] "POST /wp-cron.php?doing_wp_cron=1745676611.3215110301971435546875 HTTP/1.1" 200 0 "-" "WordPress/6.8; https://luxuryhomez.org"
57.141.4.30 - - [26/Apr/2025:10:10:08 -0400] "GET /shadow.php?1175209312.htm HTTP/1.1" 404 71767 "-" "meta-externalagent/1.1 (+https://developers.facebook.com/docs/sharing/webmasters/crawler)"
162.0.215.211 - - [26/Apr/2025:10:10:11 -0400] "POST /wp-admin/admin-ajax.php?action=async_litespeed&nonce=wYWQVLkshQf8DLwwSBumBA88E4vyEhP8&litespeed_type=imgoptm HTTP/1.1" 200 21 "-" "WordPress/6.8; https://luxuryhomez.org"
162.0.215.211 - - [26/Apr/2025:10:10:33 -0400] "POST /wp-cron.php?doing_wp_cron=1745676633.1615560054779052734375 HTTP/1.1" 200 0 "-" "WordPress/6.8; https://luxuryhomez.org"
162.0.215.211 - - [26/Apr/2025:10:10:33 -0400] "POST /wp-admin/admin-ajax.php?action=async_litespeed&nonce=pwL3memQ5DDEnYq8IrT0lvFnapw25SNp&litespeed_type=imgoptm HTTP/1.1" 200 21 "-" "WordPress/6.8; https://luxuryhomez.org"
57.141.4.22 - - [26/Apr/2025:10:10:32 -0400] "GET /shadow.php?549835124.htm HTTP/1.1" 404 71766 "-" "meta-externalagent/1.1 (+https://developers.facebook.com/docs/sharing/webmasters/crawler)"
162.0.215.211 - - [26/Apr/2025:10:11:31 -0400] "POST /wp-cron.php?doing_wp_cron=1745676691.7858550548553466796875 HTTP/1.1" 200 0 "-" "WordPress/6.8; https://luxuryhomez.org"
162.0.215.211 - - [26/Apr/2025:10:11:32 -0400] "POST /wp-admin/admin-ajax.php?action=async_litespeed&nonce=pzRwlpihHG1e89S5faxyi7dhXw0E0aSH&litespeed_type=imgoptm HTTP/1.1" 200 21 "-" "WordPress/6.8; https://luxuryhomez.org"
57.141.4.14 - - [26/Apr/2025:10:11:31 -0400] "GET /shopdetail/204629559 HTTP/1.1" 404 71762 "-" "meta-externalagent/1.1 (+https://developers.facebook.com/docs/sharing/webmasters/crawler)"
162.0.215.211 - - [26/Apr/2025:10:12:04 -0400] "POST /wp-cron.php?doing_wp_cron=1745676724.6311190128326416015625 HTTP/1.1" 200 0 "-" "WordPress/6.8; https://luxuryhomez.org"
57.141.4.29 - - [26/Apr/2025:10:12:04 -0400] "GET /shadow.php?541424915.htm HTTP/1.1" 404 71766 "-" "meta-externalagent/1.1 (+https://developers.facebook.com/docs/sharing/webmasters/crawler)"
162.0.215.211 - - [26/Apr/2025:10:12:51 -0400] "POST /wp-cron.php?doing_wp_cron=1745676771.8145580291748046875000 HTTP/1.1" 200 0 "-" "WordPress/6.8; https://luxuryhomez.org"
57.141.4.2 - - [26/Apr/2025:10:12:51 -0400] "GET /shadow.php?1676756393.htm HTTP/1.1" 404 71767 "-" "meta-externalagent/1.1 (+https://developers.facebook.com/docs/sharing/webmasters/crawler)"
162.0.215.211 - - [26/Apr/2025:10:12:52 -0400] "POST /wp-admin/admin-ajax.php?action=async_litespeed&nonce=ujj9P78cSAIC1tbseROT9WgUFMCCeOVB&litespeed_type=imgoptm HTTP/1.1" 200 21 "-" "WordPress/6.8; https://luxuryhomez.org"
162.0.215.211 - - [26/Apr/2025:10:13:58 -0400] "POST /wp-cron.php?doing_wp_cron=1745676838.2374970912933349609375 HTTP/1.1" 200 0 "-" "WordPress/6.8; https://luxuryhomez.org"
66.249.73.12 - - [26/Apr/2025:10:13:57 -0400] "GET /shopdetail/24916959 HTTP/1.1" 301 0 "-" "Mozilla/5.0 (compatible; Googlebot/2.1; +http://www.google.com/bot.html)"
66.249.73.10 - - [26/Apr/2025:10:13:58 -0400] "GET /shopdetail/24916959 HTTP/1.1" 301 0 "-" "Mozilla/5.0 (Linux; Android 6.0.1; Nexus 5X Build/MMB29P) AppleWebKit/537.36 (KHTML, like Gecko) Chrome/135.0.7049.95 Mobile Safari/537.36 (compatible; Googlebot/2.1; +http://www.google.com/bot.html)"
162.0.215.211 - - [26/Apr/2025:10:13:58 -0400] "POST /wp-admin/admin-ajax.php?action=async_litespeed&nonce=hZAyuneYNDFC578VFXVjm31olpxOTvH9&litespeed_type=imgoptm HTTP/1.1" 200 21 "-" "WordPress/6.8; https://luxuryhomez.org"
66.249.73.6 - - [26/Apr/2025:10:13:58 -0400] "GET /shopdetail/24916959 HTTP/1.1" 404 17016 "-" "Mozilla/5.0 (compatible; Googlebot/2.1; +http://www.google.com/bot.html)"
66.249.73.5 - - [26/Apr/2025:10:13:58 -0400] "GET /shopdetail/24916959 HTTP/1.1" 404 17018 "-" "Mozilla/5.0 (Linux; Android 6.0.1; Nexus 5X Build/MMB29P) AppleWebKit/537.36 (KHTML, like Gecko) Chrome/135.0.7049.95 Mobile Safari/537.36 (compatible; Googlebot/2.1; +http://www.google.com/bot.html)"
162.0.215.211 - - [26/Apr/2025:10:14:09 -0400] "POST /wp-cron.php?doing_wp_cron=1745676849.5304949283599853515625 HTTP/1.1" 200 0 "-" "WordPress/6.8; https://luxuryhomez.org"
66.249.73.5 - - [26/Apr/2025:10:14:09 -0400] "GET /index.phpsshopdetail/234467659 HTTP/1.1" 404 17030 "-" "Mozilla/5.0 (Linux; Android 6.0.1; Nexus 5X Build/MMB29P) AppleWebKit/537.36 (KHTML, like Gecko) Chrome/135.0.7049.95 Mobile Safari/537.36 (compatible; Googlebot/2.1; +http://www.google.com/bot.html)"
66.249.73.11 - - [26/Apr/2025:10:14:12 -0400] "GET /shopdetail/8167559 HTTP/1.1" 301 0 "-" "Mozilla/5.0 (Linux; Android 6.0.1; Nexus 5X Build/MMB29P) AppleWebKit/537.36 (KHTML, like Gecko) Chrome/135.0.7049.95 Mobile Safari/537.36 (compatible; Googlebot/2.1; +http://www.google.com/bot.html)"
66.249.73.6 - - [26/Apr/2025:10:14:12 -0400] "GET /shopdetail/8167559 HTTP/1.1" 404 17013 "-" "Mozilla/5.0 (Linux; Android 6.0.1; Nexus 5X Build/MMB29P) AppleWebKit/537.36 (KHTML, like Gecko) Chrome/135.0.7049.95 Mobile Safari/537.36 (compatible; Googlebot/2.1; +http://www.google.com/bot.html)"
162.0.215.211 - - [26/Apr/2025:10:15:00 -0400] "POST /wp-cron.php?doing_wp_cron=1745676900.1453909873962402343750 HTTP/1.1" 200 0 "-" "WordPress/6.8; https://luxuryhomez.org"
162.0.215.211 - - [26/Apr/2025:10:15:00 -0400] "POST /wp-admin/admin-ajax.php?action=async_litespeed&nonce=RLnLdeifUkGkltNAAXnO8LcmapkwrnHr&litespeed_type=imgoptm HTTP/1.1" 200 21 "-" "WordPress/6.8; https://luxuryhomez.org"
57.141.4.15 - - [26/Apr/2025:10:14:59 -0400] "GET /shadow.php?467259159.htm HTTP/1.1" 404 71766 "-" "meta-externalagent/1.1 (+https://developers.facebook.com/docs/sharing/webmasters/crawler)"
162.0.215.211 - - [26/Apr/2025:10:15:05 -0400] "POST /wp-cron.php?doing_wp_cron=1745676905.2413890361785888671875 HTTP/1.1" 200 0 "-" "WordPress/6.8; https://luxuryhomez.org"
57.141.4.14 - - [26/Apr/2025:10:15:04 -0400] "GET /shadow.php?423520937.htm HTTP/1.1" 404 71766 "-" "meta-externalagent/1.1 (+https://developers.facebook.com/docs/sharing/webmasters/crawler)"
57.141.4.25 - - [26/Apr/2025:10:15:11 -0400] "GET /shopdetail/364271959 HTTP/1.1" 404 71762 "-" "meta-externalagent/1.1 (+https://developers.facebook.com/docs/sharing/webmasters/crawler)"
162.0.215.211 - - [26/Apr/2025:10:15:33 -0400] "POST /wp-cron.php?doing_wp_cron=1745676933.3439290523529052734375 HTTP/1.1" 200 0 "-" "WordPress/6.8; https://luxuryhomez.org"
162.0.215.211 - - [26/Apr/2025:10:15:33 -0400] "POST /wp-admin/admin-ajax.php?action=async_litespeed&nonce=fv4h5dNThJSXPgjoo2KtDfm4tm8cbrV8&litespeed_type=imgoptm HTTP/1.1" 200 21 "-" "WordPress/6.8; https://luxuryhomez.org"
66.249.73.6 - - [26/Apr/2025:10:15:33 -0400] "GET /index.phpsshopdetail/107231159 HTTP/1.1" 404 17025 "-" "Mozilla/5.0 (compatible; Googlebot/2.1; +http://www.google.com/bot.html)"
162.0.215.211 - - [26/Apr/2025:10:16:13 -0400] "POST /wp-cron.php?doing_wp_cron=1745676973.3447210788726806640625 HTTP/1.1" 200 0 "-" "WordPress/6.8; https://luxuryhomez.org"
57.141.4.5 - - [26/Apr/2025:10:16:13 -0400] "GET /shadow.php?1073583526.htm HTTP/1.1" 404 71767 "-" "meta-externalagent/1.1 (+https://developers.facebook.com/docs/sharing/webmasters/crawler)"
51.222.253.19 - - [26/Apr/2025:10:16:18 -0400] "GET /brand/brand-2/?orderby=price-desc&product_count=45&category-view-mode=grid&product_col_large=3 HTTP/1.1" 200 17948 "-" "Mozilla/5.0 (compatible; AhrefsBot/7.0; +http://ahrefs.com/robot/)"
162.0.215.211 - - [26/Apr/2025:10:16:41 -0400] "POST /wp-cron.php?doing_wp_cron=1745677001.1246500015258789062500 HTTP/1.1" 200 0 "-" "WordPress/6.8; https://luxuryhomez.org"
66.249.73.11 - - [26/Apr/2025:10:16:40 -0400] "GET /shopdetail/257179759 HTTP/1.1" 301 0 "-" "Mozilla/5.0 (Linux; Android 6.0.1; Nexus 5X Build/MMB29P) AppleWebKit/537.36 (KHTML, like Gecko) Chrome/135.0.7049.95 Mobile Safari/537.36 (compatible; Googlebot/2.1; +http://www.google.com/bot.html)"
162.0.215.211 - - [26/Apr/2025:10:16:41 -0400] "POST /wp-admin/admin-ajax.php?action=async_litespeed&nonce=d4Zzf9HUWllzRXKeMgQtQm2IsV1xSy0q&litespeed_type=imgoptm HTTP/1.1" 200 21 "-" "WordPress/6.8; https://luxuryhomez.org"
66.249.73.5 - - [26/Apr/2025:10:16:41 -0400] "GET /shopdetail/257179759 HTTP/1.1" 404 17022 "-" "Mozilla/5.0 (Linux; Android 6.0.1; Nexus 5X Build/MMB29P) AppleWebKit/537.36 (KHTML, like Gecko) Chrome/135.0.7049.95 Mobile Safari/537.36 (compatible; Googlebot/2.1; +http://www.google.com/bot.html)"
162.0.215.211 - - [26/Apr/2025:10:17:11 -0400] "POST /wp-cron.php?doing_wp_cron=1745677031.5547580718994140625000 HTTP/1.1" 200 0 "-" "WordPress/6.8; https://luxuryhomez.org"
66.249.73.7 - - [26/Apr/2025:10:17:11 -0400] "GET /index.phpsshopdetail/63487959 HTTP/1.1" 404 17033 "-" "Mozilla/5.0 (Linux; Android 6.0.1; Nexus 5X Build/MMB29P) AppleWebKit/537.36 (KHTML, like Gecko) Chrome/135.0.7049.95 Mobile Safari/537.36 (compatible; Googlebot/2.1; +http://www.google.com/bot.html)"
69.171.231.7 - - [26/Apr/2025:10:17:31 -0400] "GET /robots.txt HTTP/1.1" 206 1439 "-" "facebookexternalhit/1.1 (+http://www.facebook.com/externalhit_uatext.php)"
162.0.215.211 - - [26/Apr/2025:10:18:06 -0400] "POST /wp-cron.php?doing_wp_cron=1745677086.3512549400329589843750 HTTP/1.1" 200 0 "-" "WordPress/6.8; https://luxuryhomez.org"
66.249.73.5 - - [26/Apr/2025:10:18:05 -0400] "GET /shadow.php?sitemap-9.xml HTTP/1.1" 404 17027 "-" "Mozilla/5.0 (compatible; Googlebot/2.1; +http://www.google.com/bot.html)"
162.0.215.211 - - [26/Apr/2025:10:18:06 -0400] "POST /wp-admin/admin-ajax.php?action=async_litespeed&nonce=l5msAKMucO0ozUrAgsQMohS7K7ZLJ89K&litespeed_type=imgoptm HTTP/1.1" 200 21 "-" "WordPress/6.8; https://luxuryhomez.org"
162.0.215.211 - - [26/Apr/2025:10:20:17 -0400] "POST /wp-cron.php?doing_wp_cron=1745677217.6925721168518066406250 HTTP/1.1" 200 0 "-" "WordPress/6.8; https://luxuryhomez.org"
66.249.73.5 - - [26/Apr/2025:10:20:17 -0400] "GET /shopdetail/193222359 HTTP/1.1" 404 17019 "-" "Mozilla/5.0 (Linux; Android 6.0.1; Nexus 5X Build/MMB29P) AppleWebKit/537.36 (KHTML, like Gecko) Chrome/135.0.7049.95 Mobile Safari/537.36 (compatible; GoogleOther)"
162.0.215.211 - - [26/Apr/2025:10:20:18 -0400] "POST /wp-admin/admin-ajax.php?action=async_litespeed&nonce=PQ4ECJWCy2SPWKHZTY6P8rJMhZ6lTfgd&litespeed_type=imgoptm HTTP/1.1" 200 21 "-" "WordPress/6.8; https://luxuryhomez.org"
57.141.4.30 - - [26/Apr/2025:10:20:13 -0400] "GET /shopdetail/297699959 HTTP/1.1" 404 71762 "-" "meta-externalagent/1.1 (+https://developers.facebook.com/docs/sharing/webmasters/crawler)"
162.0.215.211 - - [26/Apr/2025:10:21:18 -0400] "POST /wp-cron.php?doing_wp_cron=1745677278.8502559661865234375000 HTTP/1.1" 200 0 "-" "WordPress/6.8; https://luxuryhomez.org"
66.249.73.5 - - [26/Apr/2025:10:21:18 -0400] "GET /index.php/safe_search/config/feature/sale2411-5/index.html/man/customer_guide/pcmypage/shopdetail/61188359/feature/shoplist/index.html HTTP/1.1" 301 0 "-" "Mozilla/5.0 (Linux; Android 6.0.1; Nexus 5X Build/MMB29P) AppleWebKit/537.36 (KHTML, like Gecko) Chrome/135.0.7049.95 Mobile Safari/537.36 (compatible; GoogleOther)"
162.0.215.211 - - [26/Apr/2025:10:21:19 -0400] "POST /wp-admin/admin-ajax.php?action=async_litespeed&nonce=0zWpYQQfZfqJ4uGB32Flp6PTzEBIOHi3&litespeed_type=imgoptm HTTP/1.1" 200 21 "-" "WordPress/6.8; https://luxuryhomez.org"
66.249.73.11 - - [26/Apr/2025:10:21:22 -0400] "GET /shopdetail/249119659 HTTP/1.1" 301 0 "-" "Mozilla/5.0 (Linux; Android 6.0.1; Nexus 5X Build/MMB29P) AppleWebKit/537.36 (KHTML, like Gecko) Chrome/135.0.7049.95 Mobile Safari/537.36 (compatible; GoogleOther)"
66.249.73.5 - - [26/Apr/2025:10:21:22 -0400] "GET /shopdetail/327831059 HTTP/1.1" 404 17023 "-" "Mozilla/5.0 (compatible; Googlebot/2.1; +http://www.google.com/bot.html)"
162.0.215.211 - - [26/Apr/2025:10:21:27 -0400] "POST /wp-cron.php?doing_wp_cron=1745677287.3220949172973632812500 HTTP/1.1" 200 0 "-" "WordPress/6.8; https://luxuryhomez.org"
66.249.73.6 - - [26/Apr/2025:10:21:26 -0400] "GET /safe_search/config/feature/sale2411-5/index.html/man/customer_guide/pcmypage/shopdetail/61188359/feature/shoplist/index.html HTTP/1.1" 404 17087 "-" "Mozilla/5.0 (Linux; Android 6.0.1; Nexus 5X Build/MMB29P) AppleWebKit/537.36 (KHTML, like Gecko) Chrome/135.0.7049.95 Mobile Safari/537.36 (compatible; GoogleOther)"
162.0.215.211 - - [26/Apr/2025:10:21:27 -0400] "POST /wp-admin/admin-ajax.php?action=async_litespeed&nonce=CSqwlXYoyKncwsrLpjTVxQrvfNzUsTky&litespeed_type=imgoptm HTTP/1.1" 200 21 "-" "WordPress/6.8; https://luxuryhomez.org"
66.249.73.5 - - [26/Apr/2025:10:21:36 -0400] "GET /shopdetail/249119659 HTTP/1.1" 404 17022 "-" "Mozilla/5.0 (Linux; Android 6.0.1; Nexus 5X Build/MMB29P) AppleWebKit/537.36 (KHTML, like Gecko) Chrome/135.0.7049.95 Mobile Safari/537.36 (compatible; GoogleOther)"
66.249.73.5 - - [26/Apr/2025:10:21:41 -0400] "GET /index.php/pcmypage/shopdetail/106708759 HTTP/1.1" 301 0 "-" "Mozilla/5.0 (Linux; Android 6.0.1; Nexus 5X Build/MMB29P) AppleWebKit/537.36 (KHTML, like Gecko) Chrome/135.0.7049.95 Mobile Safari/537.36 (compatible; GoogleOther)"
66.249.73.5 - - [26/Apr/2025:10:21:49 -0400] "GET /pcmypage/shopdetail/106708759 HTTP/1.1" 404 17036 "-" "Mozilla/5.0 (Linux; Android 6.0.1; Nexus 5X Build/MMB29P) AppleWebKit/537.36 (KHTML, like Gecko) Chrome/135.0.7049.95 Mobile Safari/537.36 (compatible; GoogleOther)"
66.249.73.6 - - [26/Apr/2025:10:22:00 -0400] "GET /index.php/pcmypage/zhHant/product/surugaya/28497084?campaign_uid=f64d716db5e979ed2f947dbaf4296895b951ae7f HTTP/1.1" 301 0 "-" "Mozilla/5.0 (Linux; Android 6.0.1; Nexus 5X Build/MMB29P) AppleWebKit/537.36 (KHTML, like Gecko) Chrome/135.0.7049.95 Mobile Safari/537.36 (compatible; GoogleOther)"
162.0.215.211 - - [26/Apr/2025:10:22:05 -0400] "POST /wp-cron.php?doing_wp_cron=1745677325.1475598812103271484375 HTTP/1.1" 200 0 "-" "WordPress/6.8; https://luxuryhomez.org"
66.249.73.7 - - [26/Apr/2025:10:22:04 -0400] "GET /pcmypage/zhHant/product/surugaya/28497084?campaign_uid=f64d716db5e979ed2f947dbaf4296895b951ae7f HTTP/1.1" 404 17090 "-" "Mozilla/5.0 (Linux; Android 6.0.1; Nexus 5X Build/MMB29P) AppleWebKit/537.36 (KHTML, like Gecko) Chrome/135.0.7049.95 Mobile Safari/537.36 (compatible; GoogleOther)"
162.0.215.211 - - [26/Apr/2025:10:22:39 -0400] "POST /wp-cron.php?doing_wp_cron=1745677359.7825789451599121093750 HTTP/1.1" 200 0 "-" "WordPress/6.8; https://luxuryhomez.org"
162.0.215.211 - - [26/Apr/2025:10:22:40 -0400] "POST /wp-admin/admin-ajax.php?action=async_litespeed&nonce=LuuTXS3k3PllwXlt7ALKm3gzTFAJu4Yk&litespeed_type=imgoptm HTTP/1.1" 200 21 "-" "WordPress/6.8; https://luxuryhomez.org"
57.141.4.16 - - [26/Apr/2025:10:22:39 -0400] "GET /shadow.php?1347557245.htm HTTP/1.1" 404 71767 "-" "meta-externalagent/1.1 (+https://developers.facebook.com/docs/sharing/webmasters/crawler)"
162.0.215.211 - - [26/Apr/2025:10:23:49 -0400] "POST /wp-cron.php?doing_wp_cron=1745677429.0684039592742919921875 HTTP/1.1" 200 0 "-" "WordPress/6.8; https://luxuryhomez.org"
66.249.73.7 - - [26/Apr/2025:10:23:48 -0400] "GET /index.php/product/edit/41000594/pcsp.html/safe_search/config/text/terms/pcmypage/pcmypage/shopdetail/55088659/man/customer_guide/pcmypage HTTP/1.1" 301 0 "-" "Mozilla/5.0 (Linux; Android 6.0.1; Nexus 5X Build/MMB29P) AppleWebKit/537.36 (KHTML, like Gecko) Chrome/135.0.7049.95 Mobile Safari/537.36 (compatible; GoogleOther)"
162.0.215.211 - - [26/Apr/2025:10:23:50 -0400] "POST /wp-admin/admin-ajax.php?action=async_litespeed&nonce=W8kjYpRrf6ZhO1nFMX2ymYGgn87ORtqb&litespeed_type=imgoptm HTTP/1.1" 200 21 "-" "WordPress/6.8; https://luxuryhomez.org"
66.249.73.5 - - [26/Apr/2025:10:23:58 -0400] "GET /product/edit/41000594/pcsp.html/safe_search/config/text/terms/pcmypage/pcmypage/shopdetail/55088659/man/customer_guide/pcmypage HTTP/1.1" 404 17097 "-" "Mozilla/5.0 (Linux; Android 6.0.1; Nexus 5X Build/MMB29P) AppleWebKit/537.36 (KHTML, like Gecko) Chrome/135.0.7049.95 Mobile Safari/537.36 (compatible; GoogleOther)"
162.0.215.211 - - [26/Apr/2025:10:24:49 -0400] "POST /wp-cron.php?doing_wp_cron=1745677489.0629670619964599609375 HTTP/1.1" 200 0 "-" "WordPress/6.8; https://luxuryhomez.org"
57.141.4.3 - - [26/Apr/2025:10:24:48 -0400] "GET /shadow.php?1351629682.htm HTTP/1.1" 404 71767 "-" "meta-externalagent/1.1 (+https://developers.facebook.com/docs/sharing/webmasters/crawler)"
162.0.215.211 - - [26/Apr/2025:10:24:50 -0400] "POST /wp-admin/admin-ajax.php?action=async_litespeed&nonce=HZf7g7Ag5cUo0q4pPPKqlfiOvCQ4btzx&litespeed_type=imgoptm HTTP/1.1" 200 0 "-" "WordPress/6.8; https://luxuryhomez.org"
66.249.73.5 - - [26/Apr/2025:10:24:49 -0400] "GET /index.phpsshopdetail/278870759 HTTP/1.1" 404 17027 "-" "Mozilla/5.0 (Linux; Android 6.0.1; Nexus 5X Build/MMB29P) AppleWebKit/537.36 (KHTML, like Gecko) Chrome/135.0.7049.95 Mobile Safari/537.36 (compatible; Googlebot/2.1; +http://www.google.com/bot.html)"
162.0.215.211 - - [26/Apr/2025:10:25:46 -0400] "POST /wp-cron.php?doing_wp_cron=1745677546.2679159641265869140625 HTTP/1.1" 200 0 "-" "WordPress/6.8; https://luxuryhomez.org"
66.249.73.5 - - [26/Apr/2025:10:25:45 -0400] "GET /index.phpsshopdetail/320748059 HTTP/1.1" 404 17029 "-" "Mozilla/5.0 (Linux; Android 6.0.1; Nexus 5X Build/MMB29P) AppleWebKit/537.36 (KHTML, like Gecko) Chrome/135.0.7049.95 Mobile Safari/537.36 (compatible; Googlebot/2.1; +http://www.google.com/bot.html)"
162.0.215.211 - - [26/Apr/2025:10:25:47 -0400] "POST /wp-admin/admin-ajax.php?action=async_litespeed&nonce=2JkCg9uwKfumNu7QdXcxhPf0uU48PGI2&litespeed_type=imgoptm HTTP/1.1" 200 21 "-" "WordPress/6.8; https://luxuryhomez.org"
162.0.215.211 - - [26/Apr/2025:10:26:10 -0400] "POST /wp-cron.php?doing_wp_cron=1745677570.1841309070587158203125 HTTP/1.1" 200 0 "-" "WordPress/6.8; https://luxuryhomez.org"
66.249.73.7 - - [26/Apr/2025:10:26:09 -0400] "GET /index.php/product/edit/17424779/text/terms/man/kaitori/kaitoritop.html/product_archives/toiawase/safe_search/config/toiawase/feature/sale2411-5/index.html HTTP/1.1" 301 0 "-" "Mozilla/5.0 (Linux; Android 6.0.1; Nexus 5X Build/MMB29P) AppleWebKit/537.36 (KHTML, like Gecko) Chrome/135.0.7049.95 Mobile Safari/537.36 (compatible; GoogleOther)"
66.249.73.5 - - [26/Apr/2025:10:26:14 -0400] "GET /product/edit/17424779/text/terms/man/kaitori/kaitoritop.html/product_archives/toiawase/safe_search/config/toiawase/feature/sale2411-5/index.html HTTP/1.1" 404 17090 "-" "Mozilla/5.0 (Linux; Android 6.0.1; Nexus 5X Build/MMB29P) AppleWebKit/537.36 (KHTML, like Gecko) Chrome/135.0.7049.95 Mobile Safari/537.36 (compatible; GoogleOther)"
162.0.215.211 - - [26/Apr/2025:10:28:07 -0400] "POST /wp-cron.php?doing_wp_cron=1745677687.3470919132232666015625 HTTP/1.1" 200 0 "-" "WordPress/6.8; https://luxuryhomez.org"
66.249.73.7 - - [26/Apr/2025:10:28:01 -0400] "GET /index.phpsshopdetail/273039459 HTTP/1.1" 404 17032 "-" "Mozilla/5.0 (Linux; Android 6.0.1; Nexus 5X Build/MMB29P) AppleWebKit/537.36 (KHTML, like Gecko) Chrome/135.0.7049.95 Mobile Safari/537.36 (compatible; Googlebot/2.1; +http://www.google.com/bot.html)"
57.141.4.6 - - [26/Apr/2025:10:28:02 -0400] "GET /shadow.php?423344689.htm HTTP/1.1" 404 71766 "-" "meta-externalagent/1.1 (+https://developers.facebook.com/docs/sharing/webmasters/crawler)"
162.0.215.211 - - [26/Apr/2025:10:28:08 -0400] "POST /wp-admin/admin-ajax.php?action=async_litespeed&nonce=sdbYDB99dlYGZLBldDzVuqoNtx4FLsDD&litespeed_type=imgoptm HTTP/1.1" 200 0 "-" "WordPress/6.8; https://luxuryhomez.org"
162.0.215.211 - - [26/Apr/2025:10:28:40 -0400] "POST /wp-cron.php?doing_wp_cron=1745677720.4136190414428710937500 HTTP/1.1" 200 0 "-" "WordPress/6.8; https://luxuryhomez.org"
66.249.73.6 - - [26/Apr/2025:10:28:39 -0400] "GET /index.php/safe_search/config/feature/sale2411-5/index.html/text/terms/pcmypage/shopdetail/48405959/shopdetail/107242959/feature/shoplist/index.html HTTP/1.1" 301 0 "-" "Mozilla/5.0 (Linux; Android 6.0.1; Nexus 5X Build/MMB29P) AppleWebKit/537.36 (KHTML, like Gecko) Chrome/135.0.7049.95 Mobile Safari/537.36 (compatible; GoogleOther)"
162.0.215.211 - - [26/Apr/2025:10:28:41 -0400] "POST /wp-admin/admin-ajax.php?action=async_litespeed&nonce=fmmPbyYvQ5HC5ijB6sXCIH4UCIDR2k5a&litespeed_type=imgoptm HTTP/1.1" 200 0 "-" "WordPress/6.8; https://luxuryhomez.org"
66.249.73.5 - - [26/Apr/2025:10:28:44 -0400] "GET /safe_search/config/feature/sale2411-5/index.html/text/terms/pcmypage/shopdetail/48405959/shopdetail/107242959/feature/shoplist/index.html HTTP/1.1" 404 17090 "-" "Mozilla/5.0 (Linux; Android 6.0.1; Nexus 5X Build/MMB29P) AppleWebKit/537.36 (KHTML, like Gecko) Chrome/135.0.7049.95 Mobile Safari/537.36 (compatible; GoogleOther)"
162.0.215.211 - - [26/Apr/2025:10:30:11 -0400] "POST /wp-cron.php?doing_wp_cron=1745677811.5074369907379150390625 HTTP/1.1" 200 0 "-" "WordPress/6.8; https://luxuryhomez.org"
66.249.73.10 - - [26/Apr/2025:10:30:08 -0400] "GET /shopdetail/99417259 HTTP/1.1" 301 0 "-" "Mozilla/5.0 (compatible; Googlebot/2.1; +http://www.google.com/bot.html)"
162.0.215.211 - - [26/Apr/2025:10:30:12 -0400] "POST /wp-admin/admin-ajax.php?action=async_litespeed&nonce=8l16DiYwx2AfmpaBGPONWGMMT6ONzLrw&litespeed_type=imgoptm HTTP/1.1" 200 0 "-" "WordPress/6.8; https://luxuryhomez.org"
66.249.73.6 - - [26/Apr/2025:10:30:12 -0400] "GET /shopdetail/99417259 HTTP/1.1" 404 17018 "-" "Mozilla/5.0 (compatible; Googlebot/2.1; +http://www.google.com/bot.html)"
162.0.215.211 - - [26/Apr/2025:10:31:16 -0400] "POST /wp-cron.php?doing_wp_cron=1745677876.2146770954132080078125 HTTP/1.1" 200 0 "-" "WordPress/6.8; https://luxuryhomez.org"
66.249.73.7 - - [26/Apr/2025:10:31:15 -0400] "GET /index.php/safe_search/config/feature/sale2411-5/index.html/man/customer_guide/shopdetail/89539259/text/terms/product_archives/shopdetail/110598059 HTTP/1.1" 301 0 "-" "Mozilla/5.0 (Linux; Android 6.0.1; Nexus 5X Build/MMB29P) AppleWebKit/537.36 (KHTML, like Gecko) Chrome/135.0.7049.95 Mobile Safari/537.36 (compatible; GoogleOther)"
162.0.215.211 - - [26/Apr/2025:10:31:16 -0400] "POST /wp-admin/admin-ajax.php?action=async_litespeed&nonce=XxFK8Y0EweLzeluFdfXggnWxZ4HsCY8N&litespeed_type=imgoptm HTTP/1.1" 200 21 "-" "WordPress/6.8; https://luxuryhomez.org"
66.249.73.5 - - [26/Apr/2025:10:31:21 -0400] "GET /safe_search/config/feature/sale2411-5/index.html/man/customer_guide/shopdetail/89539259/text/terms/product_archives/shopdetail/110598059 HTTP/1.1" 404 17093 "-" "Mozilla/5.0 (Linux; Android 6.0.1; Nexus 5X Build/MMB29P) AppleWebKit/537.36 (KHTML, like Gecko) Chrome/135.0.7049.95 Mobile Safari/537.36 (compatible; GoogleOther)"
162.0.215.211 - - [26/Apr/2025:10:33:11 -0400] "POST /wp-cron.php?doing_wp_cron=1745677991.4011709690093994140625 HTTP/1.1" 200 0 "-" "WordPress/6.8; https://luxuryhomez.org"
57.141.4.20 - - [26/Apr/2025:10:33:03 -0400] "GET /shadow.php?1461745391.htm HTTP/1.1" 404 71767 "-" "meta-externalagent/1.1 (+https://developers.facebook.com/docs/sharing/webmasters/crawler)"
162.0.215.211 - - [26/Apr/2025:10:33:12 -0400] "POST /wp-admin/admin-ajax.php?action=async_litespeed&nonce=VQ3skFaNxR8BvrMzzT0mqYHz0J0AtzKF&litespeed_type=imgoptm HTTP/1.1" 200 0 "-" "WordPress/6.8; https://luxuryhomez.org"
162.0.215.211 - - [26/Apr/2025:10:33:54 -0400] "POST /wp-cron.php?doing_wp_cron=1745678034.5982339382171630859375 HTTP/1.1" 200 0 "-" "WordPress/6.8; https://luxuryhomez.org"
66.249.73.5 - - [26/Apr/2025:10:33:53 -0400] "GET /index.php/safe_search/config/feature/sale2411-5/index.html/man/customer_guide/safe_search/config/text/terms/pcmypage?callback=product/review/17474297 HTTP/1.1" 301 0 "-" "Mozilla/5.0 (Linux; Android 6.0.1; Nexus 5X Build/MMB29P) AppleWebKit/537.36 (KHTML, like Gecko) Chrome/135.0.7049.95 Mobile Safari/537.36 (compatible; GoogleOther)"
162.0.215.211 - - [26/Apr/2025:10:33:55 -0400] "POST /wp-admin/admin-ajax.php?action=async_litespeed&nonce=6iaeC3Mnl2UyEVVUJKJbecbSpjiRaNw9&litespeed_type=imgoptm HTTP/1.1" 200 21 "-" "WordPress/6.8; https://luxuryhomez.org"
162.0.215.211 - - [26/Apr/2025:10:34:02 -0400] "POST /wp-cron.php?doing_wp_cron=1745678042.8446190357208251953125 HTTP/1.1" 200 0 "-" "WordPress/6.8; https://luxuryhomez.org"
66.249.73.7 - - [26/Apr/2025:10:34:02 -0400] "GET /safe_search/config/feature/sale2411-5/index.html/man/customer_guide/safe_search/config/text/terms/pcmypage?callback=product/review/17474297 HTTP/1.1" 404 17097 "-" "Mozilla/5.0 (Linux; Android 6.0.1; Nexus 5X Build/MMB29P) AppleWebKit/537.36 (KHTML, like Gecko) Chrome/135.0.7049.95 Mobile Safari/537.36 (compatible; GoogleOther)"
162.0.215.211 - - [26/Apr/2025:10:34:32 -0400] "POST /wp-cron.php?doing_wp_cron=1745678072.5888528823852539062500 HTTP/1.1" 200 0 "-" "WordPress/6.8; https://luxuryhomez.org"
51.222.253.8 - - [26/Apr/2025:10:34:32 -0400] "GET /brand/brand-2/?orderby=price-desc&product_count=45&category-view-mode=grid&product_col_large=4 HTTP/1.1" 200 17948 "-" "Mozilla/5.0 (compatible; AhrefsBot/7.0; +http://ahrefs.com/robot/)"
162.0.215.211 - - [26/Apr/2025:10:34:33 -0400] "POST /wp-admin/admin-ajax.php?action=async_litespeed&nonce=k8lXEcd0cOzpyHko6Hs57e4qMSmWSRWB&litespeed_type=imgoptm HTTP/1.1" 200 21 "-" "WordPress/6.8; https://luxuryhomez.org"
66.249.73.12 - - [26/Apr/2025:10:34:34 -0400] "GET /shopdetail/76930759 HTTP/1.1" 301 0 "-" "Mozilla/5.0 (compatible; Googlebot/2.1; +http://www.google.com/bot.html)"
66.249.73.5 - - [26/Apr/2025:10:34:34 -0400] "GET /shopdetail/76930759 HTTP/1.1" 404 17013 "-" "Mozilla/5.0 (compatible; Googlebot/2.1; +http://www.google.com/bot.html)"
162.0.215.211 - - [26/Apr/2025:10:36:19 -0400] "POST /wp-cron.php?doing_wp_cron=1745678179.4018359184265136718750 HTTP/1.1" 200 0 "-" "WordPress/6.8; https://luxuryhomez.org"
66.249.73.6 - - [26/Apr/2025:10:36:12 -0400] "GET /index.php/product/edit/41000594/pcsp.html/safe_search/config/text/terms/pcmypage/pcmypage/shopdetail/55088659/man/customer_guide/shopdetail/78924359/shopdetail/17137259 HTTP/1.1" 301 0 "-" "Mozilla/5.0 (Linux; Android 6.0.1; Nexus 5X Build/MMB29P) AppleWebKit/537.36 (KHTML, like Gecko) Chrome/135.0.7049.95 Mobile Safari/537.36 (compatible; GoogleOther)"
162.0.215.211 - - [26/Apr/2025:10:36:20 -0400] "POST /wp-admin/admin-ajax.php?action=async_litespeed&nonce=krAbNc3GIF8AdjleBEFuS0WoSW1yR7Nq&litespeed_type=imgoptm HTTP/1.1" 200 0 "-" "WordPress/6.8; https://luxuryhomez.org"
162.0.215.211 - - [26/Apr/2025:10:36:26 -0400] "POST /wp-cron.php?doing_wp_cron=1745678186.6491849422454833984375 HTTP/1.1" 200 0 "-" "WordPress/6.8; https://luxuryhomez.org"
66.249.73.5 - - [26/Apr/2025:10:36:26 -0400] "GET /product/edit/41000594/pcsp.html/safe_search/config/text/terms/pcmypage/pcmypage/shopdetail/55088659/man/customer_guide/shopdetail/78924359/shopdetail/17137259 HTTP/1.1" 404 17105 "-" "Mozilla/5.0 (Linux; Android 6.0.1; Nexus 5X Build/MMB29P) AppleWebKit/537.36 (KHTML, like Gecko) Chrome/135.0.7049.95 Mobile Safari/537.36 (compatible; GoogleOther)"
162.0.215.211 - - [26/Apr/2025:10:36:27 -0400] "POST /wp-admin/admin-ajax.php?action=async_litespeed&nonce=gv3cUsXbAB42pUlPxshf6BlJrzlalNRK&litespeed_type=imgoptm HTTP/1.1" 200 21 "-" "WordPress/6.8; https://luxuryhomez.org"
162.0.215.211 - - [26/Apr/2025:10:39:30 -0400] "POST /wp-cron.php?doing_wp_cron=1745678370.1984748840332031250000 HTTP/1.1" 200 0 "-" "WordPress/6.8; https://luxuryhomez.org"
66.249.73.7 - - [26/Apr/2025:10:39:20 -0400] "GET /index.php/product/edit/41000594/pcsp.html/safe_search/config/text/terms/pcmypage/pcmypage/shopdetail/55088659/man/customer_guide/shopdetail/78924359/feature/campaign/index.html HTTP/1.1" 301 0 "-" "Mozilla/5.0 (Linux; Android 6.0.1; Nexus 5X Build/MMB29P) AppleWebKit/537.36 (KHTML, like Gecko) Chrome/135.0.7049.95 Mobile Safari/537.36 (compatible; GoogleOther)"
162.0.215.211 - - [26/Apr/2025:10:39:32 -0400] "POST /wp-admin/admin-ajax.php?action=async_litespeed&nonce=Azz83NskIZYaUsDw7IGtYHrcoS8mBe2R&litespeed_type=imgoptm HTTP/1.1" 200 0 "-" "WordPress/6.8; https://luxuryhomez.org"
162.0.215.211 - - [26/Apr/2025:10:40:54 -0400] "POST /wp-cron.php?doing_wp_cron=1745678454.2522099018096923828125 HTTP/1.1" 200 0 "-" "WordPress/6.8; https://luxuryhomez.org"
66.249.73.6 - - [26/Apr/2025:10:40:53 -0400] "GET /product/edit/41000594/pcsp.html/safe_search/config/text/terms/pcmypage/pcmypage/shopdetail/55088659/man/customer_guide/shopdetail/78924359/feature/campaign/index.html HTTP/1.1" 404 17100 "-" "Mozilla/5.0 (Linux; Android 6.0.1; Nexus 5X Build/MMB29P) AppleWebKit/537.36 (KHTML, like Gecko) Chrome/135.0.7049.95 Mobile Safari/537.36 (compatible; GoogleOther)"
162.0.215.211 - - [26/Apr/2025:10:40:55 -0400] "POST /wp-admin/admin-ajax.php?action=async_litespeed&nonce=OBiaXCKbhxauT2moGxg4QOUPE6jmOoaK&litespeed_type=imgoptm HTTP/1.1" 200 0 "-" "WordPress/6.8; https://luxuryhomez.org"
162.0.215.211 - - [26/Apr/2025:10:42:55 -0400] "POST /wp-cron.php?doing_wp_cron=1745678575.3520970344543457031250 HTTP/1.1" 200 0 "-" "WordPress/6.8; https://luxuryhomez.org"
66.249.73.5 - - [26/Apr/2025:10:42:49 -0400] "GET /index.php/safe_search/config/feature/sale2411-5/index.html/man/customer_guide/text/terms/shopdetail/24417659/pcmypage/boyslove.html HTTP/1.1" 301 0 "-" "Mozilla/5.0 (Linux; Android 6.0.1; Nexus 5X Build/MMB29P) AppleWebKit/537.36 (KHTML, like Gecko) Chrome/135.0.7049.95 Mobile Safari/537.36 (compatible; GoogleOther)"
162.0.215.211 - - [26/Apr/2025:10:42:55 -0400] "POST /wp-admin/admin-ajax.php?action=async_litespeed&nonce=NIcSSvAcGxb90jzjC49RT54ISyVHhXjJ&litespeed_type=imgoptm HTTP/1.1" 200 21 "-" "WordPress/6.8; https://luxuryhomez.org"
162.0.215.211 - - [26/Apr/2025:10:43:43 -0400] "POST /wp-cron.php?doing_wp_cron=1745678622.9677329063415527343750 HTTP/1.1" 200 0 "-" "WordPress/6.8; https://luxuryhomez.org"
162.0.215.211 - - [26/Apr/2025:10:43:43 -0400] "POST /wp-admin/admin-ajax.php?action=async_litespeed&nonce=icusjOIMNLh7u9lTHIR15bvjV7Z0m6on&litespeed_type=imgoptm HTTP/1.1" 200 21 "-" "WordPress/6.8; https://luxuryhomez.org"
66.249.73.6 - - [26/Apr/2025:10:43:42 -0400] "GET /index.phpsshopdetail/366982959 HTTP/1.1" 404 17025 "-" "Mozilla/5.0 (Linux; Android 6.0.1; Nexus 5X Build/MMB29P) AppleWebKit/537.36 (KHTML, like Gecko) Chrome/135.0.7049.95 Mobile Safari/537.36 (compatible; Googlebot/2.1; +http://www.google.com/bot.html)"
162.0.215.211 - - [26/Apr/2025:10:44:27 -0400] "POST /wp-cron.php?doing_wp_cron=1745678667.5139660835266113281250 HTTP/1.1" 200 0 "-" "WordPress/6.8; https://luxuryhomez.org"
66.249.73.6 - - [26/Apr/2025:10:44:27 -0400] "GET /safe_search/config/feature/sale2411-5/index.html/man/customer_guide/text/terms/shopdetail/24417659/pcmypage/boyslove.html HTTP/1.1" 404 17087 "-" "Mozilla/5.0 (Linux; Android 6.0.1; Nexus 5X Build/MMB29P) AppleWebKit/537.36 (KHTML, like Gecko) Chrome/135.0.7049.95 Mobile Safari/537.36 (compatible; GoogleOther)"
162.0.215.211 - - [26/Apr/2025:10:44:28 -0400] "POST /wp-admin/admin-ajax.php?action=async_litespeed&nonce=zSAADU7YzFVWMKagArHNZBdl98saNccs&litespeed_type=imgoptm HTTP/1.1" 200 21 "-" "WordPress/6.8; https://luxuryhomez.org"
162.0.215.211 - - [26/Apr/2025:10:45:22 -0400] "POST /wp-cron.php?doing_wp_cron=1745678722.7965309619903564453125 HTTP/1.1" 200 0 "-" "WordPress/6.8; https://luxuryhomez.org"
66.249.73.5 - - [26/Apr/2025:10:45:22 -0400] "GET /index.phpsshopdetail/222044959 HTTP/1.1" 404 17028 "-" "Mozilla/5.0 (Linux; Android 6.0.1; Nexus 5X Build/MMB29P) AppleWebKit/537.36 (KHTML, like Gecko) Chrome/135.0.7049.95 Mobile Safari/537.36 (compatible; Googlebot/2.1; +http://www.google.com/bot.html)"
162.0.215.211 - - [26/Apr/2025:10:45:32 -0400] "POST /wp-cron.php?doing_wp_cron=1745678732.7631449699401855468750 HTTP/1.1" 200 0 "-" "WordPress/6.8; https://luxuryhomez.org"
66.249.73.6 - - [26/Apr/2025:10:45:32 -0400] "GET /index.php/product/edit/41000594/pcsp.html/safe_search/config/text/terms/pcmypage/pcmypage/shopdetail/55088659/man/customer_guide/shopdetail/85325659 HTTP/1.1" 301 0 "-" "Mozilla/5.0 (Linux; Android 6.0.1; Nexus 5X Build/MMB29P) AppleWebKit/537.36 (KHTML, like Gecko) Chrome/135.0.7049.95 Mobile Safari/537.36 (compatible; GoogleOther)"
162.0.215.211 - - [26/Apr/2025:10:45:33 -0400] "POST /wp-admin/admin-ajax.php?action=async_litespeed&nonce=FMMpWosbKf09wi86yGcnF6Sr6uAHMR5W&litespeed_type=imgoptm HTTP/1.1" 200 21 "-" "WordPress/6.8; https://luxuryhomez.org"
57.141.4.14 - - [26/Apr/2025:10:45:35 -0400] "GET /shopdetail/329878859 HTTP/1.1" 404 71762 "-" "meta-externalagent/1.1 (+https://developers.facebook.com/docs/sharing/webmasters/crawler)"
162.0.215.211 - - [26/Apr/2025:10:46:42 -0400] "POST /wp-cron.php?doing_wp_cron=1745678802.4676909446716308593750 HTTP/1.1" 200 0 "-" "WordPress/6.8; https://luxuryhomez.org"
66.249.73.6 - - [26/Apr/2025:10:46:41 -0400] "GET /product/edit/41000594/pcsp.html/safe_search/config/text/terms/pcmypage/pcmypage/shopdetail/55088659/man/customer_guide/shopdetail/85325659 HTTP/1.1" 404 17088 "-" "Mozilla/5.0 (Linux; Android 6.0.1; Nexus 5X Build/MMB29P) AppleWebKit/537.36 (KHTML, like Gecko) Chrome/135.0.7049.95 Mobile Safari/537.36 (compatible; GoogleOther)"
162.0.215.211 - - [26/Apr/2025:10:46:43 -0400] "POST /wp-admin/admin-ajax.php?action=async_litespeed&nonce=hzCW4dn7PQLkCbh6ZGwpjarZRMZ7msdJ&litespeed_type=imgoptm HTTP/1.1" 200 21 "-" "WordPress/6.8; https://luxuryhomez.org"
162.0.215.211 - - [26/Apr/2025:10:48:19 -0400] "POST /wp-cron.php?doing_wp_cron=1745678899.4280869960784912109375 HTTP/1.1" 200 0 "-" "WordPress/6.8; https://luxuryhomez.org"
57.141.4.26 - - [26/Apr/2025:10:48:14 -0400] "GET /shopdetail/362821859 HTTP/1.1" 404 71762 "-" "meta-externalagent/1.1 (+https://developers.facebook.com/docs/sharing/webmasters/crawler)"
162.0.215.211 - - [26/Apr/2025:10:48:19 -0400] "POST /wp-admin/admin-ajax.php?action=async_litespeed&nonce=L39KkJQ9IK9r1xZE9viL6lVv6U261uvp&litespeed_type=imgoptm HTTP/1.1" 200 21 "-" "WordPress/6.8; https://luxuryhomez.org"
162.0.215.211 - - [26/Apr/2025:10:48:41 -0400] "POST /wp-cron.php?doing_wp_cron=1745678921.2677619457244873046875 HTTP/1.1" 200 0 "-" "WordPress/6.8; https://luxuryhomez.org"
162.0.215.211 - - [26/Apr/2025:10:48:41 -0400] "POST /wp-admin/admin-ajax.php?action=async_litespeed&nonce=iQEYrsbnMdCwjfmZPuk1niSbiLYE57Gj&litespeed_type=imgoptm HTTP/1.1" 200 21 "-" "WordPress/6.8; https://luxuryhomez.org"
66.249.73.5 - - [26/Apr/2025:10:48:40 -0400] "GET /index.phpsshopdetail/241193259 HTTP/1.1" 404 17030 "-" "Mozilla/5.0 (Linux; Android 6.0.1; Nexus 5X Build/MMB29P) AppleWebKit/537.36 (KHTML, like Gecko) Chrome/135.0.7049.95 Mobile Safari/537.36 (compatible; GoogleOther)"
66.249.73.6 - - [26/Apr/2025:10:48:56 -0400] "GET /index.php/product/edit/41000594/pcsp.html/safe_search/config/text/terms/pcmypage/pcmypage/shopdetail/55088659/text/terms/shopdetail/83324259 HTTP/1.1" 301 0 "-" "Mozilla/5.0 (Linux; Android 6.0.1; Nexus 5X Build/MMB29P) AppleWebKit/537.36 (KHTML, like Gecko) Chrome/135.0.7049.95 Mobile Safari/537.36 (compatible; GoogleOther)"
57.141.4.28 - - [26/Apr/2025:10:48:55 -0400] "GET /index.html HTTP/1.1" 404 71752 "-" "meta-externalagent/1.1 (+https://developers.facebook.com/docs/sharing/webmasters/crawler)"
162.0.215.211 - - [26/Apr/2025:10:49:24 -0400] "POST /wp-cron.php?doing_wp_cron=1745678964.8535768985748291015625 HTTP/1.1" 200 0 "-" "WordPress/6.8; https://luxuryhomez.org"
57.141.4.6 - - [26/Apr/2025:10:49:24 -0400] "GET /shopdetail/229407859 HTTP/1.1" 404 71762 "-" "meta-externalagent/1.1 (+https://developers.facebook.com/docs/sharing/webmasters/crawler)"
162.0.215.211 - - [26/Apr/2025:10:49:50 -0400] "POST /wp-cron.php?doing_wp_cron=1745678990.6128649711608886718750 HTTP/1.1" 200 0 "-" "WordPress/6.8; https://luxuryhomez.org"
162.0.215.211 - - [26/Apr/2025:10:49:50 -0400] "POST /wp-admin/admin-ajax.php?action=async_litespeed&nonce=u7LakTrb3DZrs8SwTJGofG0K3U0OjydZ&litespeed_type=imgoptm HTTP/1.1" 200 21 "-" "WordPress/6.8; https://luxuryhomez.org"
66.249.73.7 - - [26/Apr/2025:10:49:50 -0400] "GET /product/edit/41000594/pcsp.html/safe_search/config/text/terms/pcmypage/pcmypage/shopdetail/55088659/text/terms/shopdetail/83324259 HTTP/1.1" 404 17092 "-" "Mozilla/5.0 (Linux; Android 6.0.1; Nexus 5X Build/MMB29P) AppleWebKit/537.36 (KHTML, like Gecko) Chrome/135.0.7049.95 Mobile Safari/537.36 (compatible; GoogleOther)"
162.0.215.211 - - [26/Apr/2025:10:50:25 -0400] "POST /wp-cron.php?doing_wp_cron=1745679025.1511619091033935546875 HTTP/1.1" 200 0 "-" "WordPress/6.8; https://luxuryhomez.org"
66.249.73.5 - - [26/Apr/2025:10:50:24 -0400] "GET /index.phpsshopdetail/112490659 HTTP/1.1" 404 17030 "-" "Mozilla/5.0 (compatible; Googlebot/2.1; +http://www.google.com/bot.html)"
162.0.215.211 - - [26/Apr/2025:10:51:05 -0400] "POST /wp-cron.php?doing_wp_cron=1745679065.4857358932495117187500 HTTP/1.1" 200 0 "-" "WordPress/6.8; https://luxuryhomez.org"
162.0.215.211 - - [26/Apr/2025:10:51:05 -0400] "POST /wp-admin/admin-ajax.php?action=async_litespeed&nonce=YvasN3pjUDDbs2cKLjNUjZsXZ9G8RGI5&litespeed_type=imgoptm HTTP/1.1" 200 21 "-" "WordPress/6.8; https://luxuryhomez.org"
66.249.73.6 - - [26/Apr/2025:10:51:05 -0400] "GET /index.phpsshopdetail/379855859 HTTP/1.1" 404 17027 "-" "Mozilla/5.0 (compatible; Googlebot/2.1; +http://www.google.com/bot.html)"
162.0.215.211 - - [26/Apr/2025:10:51:32 -0400] "POST /wp-cron.php?doing_wp_cron=1745679092.3294351100921630859375 HTTP/1.1" 200 0 "-" "WordPress/6.8; https://luxuryhomez.org"
