66.249.73.10 - - [26/Apr/2025:12:04:25 -0400] "GET /pcmypage?callback=product/review/74168289 HTTP/1.1" 301 0 "-" "Mozilla/5.0 (Linux; Android 6.0.1; Nexus 5X Build/MMB29P) AppleWebKit/537.36 (KHTML, like Gecko) Chrome/135.0.7049.95 Mobile Safari/537.36 (compatible; GoogleOther)"
162.0.215.211 - - [26/Apr/2025:12:04:30 -0400] "POST /wp-cron.php?doing_wp_cron=1745683470.5327610969543457031250 HTTP/1.1" 200 0 "-" "WordPress/6.8; https://luxuryhomez.org"
66.249.73.6 - - [26/Apr/2025:12:04:30 -0400] "GET /pcmypage?callback=product/review/74168289 HTTP/1.1" 404 17039 "-" "Mozilla/5.0 (Linux; Android 6.0.1; Nexus 5X Build/MMB29P) AppleWebKit/537.36 (KHTML, like Gecko) Chrome/135.0.7049.95 Mobile Safari/537.36 (compatible; GoogleOther)"
162.0.215.211 - - [26/Apr/2025:12:04:31 -0400] "POST /wp-admin/admin-ajax.php?action=async_litespeed&nonce=qWVecpHs0x6BkeKvO0cQ5DoFTqCEyn27&litespeed_type=imgoptm HTTP/1.1" 200 21 "-" "WordPress/6.8; https://luxuryhomez.org"
66.249.73.10 - - [26/Apr/2025:12:04:51 -0400] "GET /shopdetail/326710659 HTTP/1.1" 301 0 "-" "Mozilla/5.0 (Linux; Android 6.0.1; Nexus 5X Build/MMB29P) AppleWebKit/537.36 (KHTML, like Gecko) Chrome/135.0.7049.95 Mobile Safari/537.36 (compatible; Googlebot/2.1; +http://www.google.com/bot.html)"
66.249.73.5 - - [26/Apr/2025:12:04:51 -0400] "GET /shopdetail/326710659 HTTP/1.1" 404 17015 "-" "Mozilla/5.0 (Linux; Android 6.0.1; Nexus 5X Build/MMB29P) AppleWebKit/537.36 (KHTML, like Gecko) Chrome/135.0.7049.95 Mobile Safari/537.36 (compatible; Googlebot/2.1; +http://www.google.com/bot.html)"
162.0.215.211 - - [26/Apr/2025:12:06:56 -0400] "POST /wp-cron.php?doing_wp_cron=1745683616.6256730556488037109375 HTTP/1.1" 200 0 "-" "WordPress/6.8; https://luxuryhomez.org"
142.93.155.8 - - [26/Apr/2025:12:06:55 -0400] "GET /product/armen-living/ HTTP/1.1" 200 21662 "-" "Mozilla/5.0 (Windows NT 10.0; Win64; x64) AppleWebKit/537.36 (KHTML, like Gecko) Chrome/124.0.0.0 Safari/537.36"
66.249.73.7 - - [26/Apr/2025:12:06:51 -0400] "GET /index.phpsshopdetail/306847059 HTTP/1.1" 404 17028 "-" "Mozilla/5.0 (Linux; Android 6.0.1; Nexus 5X Build/MMB29P) AppleWebKit/537.36 (KHTML, like Gecko) Chrome/135.0.7049.95 Mobile Safari/537.36 (compatible; GoogleOther)"
162.0.215.211 - - [26/Apr/2025:12:06:58 -0400] "POST /wp-admin/admin-ajax.php?action=async_litespeed&nonce=QXZJbbWQL9D47WGy3NR82iheIJup4T0L&litespeed_type=imgoptm HTTP/1.1" 200 0 "-" "WordPress/6.8; https://luxuryhomez.org"
162.0.215.211 - - [26/Apr/2025:12:07:45 -0400] "POST /wp-cron.php?doing_wp_cron=1745683665.8870959281921386718750 HTTP/1.1" 200 0 "-" "WordPress/6.8; https://luxuryhomez.org"
66.249.73.12 - - [26/Apr/2025:12:07:45 -0400] "GET /pcmypage?callback=/product%2Fdetail%2F47989036 HTTP/1.1" 301 0 "-" "Mozilla/5.0 (compatible; Googlebot/2.1; +http://www.google.com/bot.html)"
162.0.215.211 - - [26/Apr/2025:12:07:46 -0400] "POST /wp-admin/admin-ajax.php?action=async_litespeed&nonce=ZgahpmXlJUHq1taeZGRYyuzkBu2xk1qk&litespeed_type=imgoptm HTTP/1.1" 200 21 "-" "WordPress/6.8; https://luxuryhomez.org"
66.249.73.6 - - [26/Apr/2025:12:07:46 -0400] "GET /pcmypage?callback=/product%2Fdetail%2F47989036 HTTP/1.1" 404 17045 "-" "Mozilla/5.0 (compatible; Googlebot/2.1; +http://www.google.com/bot.html)"
162.0.215.211 - - [26/Apr/2025:12:08:06 -0400] "POST /wp-cron.php?doing_wp_cron=1745683686.7756769657135009765625 HTTP/1.1" 200 0 "-" "WordPress/6.8; https://luxuryhomez.org"
57.141.4.19 - - [26/Apr/2025:12:08:06 -0400] "GET /shadow.php?1132848708.htm HTTP/1.1" 404 71767 "-" "meta-externalagent/1.1 (+https://developers.facebook.com/docs/sharing/webmasters/crawler)"
57.141.4.27 - - [26/Apr/2025:12:08:42 -0400] "GET /shadow.php?769184890.htm HTTP/1.1" 404 71766 "-" "meta-externalagent/1.1 (+https://developers.facebook.com/docs/sharing/webmasters/crawler)"
198.98.55.56 - - [26/Apr/2025:12:10:04 -0400] "GET /wp-login.php HTTP/1.1" 200 6474 "-" "Mozilla/5.0 (X11; Linux x86_64) AppleWebKit/537.36 (KHTML, like Gecko) Chrome/36.0.1985.143 Safari/537.36"
162.0.215.211 - - [26/Apr/2025:12:10:06 -0400] "POST /wp-cron.php?doing_wp_cron=1745683805.9949789047241210937500 HTTP/1.1" 200 0 "-" "WordPress/6.8; https://luxuryhomez.org"
198.98.55.56 - - [26/Apr/2025:12:10:05 -0400] "POST /wp-login.php HTTP/1.1" 200 6951 "-" "Mozilla/5.0 (X11; Linux x86_64) AppleWebKit/537.36 (KHTML, like Gecko) Chrome/36.0.1985.143 Safari/537.36"
162.0.215.211 - - [26/Apr/2025:12:10:07 -0400] "POST /wp-admin/admin-ajax.php?action=async_litespeed&nonce=EN4el7D4d04ISO0lYFImrS0Otz9JxODu&litespeed_type=imgoptm HTTP/1.1" 200 0 "-" "WordPress/6.8; https://luxuryhomez.org"
162.0.215.211 - - [26/Apr/2025:12:10:40 -0400] "POST /wp-cron.php?doing_wp_cron=1745683840.8208079338073730468750 HTTP/1.1" 200 0 "-" "WordPress/6.8; https://luxuryhomez.org"
66.249.73.10 - - [26/Apr/2025:12:10:40 -0400] "GET /shopdetail/104280059 HTTP/1.1" 301 0 "-" "Mozilla/5.0 (Linux; Android 6.0.1; Nexus 5X Build/MMB29P) AppleWebKit/537.36 (KHTML, like Gecko) Chrome/135.0.7049.95 Mobile Safari/537.36 (compatible; Googlebot/2.1; +http://www.google.com/bot.html)"
162.0.215.211 - - [26/Apr/2025:12:10:41 -0400] "POST /wp-admin/admin-ajax.php?action=async_litespeed&nonce=GSUO1P7cOyJuQsthoebb9XCiFMSHp7TP&litespeed_type=imgoptm HTTP/1.1" 200 21 "-" "WordPress/6.8; https://luxuryhomez.org"
66.249.73.5 - - [26/Apr/2025:12:10:41 -0400] "GET /shopdetail/104280059 HTTP/1.1" 404 17017 "-" "Mozilla/5.0 (Linux; Android 6.0.1; Nexus 5X Build/MMB29P) AppleWebKit/537.36 (KHTML, like Gecko) Chrome/135.0.7049.95 Mobile Safari/537.36 (compatible; Googlebot/2.1; +http://www.google.com/bot.html)"
162.0.215.211 - - [26/Apr/2025:12:12:34 -0400] "POST /wp-cron.php?doing_wp_cron=1745683954.8578848838806152343750 HTTP/1.1" 200 0 "-" "WordPress/6.8; https://luxuryhomez.org"
66.249.73.6 - - [26/Apr/2025:12:12:31 -0400] "GET /index.phpsshopdetail/193357359 HTTP/1.1" 404 17029 "-" "Mozilla/5.0 (Linux; Android 6.0.1; Nexus 5X Build/MMB29P) AppleWebKit/537.36 (KHTML, like Gecko) Chrome/135.0.7049.95 Mobile Safari/537.36 (compatible; Googlebot/2.1; +http://www.google.com/bot.html)"
162.0.215.211 - - [26/Apr/2025:12:12:35 -0400] "POST /wp-admin/admin-ajax.php?action=async_litespeed&nonce=8bmPJhlICghrDzb0P1jiaDlXMM0cVLBu&litespeed_type=imgoptm HTTP/1.1" 200 21 "-" "WordPress/6.8; https://luxuryhomez.org"
66.249.73.12 - - [26/Apr/2025:12:12:41 -0400] "GET /shopdetail/110967059 HTTP/1.1" 301 0 "-" "Mozilla/5.0 (Linux; Android 6.0.1; Nexus 5X Build/MMB29P) AppleWebKit/537.36 (KHTML, like Gecko) Chrome/135.0.7049.95 Mobile Safari/537.36 (compatible; Googlebot/2.1; +http://www.google.com/bot.html)"
66.249.73.6 - - [26/Apr/2025:12:12:41 -0400] "GET /shopdetail/110967059 HTTP/1.1" 404 17019 "-" "Mozilla/5.0 (Linux; Android 6.0.1; Nexus 5X Build/MMB29P) AppleWebKit/537.36 (KHTML, like Gecko) Chrome/135.0.7049.95 Mobile Safari/537.36 (compatible; Googlebot/2.1; +http://www.google.com/bot.html)"
162.0.215.211 - - [26/Apr/2025:12:13:21 -0400] "POST /wp-cron.php?doing_wp_cron=1745684001.0968239307403564453125 HTTP/1.1" 200 0 "-" "WordPress/6.8; https://luxuryhomez.org"
66.249.73.12 - - [26/Apr/2025:12:13:20 -0400] "GET /pcmypage?callback=product%2Fdetail%2F34900029 HTTP/1.1" 301 0 "-" "Mozilla/5.0 (Linux; Android 6.0.1; Nexus 5X Build/MMB29P) AppleWebKit/537.36 (KHTML, like Gecko) Chrome/135.0.7049.95 Mobile Safari/537.36 (compatible; Googlebot/2.1; +http://www.google.com/bot.html)"
66.249.73.5 - - [26/Apr/2025:12:13:21 -0400] "GET /pcmypage?callback=product%2Fdetail%2F34900029 HTTP/1.1" 404 17039 "-" "Mozilla/5.0 (Linux; Android 6.0.1; Nexus 5X Build/MMB29P) AppleWebKit/537.36 (KHTML, like Gecko) Chrome/135.0.7049.95 Mobile Safari/537.36 (compatible; Googlebot/2.1; +http://www.google.com/bot.html)"
162.0.215.211 - - [26/Apr/2025:12:18:20 -0400] "POST /wp-cron.php?doing_wp_cron=1745684300.8668489456176757812500 HTTP/1.1" 200 0 "-" "WordPress/6.8; https://luxuryhomez.org"
57.141.4.9 - - [26/Apr/2025:12:18:15 -0400] "GET /shadow.php?78670383.htm HTTP/1.1" 404 71765 "-" "meta-externalagent/1.1 (+https://developers.facebook.com/docs/sharing/webmasters/crawler)"
162.0.215.211 - - [26/Apr/2025:12:18:21 -0400] "POST /wp-admin/admin-ajax.php?action=async_litespeed&nonce=2pD7Gq7e6fqlXYg0blMbG943dTciZiO5&litespeed_type=imgoptm HTTP/1.1" 200 0 "-" "WordPress/6.8; https://luxuryhomez.org"
162.0.215.211 - - [26/Apr/2025:12:20:14 -0400] "POST /wp-cron.php?doing_wp_cron=1745684414.3025290966033935546875 HTTP/1.1" 200 0 "-" "WordPress/6.8; https://luxuryhomez.org"
162.0.215.211 - - [26/Apr/2025:12:20:14 -0400] "POST /wp-admin/admin-ajax.php?action=async_litespeed&nonce=jrO7IlCXQq4SeuuXLZxyegZi71RoNc0u&litespeed_type=imgoptm HTTP/1.1" 200 21 "-" "WordPress/6.8; https://luxuryhomez.org"
66.249.73.5 - - [26/Apr/2025:12:20:11 -0400] "GET /index.phpsshopdetail/5094559 HTTP/1.1" 404 17038 "-" "Mozilla/5.0 (compatible; Googlebot/2.1; +http://www.google.com/bot.html)"
162.0.215.211 - - [26/Apr/2025:12:20:46 -0400] "POST /wp-cron.php?doing_wp_cron=1745684446.2357289791107177734375 HTTP/1.1" 200 0 "-" "WordPress/6.8; https://luxuryhomez.org"
162.0.215.211 - - [26/Apr/2025:12:20:46 -0400] "POST /wp-admin/admin-ajax.php?action=async_litespeed&nonce=mpHg8OWQtLKyb0WlriK0tHppzl8m0eKP&litespeed_type=imgoptm HTTP/1.1" 200 21 "-" "WordPress/6.8; https://luxuryhomez.org"
66.249.73.6 - - [26/Apr/2025:12:20:45 -0400] "GET /index.phpsshopdetail/250238359 HTTP/1.1" 404 17032 "-" "Mozilla/5.0 (Linux; Android 6.0.1; Nexus 5X Build/MMB29P) AppleWebKit/537.36 (KHTML, like Gecko) Chrome/135.0.7049.95 Mobile Safari/537.36 (compatible; Googlebot/2.1; +http://www.google.com/bot.html)"
51.222.253.9 - - [26/Apr/2025:12:20:52 -0400] "GET /brand/brand-2/?orderby=date&product_count=15&category-view-mode=grid&product_col_large=2 HTTP/1.1" 200 17961 "-" "Mozilla/5.0 (compatible; AhrefsBot/7.0; +http://ahrefs.com/robot/)"
162.0.215.211 - - [26/Apr/2025:12:21:23 -0400] "POST /wp-cron.php?doing_wp_cron=1745684483.1388199329376220703125 HTTP/1.1" 200 0 "-" "WordPress/6.8; https://luxuryhomez.org"
57.141.4.26 - - [26/Apr/2025:12:21:22 -0400] "GET /shopdetail/227725559 HTTP/1.1" 404 71762 "-" "meta-externalagent/1.1 (+https://developers.facebook.com/docs/sharing/webmasters/crawler)"
162.0.215.211 - - [26/Apr/2025:12:26:20 -0400] "POST /wp-cron.php?doing_wp_cron=1745684780.1606290340423583984375 HTTP/1.1" 200 0 "-" "WordPress/6.8; https://luxuryhomez.org"
66.249.73.11 - - [26/Apr/2025:12:26:14 -0400] "GET /shopdetail/109685359 HTTP/1.1" 301 0 "-" "Mozilla/5.0 (compatible; Googlebot/2.1; +http://www.google.com/bot.html)"
162.0.215.211 - - [26/Apr/2025:12:26:21 -0400] "POST /wp-admin/admin-ajax.php?action=async_litespeed&nonce=GHMSI7uYVPMucLB7Wc2BhSlXkWrn78pT&litespeed_type=imgoptm HTTP/1.1" 200 0 "-" "WordPress/6.8; https://luxuryhomez.org"
66.249.73.7 - - [26/Apr/2025:12:26:20 -0400] "GET /shopdetail/109685359 HTTP/1.1" 404 17023 "-" "Mozilla/5.0 (compatible; Googlebot/2.1; +http://www.google.com/bot.html)"
162.0.215.211 - - [26/Apr/2025:12:26:46 -0400] "POST /wp-cron.php?doing_wp_cron=1745684806.4007449150085449218750 HTTP/1.1" 200 0 "-" "WordPress/6.8; https://luxuryhomez.org"
66.249.73.5 - - [26/Apr/2025:12:26:46 -0400] "GET /index.php/safe_search/config/feature/sale2411-5/index.html/man/customer_guide/text/terms/pcmypage/cd.html HTTP/1.1" 301 0 "-" "Mozilla/5.0 (Linux; Android 6.0.1; Nexus 5X Build/MMB29P) AppleWebKit/537.36 (KHTML, like Gecko) Chrome/135.0.7049.95 Mobile Safari/537.36 (compatible; GoogleOther)"
162.0.215.211 - - [26/Apr/2025:12:26:46 -0400] "POST /wp-admin/admin-ajax.php?action=async_litespeed&nonce=o6JmHUeYmvFToPiDv9rwQJL3anCedlf3&litespeed_type=imgoptm HTTP/1.1" 200 21 "-" "WordPress/6.8; https://luxuryhomez.org"
66.249.73.6 - - [26/Apr/2025:12:26:47 -0400] "GET /safe_search/config/feature/sale2411-5/index.html/man/customer_guide/text/terms/pcmypage/cd.html HTTP/1.1" 404 17076 "-" "Mozilla/5.0 (Linux; Android 6.0.1; Nexus 5X Build/MMB29P) AppleWebKit/537.36 (KHTML, like Gecko) Chrome/135.0.7049.95 Mobile Safari/537.36 (compatible; GoogleOther)"
162.0.215.211 - - [26/Apr/2025:12:27:04 -0400] "POST /wp-cron.php?doing_wp_cron=1745684824.5649459362030029296875 HTTP/1.1" 200 0 "-" "WordPress/6.8; https://luxuryhomez.org"
66.249.73.7 - - [26/Apr/2025:12:27:04 -0400] "GET /shopdetail/131317259 HTTP/1.1" 404 17019 "-" "Mozilla/5.0 (Linux; Android 6.0.1; Nexus 5X Build/MMB29P) AppleWebKit/537.36 (KHTML, like Gecko) Chrome/135.0.7049.95 Mobile Safari/537.36 (compatible; Googlebot/2.1; +http://www.google.com/bot.html)"
66.249.73.5 - - [26/Apr/2025:12:27:04 -0400] "GET /shopdetail/131317259 HTTP/1.1" 404 17022 "-" "Mozilla/5.0 (compatible; Googlebot/2.1; +http://www.google.com/bot.html)"
162.0.215.211 - - [26/Apr/2025:12:28:00 -0400] "POST /wp-cron.php?doing_wp_cron=1745684880.9410979747772216796875 HTTP/1.1" 200 0 "-" "WordPress/6.8; https://luxuryhomez.org"
162.0.215.211 - - [26/Apr/2025:12:28:01 -0400] "POST /wp-admin/admin-ajax.php?action=async_litespeed&nonce=KzCPWnteajC2Pk2KwcKvREh6YmdZ71ii&litespeed_type=imgoptm HTTP/1.1" 200 21 "-" "WordPress/6.8; https://luxuryhomez.org"
66.249.73.6 - - [26/Apr/2025:12:28:00 -0400] "GET /index.phpsshopdetail/314125359 HTTP/1.1" 404 17029 "-" "Mozilla/5.0 (Linux; Android 6.0.1; Nexus 5X Build/MMB29P) AppleWebKit/537.36 (KHTML, like Gecko) Chrome/135.0.7049.95 Mobile Safari/537.36 (compatible; Googlebot/2.1; +http://www.google.com/bot.html)"
182.40.104.255 - - [26/Apr/2025:12:30:24 -0400] "GET / HTTP/1.1" 200 32705 "http://luxuryhomez.org" "Mozilla/5.0 (iPhone; CPU iPhone OS 13_2_3 like Mac OS X) AppleWebKit/605.1.15 (KHTML, like Gecko) Version/13.0.3 Mobile/15E148 Safari/604.1"
162.0.215.211 - - [26/Apr/2025:12:31:04 -0400] "POST /wp-cron.php?doing_wp_cron=1745685064.6460011005401611328125 HTTP/1.1" 200 0 "-" "WordPress/6.8; https://luxuryhomez.org"
162.0.215.211 - - [26/Apr/2025:12:31:05 -0400] "POST /wp-admin/admin-ajax.php?action=async_litespeed&nonce=1SmBOePYtadNq7crvWOHxlZFXruuHq6r&litespeed_type=imgoptm HTTP/1.1" 200 0 "-" "WordPress/6.8; https://luxuryhomez.org"
57.141.4.9 - - [26/Apr/2025:12:30:59 -0400] "GET /shopdetail/333649259 HTTP/1.1" 404 71764 "-" "meta-externalagent/1.1 (+https://developers.facebook.com/docs/sharing/webmasters/crawler)"
162.0.215.211 - - [26/Apr/2025:12:31:31 -0400] "POST /wp-cron.php?doing_wp_cron=1745685090.9659080505371093750000 HTTP/1.1" 200 0 "-" "WordPress/6.8; https://luxuryhomez.org"
66.249.73.11 - - [26/Apr/2025:12:31:30 -0400] "GET /shopdetail/77602659 HTTP/1.1" 301 0 "-" "Mozilla/5.0 (Linux; Android 6.0.1; Nexus 5X Build/MMB29P) AppleWebKit/537.36 (KHTML, like Gecko) Chrome/135.0.7049.95 Mobile Safari/537.36 (compatible; Googlebot/2.1; +http://www.google.com/bot.html)"
162.0.215.211 - - [26/Apr/2025:12:31:31 -0400] "POST /wp-admin/admin-ajax.php?action=async_litespeed&nonce=krmLI3AMYKSzHTXe97Hs9LnJ2WMqffW9&litespeed_type=imgoptm HTTP/1.1" 200 21 "-" "WordPress/6.8; https://luxuryhomez.org"
66.249.73.6 - - [26/Apr/2025:12:31:31 -0400] "GET /shopdetail/77602659 HTTP/1.1" 404 17019 "-" "Mozilla/5.0 (Linux; Android 6.0.1; Nexus 5X Build/MMB29P) AppleWebKit/537.36 (KHTML, like Gecko) Chrome/135.0.7049.95 Mobile Safari/537.36 (compatible; Googlebot/2.1; +http://www.google.com/bot.html)"
162.0.215.211 - - [26/Apr/2025:12:33:01 -0400] "POST /wp-cron.php?doing_wp_cron=1745685181.1584351062774658203125 HTTP/1.1" 200 0 "-" "WordPress/6.8; https://luxuryhomez.org"
66.249.73.5 - - [26/Apr/2025:12:32:58 -0400] "GET /index.php/pcmypage/shopdetail/102259459 HTTP/1.1" 301 0 "-" "Mozilla/5.0 (Linux; Android 6.0.1; Nexus 5X Build/MMB29P) AppleWebKit/537.36 (KHTML, like Gecko) Chrome/135.0.7049.95 Mobile Safari/537.36 (compatible; Googlebot/2.1; +http://www.google.com/bot.html)"
162.0.215.211 - - [26/Apr/2025:12:33:01 -0400] "POST /wp-admin/admin-ajax.php?action=async_litespeed&nonce=5I1Fn2ZSewkRskB1rdg1TO2UCQPvgBUY&litespeed_type=imgoptm HTTP/1.1" 200 21 "-" "WordPress/6.8; https://luxuryhomez.org"
66.249.73.5 - - [26/Apr/2025:12:33:01 -0400] "GET /pcmypage/shopdetail/102259459 HTTP/1.1" 404 17036 "-" "Mozilla/5.0 (Linux; Android 6.0.1; Nexus 5X Build/MMB29P) AppleWebKit/537.36 (KHTML, like Gecko) Chrome/135.0.7049.95 Mobile Safari/537.36 (compatible; Googlebot/2.1; +http://www.google.com/bot.html)"
162.0.215.211 - - [26/Apr/2025:12:36:13 -0400] "POST /wp-cron.php?doing_wp_cron=1745685373.8098819255828857421875 HTTP/1.1" 200 0 "-" "WordPress/6.8; https://luxuryhomez.org"
66.249.73.10 - - [26/Apr/2025:12:36:09 -0400] "GET /pcmypage?callback=/product%2Fdetail%2F59739981 HTTP/1.1" 301 0 "-" "Mozilla/5.0 (compatible; Googlebot/2.1; +http://www.google.com/bot.html)"
162.0.215.211 - - [26/Apr/2025:12:36:14 -0400] "POST /wp-admin/admin-ajax.php?action=async_litespeed&nonce=FyIYcXULFE64ZcOJkeO1EPBkGWW28adb&litespeed_type=imgoptm HTTP/1.1" 200 21 "-" "WordPress/6.8; https://luxuryhomez.org"
66.249.73.7 - - [26/Apr/2025:12:36:14 -0400] "GET /pcmypage?callback=/product%2Fdetail%2F59739981 HTTP/1.1" 404 17040 "-" "Mozilla/5.0 (compatible; Googlebot/2.1; +http://www.google.com/bot.html)"
162.0.215.211 - - [26/Apr/2025:12:38:42 -0400] "POST /wp-cron.php?doing_wp_cron=1745685522.1199810504913330078125 HTTP/1.1" 200 0 "-" "WordPress/6.8; https://luxuryhomez.org"
51.222.253.6 - - [26/Apr/2025:12:38:37 -0400] "GET /brand/brand-2/?orderby=date&product_count=15&category-view-mode=grid&product_col_large=3 HTTP/1.1" 200 17961 "-" "Mozilla/5.0 (compatible; AhrefsBot/7.0; +http://ahrefs.com/robot/)"
162.0.215.211 - - [26/Apr/2025:12:38:42 -0400] "POST /wp-admin/admin-ajax.php?action=async_litespeed&nonce=QzH1pS7Ya8Rv7MmNXOyCxOCRkMbXb2ZE&litespeed_type=imgoptm HTTP/1.1" 200 21 "-" "WordPress/6.8; https://luxuryhomez.org"
162.0.215.211 - - [26/Apr/2025:12:39:26 -0400] "POST /wp-cron.php?doing_wp_cron=1745685566.5936410427093505859375 HTTP/1.1" 200 0 "-" "WordPress/6.8; https://luxuryhomez.org"
66.249.73.10 - - [26/Apr/2025:12:39:26 -0400] "GET /shopdetail/82789159 HTTP/1.1" 301 0 "-" "Mozilla/5.0 (Linux; Android 6.0.1; Nexus 5X Build/MMB29P) AppleWebKit/537.36 (KHTML, like Gecko) Chrome/135.0.7049.95 Mobile Safari/537.36 (compatible; Googlebot/2.1; +http://www.google.com/bot.html)"
162.0.215.211 - - [26/Apr/2025:12:39:26 -0400] "POST /wp-admin/admin-ajax.php?action=async_litespeed&nonce=YcDBbAM4U0cTVvYF2H0Uowk5Y33gMymj&litespeed_type=imgoptm HTTP/1.1" 200 21 "-" "WordPress/6.8; https://luxuryhomez.org"
66.249.73.7 - - [26/Apr/2025:12:39:26 -0400] "GET /shopdetail/82789159 HTTP/1.1" 404 17017 "-" "Mozilla/5.0 (Linux; Android 6.0.1; Nexus 5X Build/MMB29P) AppleWebKit/537.36 (KHTML, like Gecko) Chrome/135.0.7049.95 Mobile Safari/537.36 (compatible; Googlebot/2.1; +http://www.google.com/bot.html)"
162.0.215.211 - - [26/Apr/2025:12:41:01 -0400] "POST /wp-cron.php?doing_wp_cron=1745685661.2116389274597167968750 HTTP/1.1" 200 0 "-" "WordPress/6.8; https://luxuryhomez.org"
66.249.73.12 - - [26/Apr/2025:12:40:57 -0400] "GET /shopdetail/78327659 HTTP/1.1" 301 0 "-" "Mozilla/5.0 (Linux; Android 6.0.1; Nexus 5X Build/MMB29P) AppleWebKit/537.36 (KHTML, like Gecko) Chrome/135.0.7049.95 Mobile Safari/537.36 (compatible; Googlebot/2.1; +http://www.google.com/bot.html)"
162.0.215.211 - - [26/Apr/2025:12:41:01 -0400] "POST /wp-admin/admin-ajax.php?action=async_litespeed&nonce=9iiq5Q86NveV9ufboMc1xnS0gUr1IV4Q&litespeed_type=imgoptm HTTP/1.1" 200 21 "-" "WordPress/6.8; https://luxuryhomez.org"
66.249.73.5 - - [26/Apr/2025:12:41:01 -0400] "GET /shopdetail/78327659 HTTP/1.1" 404 17022 "-" "Mozilla/5.0 (Linux; Android 6.0.1; Nexus 5X Build/MMB29P) AppleWebKit/537.36 (KHTML, like Gecko) Chrome/135.0.7049.95 Mobile Safari/537.36 (compatible; Googlebot/2.1; +http://www.google.com/bot.html)"
162.0.215.211 - - [26/Apr/2025:12:42:51 -0400] "POST /wp-cron.php?doing_wp_cron=1745685771.6285710334777832031250 HTTP/1.1" 200 0 "-" "WordPress/6.8; https://luxuryhomez.org"
66.249.73.10 - - [26/Apr/2025:12:42:49 -0400] "GET /pcmypage?callback=product%2Fdetail%2F08397038 HTTP/1.1" 301 0 "-" "Mozilla/5.0 (Linux; Android 6.0.1; Nexus 5X Build/MMB29P) AppleWebKit/537.36 (KHTML, like Gecko) Chrome/135.0.7049.95 Mobile Safari/537.36 (compatible; Googlebot/2.1; +http://www.google.com/bot.html)"
66.249.73.5 - - [26/Apr/2025:12:42:51 -0400] "GET /pcmypage?callback=product%2Fdetail%2F08397038 HTTP/1.1" 404 17038 "-" "Mozilla/5.0 (Linux; Android 6.0.1; Nexus 5X Build/MMB29P) AppleWebKit/537.36 (KHTML, like Gecko) Chrome/135.0.7049.95 Mobile Safari/537.36 (compatible; Googlebot/2.1; +http://www.google.com/bot.html)"
162.0.215.211 - - [26/Apr/2025:12:42:52 -0400] "POST /wp-admin/admin-ajax.php?action=async_litespeed&nonce=k0Xz480qXbFTQ6Fhwm5vb6xiRDn2u3sh&litespeed_type=imgoptm HTTP/1.1" 200 0 "-" "WordPress/6.8; https://luxuryhomez.org"
162.0.215.211 - - [26/Apr/2025:12:43:42 -0400] "POST /wp-cron.php?doing_wp_cron=1745685821.8263530731201171875000 HTTP/1.1" 200 0 "-" "WordPress/6.8; https://luxuryhomez.org"
57.141.4.9 - - [26/Apr/2025:12:43:41 -0400] "GET /shopdetail/31203259 HTTP/1.1" 404 71761 "-" "meta-externalagent/1.1 (+https://developers.facebook.com/docs/sharing/webmasters/crawler)"
162.0.215.211 - - [26/Apr/2025:12:43:42 -0400] "POST /wp-admin/admin-ajax.php?action=async_litespeed&nonce=t8MKIXJzoGiKGjebVMyuTv1XZs4YVMbq&litespeed_type=imgoptm HTTP/1.1" 200 21 "-" "WordPress/6.8; https://luxuryhomez.org"
66.249.73.5 - - [26/Apr/2025:12:45:07 -0400] "GET /index.php/pcmypage?callback=/product%2Fdetail%2F99054620 HTTP/1.1" 301 0 "-" "Mozilla/5.0 (compatible; Googlebot/2.1; +http://www.google.com/bot.html)"
66.249.73.7 - - [26/Apr/2025:12:45:08 -0400] "GET /index.php/pcmypage?callback=/product%2Fdetail%2F99054620 HTTP/1.1" 301 0 "-" "Mozilla/5.0 (Linux; Android 6.0.1; Nexus 5X Build/MMB29P) AppleWebKit/537.36 (KHTML, like Gecko) Chrome/135.0.7049.95 Mobile Safari/537.36 (compatible; Googlebot/2.1; +http://www.google.com/bot.html)"
66.249.73.5 - - [26/Apr/2025:12:45:19 -0400] "GET /pcmypage?callback=/product%2Fdetail%2F99054620 HTTP/1.1" 404 17036 "-" "Mozilla/5.0 (Linux; Android 6.0.1; Nexus 5X Build/MMB29P) AppleWebKit/537.36 (KHTML, like Gecko) Chrome/135.0.7049.95 Mobile Safari/537.36 (compatible; Googlebot/2.1; +http://www.google.com/bot.html)"
66.249.73.5 - - [26/Apr/2025:12:45:21 -0400] "GET /pcmypage?callback=/product%2Fdetail%2F99054620 HTTP/1.1" 404 17042 "-" "Mozilla/5.0 (compatible; Googlebot/2.1; +http://www.google.com/bot.html)"
162.0.215.211 - - [26/Apr/2025:12:48:05 -0400] "POST /wp-cron.php?doing_wp_cron=1745686085.0264630317687988281250 HTTP/1.1" 200 0 "-" "WordPress/6.8; https://luxuryhomez.org"
66.249.73.12 - - [26/Apr/2025:12:48:00 -0400] "GET /shopdetail/55333259 HTTP/1.1" 301 0 "-" "Mozilla/5.0 (Linux; Android 6.0.1; Nexus 5X Build/MMB29P) AppleWebKit/537.36 (KHTML, like Gecko) Chrome/135.0.7049.95 Mobile Safari/537.36 (compatible; Googlebot/2.1; +http://www.google.com/bot.html)"
162.0.215.211 - - [26/Apr/2025:12:48:05 -0400] "POST /wp-admin/admin-ajax.php?action=async_litespeed&nonce=pPVI03O8aWxI7ignCyMFVAQqBXttd3BR&litespeed_type=imgoptm HTTP/1.1" 200 0 "-" "WordPress/6.8; https://luxuryhomez.org"
66.249.73.6 - - [26/Apr/2025:12:48:05 -0400] "GET /shopdetail/55333259 HTTP/1.1" 404 17016 "-" "Mozilla/5.0 (Linux; Android 6.0.1; Nexus 5X Build/MMB29P) AppleWebKit/537.36 (KHTML, like Gecko) Chrome/135.0.7049.95 Mobile Safari/537.36 (compatible; Googlebot/2.1; +http://www.google.com/bot.html)"
57.141.4.18 - - [26/Apr/2025:12:48:17 -0400] "GET /shopdetail/314876159 HTTP/1.1" 404 71762 "-" "meta-externalagent/1.1 (+https://developers.facebook.com/docs/sharing/webmasters/crawler)"
162.0.215.211 - - [26/Apr/2025:12:48:56 -0400] "POST /wp-cron.php?doing_wp_cron=1745686136.7077279090881347656250 HTTP/1.1" 200 0 "-" "WordPress/6.8; https://luxuryhomez.org"
66.249.73.11 - - [26/Apr/2025:12:48:56 -0400] "GET /shopdetail/79218059 HTTP/1.1" 301 0 "-" "Mozilla/5.0 (Linux; Android 6.0.1; Nexus 5X Build/MMB29P) AppleWebKit/537.36 (KHTML, like Gecko) Chrome/135.0.7049.95 Mobile Safari/537.36 (compatible; Googlebot/2.1; +http://www.google.com/bot.html)"
162.0.215.211 - - [26/Apr/2025:12:48:57 -0400] "POST /wp-admin/admin-ajax.php?action=async_litespeed&nonce=KDUgmVfpNy4SkbTHmmr0OxhROyZA2VNg&litespeed_type=imgoptm HTTP/1.1" 200 21 "-" "WordPress/6.8; https://luxuryhomez.org"
66.249.73.5 - - [26/Apr/2025:12:48:56 -0400] "GET /shopdetail/79218059 HTTP/1.1" 404 17017 "-" "Mozilla/5.0 (Linux; Android 6.0.1; Nexus 5X Build/MMB29P) AppleWebKit/537.36 (KHTML, like Gecko) Chrome/135.0.7049.95 Mobile Safari/537.36 (compatible; Googlebot/2.1; +http://www.google.com/bot.html)"
162.0.215.211 - - [26/Apr/2025:12:49:54 -0400] "POST /wp-cron.php?doing_wp_cron=1745686194.6285309791564941406250 HTTP/1.1" 200 0 "-" "WordPress/6.8; https://luxuryhomez.org"
162.0.215.211 - - [26/Apr/2025:12:49:54 -0400] "POST /wp-admin/admin-ajax.php?action=async_litespeed&nonce=3DdlOdPFDAhKYN0LujWtlyf5PtnASZaL&litespeed_type=imgoptm HTTP/1.1" 200 21 "-" "WordPress/6.8; https://luxuryhomez.org"
57.141.4.9 - - [26/Apr/2025:12:49:54 -0400] "GET /shopdetail/217891159 HTTP/1.1" 404 71762 "-" "meta-externalagent/1.1 (+https://developers.facebook.com/docs/sharing/webmasters/crawler)"
162.0.215.211 - - [26/Apr/2025:12:51:24 -0400] "POST /wp-cron.php?doing_wp_cron=1745686284.7820320129394531250000 HTTP/1.1" 200 0 "-" "WordPress/6.8; https://luxuryhomez.org"
66.249.73.10 - - [26/Apr/2025:12:51:19 -0400] "GET /safe_search/config?return_url=%2Fproduct%2Fdetail%2F18302968 HTTP/1.1" 301 0 "-" "Mozilla/5.0 (compatible; Googlebot/2.1; +http://www.google.com/bot.html)"
162.0.215.211 - - [26/Apr/2025:12:51:26 -0400] "POST /wp-admin/admin-ajax.php?action=async_litespeed&nonce=1M2HYLj30O8BQYNkMAH5cfk2iEMdDmVT&litespeed_type=imgoptm HTTP/1.1" 200 0 "-" "WordPress/6.8; https://luxuryhomez.org"
66.249.73.5 - - [26/Apr/2025:12:51:25 -0400] "GET /safe_search/config?return_url=%2Fproduct%2Fdetail%2F18302968 HTTP/1.1" 404 17064 "-" "Mozilla/5.0 (compatible; Googlebot/2.1; +http://www.google.com/bot.html)"
162.0.215.211 - - [26/Apr/2025:12:52:35 -0400] "POST /wp-cron.php?doing_wp_cron=1745686355.5423190593719482421875 HTTP/1.1" 200 0 "-" "WordPress/6.8; https://luxuryhomez.org"
162.0.215.211 - - [26/Apr/2025:12:52:35 -0400] "POST /wp-admin/admin-ajax.php?action=async_litespeed&nonce=BQlHNTse0BOFwkaq5xLH7NTVhb1pwlul&litespeed_type=imgoptm HTTP/1.1" 200 21 "-" "WordPress/6.8; https://luxuryhomez.org"
57.141.4.1 - - [26/Apr/2025:12:52:35 -0400] "GET /shopdetail/360412759 HTTP/1.1" 404 71762 "-" "meta-externalagent/1.1 (+https://developers.facebook.com/docs/sharing/webmasters/crawler)"
162.0.215.211 - - [26/Apr/2025:12:53:43 -0400] "POST /wp-cron.php?doing_wp_cron=1745686423.8036389350891113281250 HTTP/1.1" 200 0 "-" "WordPress/6.8; https://luxuryhomez.org"
162.0.215.211 - - [26/Apr/2025:12:53:44 -0400] "POST /wp-admin/admin-ajax.php?action=async_litespeed&nonce=qwde9CB21pyRiFQ0C7a1g0UDBjB44Y3O&litespeed_type=imgoptm HTTP/1.1" 200 21 "-" "WordPress/6.8; https://luxuryhomez.org"
57.141.4.10 - - [26/Apr/2025:12:53:43 -0400] "GET /shopdetail/353480459 HTTP/1.1" 404 71762 "-" "meta-externalagent/1.1 (+https://developers.facebook.com/docs/sharing/webmasters/crawler)"
66.249.73.6 - - [26/Apr/2025:12:53:52 -0400] "GET /index.php/zhHant/product/surugaya/73593192?campaign_uid=f64d716db5e979ed2f947dbaf4296895b951ae7f HTTP/1.1" 301 0 "-" "Mozilla/5.0 (Linux; Android 6.0.1; Nexus 5X Build/MMB29P) AppleWebKit/537.36 (KHTML, like Gecko) Chrome/135.0.7049.95 Mobile Safari/537.36 (compatible; GoogleOther)"
66.249.73.6 - - [26/Apr/2025:12:53:55 -0400] "GET /zhHant/product/surugaya/73593192?campaign_uid=f64d716db5e979ed2f947dbaf4296895b951ae7f HTTP/1.1" 404 17070 "-" "Mozilla/5.0 (Linux; Android 6.0.1; Nexus 5X Build/MMB29P) AppleWebKit/537.36 (KHTML, like Gecko) Chrome/135.0.7049.95 Mobile Safari/537.36 (compatible; GoogleOther)"
162.0.215.211 - - [26/Apr/2025:12:54:59 -0400] "POST /wp-cron.php?doing_wp_cron=1745686499.4848279953002929687500 HTTP/1.1" 200 0 "-" "WordPress/6.8; https://luxuryhomez.org"
162.0.215.211 - - [26/Apr/2025:12:54:59 -0400] "POST /wp-admin/admin-ajax.php?action=async_litespeed&nonce=0WzVElebXXAv3VmOt7wavdXvJ7iiJyA7&litespeed_type=imgoptm HTTP/1.1" 200 21 "-" "WordPress/6.8; https://luxuryhomez.org"
66.249.73.7 - - [26/Apr/2025:12:54:59 -0400] "GET /index.phpsshopdetail/254013859 HTTP/1.1" 404 17029 "-" "Mozilla/5.0 (compatible; Googlebot/2.1; +http://www.google.com/bot.html)"
162.0.215.211 - - [26/Apr/2025:12:55:05 -0400] "POST /wp-cron.php?doing_wp_cron=1745686505.9532670974731445312500 HTTP/1.1" 200 0 "-" "WordPress/6.8; https://luxuryhomez.org"
51.222.253.1 - - [26/Apr/2025:12:55:05 -0400] "GET /brand/brand-2/?orderby=date&product_count=15&category-view-mode=grid&product_col_large=4 HTTP/1.1" 200 17964 "-" "Mozilla/5.0 (compatible; AhrefsBot/7.0; +http://ahrefs.com/robot/)"
162.0.215.211 - - [26/Apr/2025:12:56:11 -0400] "POST /wp-cron.php?doing_wp_cron=1745686571.1249279975891113281250 HTTP/1.1" 200 0 "-" "WordPress/6.8; https://luxuryhomez.org"
162.0.215.211 - - [26/Apr/2025:12:56:11 -0400] "POST /wp-admin/admin-ajax.php?action=async_litespeed&nonce=0Ljok3b7hfuhGUGTnk8pgSb37mASjOxP&litespeed_type=imgoptm HTTP/1.1" 200 21 "-" "WordPress/6.8; https://luxuryhomez.org"
57.141.4.6 - - [26/Apr/2025:12:56:10 -0400] "GET /shopdetail/245464859 HTTP/1.1" 404 71762 "-" "meta-externalagent/1.1 (+https://developers.facebook.com/docs/sharing/webmasters/crawler)"
162.0.215.211 - - [26/Apr/2025:12:57:29 -0400] "POST /wp-cron.php?doing_wp_cron=1745686649.3830199241638183593750 HTTP/1.1" 200 0 "-" "WordPress/6.8; https://luxuryhomez.org"
66.249.73.7 - - [26/Apr/2025:12:57:28 -0400] "GET /index.php/pcmypage/shopdetail/47671059 HTTP/1.1" 301 0 "-" "Mozilla/5.0 (Linux; Android 6.0.1; Nexus 5X Build/MMB29P) AppleWebKit/537.36 (KHTML, like Gecko) Chrome/135.0.7049.95 Mobile Safari/537.36 (compatible; Googlebot/2.1; +http://www.google.com/bot.html)"
162.0.215.211 - - [26/Apr/2025:12:57:29 -0400] "POST /wp-admin/admin-ajax.php?action=async_litespeed&nonce=Kxw75ngHHK1SATGyGbofkcCLuqyJg6XA&litespeed_type=imgoptm HTTP/1.1" 200 21 "-" "WordPress/6.8; https://luxuryhomez.org"
66.249.73.6 - - [26/Apr/2025:12:57:29 -0400] "GET /pcmypage/shopdetail/47671059 HTTP/1.1" 404 17042 "-" "Mozilla/5.0 (Linux; Android 6.0.1; Nexus 5X Build/MMB29P) AppleWebKit/537.36 (KHTML, like Gecko) Chrome/135.0.7049.95 Mobile Safari/537.36 (compatible; Googlebot/2.1; +http://www.google.com/bot.html)"
162.0.215.211 - - [26/Apr/2025:12:59:58 -0400] "POST /wp-cron.php?doing_wp_cron=1745686798.0299940109252929687500 HTTP/1.1" 200 0 "-" "WordPress/6.8; https://luxuryhomez.org"
66.249.73.7 - - [26/Apr/2025:12:59:53 -0400] "GET /index.phpsshopdetail/320913459 HTTP/1.1" 404 17031 "-" "Mozilla/5.0 (compatible; Googlebot/2.1; +http://www.google.com/bot.html)"
162.0.215.211 - - [26/Apr/2025:12:59:58 -0400] "POST /wp-admin/admin-ajax.php?action=async_litespeed&nonce=RvyWwKa5LF1uFxKM6Nlpvx9fcPa8n4RP&litespeed_type=imgoptm HTTP/1.1" 200 21 "-" "WordPress/6.8; https://luxuryhomez.org"
162.0.215.211 - - [26/Apr/2025:13:03:22 -0400] "POST /wp-cron.php?doing_wp_cron=1745687002.5039200782775878906250 HTTP/1.1" 200 0 "-" "WordPress/6.8; https://luxuryhomez.org"
66.249.73.7 - - [26/Apr/2025:13:03:17 -0400] "GET /index.phpsshopdetail/315870459 HTTP/1.1" 404 17027 "-" "Mozilla/5.0 (Linux; Android 6.0.1; Nexus 5X Build/MMB29P) AppleWebKit/537.36 (KHTML, like Gecko) Chrome/135.0.7049.95 Mobile Safari/537.36 (compatible; GoogleOther)"
162.0.215.211 - - [26/Apr/2025:13:03:23 -0400] "POST /wp-admin/admin-ajax.php?action=async_litespeed&nonce=OelNh5mCu34VHSh8dlU0yDtWiepuHu3c&litespeed_type=imgoptm HTTP/1.1" 200 0 "-" "WordPress/6.8; https://luxuryhomez.org"
162.0.215.211 - - [26/Apr/2025:13:05:34 -0400] "POST /wp-cron.php?doing_wp_cron=1745687134.3521521091461181640625 HTTP/1.1" 200 0 "-" "WordPress/6.8; https://luxuryhomez.org"
66.249.73.6 - - [26/Apr/2025:13:05:32 -0400] "GET /pcmypage?callback=/product%2Fdetail%2F69377527 HTTP/1.1" 404 17039 "-" "Mozilla/5.0 (compatible; Googlebot/2.1; +http://www.google.com/bot.html)"
162.0.215.211 - - [26/Apr/2025:13:05:34 -0400] "POST /wp-admin/admin-ajax.php?action=async_litespeed&nonce=WbCtEG05NGoTSkVjpnaX2MAk00LoaJHA&litespeed_type=imgoptm HTTP/1.1" 200 21 "-" "WordPress/6.8; https://luxuryhomez.org"
57.141.4.1 - - [26/Apr/2025:13:06:00 -0400] "GET /shadow.php?1222431561.htm HTTP/1.1" 404 71767 "-" "meta-externalagent/1.1 (+https://developers.facebook.com/docs/sharing/webmasters/crawler)"
162.0.215.211 - - [26/Apr/2025:13:06:12 -0400] "POST /wp-cron.php?doing_wp_cron=1745687172.0040171146392822265625 HTTP/1.1" 200 0 "-" "WordPress/6.8; https://luxuryhomez.org"
57.141.4.9 - - [26/Apr/2025:13:06:11 -0400] "GET /shadow.php?37713976.htm HTTP/1.1" 404 71767 "-" "meta-externalagent/1.1 (+https://developers.facebook.com/docs/sharing/webmasters/crawler)"
162.0.215.211 - - [26/Apr/2025:13:08:54 -0400] "POST /wp-cron.php?doing_wp_cron=1745687334.7592821121215820312500 HTTP/1.1" 200 0 "-" "WordPress/6.8; https://luxuryhomez.org"
66.249.73.10 - - [26/Apr/2025:13:08:51 -0400] "GET /shopdetail/77132359 HTTP/1.1" 301 0 "-" "Mozilla/5.0 (compatible; Googlebot/2.1; +http://www.google.com/bot.html)"
162.0.215.211 - - [26/Apr/2025:13:08:55 -0400] "POST /wp-admin/admin-ajax.php?action=async_litespeed&nonce=7fb4wQs9WabSq20YNMBNMoWzRjUDWpBy&litespeed_type=imgoptm HTTP/1.1" 200 21 "-" "WordPress/6.8; https://luxuryhomez.org"
66.249.73.5 - - [26/Apr/2025:13:08:55 -0400] "GET /shopdetail/77132359 HTTP/1.1" 404 17016 "-" "Mozilla/5.0 (compatible; Googlebot/2.1; +http://www.google.com/bot.html)"
162.0.215.211 - - [26/Apr/2025:13:09:39 -0400] "POST /wp-cron.php?doing_wp_cron=1745687379.9901139736175537109375 HTTP/1.1" 200 0 "-" "WordPress/6.8; https://luxuryhomez.org"
66.249.73.6 - - [26/Apr/2025:13:09:39 -0400] "GET /index.php/product/edit/90064547 HTTP/1.1" 301 0 "-" "Mozilla/5.0 (compatible; Googlebot/2.1; +http://www.google.com/bot.html)"
162.0.215.211 - - [26/Apr/2025:13:09:40 -0400] "POST /wp-admin/admin-ajax.php?action=async_litespeed&nonce=v3Oe6GIu9vrqeaStaaV5J6A9tg8wQOf2&litespeed_type=imgoptm HTTP/1.1" 200 21 "-" "WordPress/6.8; https://luxuryhomez.org"
66.249.73.6 - - [26/Apr/2025:13:09:40 -0400] "GET /product/edit/90064547 HTTP/1.1" 404 17028 "-" "Mozilla/5.0 (compatible; Googlebot/2.1; +http://www.google.com/bot.html)"
66.249.73.6 - - [26/Apr/2025:13:09:58 -0400] "GET /shopdetail/278524559 HTTP/1.1" 404 17017 "-" "Mozilla/5.0 (Linux; Android 6.0.1; Nexus 5X Build/MMB29P) AppleWebKit/537.36 (KHTML, like Gecko) Chrome/135.0.7049.95 Mobile Safari/537.36 (compatible; Googlebot/2.1; +http://www.google.com/bot.html)"
162.0.215.211 - - [26/Apr/2025:13:10:54 -0400] "POST /wp-cron.php?doing_wp_cron=1745687454.2488839626312255859375 HTTP/1.1" 200 0 "-" "WordPress/6.8; https://luxuryhomez.org"
162.0.215.211 - - [26/Apr/2025:13:10:54 -0400] "POST /wp-admin/admin-ajax.php?action=async_litespeed&nonce=apopI4KGFqnvjSTpnNImvs2XklB5uIvY&litespeed_type=imgoptm HTTP/1.1" 200 21 "-" "WordPress/6.8; https://luxuryhomez.org"
57.141.4.5 - - [26/Apr/2025:13:10:53 -0400] "GET /shadow.php?22779277.htm HTTP/1.1" 404 71765 "-" "meta-externalagent/1.1 (+https://developers.facebook.com/docs/sharing/webmasters/crawler)"
162.0.215.211 - - [26/Apr/2025:13:11:35 -0400] "POST /wp-cron.php?doing_wp_cron=1745687495.4737100601196289062500 HTTP/1.1" 200 0 "-" "WordPress/6.8; https://luxuryhomez.org"
57.141.4.5 - - [26/Apr/2025:13:11:34 -0400] "GET /shopdetail/201851059 HTTP/1.1" 404 71762 "-" "meta-externalagent/1.1 (+https://developers.facebook.com/docs/sharing/webmasters/crawler)"
162.0.215.211 - - [26/Apr/2025:13:11:36 -0400] "POST /wp-admin/admin-ajax.php?action=async_litespeed&nonce=JccC7VlPVqxUzbAgeKb1lU4WdurFfrgM&litespeed_type=imgoptm HTTP/1.1" 200 21 "-" "WordPress/6.8; https://luxuryhomez.org"
162.0.215.211 - - [26/Apr/2025:13:12:02 -0400] "POST /wp-cron.php?doing_wp_cron=1745687522.7102720737457275390625 HTTP/1.1" 200 0 "-" "WordPress/6.8; https://luxuryhomez.org"
66.249.73.7 - - [26/Apr/2025:13:12:02 -0400] "GET /index.phpsshopdetail/54830459 HTTP/1.1" 404 17035 "-" "Mozilla/5.0 (compatible; Googlebot/2.1; +http://www.google.com/bot.html)"
162.0.215.211 - - [26/Apr/2025:13:12:26 -0400] "POST /wp-cron.php?doing_wp_cron=1745687546.0085830688476562500000 HTTP/1.1" 200 0 "-" "WordPress/6.8; https://luxuryhomez.org"
51.222.253.6 - - [26/Apr/2025:13:12:25 -0400] "GET /brand/brand-2/?orderby=date&product_count=15&category-view-mode=list HTTP/1.1" 200 17933 "-" "Mozilla/5.0 (compatible; AhrefsBot/7.0; +http://ahrefs.com/robot/)"
162.0.215.211 - - [26/Apr/2025:13:12:26 -0400] "POST /wp-admin/admin-ajax.php?action=async_litespeed&nonce=xVixGK1eFAAWoyo0AJzwOJ67h0BL8UrA&litespeed_type=imgoptm HTTP/1.1" 200 21 "-" "WordPress/6.8; https://luxuryhomez.org"
66.249.73.10 - - [26/Apr/2025:13:12:48 -0400] "GET /shopdetail/68633459 HTTP/1.1" 301 0 "-" "Mozilla/5.0 (Linux; Android 6.0.1; Nexus 5X Build/MMB29P) AppleWebKit/537.36 (KHTML, like Gecko) Chrome/135.0.7049.95 Mobile Safari/537.36 (compatible; Googlebot/2.1; +http://www.google.com/bot.html)"
66.249.73.6 - - [26/Apr/2025:13:12:49 -0400] "GET /shopdetail/68633459 HTTP/1.1" 404 17014 "-" "Mozilla/5.0 (Linux; Android 6.0.1; Nexus 5X Build/MMB29P) AppleWebKit/537.36 (KHTML, like Gecko) Chrome/135.0.7049.95 Mobile Safari/537.36 (compatible; Googlebot/2.1; +http://www.google.com/bot.html)"
162.0.215.211 - - [26/Apr/2025:13:14:27 -0400] "POST /wp-cron.php?doing_wp_cron=1745687667.6810019016265869140625 HTTP/1.1" 200 0 "-" "WordPress/6.8; https://luxuryhomez.org"
57.141.4.28 - - [26/Apr/2025:13:14:25 -0400] "GET /shadow.php?1534646548.htm HTTP/1.1" 404 71767 "-" "meta-externalagent/1.1 (+https://developers.facebook.com/docs/sharing/webmasters/crawler)"
162.0.215.211 - - [26/Apr/2025:13:14:28 -0400] "POST /wp-admin/admin-ajax.php?action=async_litespeed&nonce=4wrahGhrWnwWzjd8MmAESaHpFJqkYNY6&litespeed_type=imgoptm HTTP/1.1" 200 21 "-" "WordPress/6.8; https://luxuryhomez.org"
66.249.73.6 - - [26/Apr/2025:13:14:40 -0400] "GET /index.phpsshopdetail/26734859 HTTP/1.1" 404 17032 "-" "Mozilla/5.0 (Linux; Android 6.0.1; Nexus 5X Build/MMB29P) AppleWebKit/537.36 (KHTML, like Gecko) Chrome/135.0.7049.95 Mobile Safari/537.36 (compatible; Googlebot/2.1; +http://www.google.com/bot.html)"
162.0.215.211 - - [26/Apr/2025:13:15:56 -0400] "POST /wp-cron.php?doing_wp_cron=1745687756.1560070514678955078125 HTTP/1.1" 200 0 "-" "WordPress/6.8; https://luxuryhomez.org"
162.0.215.211 - - [26/Apr/2025:13:15:56 -0400] "POST /wp-admin/admin-ajax.php?action=async_litespeed&nonce=jLYXS6FPOKB47Z5fHRscSRwSq9izKRvu&litespeed_type=imgoptm HTTP/1.1" 200 21 "-" "WordPress/6.8; https://luxuryhomez.org"
66.249.73.6 - - [26/Apr/2025:13:15:55 -0400] "GET /index.phpsshopdetail/250058059 HTTP/1.1" 404 17028 "-" "Mozilla/5.0 (compatible; Googlebot/2.1; +http://www.google.com/bot.html)"
162.0.215.211 - - [26/Apr/2025:13:19:00 -0400] "POST /wp-cron.php?doing_wp_cron=1745687940.8950409889221191406250 HTTP/1.1" 200 0 "-" "WordPress/6.8; https://luxuryhomez.org"
66.249.73.12 - - [26/Apr/2025:13:18:57 -0400] "GET /shopdetail/83813259 HTTP/1.1" 301 0 "-" "Mozilla/5.0 (Linux; Android 6.0.1; Nexus 5X Build/MMB29P) AppleWebKit/537.36 (KHTML, like Gecko) Chrome/135.0.7049.95 Mobile Safari/537.36 (compatible; Googlebot/2.1; +http://www.google.com/bot.html)"
162.0.215.211 - - [26/Apr/2025:13:19:01 -0400] "POST /wp-admin/admin-ajax.php?action=async_litespeed&nonce=62lYL9zBlyt29z5MKhY7ectzdrDZ4rm8&litespeed_type=imgoptm HTTP/1.1" 200 21 "-" "WordPress/6.8; https://luxuryhomez.org"
66.249.73.5 - - [26/Apr/2025:13:19:01 -0400] "GET /shopdetail/83813259 HTTP/1.1" 404 17019 "-" "Mozilla/5.0 (Linux; Android 6.0.1; Nexus 5X Build/MMB29P) AppleWebKit/537.36 (KHTML, like Gecko) Chrome/135.0.7049.95 Mobile Safari/537.36 (compatible; Googlebot/2.1; +http://www.google.com/bot.html)"
162.0.215.211 - - [26/Apr/2025:13:19:16 -0400] "POST /wp-cron.php?doing_wp_cron=1745687956.8209509849548339843750 HTTP/1.1" 200 0 "-" "WordPress/6.8; https://luxuryhomez.org"
66.249.73.6 - - [26/Apr/2025:13:19:16 -0400] "GET /index.phpsshopdetail/333714559 HTTP/1.1" 404 17028 "-" "Mozilla/5.0 (Linux; Android 6.0.1; Nexus 5X Build/MMB29P) AppleWebKit/537.36 (KHTML, like Gecko) Chrome/135.0.7049.95 Mobile Safari/537.36 (compatible; Googlebot/2.1; +http://www.google.com/bot.html)"
162.0.215.211 - - [26/Apr/2025:13:19:38 -0400] "POST /wp-cron.php?doing_wp_cron=1745687978.6711640357971191406250 HTTP/1.1" 200 0 "-" "WordPress/6.8; https://luxuryhomez.org"
66.249.73.10 - - [26/Apr/2025:13:19:38 -0400] "GET /shopdetail/21646159 HTTP/1.1" 301 0 "-" "Mozilla/5.0 (Linux; Android 6.0.1; Nexus 5X Build/MMB29P) AppleWebKit/537.36 (KHTML, like Gecko) Chrome/135.0.7049.95 Mobile Safari/537.36 (compatible; Googlebot/2.1; +http://www.google.com/bot.html)"
162.0.215.211 - - [26/Apr/2025:13:19:38 -0400] "POST /wp-admin/admin-ajax.php?action=async_litespeed&nonce=AhAkK7g3uREsRa4r4eBj5eBvilNX0WXX&litespeed_type=imgoptm HTTP/1.1" 200 21 "-" "WordPress/6.8; https://luxuryhomez.org"
66.249.73.5 - - [26/Apr/2025:13:19:38 -0400] "GET /shopdetail/21646159 HTTP/1.1" 404 17019 "-" "Mozilla/5.0 (Linux; Android 6.0.1; Nexus 5X Build/MMB29P) AppleWebKit/537.36 (KHTML, like Gecko) Chrome/135.0.7049.95 Mobile Safari/537.36 (compatible; Googlebot/2.1; +http://www.google.com/bot.html)"
173.252.83.112 - - [26/Apr/2025:13:20:24 -0400] "GET /robots.txt HTTP/1.1" 206 1439 "-" "facebookexternalhit/1.1 (+http://www.facebook.com/externalhit_uatext.php)"
162.0.215.211 - - [26/Apr/2025:13:20:25 -0400] "POST /wp-cron.php?doing_wp_cron=1745688025.0702679157257080078125 HTTP/1.1" 200 0 "-" "WordPress/6.8; https://luxuryhomez.org"
57.141.4.17 - - [26/Apr/2025:13:20:24 -0400] "GET /shadow.php?1177833412.htm HTTP/1.1" 404 71771 "-" "meta-externalagent/1.1 (+https://developers.facebook.com/docs/sharing/webmasters/crawler)"
162.0.215.211 - - [26/Apr/2025:13:21:28 -0400] "POST /wp-cron.php?doing_wp_cron=1745688088.9723711013793945312500 HTTP/1.1" 200 0 "-" "WordPress/6.8; https://luxuryhomez.org"
162.0.215.211 - - [26/Apr/2025:13:21:29 -0400] "POST /wp-admin/admin-ajax.php?action=async_litespeed&nonce=kelWdU35AthH2bdGeJxmweXgprVrqzVc&litespeed_type=imgoptm HTTP/1.1" 200 21 "-" "WordPress/6.8; https://luxuryhomez.org"
66.249.73.7 - - [26/Apr/2025:13:21:28 -0400] "GET /pcmypage?callback=product/review/03254169 HTTP/1.1" 404 17040 "-" "Mozilla/5.0 (Linux; Android 6.0.1; Nexus 5X Build/MMB29P) AppleWebKit/537.36 (KHTML, like Gecko) Chrome/135.0.7049.95 Mobile Safari/537.36 (compatible; GoogleOther)"
162.0.215.211 - - [26/Apr/2025:13:23:30 -0400] "POST /wp-cron.php?doing_wp_cron=1745688210.6639270782470703125000 HTTP/1.1" 200 0 "-" "WordPress/6.8; https://luxuryhomez.org"
66.249.73.6 - - [26/Apr/2025:13:23:27 -0400] "GET /shopdetail/276716259 HTTP/1.1" 404 17020 "-" "Mozilla/5.0 (Linux; Android 6.0.1; Nexus 5X Build/MMB29P) AppleWebKit/537.36 (KHTML, like Gecko) Chrome/135.0.7049.95 Mobile Safari/537.36 (compatible; GoogleOther)"
162.0.215.211 - - [26/Apr/2025:13:23:31 -0400] "POST /wp-admin/admin-ajax.php?action=async_litespeed&nonce=wsXR3oAShwvJvsN85hbOLdeCHaRiGGRT&litespeed_type=imgoptm HTTP/1.1" 200 21 "-" "WordPress/6.8; https://luxuryhomez.org"
162.0.215.211 - - [26/Apr/2025:13:26:08 -0400] "POST /wp-cron.php?doing_wp_cron=1745688368.5767920017242431640625 HTTP/1.1" 200 0 "-" "WordPress/6.8; https://luxuryhomez.org"
57.141.4.11 - - [26/Apr/2025:13:26:05 -0400] "GET /shadow.php?633968263.htm HTTP/1.1" 404 71766 "-" "meta-externalagent/1.1 (+https://developers.facebook.com/docs/sharing/webmasters/crawler)"
162.0.215.211 - - [26/Apr/2025:13:26:09 -0400] "POST /wp-admin/admin-ajax.php?action=async_litespeed&nonce=NeZsA5idkhcvOaZh2mW5TnsdcVcEkur9&litespeed_type=imgoptm HTTP/1.1" 200 21 "-" "WordPress/6.8; https://luxuryhomez.org"
57.141.4.27 - - [26/Apr/2025:13:26:22 -0400] "GET /shopdetail/341422659 HTTP/1.1" 404 71762 "-" "meta-externalagent/1.1 (+https://developers.facebook.com/docs/sharing/webmasters/crawler)"
162.0.215.211 - - [26/Apr/2025:13:26:40 -0400] "POST /wp-cron.php?doing_wp_cron=1745688400.2004890441894531250000 HTTP/1.1" 200 0 "-" "WordPress/6.8; https://luxuryhomez.org"
66.249.73.11 - - [26/Apr/2025:13:26:39 -0400] "GET /shopdetail/49916059 HTTP/1.1" 301 0 "-" "Mozilla/5.0 (Linux; Android 6.0.1; Nexus 5X Build/MMB29P) AppleWebKit/537.36 (KHTML, like Gecko) Chrome/135.0.7049.95 Mobile Safari/537.36 (compatible; Googlebot/2.1; +http://www.google.com/bot.html)"
162.0.215.211 - - [26/Apr/2025:13:26:40 -0400] "POST /wp-admin/admin-ajax.php?action=async_litespeed&nonce=6rbPO04pNQM1aKGSi1IwsLxBG5faatR5&litespeed_type=imgoptm HTTP/1.1" 200 0 "-" "WordPress/6.8; https://luxuryhomez.org"
66.249.73.6 - - [26/Apr/2025:13:26:41 -0400] "GET /shopdetail/49916059 HTTP/1.1" 404 17028 "-" "Mozilla/5.0 (Linux; Android 6.0.1; Nexus 5X Build/MMB29P) AppleWebKit/537.36 (KHTML, like Gecko) Chrome/135.0.7049.95 Mobile Safari/537.36 (compatible; Googlebot/2.1; +http://www.google.com/bot.html)"
162.0.215.211 - - [26/Apr/2025:13:27:30 -0400] "POST /wp-cron.php?doing_wp_cron=1745688450.8513889312744140625000 HTTP/1.1" 200 0 "-" "WordPress/6.8; https://luxuryhomez.org"
66.249.73.12 - - [26/Apr/2025:13:27:30 -0400] "GET /shopdetail/68046059 HTTP/1.1" 301 0 "-" "Mozilla/5.0 (Linux; Android 6.0.1; Nexus 5X Build/MMB29P) AppleWebKit/537.36 (KHTML, like Gecko) Chrome/135.0.7049.95 Mobile Safari/537.36 (compatible; Googlebot/2.1; +http://www.google.com/bot.html)"
162.0.215.211 - - [26/Apr/2025:13:27:31 -0400] "POST /wp-admin/admin-ajax.php?action=async_litespeed&nonce=DsYg8eGNVBG9mf8z0TqXq0mhWm7LlyrC&litespeed_type=imgoptm HTTP/1.1" 200 21 "-" "WordPress/6.8; https://luxuryhomez.org"
66.249.73.7 - - [26/Apr/2025:13:27:31 -0400] "GET /shopdetail/68046059 HTTP/1.1" 404 17017 "-" "Mozilla/5.0 (Linux; Android 6.0.1; Nexus 5X Build/MMB29P) AppleWebKit/537.36 (KHTML, like Gecko) Chrome/135.0.7049.95 Mobile Safari/537.36 (compatible; Googlebot/2.1; +http://www.google.com/bot.html)"
57.141.4.19 - - [26/Apr/2025:13:27:41 -0400] "GET /shopdetail/26894459 HTTP/1.1" 404 71761 "-" "meta-externalagent/1.1 (+https://developers.facebook.com/docs/sharing/webmasters/crawler)"
66.249.73.5 - - [26/Apr/2025:13:27:57 -0400] "GET /index.php/pcmypage?callback=product/review/62332865 HTTP/1.1" 301 0 "-" "Mozilla/5.0 (Linux; Android 6.0.1; Nexus 5X Build/MMB29P) AppleWebKit/537.36 (KHTML, like Gecko) Chrome/135.0.7049.95 Mobile Safari/537.36 (compatible; Googlebot/2.1; +http://www.google.com/bot.html)"
66.249.73.5 - - [26/Apr/2025:13:27:57 -0400] "GET /pcmypage?callback=product/review/62332865 HTTP/1.1" 404 17037 "-" "Mozilla/5.0 (Linux; Android 6.0.1; Nexus 5X Build/MMB29P) AppleWebKit/537.36 (KHTML, like Gecko) Chrome/135.0.7049.95 Mobile Safari/537.36 (compatible; Googlebot/2.1; +http://www.google.com/bot.html)"
162.0.215.211 - - [26/Apr/2025:13:28:15 -0400] "POST /wp-cron.php?doing_wp_cron=1745688495.5899529457092285156250 HTTP/1.1" 200 0 "-" "WordPress/6.8; https://luxuryhomez.org"
66.249.73.11 - - [26/Apr/2025:13:28:15 -0400] "GET /shopdetail/52883059 HTTP/1.1" 301 0 "-" "Mozilla/5.0 (Linux; Android 6.0.1; Nexus 5X Build/MMB29P) AppleWebKit/537.36 (KHTML, like Gecko) Chrome/135.0.7049.95 Mobile Safari/537.36 (compatible; Googlebot/2.1; +http://www.google.com/bot.html)"
51.222.253.12 - - [26/Apr/2025:13:28:15 -0400] "GET /brand/brand-2/?orderby=menu_order&product_count=45&category-view-mode=grid&product_col_large=2 HTTP/1.1" 200 17950 "-" "Mozilla/5.0 (compatible; AhrefsBot/7.0; +http://ahrefs.com/robot/)"
66.249.73.5 - - [26/Apr/2025:13:28:16 -0400] "GET /shopdetail/52883059 HTTP/1.1" 404 17018 "-" "Mozilla/5.0 (Linux; Android 6.0.1; Nexus 5X Build/MMB29P) AppleWebKit/537.36 (KHTML, like Gecko) Chrome/135.0.7049.95 Mobile Safari/537.36 (compatible; Googlebot/2.1; +http://www.google.com/bot.html)"
162.0.215.211 - - [26/Apr/2025:13:28:33 -0400] "POST /wp-cron.php?doing_wp_cron=1745688513.5056829452514648437500 HTTP/1.1" 200 0 "-" "WordPress/6.8; https://luxuryhomez.org"
162.0.215.211 - - [26/Apr/2025:13:28:33 -0400] "POST /wp-admin/admin-ajax.php?action=async_litespeed&nonce=yvvn3qpQ8EG3kl1aj2YuzjW0ocGbpqpJ&litespeed_type=imgoptm HTTP/1.1" 200 21 "-" "WordPress/6.8; https://luxuryhomez.org"
57.141.4.12 - - [26/Apr/2025:13:28:33 -0400] "GET /shopdetail/62030559 HTTP/1.1" 404 71761 "-" "meta-externalagent/1.1 (+https://developers.facebook.com/docs/sharing/webmasters/crawler)"
66.249.73.10 - - [26/Apr/2025:13:28:34 -0400] "GET /shopdetail/106016559 HTTP/1.1" 301 0 "-" "Mozilla/5.0 (Linux; Android 6.0.1; Nexus 5X Build/MMB29P) AppleWebKit/537.36 (KHTML, like Gecko) Chrome/135.0.7049.95 Mobile Safari/537.36 (compatible; Googlebot/2.1; +http://www.google.com/bot.html)"
66.249.73.6 - - [26/Apr/2025:13:28:35 -0400] "GET /shopdetail/106016559 HTTP/1.1" 404 17021 "-" "Mozilla/5.0 (Linux; Android 6.0.1; Nexus 5X Build/MMB29P) AppleWebKit/537.36 (KHTML, like Gecko) Chrome/135.0.7049.95 Mobile Safari/537.36 (compatible; Googlebot/2.1; +http://www.google.com/bot.html)"
162.0.215.211 - - [26/Apr/2025:13:30:19 -0400] "POST /wp-cron.php?doing_wp_cron=1745688619.1946890354156494140625 HTTP/1.1" 200 0 "-" "WordPress/6.8; https://luxuryhomez.org"
57.141.4.6 - - [26/Apr/2025:13:30:15 -0400] "GET /shadow.php?642437090.htm HTTP/1.1" 404 71766 "-" "meta-externalagent/1.1 (+https://developers.facebook.com/docs/sharing/webmasters/crawler)"
66.249.73.7 - - [26/Apr/2025:13:30:15 -0400] "GET /index.phpsshopdetail/381619059 HTTP/1.1" 404 17032 "-" "Mozilla/5.0 (Linux; Android 6.0.1; Nexus 5X Build/MMB29P) AppleWebKit/537.36 (KHTML, like Gecko) Chrome/135.0.7049.95 Mobile Safari/537.36 (compatible; Googlebot/2.1; +http://www.google.com/bot.html)"
162.0.215.211 - - [26/Apr/2025:13:30:20 -0400] "POST /wp-admin/admin-ajax.php?action=async_litespeed&nonce=ebNNbRuJFnbcLcPB72qvGVJtTPjJDAJk&litespeed_type=imgoptm HTTP/1.1" 200 21 "-" "WordPress/6.8; https://luxuryhomez.org"
162.0.215.211 - - [26/Apr/2025:13:30:58 -0400] "POST /wp-cron.php?doing_wp_cron=1745688658.8188290596008300781250 HTTP/1.1" 200 0 "-" "WordPress/6.8; https://luxuryhomez.org"
