66.249.73.6 - - [26/Apr/2025:16:08:39 -0400] "GET /index.php/pcmypage?callback=product%2Fdetail%2F37834713 HTTP/1.1" 503 856 "-" "Mozilla/5.0 (Linux; Android 6.0.1; Nexus 5X Build/MMB29P) AppleWebKit/537.36 (KHTML, like Gecko) Chrome/135.0.7049.95 Mobile Safari/537.36 (compatible; Googlebot/2.1; +http://www.google.com/bot.html)"
66.249.73.11 - - [26/Apr/2025:16:09:04 -0400] "GET /pcmypage?callback=product/review/42730416 HTTP/1.1" 503 856 "-" "Mozilla/5.0 (Linux; Android 6.0.1; Nexus 5X Build/MMB29P) AppleWebKit/537.36 (KHTML, like Gecko) Chrome/135.0.7049.95 Mobile Safari/537.36 (compatible; Googlebot/2.1; +http://www.google.com/bot.html)"
66.249.73.7 - - [26/Apr/2025:16:10:41 -0400] "GET /index.phpsshopdetail/246216459 HTTP/1.1" 503 856 "-" "Mozilla/5.0 (compatible; Googlebot/2.1; +http://www.google.com/bot.html)"
66.249.73.6 - - [26/Apr/2025:16:12:35 -0400] "GET /index.phpsshopdetail/264443059 HTTP/1.1" 503 856 "-" "Mozilla/5.0 (Linux; Android 6.0.1; Nexus 5X Build/MMB29P) AppleWebKit/537.36 (KHTML, like Gecko) Chrome/135.0.7049.95 Mobile Safari/537.36 (compatible; Googlebot/2.1; +http://www.google.com/bot.html)"
66.249.73.5 - - [26/Apr/2025:16:12:58 -0400] "GET /index.phpsshopdetail/286804159 HTTP/1.1" 503 856 "-" "Mozilla/5.0 (Linux; Android 6.0.1; Nexus 5X Build/MMB29P) AppleWebKit/537.36 (KHTML, like Gecko) Chrome/135.0.7049.95 Mobile Safari/537.36 (compatible; Googlebot/2.1; +http://www.google.com/bot.html)"
66.249.73.7 - - [26/Apr/2025:16:13:44 -0400] "GET /index.phpsshopdetail/231732159 HTTP/1.1" 503 856 "-" "Mozilla/5.0 (Linux; Android 6.0.1; Nexus 5X Build/MMB29P) AppleWebKit/537.36 (KHTML, like Gecko) Chrome/135.0.7049.95 Mobile Safari/537.36 (compatible; Googlebot/2.1; +http://www.google.com/bot.html)"
57.141.4.7 - - [26/Apr/2025:16:13:59 -0400] "GET /shadow.php?277438384.htm HTTP/1.1" 503 1866 "-" "meta-externalagent/1.1 (+https://developers.facebook.com/docs/sharing/webmasters/crawler)"
57.141.4.22 - - [26/Apr/2025:16:14:57 -0400] "GET /shopdetail/17616659 HTTP/1.1" 503 1866 "-" "meta-externalagent/1.1 (+https://developers.facebook.com/docs/sharing/webmasters/crawler)"
66.249.73.6 - - [26/Apr/2025:16:14:58 -0400] "GET /index.phpsshopdetail/238503359 HTTP/1.1" 503 856 "-" "Mozilla/5.0 (Linux; Android 6.0.1; Nexus 5X Build/MMB29P) AppleWebKit/537.36 (KHTML, like Gecko) Chrome/135.0.7049.95 Mobile Safari/537.36 (compatible; Googlebot/2.1; +http://www.google.com/bot.html)"
57.141.4.23 - - [26/Apr/2025:16:15:12 -0400] "GET /shadow.php?111907919.htm HTTP/1.1" 503 1866 "-" "meta-externalagent/1.1 (+https://developers.facebook.com/docs/sharing/webmasters/crawler)"
51.222.253.7 - - [26/Apr/2025:16:15:51 -0400] "GET /robots.txt HTTP/1.1" 200 139 "-" "Mozilla/5.0 (compatible; AhrefsBot/7.0; +http://ahrefs.com/robot/)"
51.222.253.6 - - [26/Apr/2025:16:15:52 -0400] "GET /brand/brand-2/?orderby=price&category-view-mode=grid&product_col_large=2 HTTP/1.1" 503 856 "-" "Mozilla/5.0 (compatible; AhrefsBot/7.0; +http://ahrefs.com/robot/)"
57.141.4.27 - - [26/Apr/2025:16:16:28 -0400] "GET /shopdetail/255015559 HTTP/1.1" 503 1866 "-" "meta-externalagent/1.1 (+https://developers.facebook.com/docs/sharing/webmasters/crawler)"
66.249.73.6 - - [26/Apr/2025:16:19:03 -0400] "GET /index.phpsshopdetail/135974959 HTTP/1.1" 503 856 "-" "Mozilla/5.0 (compatible; Googlebot/2.1; +http://www.google.com/bot.html)"
66.249.73.7 - - [26/Apr/2025:16:19:03 -0400] "GET /index.phpsshopdetail/382199659 HTTP/1.1" 503 856 "-" "Mozilla/5.0 (Linux; Android 6.0.1; Nexus 5X Build/MMB29P) AppleWebKit/537.36 (KHTML, like Gecko) Chrome/135.0.7049.95 Mobile Safari/537.36 (compatible; GoogleOther)"
66.249.73.5 - - [26/Apr/2025:16:19:49 -0400] "GET /index.php/pcmypage?callback=product%2Fdetail%2F57439953 HTTP/1.1" 503 856 "-" "Mozilla/5.0 (Linux; Android 6.0.1; Nexus 5X Build/MMB29P) AppleWebKit/537.36 (KHTML, like Gecko) Chrome/135.0.7049.95 Mobile Safari/537.36 (compatible; Googlebot/2.1; +http://www.google.com/bot.html)"
66.249.73.10 - - [26/Apr/2025:16:23:18 -0400] "GET /shopdetail/131542159 HTTP/1.1" 503 856 "-" "Mozilla/5.0 (compatible; Googlebot/2.1; +http://www.google.com/bot.html)"
57.141.4.30 - - [26/Apr/2025:16:24:24 -0400] "GET /shopdetail/106779159 HTTP/1.1" 503 1866 "-" "meta-externalagent/1.1 (+https://developers.facebook.com/docs/sharing/webmasters/crawler)"
57.141.4.5 - - [26/Apr/2025:16:25:39 -0400] "GET /shopdetail/310696859 HTTP/1.1" 503 1866 "-" "meta-externalagent/1.1 (+https://developers.facebook.com/docs/sharing/webmasters/crawler)"
66.249.73.7 - - [26/Apr/2025:16:25:56 -0400] "GET /index.php/safe_search/config/feature/sale2411-5/index.html/man/customer_guide/text/terms/shopdetail/67275159/man/customer_guide/safe_search/config/pcmypage?callback=product/review/22981370 HTTP/1.1" 503 856 "-" "Mozilla/5.0 (Linux; Android 6.0.1; Nexus 5X Build/MMB29P) AppleWebKit/537.36 (KHTML, like Gecko) Chrome/135.0.7049.95 Mobile Safari/537.36 (compatible; GoogleOther)"
43.152.72.247 - - [26/Apr/2025:16:26:09 -0400] "GET / HTTP/1.1" 200 32705 "http://luxuryhomez.org" "Mozilla/5.0 (iPhone; CPU iPhone OS 13_2_3 like Mac OS X) AppleWebKit/605.1.15 (KHTML, like Gecko) Version/13.0.3 Mobile/15E148 Safari/604.1"
66.249.73.5 - - [26/Apr/2025:16:27:13 -0400] "GET /index.phpsshopdetail/191218759 HTTP/1.1" 503 856 "-" "Mozilla/5.0 (Linux; Android 6.0.1; Nexus 5X Build/MMB29P) AppleWebKit/537.36 (KHTML, like Gecko) Chrome/135.0.7049.95 Mobile Safari/537.36 (compatible; Googlebot/2.1; +http://www.google.com/bot.html)"
66.249.73.12 - - [26/Apr/2025:16:27:26 -0400] "GET /shopdetail/85653359 HTTP/1.1" 503 856 "-" "Mozilla/5.0 (Linux; Android 6.0.1; Nexus 5X Build/MMB29P) AppleWebKit/537.36 (KHTML, like Gecko) Chrome/135.0.7049.95 Mobile Safari/537.36 (compatible; Googlebot/2.1; +http://www.google.com/bot.html)"
66.249.73.12 - - [26/Apr/2025:16:28:07 -0400] "GET /pcmypage?callback=product/review/30858314 HTTP/1.1" 503 856 "-" "Mozilla/5.0 (Linux; Android 6.0.1; Nexus 5X Build/MMB29P) AppleWebKit/537.36 (KHTML, like Gecko) Chrome/135.0.7049.95 Mobile Safari/537.36 (compatible; Googlebot/2.1; +http://www.google.com/bot.html)"
66.249.73.11 - - [26/Apr/2025:16:28:57 -0400] "GET /shopdetail/15942859 HTTP/1.1" 503 856 "-" "Mozilla/5.0 (Linux; Android 6.0.1; Nexus 5X Build/MMB29P) AppleWebKit/537.36 (KHTML, like Gecko) Chrome/135.0.7049.95 Mobile Safari/537.36 (compatible; Googlebot/2.1; +http://www.google.com/bot.html)"
66.249.73.6 - - [26/Apr/2025:16:29:36 -0400] "GET /index.phpsshopdetail/4880459 HTTP/1.1" 503 856 "-" "Mozilla/5.0 (Linux; Android 6.0.1; Nexus 5X Build/MMB29P) AppleWebKit/537.36 (KHTML, like Gecko) Chrome/135.0.7049.95 Mobile Safari/537.36 (compatible; Googlebot/2.1; +http://www.google.com/bot.html)"
66.249.73.6 - - [26/Apr/2025:16:29:37 -0400] "GET /index.phpsshopdetail/261573459 HTTP/1.1" 503 856 "-" "Mozilla/5.0 (Linux; Android 6.0.1; Nexus 5X Build/MMB29P) AppleWebKit/537.36 (KHTML, like Gecko) Chrome/135.0.7049.95 Mobile Safari/537.36 (compatible; Googlebot/2.1; +http://www.google.com/bot.html)"
66.249.73.12 - - [26/Apr/2025:16:30:36 -0400] "GET /shopdetail/65796159 HTTP/1.1" 503 856 "-" "Mozilla/5.0 (Linux; Android 6.0.1; Nexus 5X Build/MMB29P) AppleWebKit/537.36 (KHTML, like Gecko) Chrome/135.0.7049.95 Mobile Safari/537.36 (compatible; Googlebot/2.1; +http://www.google.com/bot.html)"
57.141.4.28 - - [26/Apr/2025:16:32:02 -0400] "GET /shadow.php?802160196.htm HTTP/1.1" 503 1866 "-" "meta-externalagent/1.1 (+https://developers.facebook.com/docs/sharing/webmasters/crawler)"
66.249.73.12 - - [26/Apr/2025:16:32:54 -0400] "GET /shopdetail/120463059 HTTP/1.1" 503 856 "-" "Mozilla/5.0 (compatible; Googlebot/2.1; +http://www.google.com/bot.html)"
66.249.73.11 - - [26/Apr/2025:16:32:54 -0400] "GET /shopdetail/120463059 HTTP/1.1" 503 856 "-" "Mozilla/5.0 (Linux; Android 6.0.1; Nexus 5X Build/MMB29P) AppleWebKit/537.36 (KHTML, like Gecko) Chrome/135.0.7049.95 Mobile Safari/537.36 (compatible; Googlebot/2.1; +http://www.google.com/bot.html)"
57.141.4.12 - - [26/Apr/2025:16:33:50 -0400] "GET /shopdetail/50937859 HTTP/1.1" 503 1866 "-" "meta-externalagent/1.1 (+https://developers.facebook.com/docs/sharing/webmasters/crawler)"
57.141.4.29 - - [26/Apr/2025:16:34:18 -0400] "GET /shadow.php?1396623783.htm HTTP/1.1" 503 1866 "-" "meta-externalagent/1.1 (+https://developers.facebook.com/docs/sharing/webmasters/crawler)"
66.249.73.10 - - [26/Apr/2025:16:34:46 -0400] "GET /shopdetail/43528259 HTTP/1.1" 503 856 "-" "Mozilla/5.0 (compatible; Googlebot/2.1; +http://www.google.com/bot.html)"
66.249.73.5 - - [26/Apr/2025:16:37:11 -0400] "GET /shopdetail/66957059 HTTP/1.1" 503 856 "-" "Mozilla/5.0 (Linux; Android 6.0.1; Nexus 5X Build/MMB29P) AppleWebKit/537.36 (KHTML, like Gecko) Chrome/135.0.7049.95 Mobile Safari/537.36 (compatible; Googlebot/2.1; +http://www.google.com/bot.html)"
43.155.129.131 - - [26/Apr/2025:16:37:53 -0400] "GET /energy-savings/ HTTP/1.1" 503 856 "-" "Mozilla/5.0 (iPhone; CPU iPhone OS 13_2_3 like Mac OS X) AppleWebKit/605.1.15 (KHTML, like Gecko) Version/13.0.3 Mobile/15E148 Safari/604.1"
66.249.73.5 - - [26/Apr/2025:16:38:18 -0400] "GET /index.phpsshopdetail/58635459 HTTP/1.1" 503 856 "-" "Mozilla/5.0 (compatible; Googlebot/2.1; +http://www.google.com/bot.html)"
66.249.73.6 - - [26/Apr/2025:16:38:25 -0400] "GET /index.phpsshopdetail/269500259 HTTP/1.1" 503 856 "-" "Mozilla/5.0 (compatible; Googlebot/2.1; +http://www.google.com/bot.html)"
66.249.73.6 - - [26/Apr/2025:16:39:01 -0400] "GET /index.phpsshopdetail/95411859 HTTP/1.1" 503 856 "-" "Mozilla/5.0 (Linux; Android 6.0.1; Nexus 5X Build/MMB29P) AppleWebKit/537.36 (KHTML, like Gecko) Chrome/135.0.7049.95 Mobile Safari/537.36 (compatible; Googlebot/2.1; +http://www.google.com/bot.html)"
66.249.73.6 - - [26/Apr/2025:16:39:02 -0400] "GET /index.phpsshopdetail/95411859 HTTP/1.1" 503 856 "-" "Mozilla/5.0 (compatible; Googlebot/2.1; +http://www.google.com/bot.html)"
66.249.73.6 - - [26/Apr/2025:16:39:04 -0400] "GET /index.phpsshopdetail/88949359 HTTP/1.1" 503 856 "-" "Mozilla/5.0 (compatible; Googlebot/2.1; +http://www.google.com/bot.html)"
66.249.73.6 - - [26/Apr/2025:16:40:18 -0400] "GET /index.phpsshopdetail/165069059 HTTP/1.1" 503 856 "-" "Mozilla/5.0 (compatible; Googlebot/2.1; +http://www.google.com/bot.html)"
66.249.73.10 - - [26/Apr/2025:16:41:05 -0400] "GET /shopdetail/271621559 HTTP/1.1" 503 856 "-" "Mozilla/5.0 (compatible; Googlebot/2.1; +http://www.google.com/bot.html)"
66.249.73.6 - - [26/Apr/2025:16:41:28 -0400] "GET /index.phpsshopdetail/351136659 HTTP/1.1" 503 856 "-" "Mozilla/5.0 (Linux; Android 6.0.1; Nexus 5X Build/MMB29P) AppleWebKit/537.36 (KHTML, like Gecko) Chrome/135.0.7049.95 Mobile Safari/537.36 (compatible; Googlebot/2.1; +http://www.google.com/bot.html)"
66.249.73.10 - - [26/Apr/2025:16:41:47 -0400] "GET /shopdetail/56834259 HTTP/1.1" 503 856 "-" "Mozilla/5.0 (Linux; Android 6.0.1; Nexus 5X Build/MMB29P) AppleWebKit/537.36 (KHTML, like Gecko) Chrome/135.0.7049.95 Mobile Safari/537.36 (compatible; Googlebot/2.1; +http://www.google.com/bot.html)"
66.249.73.5 - - [26/Apr/2025:16:44:01 -0400] "GET /index.php/pcmypage?callback=product%2Fdetail%2F58801717 HTTP/1.1" 503 856 "-" "Mozilla/5.0 (Linux; Android 6.0.1; Nexus 5X Build/MMB29P) AppleWebKit/537.36 (KHTML, like Gecko) Chrome/135.0.7049.95 Mobile Safari/537.36 (compatible; GoogleOther)"
66.249.73.7 - - [26/Apr/2025:16:45:38 -0400] "GET /shopdetail/21115759 HTTP/1.1" 503 856 "-" "Mozilla/5.0 (Linux; Android 6.0.1; Nexus 5X Build/MMB29P) AppleWebKit/537.36 (KHTML, like Gecko) Chrome/135.0.7049.95 Mobile Safari/537.36 (compatible; Googlebot/2.1; +http://www.google.com/bot.html)"
57.141.4.19 - - [26/Apr/2025:16:46:02 -0400] "GET /shopdetail/205777459 HTTP/1.1" 503 1866 "-" "meta-externalagent/1.1 (+https://developers.facebook.com/docs/sharing/webmasters/crawler)"
57.141.4.4 - - [26/Apr/2025:16:49:17 -0400] "GET /shopdetail/324042159 HTTP/1.1" 503 1866 "-" "meta-externalagent/1.1 (+https://developers.facebook.com/docs/sharing/webmasters/crawler)"
66.249.73.7 - - [26/Apr/2025:16:50:18 -0400] "GET /index.phpsshopdetail/165069059 HTTP/1.1" 503 856 "-" "Mozilla/5.0 (compatible; Googlebot/2.1; +http://www.google.com/bot.html)"
66.249.73.5 - - [26/Apr/2025:16:50:51 -0400] "GET /zhHant/product/surugaya/62656517?campaign_uid=f64d716db5e979ed2f947dbaf4296895b951ae7f HTTP/1.1" 503 856 "-" "Mozilla/5.0 (Linux; Android 6.0.1; Nexus 5X Build/MMB29P) AppleWebKit/537.36 (KHTML, like Gecko) Chrome/135.0.7049.95 Mobile Safari/537.36 (compatible; GoogleOther)"
66.249.73.5 - - [26/Apr/2025:16:50:57 -0400] "GET /index.phpsshopdetail/198926859 HTTP/1.1" 503 856 "-" "Mozilla/5.0 (compatible; Googlebot/2.1; +http://www.google.com/bot.html)"
66.249.73.12 - - [26/Apr/2025:16:51:01 -0400] "GET /shopdetail/74189159 HTTP/1.1" 503 856 "-" "Mozilla/5.0 (compatible; Googlebot/2.1; +http://www.google.com/bot.html)"
57.141.4.28 - - [26/Apr/2025:16:51:55 -0400] "GET /shadow.php?748113632.htm HTTP/1.1" 503 1866 "-" "meta-externalagent/1.1 (+https://developers.facebook.com/docs/sharing/webmasters/crawler)"
43.166.134.47 - - [26/Apr/2025:16:52:18 -0400] "GET /product/flash-furniture/ HTTP/1.1" 503 856 "-" "Mozilla/5.0 (iPhone; CPU iPhone OS 13_2_3 like Mac OS X) AppleWebKit/605.1.15 (KHTML, like Gecko) Version/13.0.3 Mobile/15E148 Safari/604.1"
57.141.4.27 - - [26/Apr/2025:16:53:45 -0400] "GET /shadow.php?1396623783.htm HTTP/1.1" 503 1866 "-" "meta-externalagent/1.1 (+https://developers.facebook.com/docs/sharing/webmasters/crawler)"
66.249.73.6 - - [26/Apr/2025:16:53:53 -0400] "GET /zhHant/product/surugaya/60706918?campaign_uid=f64d716db5e979ed2f947dbaf4296895b951ae7f HTTP/1.1" 503 856 "-" "Mozilla/5.0 (Linux; Android 6.0.1; Nexus 5X Build/MMB29P) AppleWebKit/537.36 (KHTML, like Gecko) Chrome/135.0.7049.95 Mobile Safari/537.36 (compatible; GoogleOther)"
66.249.73.7 - - [26/Apr/2025:16:53:54 -0400] "GET /shopdetail/375702659 HTTP/1.1" 503 856 "-" "Mozilla/5.0 (Linux; Android 6.0.1; Nexus 5X Build/MMB29P) AppleWebKit/537.36 (KHTML, like Gecko) Chrome/135.0.7049.95 Mobile Safari/537.36 (compatible; GoogleOther)"
66.249.73.10 - - [26/Apr/2025:16:55:03 -0400] "GET /shopdetail/77268659 HTTP/1.1" 503 856 "-" "Mozilla/5.0 (compatible; Googlebot/2.1; +http://www.google.com/bot.html)"
66.249.73.7 - - [26/Apr/2025:16:55:55 -0400] "GET /pcmypage?callback=product%2Fdetail%2F39284624 HTTP/1.1" 503 856 "-" "Mozilla/5.0 (Linux; Android 6.0.1; Nexus 5X Build/MMB29P) AppleWebKit/537.36 (KHTML, like Gecko) Chrome/135.0.7049.95 Mobile Safari/537.36 (compatible; GoogleOther)"
66.249.73.6 - - [26/Apr/2025:16:55:57 -0400] "GET /index.php/pcmypage?callback=product/review/58801717 HTTP/1.1" 503 856 "-" "Mozilla/5.0 (Linux; Android 6.0.1; Nexus 5X Build/MMB29P) AppleWebKit/537.36 (KHTML, like Gecko) Chrome/135.0.7049.95 Mobile Safari/537.36 (compatible; GoogleOther)"
66.249.73.6 - - [26/Apr/2025:16:55:58 -0400] "GET /index.phpsshopdetail/376874459 HTTP/1.1" 503 856 "-" "Mozilla/5.0 (Linux; Android 6.0.1; Nexus 5X Build/MMB29P) AppleWebKit/537.36 (KHTML, like Gecko) Chrome/135.0.7049.95 Mobile Safari/537.36 (compatible; Googlebot/2.1; +http://www.google.com/bot.html)"
66.249.73.5 - - [26/Apr/2025:16:56:14 -0400] "GET /zhHant/product/surugaya/78858060?campaign_uid=f64d716db5e979ed2f947dbaf4296895b951ae7f HTTP/1.1" 503 856 "-" "Mozilla/5.0 (Linux; Android 6.0.1; Nexus 5X Build/MMB29P) AppleWebKit/537.36 (KHTML, like Gecko) Chrome/135.0.7049.95 Mobile Safari/537.36 (compatible; GoogleOther)"
144.91.119.115 - - [26/Apr/2025:16:57:02 -0400] "GET /wp-content/plugins/HelloDollyV2/hello_dolly_v2.php HTTP/1.1" 503 856 "www.google.com" "Mozilla/5.0 (Linux; Android 7.0; SM-G892A Build/NRD90M; wv) AppleWebKit/537.36 (KHTML, like Gecko) Version/4.0 Chrome/60.0.3112.107 Mobile Safari/537.36"
144.91.119.115 - - [26/Apr/2025:16:57:08 -0400] "GET /wp-content/themes/hello_dolly_v2.php HTTP/1.1" 503 856 "www.google.com" "Mozilla/5.0 (Linux; Android 7.0; SM-G892A Build/NRD90M; wv) AppleWebKit/537.36 (KHTML, like Gecko) Version/4.0 Chrome/60.0.3112.107 Mobile Safari/537.36"
144.91.119.115 - - [26/Apr/2025:16:57:10 -0400] "GET /wp-content/plugins/WordPressCore/include.php HTTP/1.1" 503 856 "www.google.com" "Mozilla/5.0 (Linux; Android 7.0; SM-G892A Build/NRD90M; wv) AppleWebKit/537.36 (KHTML, like Gecko) Version/4.0 Chrome/60.0.3112.107 Mobile Safari/537.36"
144.91.119.115 - - [26/Apr/2025:16:57:14 -0400] "GET /wp-content/themes/include.php HTTP/1.1" 503 856 "www.google.com" "Mozilla/5.0 (Linux; Android 7.0; SM-G892A Build/NRD90M; wv) AppleWebKit/537.36 (KHTML, like Gecko) Version/4.0 Chrome/60.0.3112.107 Mobile Safari/537.36"
57.141.4.5 - - [26/Apr/2025:16:59:02 -0400] "GET /shopdetail/36673959 HTTP/1.1" 503 1866 "-" "meta-externalagent/1.1 (+https://developers.facebook.com/docs/sharing/webmasters/crawler)"
57.141.4.13 - - [26/Apr/2025:16:59:33 -0400] "GET /shadow.php?569872916.htm HTTP/1.1" 503 1866 "-" "meta-externalagent/1.1 (+https://developers.facebook.com/docs/sharing/webmasters/crawler)"
66.249.73.7 - - [26/Apr/2025:17:00:00 -0400] "GET /index.php/pcmypage/shopdetail/234218459 HTTP/1.1" 503 856 "-" "Mozilla/5.0 (Linux; Android 6.0.1; Nexus 5X Build/MMB29P) AppleWebKit/537.36 (KHTML, like Gecko) Chrome/135.0.7049.95 Mobile Safari/537.36 (compatible; Googlebot/2.1; +http://www.google.com/bot.html)"
66.249.73.10 - - [26/Apr/2025:17:01:00 -0400] "GET /shopdetail/74189159 HTTP/1.1" 503 856 "-" "Mozilla/5.0 (compatible; Googlebot/2.1; +http://www.google.com/bot.html)"
66.249.73.11 - - [26/Apr/2025:17:01:34 -0400] "GET /shopdetail/136364059 HTTP/1.1" 503 856 "-" "Mozilla/5.0 (Linux; Android 6.0.1; Nexus 5X Build/MMB29P) AppleWebKit/537.36 (KHTML, like Gecko) Chrome/135.0.7049.95 Mobile Safari/537.36 (compatible; Googlebot/2.1; +http://www.google.com/bot.html)"
57.141.4.20 - - [26/Apr/2025:17:01:53 -0400] "GET /shopdetail/229015059 HTTP/1.1" 503 1866 "-" "meta-externalagent/1.1 (+https://developers.facebook.com/docs/sharing/webmasters/crawler)"
66.249.73.7 - - [26/Apr/2025:17:01:57 -0400] "GET /index.phpsshopdetail/308923159 HTTP/1.1" 503 856 "-" "Mozilla/5.0 (compatible; Googlebot/2.1; +http://www.google.com/bot.html)"
43.135.182.95 - - [26/Apr/2025:17:03:01 -0400] "GET /feed/ HTTP/1.1" 503 856 "-" "Mozilla/5.0 (iPhone; CPU iPhone OS 13_2_3 like Mac OS X) AppleWebKit/605.1.15 (KHTML, like Gecko) Version/13.0.3 Mobile/15E148 Safari/604.1"
66.249.73.7 - - [26/Apr/2025:17:05:25 -0400] "GET /index.phpsshopdetail/284607359 HTTP/1.1" 503 856 "-" "Mozilla/5.0 (compatible; Googlebot/2.1; +http://www.google.com/bot.html)"
66.249.73.5 - - [26/Apr/2025:17:05:26 -0400] "GET /index.phpsshopdetail/284607359 HTTP/1.1" 503 856 "-" "Mozilla/5.0 (Linux; Android 6.0.1; Nexus 5X Build/MMB29P) AppleWebKit/537.36 (KHTML, like Gecko) Chrome/135.0.7049.95 Mobile Safari/537.36 (compatible; Googlebot/2.1; +http://www.google.com/bot.html)"
66.249.73.5 - - [26/Apr/2025:17:05:56 -0400] "GET /index.phpsshopdetail/376874459 HTTP/1.1" 503 856 "-" "Mozilla/5.0 (Linux; Android 6.0.1; Nexus 5X Build/MMB29P) AppleWebKit/537.36 (KHTML, like Gecko) Chrome/135.0.7049.95 Mobile Safari/537.36 (compatible; Googlebot/2.1; +http://www.google.com/bot.html)"
66.249.73.6 - - [26/Apr/2025:17:07:11 -0400] "GET /shopdetail/32034959 HTTP/1.1" 503 856 "-" "Mozilla/5.0 (Linux; Android 6.0.1; Nexus 5X Build/MMB29P) AppleWebKit/537.36 (KHTML, like Gecko) Chrome/135.0.7049.95 Mobile Safari/537.36 (compatible; Googlebot/2.1; +http://www.google.com/bot.html)"
43.128.156.124 - - [26/Apr/2025:17:10:29 -0400] "GET /wp-json/wp/v2/pages/11833 HTTP/1.1" 503 856 "-" "Mozilla/5.0 (iPhone; CPU iPhone OS 13_2_3 like Mac OS X) AppleWebKit/605.1.15 (KHTML, like Gecko) Version/13.0.3 Mobile/15E148 Safari/604.1"
66.249.73.11 - - [26/Apr/2025:17:10:46 -0400] "GET /shopdetail/91855259 HTTP/1.1" 503 856 "-" "Mozilla/5.0 (compatible; Googlebot/2.1; +http://www.google.com/bot.html)"
57.141.4.26 - - [26/Apr/2025:17:12:37 -0400] "GET /shadow.php?1245270076.htm HTTP/1.1" 503 1866 "-" "meta-externalagent/1.1 (+https://developers.facebook.com/docs/sharing/webmasters/crawler)"
66.249.73.10 - - [26/Apr/2025:17:14:13 -0400] "GET /shopdetail/92774259 HTTP/1.1" 503 856 "-" "Mozilla/5.0 (compatible; Googlebot/2.1; +http://www.google.com/bot.html)"
57.141.4.24 - - [26/Apr/2025:17:15:07 -0400] "GET /shopdetail/252514059 HTTP/1.1" 503 1866 "-" "meta-externalagent/1.1 (+https://developers.facebook.com/docs/sharing/webmasters/crawler)"
66.249.73.6 - - [26/Apr/2025:17:16:41 -0400] "GET /zhHant/product/surugaya/66284312?campaign_uid=f64d716db5e979ed2f947dbaf4296895b951ae7f HTTP/1.1" 503 856 "-" "Mozilla/5.0 (Linux; Android 6.0.1; Nexus 5X Build/MMB29P) AppleWebKit/537.36 (KHTML, like Gecko) Chrome/135.0.7049.95 Mobile Safari/537.36 (compatible; GoogleOther)"
57.141.4.23 - - [26/Apr/2025:17:19:59 -0400] "GET /shadow.php?1076708857.htm HTTP/1.1" 503 1866 "-" "meta-externalagent/1.1 (+https://developers.facebook.com/docs/sharing/webmasters/crawler)"
66.249.73.5 - - [26/Apr/2025:17:21:16 -0400] "GET /shopdetail/341506259 HTTP/1.1" 503 856 "-" "Mozilla/5.0 (Linux; Android 6.0.1; Nexus 5X Build/MMB29P) AppleWebKit/537.36 (KHTML, like Gecko) Chrome/135.0.7049.95 Mobile Safari/537.36 (compatible; GoogleOther)"
43.157.95.239 - - [26/Apr/2025:17:21:36 -0400] "GET /my-account/ HTTP/1.1" 503 856 "-" "Mozilla/5.0 (iPhone; CPU iPhone OS 13_2_3 like Mac OS X) AppleWebKit/605.1.15 (KHTML, like Gecko) Version/13.0.3 Mobile/15E148 Safari/604.1"
57.141.4.16 - - [26/Apr/2025:17:22:32 -0400] "GET /shadow.php?1601929403.htm HTTP/1.1" 503 1866 "-" "meta-externalagent/1.1 (+https://developers.facebook.com/docs/sharing/webmasters/crawler)"
51.222.253.11 - - [26/Apr/2025:17:23:01 -0400] "GET /brand/brand-2/?orderby=popularity&product_count=30&category-view-mode=grid&product_col_large=2 HTTP/1.1" 503 856 "-" "Mozilla/5.0 (compatible; AhrefsBot/7.0; +http://ahrefs.com/robot/)"
66.249.73.5 - - [26/Apr/2025:17:23:03 -0400] "GET /pcmypage?callback=product/review/76719594 HTTP/1.1" 503 856 "-" "Mozilla/5.0 (Linux; Android 6.0.1; Nexus 5X Build/MMB29P) AppleWebKit/537.36 (KHTML, like Gecko) Chrome/135.0.7049.95 Mobile Safari/537.36 (compatible; Googlebot/2.1; +http://www.google.com/bot.html)"
66.249.73.7 - - [26/Apr/2025:17:24:03 -0400] "GET /index.phpsshopdetail/76368959 HTTP/1.1" 503 856 "-" "Mozilla/5.0 (Linux; Android 6.0.1; Nexus 5X Build/MMB29P) AppleWebKit/537.36 (KHTML, like Gecko) Chrome/135.0.7049.95 Mobile Safari/537.36 (compatible; GoogleOther)"
66.249.73.5 - - [26/Apr/2025:17:24:41 -0400] "GET /shopdetail/269610959 HTTP/1.1" 503 856 "-" "Mozilla/5.0 (compatible; Googlebot/2.1; +http://www.google.com/bot.html)"
57.141.4.7 - - [26/Apr/2025:17:25:09 -0400] "GET /shopdetail/63752459 HTTP/1.1" 503 1866 "-" "meta-externalagent/1.1 (+https://developers.facebook.com/docs/sharing/webmasters/crawler)"
66.249.73.7 - - [26/Apr/2025:17:25:38 -0400] "GET /index.php/pcmypage?callback=/product%2Fdetail%2F67005508 HTTP/1.1" 503 856 "-" "Mozilla/5.0 (Linux; Android 6.0.1; Nexus 5X Build/MMB29P) AppleWebKit/537.36 (KHTML, like Gecko) Chrome/135.0.7049.95 Mobile Safari/537.36 (compatible; Googlebot/2.1; +http://www.google.com/bot.html)"
66.249.73.5 - - [26/Apr/2025:17:26:34 -0400] "GET /index.php/zhHant/product/surugaya/51315015?campaign_uid=f64d716db5e979ed2f947dbaf4296895b951ae7f HTTP/1.1" 503 856 "-" "Mozilla/5.0 (Linux; Android 6.0.1; Nexus 5X Build/MMB29P) AppleWebKit/537.36 (KHTML, like Gecko) Chrome/135.0.7049.95 Mobile Safari/537.36 (compatible; GoogleOther)"
66.249.73.12 - - [26/Apr/2025:17:28:23 -0400] "GET /shopdetail/7480059 HTTP/1.1" 503 856 "-" "Mozilla/5.0 (Linux; Android 6.0.1; Nexus 5X Build/MMB29P) AppleWebKit/537.36 (KHTML, like Gecko) Chrome/135.0.7049.95 Mobile Safari/537.36 (compatible; Googlebot/2.1; +http://www.google.com/bot.html)"
66.249.73.6 - - [26/Apr/2025:17:30:18 -0400] "GET /index.php/safe_search/config?return_url=%2Fproduct%2Fdetail%2F71407355 HTTP/1.1" 503 856 "-" "Mozilla/5.0 (compatible; Googlebot/2.1; +http://www.google.com/bot.html)"
66.249.73.6 - - [26/Apr/2025:17:31:44 -0400] "GET /shopdetail/313406959 HTTP/1.1" 503 856 "-" "Mozilla/5.0 (Linux; Android 6.0.1; Nexus 5X Build/MMB29P) AppleWebKit/537.36 (KHTML, like Gecko) Chrome/135.0.7049.95 Mobile Safari/537.36 (compatible; Googlebot/2.1; +http://www.google.com/bot.html)"
57.141.4.4 - - [26/Apr/2025:17:32:06 -0400] "GET /shopdetail/4040759 HTTP/1.1" 503 1866 "-" "meta-externalagent/1.1 (+https://developers.facebook.com/docs/sharing/webmasters/crawler)"
66.249.73.11 - - [26/Apr/2025:17:32:29 -0400] "GET /shopdetail/41065459 HTTP/1.1" 503 856 "-" "Mozilla/5.0 (compatible; Googlebot/2.1; +http://www.google.com/bot.html)"
57.141.4.3 - - [26/Apr/2025:17:33:08 -0400] "GET /shadow.php?476483619.htm HTTP/1.1" 503 1866 "-" "meta-externalagent/1.1 (+https://developers.facebook.com/docs/sharing/webmasters/crawler)"
43.130.14.245 - - [26/Apr/2025:17:33:59 -0400] "GET /luxury-homes/ HTTP/1.1" 503 856 "-" "Mozilla/5.0 (iPhone; CPU iPhone OS 13_2_3 like Mac OS X) AppleWebKit/605.1.15 (KHTML, like Gecko) Version/13.0.3 Mobile/15E148 Safari/604.1"
66.249.73.6 - - [26/Apr/2025:17:34:48 -0400] "GET /index.phpsshopdetail/254284459 HTTP/1.1" 503 856 "-" "Mozilla/5.0 (Linux; Android 6.0.1; Nexus 5X Build/MMB29P) AppleWebKit/537.36 (KHTML, like Gecko) Chrome/135.0.7049.95 Mobile Safari/537.36 (compatible; GoogleOther)"
66.249.73.5 - - [26/Apr/2025:17:34:52 -0400] "GET /index.php/pcmypage?callback=/product%2Fdetail%2F02936877 HTTP/1.1" 503 856 "-" "Mozilla/5.0 (Linux; Android 6.0.1; Nexus 5X Build/MMB29P) AppleWebKit/537.36 (KHTML, like Gecko) Chrome/135.0.7049.95 Mobile Safari/537.36 (compatible; Googlebot/2.1; +http://www.google.com/bot.html)"
66.249.73.7 - - [26/Apr/2025:17:36:48 -0400] "GET /index.php/pcmypage?callback=product%2Fdetail%2F51315015 HTTP/1.1" 503 856 "-" "Mozilla/5.0 (Linux; Android 6.0.1; Nexus 5X Build/MMB29P) AppleWebKit/537.36 (KHTML, like Gecko) Chrome/135.0.7049.95 Mobile Safari/537.36 (compatible; GoogleOther)"
57.141.4.5 - - [26/Apr/2025:17:37:07 -0400] "GET /shopdetail/142254859 HTTP/1.1" 503 1866 "-" "meta-externalagent/1.1 (+https://developers.facebook.com/docs/sharing/webmasters/crawler)"
66.249.73.5 - - [26/Apr/2025:17:37:39 -0400] "GET /shopdetail/211352859 HTTP/1.1" 503 856 "-" "Mozilla/5.0 (compatible; Googlebot/2.1; +http://www.google.com/bot.html)"
66.249.73.6 - - [26/Apr/2025:17:37:39 -0400] "GET /shopdetail/211352859 HTTP/1.1" 503 856 "-" "Mozilla/5.0 (Linux; Android 6.0.1; Nexus 5X Build/MMB29P) AppleWebKit/537.36 (KHTML, like Gecko) Chrome/135.0.7049.95 Mobile Safari/537.36 (compatible; Googlebot/2.1; +http://www.google.com/bot.html)"
57.141.4.13 - - [26/Apr/2025:17:38:13 -0400] "GET /shadow.php?1118069022.htm HTTP/1.1" 503 1866 "-" "meta-externalagent/1.1 (+https://developers.facebook.com/docs/sharing/webmasters/crawler)"
57.141.4.9 - - [26/Apr/2025:17:39:15 -0400] "GET /shadow.php?199144341.htm HTTP/1.1" 503 1866 "-" "meta-externalagent/1.1 (+https://developers.facebook.com/docs/sharing/webmasters/crawler)"
57.141.4.23 - - [26/Apr/2025:17:39:19 -0400] "GET /shopdetail/30695059 HTTP/1.1" 503 1866 "-" "meta-externalagent/1.1 (+https://developers.facebook.com/docs/sharing/webmasters/crawler)"
66.249.73.7 - - [26/Apr/2025:17:40:18 -0400] "GET /index.php/safe_search/config?return_url=%2Fproduct%2Fdetail%2F71407355 HTTP/1.1" 503 856 "-" "Mozilla/5.0 (compatible; Googlebot/2.1; +http://www.google.com/bot.html)"
66.249.73.7 - - [26/Apr/2025:17:41:29 -0400] "GET /index.phpsshopdetail/346463759 HTTP/1.1" 503 856 "-" "Mozilla/5.0 (compatible; Googlebot/2.1; +http://www.google.com/bot.html)"
66.249.73.12 - - [26/Apr/2025:17:42:27 -0400] "GET /shopdetail/41065459 HTTP/1.1" 503 856 "-" "Mozilla/5.0 (compatible; Googlebot/2.1; +http://www.google.com/bot.html)"
57.141.4.11 - - [26/Apr/2025:17:42:37 -0400] "GET /shopdetail/368608159 HTTP/1.1" 503 1866 "-" "meta-externalagent/1.1 (+https://developers.facebook.com/docs/sharing/webmasters/crawler)"
57.141.4.26 - - [26/Apr/2025:17:43:52 -0400] "GET /shopdetail/251343159 HTTP/1.1" 503 1866 "-" "meta-externalagent/1.1 (+https://developers.facebook.com/docs/sharing/webmasters/crawler)"
66.249.73.12 - - [26/Apr/2025:17:44:11 -0400] "GET /pcmypage?callback=product%2Fdetail%2F59739981 HTTP/1.1" 503 856 "-" "Mozilla/5.0 (compatible; Googlebot/2.1; +http://www.google.com/bot.html)"
66.249.73.6 - - [26/Apr/2025:17:47:17 -0400] "GET /shopdetail/272334559 HTTP/1.1" 503 856 "-" "Mozilla/5.0 (compatible; Googlebot/2.1; +http://www.google.com/bot.html)"
57.141.4.15 - - [26/Apr/2025:17:47:48 -0400] "GET /shopdetail/112778159 HTTP/1.1" 503 1866 "-" "meta-externalagent/1.1 (+https://developers.facebook.com/docs/sharing/webmasters/crawler)"
66.249.73.5 - - [26/Apr/2025:17:47:51 -0400] "GET /index.phpsshopdetail/358499659 HTTP/1.1" 503 856 "-" "Mozilla/5.0 (Linux; Android 6.0.1; Nexus 5X Build/MMB29P) AppleWebKit/537.36 (KHTML, like Gecko) Chrome/135.0.7049.95 Mobile Safari/537.36 (compatible; GoogleOther)"
57.141.4.20 - - [26/Apr/2025:17:48:49 -0400] "GET /shopdetail/179085359 HTTP/1.1" 503 1866 "-" "meta-externalagent/1.1 (+https://developers.facebook.com/docs/sharing/webmasters/crawler)"
57.141.4.2 - - [26/Apr/2025:17:48:54 -0400] "GET /shadow.php?1093101468.htm HTTP/1.1" 503 1866 "-" "meta-externalagent/1.1 (+https://developers.facebook.com/docs/sharing/webmasters/crawler)"
66.249.73.6 - - [26/Apr/2025:17:51:02 -0400] "GET /index.phpsshopdetail/196718359 HTTP/1.1" 503 856 "-" "Mozilla/5.0 (Linux; Android 6.0.1; Nexus 5X Build/MMB29P) AppleWebKit/537.36 (KHTML, like Gecko) Chrome/135.0.7049.95 Mobile Safari/537.36 (compatible; Googlebot/2.1; +http://www.google.com/bot.html)"
66.249.73.10 - - [26/Apr/2025:17:51:18 -0400] "GET /pcmypage?callback=product%2Fdetail%2F51515817 HTTP/1.1" 503 856 "-" "Mozilla/5.0 (Linux; Android 6.0.1; Nexus 5X Build/MMB29P) AppleWebKit/537.36 (KHTML, like Gecko) Chrome/135.0.7049.95 Mobile Safari/537.36 (compatible; Googlebot/2.1; +http://www.google.com/bot.html)"
66.249.73.7 - - [26/Apr/2025:17:52:21 -0400] "GET /index.phpsshopdetail/372740059 HTTP/1.1" 503 856 "-" "Mozilla/5.0 (compatible; Googlebot/2.1; +http://www.google.com/bot.html)"
57.141.4.5 - - [26/Apr/2025:17:53:03 -0400] "GET /shopdetail/192687959 HTTP/1.1" 503 1866 "-" "meta-externalagent/1.1 (+https://developers.facebook.com/docs/sharing/webmasters/crawler)"
57.141.4.3 - - [26/Apr/2025:17:56:09 -0400] "GET /shadow.php?389948450.htm HTTP/1.1" 503 1866 "-" "meta-externalagent/1.1 (+https://developers.facebook.com/docs/sharing/webmasters/crawler)"
66.249.73.10 - - [26/Apr/2025:17:56:48 -0400] "GET /shopdetail/33752859 HTTP/1.1" 503 856 "-" "Mozilla/5.0 (compatible; Googlebot/2.1; +http://www.google.com/bot.html)"
66.249.73.11 - - [26/Apr/2025:17:56:49 -0400] "GET /shopdetail/33752859 HTTP/1.1" 503 856 "-" "Mozilla/5.0 (Linux; Android 6.0.1; Nexus 5X Build/MMB29P) AppleWebKit/537.36 (KHTML, like Gecko) Chrome/135.0.7049.95 Mobile Safari/537.36 (compatible; Googlebot/2.1; +http://www.google.com/bot.html)"
66.249.73.12 - - [26/Apr/2025:17:59:14 -0400] "GET /shopdetail/101125359 HTTP/1.1" 503 856 "-" "Mozilla/5.0 (compatible; Googlebot/2.1; +http://www.google.com/bot.html)"
66.249.73.11 - - [26/Apr/2025:17:59:41 -0400] "GET /shopdetail/66168259 HTTP/1.1" 503 856 "-" "Mozilla/5.0 (compatible; Googlebot/2.1; +http://www.google.com/bot.html)"
57.141.4.14 - - [26/Apr/2025:18:00:28 -0400] "GET /shopdetail/344165259 HTTP/1.1" 503 1866 "-" "meta-externalagent/1.1 (+https://developers.facebook.com/docs/sharing/webmasters/crawler)"
66.249.73.6 - - [26/Apr/2025:18:00:59 -0400] "GET /index.phpsshopdetail/186848559 HTTP/1.1" 503 856 "-" "Mozilla/5.0 (Linux; Android 6.0.1; Nexus 5X Build/MMB29P) AppleWebKit/537.36 (KHTML, like Gecko) Chrome/135.0.7049.95 Mobile Safari/537.36 (compatible; GoogleOther)"
66.249.73.7 - - [26/Apr/2025:18:01:02 -0400] "GET /index.phpsshopdetail/196718359 HTTP/1.1" 503 856 "-" "Mozilla/5.0 (Linux; Android 6.0.1; Nexus 5X Build/MMB29P) AppleWebKit/537.36 (KHTML, like Gecko) Chrome/135.0.7049.95 Mobile Safari/537.36 (compatible; Googlebot/2.1; +http://www.google.com/bot.html)"
66.249.73.6 - - [26/Apr/2025:18:01:19 -0400] "GET /index.phpsshopdetail/281232059 HTTP/1.1" 503 856 "-" "Mozilla/5.0 (Linux; Android 6.0.1; Nexus 5X Build/MMB29P) AppleWebKit/537.36 (KHTML, like Gecko) Chrome/135.0.7049.95 Mobile Safari/537.36 (compatible; Googlebot/2.1; +http://www.google.com/bot.html)"
57.141.4.18 - - [26/Apr/2025:18:01:28 -0400] "GET /shadow.php?727759369.htm HTTP/1.1" 503 1866 "-" "meta-externalagent/1.1 (+https://developers.facebook.com/docs/sharing/webmasters/crawler)"
66.249.73.12 - - [26/Apr/2025:18:01:41 -0400] "GET /pcmypage?callback=product%2Fdetail%2F12444061 HTTP/1.1" 503 856 "-" "Mozilla/5.0 (Linux; Android 6.0.1; Nexus 5X Build/MMB29P) AppleWebKit/537.36 (KHTML, like Gecko) Chrome/135.0.7049.95 Mobile Safari/537.36 (compatible; Googlebot/2.1; +http://www.google.com/bot.html)"
57.141.4.9 - - [26/Apr/2025:18:01:48 -0400] "GET /shadow.php?1609355725.htm HTTP/1.1" 503 1866 "-" "meta-externalagent/1.1 (+https://developers.facebook.com/docs/sharing/webmasters/crawler)"
66.249.73.7 - - [26/Apr/2025:18:02:19 -0400] "GET /index.phpsshopdetail/372740059 HTTP/1.1" 503 856 "-" "Mozilla/5.0 (compatible; Googlebot/2.1; +http://www.google.com/bot.html)"
66.249.73.5 - - [26/Apr/2025:18:03:12 -0400] "GET /index.phpsshopdetail/307560359 HTTP/1.1" 503 856 "-" "Mozilla/5.0 (Linux; Android 6.0.1; Nexus 5X Build/MMB29P) AppleWebKit/537.36 (KHTML, like Gecko) Chrome/135.0.7049.95 Mobile Safari/537.36 (compatible; Googlebot/2.1; +http://www.google.com/bot.html)"
75.119.153.221 - - [26/Apr/2025:18:03:22 -0400] "POST /xmlrpc.php HTTP/1.1" 503 1866 "-" "Mozilla/5.0 (Windows NT 6.1; Win64; x64) AppleWebKit/537.36 (KHTML, like Gecko) Chrome/63.0.3239.132 Safari/537.36"
195.15.211.106 - - [26/Apr/2025:18:03:22 -0400] "POST /xmlrpc.php HTTP/1.1" 503 1866 "-" "Mozilla/5.0 (Windows NT 10.0; WOW64; rv:54.0) Gecko/20100101 Firefox/54.0"
194.163.164.140 - - [26/Apr/2025:18:03:24 -0400] "POST /xmlrpc.php HTTP/1.1" 503 1866 "-" "Mozilla/5.0 (Windows NT 10.0; Win64; x64) AppleWebKit/537.36 (KHTML, like Gecko) Chrome/72.0.3626.121 Safari/537.36"
194.163.164.140 - - [26/Apr/2025:18:03:26 -0400] "POST /xmlrpc.php HTTP/1.1" 503 1866 "-" "Mozilla/5.0 (Windows NT 10.0; Win64; x64) AppleWebKit/537.36 (KHTML, like Gecko) Chrome/91.0.4472.114 Safari/537.36"
85.10.137.175 - - [26/Apr/2025:18:03:27 -0400] "POST /xmlrpc.php HTTP/1.1" 503 1866 "-" "Mozilla/5.0 (Windows NT 10.0; Win64; x64) AppleWebKit/537.36 (KHTML, like Gecko) Chrome/87.0.4280.88 Safari/537.36"
194.163.164.140 - - [26/Apr/2025:18:03:30 -0400] "POST /xmlrpc.php HTTP/1.1" 503 1866 "-" "Mozilla/5.0 (iPad; CPU OS 14_6 like Mac OS X) AppleWebKit/605.1.15 (KHTML, like Gecko) CriOS/91.0.4472.80 Mobile/15E148 Safari/604.1"
194.163.164.140 - - [26/Apr/2025:18:03:32 -0400] "POST /xmlrpc.php HTTP/1.1" 503 1866 "-" "Mozilla/5.0 (Windows NT 10.0; Win64; x64) AppleWebKit/537.36 (KHTML, like Gecko) Chrome/79.0.3945.117 Safari/537.36"
178.239.158.22 - - [26/Apr/2025:18:03:34 -0400] "POST /xmlrpc.php HTTP/1.1" 503 1866 "-" "Mozilla/5.0 (Linux; Android 10; LM-X420) AppleWebKit/537.36 (KHTML, like Gecko) Chrome/91.0.4472.114 Mobile Safari/537.36"
5.78.78.176 - - [26/Apr/2025:18:03:38 -0400] "POST /xmlrpc.php HTTP/1.1" 503 1866 "-" "Mozilla/5.0 (Windows NT 10.0; Win64; x64) AppleWebKit/537.36 (KHTML, like Gecko) Chrome/60.0.3112.113 Safari/537.36"
85.10.137.175 - - [26/Apr/2025:18:03:43 -0400] "POST /xmlrpc.php HTTP/1.1" 503 1866 "-" "Mozilla/5.0 (iPad; CPU OS 14_6 like Mac OS X) AppleWebKit/605.1.15 (KHTML, like Gecko) CriOS/91.0.4472.80 Mobile/15E148 Safari/604.1"
154.209.172.130 - - [26/Apr/2025:18:03:46 -0400] "POST /xmlrpc.php HTTP/1.1" 503 1866 "-" "Mozilla/5.0 (Windows NT 6.1; WOW64; rv:38.0) Gecko/20100101 Firefox/38.0"
66.249.73.11 - - [26/Apr/2025:18:04:52 -0400] "GET /pcmypage?callback=/product%2Fdetail%2F12444061 HTTP/1.1" 503 856 "-" "Mozilla/5.0 (Linux; Android 6.0.1; Nexus 5X Build/MMB29P) AppleWebKit/537.36 (KHTML, like Gecko) Chrome/135.0.7049.95 Mobile Safari/537.36 (compatible; Googlebot/2.1; +http://www.google.com/bot.html)"
66.249.73.10 - - [26/Apr/2025:18:06:17 -0400] "GET /shopdetail/71945459 HTTP/1.1" 503 856 "-" "Mozilla/5.0 (compatible; Googlebot/2.1; +http://www.google.com/bot.html)"
57.141.4.6 - - [26/Apr/2025:18:07:07 -0400] "GET /shopdetail/116895259 HTTP/1.1" 503 1866 "-" "meta-externalagent/1.1 (+https://developers.facebook.com/docs/sharing/webmasters/crawler)"
194.5.82.165 - - [26/Apr/2025:18:07:23 -0400] "GET /size.php HTTP/1.1" 503 856 "http://luxuryhomez.org/size.php" "Go-http-client/2.0"
194.5.82.165 - - [26/Apr/2025:18:07:23 -0400] "GET /wp-includes/certificates/wp-conflg.php HTTP/1.1" 503 856 "http://luxuryhomez.org/wp-includes/certificates/wp-conflg.php" "Go-http-client/2.0"
194.5.82.165 - - [26/Apr/2025:18:07:23 -0400] "GET /elp.php HTTP/1.1" 503 856 "http://luxuryhomez.org/elp.php" "Go-http-client/2.0"
194.5.82.165 - - [26/Apr/2025:18:07:24 -0400] "GET /bk/index.php HTTP/1.1" 503 856 "http://luxuryhomez.org/bk/index.php" "Go-http-client/2.0"
194.5.82.165 - - [26/Apr/2025:18:07:24 -0400] "GET /wp-content/themes/alera/alpha.php HTTP/1.1" 503 856 "http://luxuryhomez.org/wp-content/themes/alera/alpha.php" "Go-http-client/2.0"
194.5.82.165 - - [26/Apr/2025:18:07:25 -0400] "GET /adminfuns.php HTTP/1.1" 503 856 "http://luxuryhomez.org/adminfuns.php" "Go-http-client/2.0"
194.5.82.165 - - [26/Apr/2025:18:07:25 -0400] "GET /atomlib.php HTTP/1.1" 503 856 "http://luxuryhomez.org/atomlib.php" "Go-http-client/2.0"
194.5.82.165 - - [26/Apr/2025:18:07:26 -0400] "GET /wp-file.php HTTP/1.1" 503 856 "http://luxuryhomez.org/wp-file.php" "Go-http-client/2.0"
194.5.82.165 - - [26/Apr/2025:18:07:26 -0400] "GET /wp-includes/Text/about.php HTTP/1.1" 503 856 "http://luxuryhomez.org/wp-includes/Text/about.php" "Go-http-client/2.0"
194.5.82.165 - - [26/Apr/2025:18:07:27 -0400] "GET /wp-admin/network/admin.php HTTP/1.1" 503 856 "http://luxuryhomez.org/wp-admin/network/admin.php" "Go-http-client/2.0"
194.5.82.165 - - [26/Apr/2025:18:07:27 -0400] "GET /.well-known/gecko-litespeed.php HTTP/1.1" 503 856 "http://luxuryhomez.org/.well-known/gecko-litespeed.php" "Go-http-client/2.0"
194.5.82.165 - - [26/Apr/2025:18:07:28 -0400] "GET /MARIJUANA/icon.png HTTP/1.1" 503 856 "http://luxuryhomez.org/MARIJUANA/icon.png" "Go-http-client/2.0"
194.5.82.165 - - [26/Apr/2025:18:07:28 -0400] "GET /wp-content/radio.php HTTP/1.1" 503 856 "http://luxuryhomez.org/wp-content/radio.php" "Go-http-client/2.0"
194.5.82.165 - - [26/Apr/2025:18:07:29 -0400] "GET /brand.php HTTP/1.1" 503 856 "http://luxuryhomez.org/brand.php" "Go-http-client/2.0"
194.5.82.165 - - [26/Apr/2025:18:07:29 -0400] "GET /plugins.php HTTP/1.1" 503 856 "http://luxuryhomez.org/plugins.php" "Go-http-client/2.0"
57.141.4.3 - - [26/Apr/2025:18:08:05 -0400] "GET /shopdetail/114438659 HTTP/1.1" 503 1866 "-" "meta-externalagent/1.1 (+https://developers.facebook.com/docs/sharing/webmasters/crawler)"
57.141.4.9 - - [26/Apr/2025:18:08:12 -0400] "GET /shadow.php?4785976.htm HTTP/1.1" 503 1866 "-" "meta-externalagent/1.1 (+https://developers.facebook.com/docs/sharing/webmasters/crawler)"
66.249.73.11 - - [26/Apr/2025:18:09:33 -0400] "GET /shopdetail/66168259 HTTP/1.1" 503 856 "-" "Mozilla/5.0 (compatible; Googlebot/2.1; +http://www.google.com/bot.html)"
66.249.73.6 - - [26/Apr/2025:18:09:49 -0400] "GET /index.phpsshopdetail/118466659 HTTP/1.1" 503 856 "-" "Mozilla/5.0 (Linux; Android 6.0.1; Nexus 5X Build/MMB29P) AppleWebKit/537.36 (KHTML, like Gecko) Chrome/135.0.7049.95 Mobile Safari/537.36 (compatible; Googlebot/2.1; +http://www.google.com/bot.html)"
66.249.73.6 - - [26/Apr/2025:18:11:13 -0400] "GET /index.php/pcmypage/shopdetail/161699459 HTTP/1.1" 503 856 "-" "Mozilla/5.0 (Linux; Android 6.0.1; Nexus 5X Build/MMB29P) AppleWebKit/537.36 (KHTML, like Gecko) Chrome/135.0.7049.95 Mobile Safari/537.36 (compatible; Googlebot/2.1; +http://www.google.com/bot.html)"
66.249.73.11 - - [26/Apr/2025:18:11:46 -0400] "GET /shopdetail/43889759 HTTP/1.1" 503 856 "-" "Mozilla/5.0 (Linux; Android 6.0.1; Nexus 5X Build/MMB29P) AppleWebKit/537.36 (KHTML, like Gecko) Chrome/135.0.7049.95 Mobile Safari/537.36 (compatible; Googlebot/2.1; +http://www.google.com/bot.html)"
66.249.73.7 - - [26/Apr/2025:18:12:25 -0400] "GET /shopdetail/105155559 HTTP/1.1" 503 856 "-" "Mozilla/5.0 (Linux; Android 6.0.1; Nexus 5X Build/MMB29P) AppleWebKit/537.36 (KHTML, like Gecko) Chrome/135.0.7049.95 Mobile Safari/537.36 (compatible; Googlebot/2.1; +http://www.google.com/bot.html)"
66.249.73.6 - - [26/Apr/2025:18:12:59 -0400] "GET /index.phpsshopdetail/170698859 HTTP/1.1" 503 856 "-" "Mozilla/5.0 (compatible; Googlebot/2.1; +http://www.google.com/bot.html)"
57.141.4.4 - - [26/Apr/2025:18:13:49 -0400] "GET /shopdetail/111330759 HTTP/1.1" 503 1866 "-" "meta-externalagent/1.1 (+https://developers.facebook.com/docs/sharing/webmasters/crawler)"
66.249.73.5 - - [26/Apr/2025:18:14:00 -0400] "GET /shopdetail/180539059 HTTP/1.1" 503 856 "-" "Mozilla/5.0 (compatible; Googlebot/2.1; +http://www.google.com/bot.html)"
66.249.73.6 - - [26/Apr/2025:18:14:00 -0400] "GET /shopdetail/180539059 HTTP/1.1" 503 856 "-" "Mozilla/5.0 (Linux; Android 6.0.1; Nexus 5X Build/MMB29P) AppleWebKit/537.36 (KHTML, like Gecko) Chrome/135.0.7049.95 Mobile Safari/537.36 (compatible; Googlebot/2.1; +http://www.google.com/bot.html)"
66.249.73.5 - - [26/Apr/2025:18:14:00 -0400] "GET /index.php/pcmypage?callback=product%2Fdetail%2F81249408 HTTP/1.1" 503 856 "-" "Mozilla/5.0 (Linux; Android 6.0.1; Nexus 5X Build/MMB29P) AppleWebKit/537.36 (KHTML, like Gecko) Chrome/135.0.7049.95 Mobile Safari/537.36 (compatible; GoogleOther)"
66.249.73.5 - - [26/Apr/2025:18:14:46 -0400] "GET /index.phpsshopdetail/56697959 HTTP/1.1" 503 856 "-" "Mozilla/5.0 (compatible; Googlebot/2.1; +http://www.google.com/bot.html)"
66.249.73.5 - - [26/Apr/2025:18:18:12 -0400] "GET /index.phpsshopdetail/167562859 HTTP/1.1" 503 856 "-" "Mozilla/5.0 (compatible; Googlebot/2.1; +http://www.google.com/bot.html)"
66.249.73.12 - - [26/Apr/2025:18:20:20 -0400] "GET /shopdetail/72138959 HTTP/1.1" 503 856 "-" "Mozilla/5.0 (compatible; Googlebot/2.1; +http://www.google.com/bot.html)"
57.141.4.8 - - [26/Apr/2025:18:20:29 -0400] "GET /shopdetail/365268459 HTTP/1.1" 503 1866 "-" "meta-externalagent/1.1 (+https://developers.facebook.com/docs/sharing/webmasters/crawler)"
57.141.4.9 - - [26/Apr/2025:18:25:31 -0400] "GET /shopdetail/155207659 HTTP/1.1" 503 1866 "-" "meta-externalagent/1.1 (+https://developers.facebook.com/docs/sharing/webmasters/crawler)"
57.141.4.25 - - [26/Apr/2025:18:26:40 -0400] "GET /shadow.php?952760508.htm HTTP/1.1" 503 1866 "-" "meta-externalagent/1.1 (+https://developers.facebook.com/docs/sharing/webmasters/crawler)"
66.249.73.11 - - [26/Apr/2025:18:27:24 -0400] "GET /shopdetail/87251859 HTTP/1.1" 503 856 "-" "Mozilla/5.0 (Linux; Android 6.0.1; Nexus 5X Build/MMB29P) AppleWebKit/537.36 (KHTML, like Gecko) Chrome/135.0.7049.95 Mobile Safari/537.36 (compatible; Googlebot/2.1; +http://www.google.com/bot.html)"
66.249.73.10 - - [26/Apr/2025:18:27:43 -0400] "GET /shopdetail/284348959 HTTP/1.1" 503 856 "-" "Mozilla/5.0 (Linux; Android 6.0.1; Nexus 5X Build/MMB29P) AppleWebKit/537.36 (KHTML, like Gecko) Chrome/135.0.7049.95 Mobile Safari/537.36 (compatible; Googlebot/2.1; +http://www.google.com/bot.html)"
57.141.4.9 - - [26/Apr/2025:18:28:36 -0400] "GET /shadow.php?1435483989.htm HTTP/1.1" 503 1866 "-" "meta-externalagent/1.1 (+https://developers.facebook.com/docs/sharing/webmasters/crawler)"
66.249.73.7 - - [26/Apr/2025:18:29:53 -0400] "GET /index.phpsshopdetail/269983759 HTTP/1.1" 503 856 "-" "Mozilla/5.0 (compatible; Googlebot/2.1; +http://www.google.com/bot.html)"
57.141.4.14 - - [26/Apr/2025:18:30:16 -0400] "GET /shadow.php?1433033555.htm HTTP/1.1" 503 1866 "-" "meta-externalagent/1.1 (+https://developers.facebook.com/docs/sharing/webmasters/crawler)"
57.141.4.12 - - [26/Apr/2025:18:33:06 -0400] "GET /shopdetail/138215759 HTTP/1.1" 503 1866 "-" "meta-externalagent/1.1 (+https://developers.facebook.com/docs/sharing/webmasters/crawler)"
66.249.73.6 - - [26/Apr/2025:18:33:44 -0400] "GET /index.phpsshopdetail/161862959 HTTP/1.1" 503 856 "-" "Mozilla/5.0 (compatible; Googlebot/2.1; +http://www.google.com/bot.html)"
66.249.73.10 - - [26/Apr/2025:18:34:07 -0400] "GET /shopdetail/5773859 HTTP/1.1" 503 856 "-" "Mozilla/5.0 (compatible; Googlebot/2.1; +http://www.google.com/bot.html)"
162.0.215.211 - - [26/Apr/2025:18:34:58 -0400] "GET / HTTP/1.1" 200 138866 "-" "Mozilla/5.0 (Windows NT 10.0; Win64; x64; rv:122.0) Gecko/20100101 Firefox/122.0"
66.249.73.5 - - [26/Apr/2025:18:39:49 -0400] "GET /index.phpsshopdetail/269983759 HTTP/1.1" 503 856 "-" "Mozilla/5.0 (compatible; Googlebot/2.1; +http://www.google.com/bot.html)"
57.141.4.6 - - [26/Apr/2025:18:42:15 -0400] "GET /shopdetail/380273659 HTTP/1.1" 503 1866 "-" "meta-externalagent/1.1 (+https://developers.facebook.com/docs/sharing/webmasters/crawler)"
66.249.73.10 - - [26/Apr/2025:18:43:53 -0400] "GET /shopdetail/5773859 HTTP/1.1" 503 856 "-" "Mozilla/5.0 (compatible; Googlebot/2.1; +http://www.google.com/bot.html)"
57.141.4.22 - - [26/Apr/2025:18:45:24 -0400] "GET /shopdetail/110575759 HTTP/1.1" 503 1866 "-" "meta-externalagent/1.1 (+https://developers.facebook.com/docs/sharing/webmasters/crawler)"
66.249.73.6 - - [26/Apr/2025:18:45:38 -0400] "GET /index.php/pcmypage?callback=/product%2Fdetail%2F74733296 HTTP/1.1" 503 856 "-" "Mozilla/5.0 (compatible; Googlebot/2.1; +http://www.google.com/bot.html)"
66.249.73.5 - - [26/Apr/2025:18:46:51 -0400] "GET /index.phpsshopdetail/305369959 HTTP/1.1" 503 856 "-" "Mozilla/5.0 (Linux; Android 6.0.1; Nexus 5X Build/MMB29P) AppleWebKit/537.36 (KHTML, like Gecko) Chrome/135.0.7049.95 Mobile Safari/537.36 (compatible; Googlebot/2.1; +http://www.google.com/bot.html)"
57.141.4.1 - - [26/Apr/2025:18:47:28 -0400] "GET /shopdetail/199365759 HTTP/1.1" 503 1866 "-" "meta-externalagent/1.1 (+https://developers.facebook.com/docs/sharing/webmasters/crawler)"
57.141.4.25 - - [26/Apr/2025:18:48:27 -0400] "GET /shopdetail/108483459 HTTP/1.1" 503 1866 "-" "meta-externalagent/1.1 (+https://developers.facebook.com/docs/sharing/webmasters/crawler)"
57.141.4.23 - - [26/Apr/2025:18:48:34 -0400] "GET /shadow.php?120823559.htm HTTP/1.1" 503 1866 "-" "meta-externalagent/1.1 (+https://developers.facebook.com/docs/sharing/webmasters/crawler)"
66.249.73.7 - - [26/Apr/2025:18:49:45 -0400] "GET /index.phpsshopdetail/381174759 HTTP/1.1" 503 856 "-" "Mozilla/5.0 (Linux; Android 6.0.1; Nexus 5X Build/MMB29P) AppleWebKit/537.36 (KHTML, like Gecko) Chrome/135.0.7049.95 Mobile Safari/537.36 (compatible; Googlebot/2.1; +http://www.google.com/bot.html)"
66.249.73.6 - - [26/Apr/2025:18:49:45 -0400] "GET /index.phpsshopdetail/381174759 HTTP/1.1" 503 856 "-" "Mozilla/5.0 (compatible; Googlebot/2.1; +http://www.google.com/bot.html)"
66.249.73.11 - - [26/Apr/2025:18:50:00 -0400] "GET /shopdetail/349924059 HTTP/1.1" 503 856 "-" "Mozilla/5.0 (Linux; Android 6.0.1; Nexus 5X Build/MMB29P) AppleWebKit/537.36 (KHTML, like Gecko) Chrome/135.0.7049.95 Mobile Safari/537.36 (compatible; GoogleOther)"
57.141.4.22 - - [26/Apr/2025:18:50:48 -0400] "GET /shadow.php?1427824693.htm HTTP/1.1" 503 1866 "-" "meta-externalagent/1.1 (+https://developers.facebook.com/docs/sharing/webmasters/crawler)"