66.249.73.12 - - [26/Apr/2025:14:59:45 -0400] "GET /shopdetail/46251759 HTTP/1.1" 301 0 "-" "Mozilla/5.0 (Linux; Android 6.0.1; Nexus 5X Build/MMB29P) AppleWebKit/537.36 (KHTML, like Gecko) Chrome/135.0.7049.95 Mobile Safari/537.36 (compatible; Googlebot/2.1; +http://www.google.com/bot.html)"
162.0.215.211 - - [26/Apr/2025:14:59:48 -0400] "POST /wp-admin/admin-ajax.php?action=async_litespeed&nonce=DEZfFfINpMMLDiyTgnpaumbFaYTjjRZj&litespeed_type=imgoptm HTTP/1.1" 200 21 "-" "WordPress/6.8; https://luxuryhomez.org"
66.249.73.5 - - [26/Apr/2025:14:59:51 -0400] "GET /shopdetail/46251759 HTTP/1.1" 404 17016 "-" "Mozilla/5.0 (Linux; Android 6.0.1; Nexus 5X Build/MMB29P) AppleWebKit/537.36 (KHTML, like Gecko) Chrome/135.0.7049.95 Mobile Safari/537.36 (compatible; Googlebot/2.1; +http://www.google.com/bot.html)"
162.0.215.211 - - [26/Apr/2025:15:01:30 -0400] "POST /wp-cron.php?doing_wp_cron=1745694089.4849069118499755859375 HTTP/1.1" 200 0 "-" "WordPress/6.8; https://luxuryhomez.org"
66.249.73.11 - - [26/Apr/2025:15:01:24 -0400] "GET /shopdetail/96477859 HTTP/1.1" 301 0 "-" "Mozilla/5.0 (Linux; Android 6.0.1; Nexus 5X Build/MMB29P) AppleWebKit/537.36 (KHTML, like Gecko) Chrome/135.0.7049.95 Mobile Safari/537.36 (compatible; Googlebot/2.1; +http://www.google.com/bot.html)"
162.0.215.211 - - [26/Apr/2025:15:01:31 -0400] "POST /wp-admin/admin-ajax.php?action=async_litespeed&nonce=6y0Nk3dl4lEFhlL48Bf2ruoE0RXfG8pQ&litespeed_type=imgoptm HTTP/1.1" 200 21 "-" "WordPress/6.8; https://luxuryhomez.org"
51.222.253.10 - - [26/Apr/2025:15:01:31 -0400] "GET /brand/brand-2/?orderby=popularity&product_count=30 HTTP/1.1" 200 17945 "-" "Mozilla/5.0 (compatible; AhrefsBot/7.0; +http://ahrefs.com/robot/)"
66.249.73.7 - - [26/Apr/2025:15:01:30 -0400] "GET /shopdetail/96477859 HTTP/1.1" 404 17018 "-" "Mozilla/5.0 (Linux; Android 6.0.1; Nexus 5X Build/MMB29P) AppleWebKit/537.36 (KHTML, like Gecko) Chrome/135.0.7049.95 Mobile Safari/537.36 (compatible; Googlebot/2.1; +http://www.google.com/bot.html)"
162.0.215.211 - - [26/Apr/2025:15:02:16 -0400] "POST /wp-cron.php?doing_wp_cron=1745694136.5624918937683105468750 HTTP/1.1" 200 0 "-" "WordPress/6.8; https://luxuryhomez.org"
66.249.73.5 - - [26/Apr/2025:15:02:16 -0400] "GET /shopdetail/49392859 HTTP/1.1" 404 17017 "-" "Mozilla/5.0 (compatible; Googlebot/2.1; +http://www.google.com/bot.html)"
162.0.215.211 - - [26/Apr/2025:15:02:36 -0400] "POST /wp-cron.php?doing_wp_cron=1745694156.0337529182434082031250 HTTP/1.1" 200 0 "-" "WordPress/6.8; https://luxuryhomez.org"
162.0.215.211 - - [26/Apr/2025:15:02:36 -0400] "POST /wp-admin/admin-ajax.php?action=async_litespeed&nonce=w4vhbv3SBQ61c1Emz1iI4UC4c2fEETfk&litespeed_type=imgoptm HTTP/1.1" 200 21 "-" "WordPress/6.8; https://luxuryhomez.org"
57.141.4.30 - - [26/Apr/2025:15:02:35 -0400] "GET /shadow.php?915585573.htm HTTP/1.1" 404 71766 "-" "meta-externalagent/1.1 (+https://developers.facebook.com/docs/sharing/webmasters/crawler)"
162.0.215.211 - - [26/Apr/2025:15:05:56 -0400] "POST /wp-cron.php?doing_wp_cron=1745694356.0411219596862792968750 HTTP/1.1" 200 0 "-" "WordPress/6.8; https://luxuryhomez.org"
57.141.4.20 - - [26/Apr/2025:15:05:51 -0400] "GET /shadow.php?1512725086.htm HTTP/1.1" 404 71767 "-" "meta-externalagent/1.1 (+https://developers.facebook.com/docs/sharing/webmasters/crawler)"
162.0.215.211 - - [26/Apr/2025:15:05:57 -0400] "POST /wp-admin/admin-ajax.php?action=async_litespeed&nonce=bm7eaquZUSpdHNI8dwEWvp8mX2DSGeCA&litespeed_type=imgoptm HTTP/1.1" 200 0 "-" "WordPress/6.8; https://luxuryhomez.org"
162.0.215.211 - - [26/Apr/2025:15:06:56 -0400] "POST /wp-cron.php?doing_wp_cron=1745694416.8964209556579589843750 HTTP/1.1" 200 0 "-" "WordPress/6.8; https://luxuryhomez.org"
66.249.73.12 - - [26/Apr/2025:15:06:56 -0400] "GET /pcmypage?callback=product/review/63285951 HTTP/1.1" 301 0 "-" "Mozilla/5.0 (Linux; Android 6.0.1; Nexus 5X Build/MMB29P) AppleWebKit/537.36 (KHTML, like Gecko) Chrome/135.0.7049.95 Mobile Safari/537.36 (compatible; Googlebot/2.1; +http://www.google.com/bot.html)"
162.0.215.211 - - [26/Apr/2025:15:06:57 -0400] "POST /wp-admin/admin-ajax.php?action=async_litespeed&nonce=nyyV1B5icXIrVQNMzGPwA2RLwaxAlkWu&litespeed_type=imgoptm HTTP/1.1" 200 21 "-" "WordPress/6.8; https://luxuryhomez.org"
66.249.73.7 - - [26/Apr/2025:15:06:57 -0400] "GET /pcmypage?callback=product/review/63285951 HTTP/1.1" 404 17041 "-" "Mozilla/5.0 (Linux; Android 6.0.1; Nexus 5X Build/MMB29P) AppleWebKit/537.36 (KHTML, like Gecko) Chrome/135.0.7049.95 Mobile Safari/537.36 (compatible; Googlebot/2.1; +http://www.google.com/bot.html)"
162.0.215.211 - - [26/Apr/2025:15:07:36 -0400] "POST /wp-cron.php?doing_wp_cron=1745694456.8475379943847656250000 HTTP/1.1" 200 0 "-" "WordPress/6.8; https://luxuryhomez.org"
66.249.73.5 - - [26/Apr/2025:15:07:36 -0400] "GET /index.php/pcmypage?callback=product/review/77651092 HTTP/1.1" 301 0 "-" "Mozilla/5.0 (Linux; Android 6.0.1; Nexus 5X Build/MMB29P) AppleWebKit/537.36 (KHTML, like Gecko) Chrome/135.0.7049.95 Mobile Safari/537.36 (compatible; Googlebot/2.1; +http://www.google.com/bot.html)"
162.0.215.211 - - [26/Apr/2025:15:07:37 -0400] "POST /wp-admin/admin-ajax.php?action=async_litespeed&nonce=PfXmcrIiMwdKDYQErtH2jKA9WNmMDfSh&litespeed_type=imgoptm HTTP/1.1" 200 21 "-" "WordPress/6.8; https://luxuryhomez.org"
66.249.73.7 - - [26/Apr/2025:15:07:37 -0400] "GET /pcmypage?callback=product/review/77651092 HTTP/1.1" 404 17039 "-" "Mozilla/5.0 (Linux; Android 6.0.1; Nexus 5X Build/MMB29P) AppleWebKit/537.36 (KHTML, like Gecko) Chrome/135.0.7049.95 Mobile Safari/537.36 (compatible; Googlebot/2.1; +http://www.google.com/bot.html)"
57.141.4.10 - - [26/Apr/2025:15:07:50 -0400] "GET /shopdetail/285485059 HTTP/1.1" 404 71762 "-" "meta-externalagent/1.1 (+https://developers.facebook.com/docs/sharing/webmasters/crawler)"
66.249.73.6 - - [26/Apr/2025:15:07:55 -0400] "GET /index.phpsshopdetail/122261859 HTTP/1.1" 404 17027 "-" "Mozilla/5.0 (Linux; Android 6.0.1; Nexus 5X Build/MMB29P) AppleWebKit/537.36 (KHTML, like Gecko) Chrome/135.0.7049.95 Mobile Safari/537.36 (compatible; Googlebot/2.1; +http://www.google.com/bot.html)"
162.0.215.211 - - [26/Apr/2025:15:11:29 -0400] "POST /wp-cron.php?doing_wp_cron=1745694689.4335520267486572265625 HTTP/1.1" 200 0 "-" "WordPress/6.8; https://luxuryhomez.org"
66.249.73.5 - - [26/Apr/2025:15:11:26 -0400] "GET /index.phpsshopdetail/224428959 HTTP/1.1" 404 17028 "-" "Mozilla/5.0 (compatible; Googlebot/2.1; +http://www.google.com/bot.html)"
162.0.215.211 - - [26/Apr/2025:15:11:29 -0400] "POST /wp-admin/admin-ajax.php?action=async_litespeed&nonce=DSMOFCaFIMIS46NK3uxV4A0U2LK8t6BX&litespeed_type=imgoptm HTTP/1.1" 200 21 "-" "WordPress/6.8; https://luxuryhomez.org"
57.141.4.11 - - [26/Apr/2025:15:11:31 -0400] "GET /shopdetail/383439559 HTTP/1.1" 404 71762 "-" "meta-externalagent/1.1 (+https://developers.facebook.com/docs/sharing/webmasters/crawler)"
162.0.215.211 - - [26/Apr/2025:15:12:20 -0400] "POST /wp-cron.php?doing_wp_cron=1745694740.2757830619812011718750 HTTP/1.1" 200 0 "-" "WordPress/6.8; https://luxuryhomez.org"
66.249.73.12 - - [26/Apr/2025:15:12:19 -0400] "GET /shopdetail/119644159 HTTP/1.1" 301 0 "-" "Mozilla/5.0 (Linux; Android 6.0.1; Nexus 5X Build/MMB29P) AppleWebKit/537.36 (KHTML, like Gecko) Chrome/135.0.7049.95 Mobile Safari/537.36 (compatible; Googlebot/2.1; +http://www.google.com/bot.html)"
66.249.73.12 - - [26/Apr/2025:15:12:20 -0400] "GET /shopdetail/119644159 HTTP/1.1" 301 0 "-" "Mozilla/5.0 (compatible; Googlebot/2.1; +http://www.google.com/bot.html)"
66.249.73.7 - - [26/Apr/2025:15:12:20 -0400] "GET /shopdetail/119644159 HTTP/1.1" 404 17024 "-" "Mozilla/5.0 (Linux; Android 6.0.1; Nexus 5X Build/MMB29P) AppleWebKit/537.36 (KHTML, like Gecko) Chrome/135.0.7049.95 Mobile Safari/537.36 (compatible; Googlebot/2.1; +http://www.google.com/bot.html)"
66.249.73.6 - - [26/Apr/2025:15:12:20 -0400] "GET /shopdetail/119644159 HTTP/1.1" 404 17022 "-" "Mozilla/5.0 (compatible; Googlebot/2.1; +http://www.google.com/bot.html)"
162.0.215.211 - - [26/Apr/2025:15:13:43 -0400] "POST /wp-cron.php?doing_wp_cron=1745694823.0139889717102050781250 HTTP/1.1" 200 0 "-" "WordPress/6.8; https://luxuryhomez.org"
162.0.215.211 - - [26/Apr/2025:15:13:43 -0400] "POST /wp-admin/admin-ajax.php?action=async_litespeed&nonce=hfNou9f1cFr9MmoLKd1C0AKtpVuulYb5&litespeed_type=imgoptm HTTP/1.1" 200 21 "-" "WordPress/6.8; https://luxuryhomez.org"
66.249.73.5 - - [26/Apr/2025:15:13:42 -0400] "GET /index.phpsshopdetail/161962359 HTTP/1.1" 404 17029 "-" "Mozilla/5.0 (Linux; Android 6.0.1; Nexus 5X Build/MMB29P) AppleWebKit/537.36 (KHTML, like Gecko) Chrome/135.0.7049.95 Mobile Safari/537.36 (compatible; Googlebot/2.1; +http://www.google.com/bot.html)"
66.249.73.6 - - [26/Apr/2025:15:13:50 -0400] "GET /index.phpsshopdetail/280210159 HTTP/1.1" 404 17030 "-" "Mozilla/5.0 (Linux; Android 6.0.1; Nexus 5X Build/MMB29P) AppleWebKit/537.36 (KHTML, like Gecko) Chrome/135.0.7049.95 Mobile Safari/537.36 (compatible; Googlebot/2.1; +http://www.google.com/bot.html)"
162.0.215.211 - - [26/Apr/2025:15:14:14 -0400] "POST /wp-cron.php?doing_wp_cron=1745694854.9473719596862792968750 HTTP/1.1" 200 0 "-" "WordPress/6.8; https://luxuryhomez.org"
66.249.73.12 - - [26/Apr/2025:15:14:14 -0400] "GET /shopdetail/110230759 HTTP/1.1" 301 0 "-" "Mozilla/5.0 (Linux; Android 6.0.1; Nexus 5X Build/MMB29P) AppleWebKit/537.36 (KHTML, like Gecko) Chrome/135.0.7049.95 Mobile Safari/537.36 (compatible; Googlebot/2.1; +http://www.google.com/bot.html)"
66.249.73.5 - - [26/Apr/2025:15:14:15 -0400] "GET /shopdetail/110230759 HTTP/1.1" 404 17019 "-" "Mozilla/5.0 (Linux; Android 6.0.1; Nexus 5X Build/MMB29P) AppleWebKit/537.36 (KHTML, like Gecko) Chrome/135.0.7049.95 Mobile Safari/537.36 (compatible; Googlebot/2.1; +http://www.google.com/bot.html)"
162.0.215.211 - - [26/Apr/2025:15:16:49 -0400] "POST /wp-cron.php?doing_wp_cron=1745695009.5131731033325195312500 HTTP/1.1" 200 0 "-" "WordPress/6.8; https://luxuryhomez.org"
162.0.215.211 - - [26/Apr/2025:15:16:49 -0400] "POST /wp-admin/admin-ajax.php?action=async_litespeed&nonce=q6YBZ7nxHhxkOaa4doxjEc2UUvgSmI01&litespeed_type=imgoptm HTTP/1.1" 200 21 "-" "WordPress/6.8; https://luxuryhomez.org"
57.141.4.9 - - [26/Apr/2025:15:16:46 -0400] "GET /shadow.php?1032107904.htm HTTP/1.1" 404 71767 "-" "meta-externalagent/1.1 (+https://developers.facebook.com/docs/sharing/webmasters/crawler)"
51.222.253.6 - - [26/Apr/2025:15:16:58 -0400] "GET /brand/brand-3/?orderby=popularity&product_count=30 HTTP/1.1" 200 17948 "-" "Mozilla/5.0 (compatible; AhrefsBot/7.0; +http://ahrefs.com/robot/)"
66.249.73.11 - - [26/Apr/2025:15:18:23 -0400] "GET /pcmypage?callback=/product%2Fdetail%2F52371019 HTTP/1.1" 503 856 "-" "Mozilla/5.0 (Linux; Android 6.0.1; Nexus 5X Build/MMB29P) AppleWebKit/537.36 (KHTML, like Gecko) Chrome/135.0.7049.95 Mobile Safari/537.36 (compatible; Googlebot/2.1; +http://www.google.com/bot.html)"
57.141.4.1 - - [26/Apr/2025:15:18:42 -0400] "GET /shopdetail/363359159 HTTP/1.1" 503 1866 "-" "meta-externalagent/1.1 (+https://developers.facebook.com/docs/sharing/webmasters/crawler)"
66.249.73.6 - - [26/Apr/2025:15:19:36 -0400] "GET /index.phpsshopdetail/382290659 HTTP/1.1" 503 856 "-" "Mozilla/5.0 (Linux; Android 6.0.1; Nexus 5X Build/MMB29P) AppleWebKit/537.36 (KHTML, like Gecko) Chrome/135.0.7049.95 Mobile Safari/537.36 (compatible; GoogleOther)"
66.249.73.10 - - [26/Apr/2025:15:19:48 -0400] "GET /pcmypage?callback=product/review/91035603 HTTP/1.1" 503 856 "-" "Mozilla/5.0 (Linux; Android 6.0.1; Nexus 5X Build/MMB29P) AppleWebKit/537.36 (KHTML, like Gecko) Chrome/135.0.7049.95 Mobile Safari/537.36 (compatible; Googlebot/2.1; +http://www.google.com/bot.html)"
57.141.4.5 - - [26/Apr/2025:15:20:04 -0400] "GET /shadow.php?1501569728.htm HTTP/1.1" 503 1866 "-" "meta-externalagent/1.1 (+https://developers.facebook.com/docs/sharing/webmasters/crawler)"
57.141.4.19 - - [26/Apr/2025:15:20:42 -0400] "GET /shopdetail/10855859 HTTP/1.1" 503 1866 "-" "meta-externalagent/1.1 (+https://developers.facebook.com/docs/sharing/webmasters/crawler)"
66.249.73.5 - - [26/Apr/2025:15:20:45 -0400] "GET /index.phpsshopdetail/126744759 HTTP/1.1" 503 856 "-" "Mozilla/5.0 (compatible; Googlebot/2.1; +http://www.google.com/bot.html)"
66.249.73.5 - - [26/Apr/2025:15:20:50 -0400] "GET /index.phpsshopdetail/14186159 HTTP/1.1" 503 856 "-" "Mozilla/5.0 (Linux; Android 6.0.1; Nexus 5X Build/MMB29P) AppleWebKit/537.36 (KHTML, like Gecko) Chrome/135.0.7049.95 Mobile Safari/537.36 (compatible; GoogleOther)"
57.141.4.6 - - [26/Apr/2025:15:20:59 -0400] "GET /shadow.php?1220178947.htm HTTP/1.1" 503 1866 "-" "meta-externalagent/1.1 (+https://developers.facebook.com/docs/sharing/webmasters/crawler)"
57.141.4.17 - - [26/Apr/2025:15:23:10 -0400] "GET /shopdetail/223856759 HTTP/1.1" 503 1866 "-" "meta-externalagent/1.1 (+https://developers.facebook.com/docs/sharing/webmasters/crawler)"
66.249.73.12 - - [26/Apr/2025:15:23:44 -0400] "GET /shopdetail/120967559 HTTP/1.1" 503 856 "-" "Mozilla/5.0 (compatible; Googlebot/2.1; +http://www.google.com/bot.html)"
66.249.73.12 - - [26/Apr/2025:15:25:15 -0400] "GET /shopdetail/70346959 HTTP/1.1" 503 856 "-" "Mozilla/5.0 (Linux; Android 6.0.1; Nexus 5X Build/MMB29P) AppleWebKit/537.36 (KHTML, like Gecko) Chrome/135.0.7049.95 Mobile Safari/537.36 (compatible; Googlebot/2.1; +http://www.google.com/bot.html)"
66.249.73.7 - - [26/Apr/2025:15:26:19 -0400] "GET /index.phpsshopdetail/263307859 HTTP/1.1" 503 856 "-" "Mozilla/5.0 (Linux; Android 6.0.1; Nexus 5X Build/MMB29P) AppleWebKit/537.36 (KHTML, like Gecko) Chrome/135.0.7049.95 Mobile Safari/537.36 (compatible; Googlebot/2.1; +http://www.google.com/bot.html)"
57.141.4.7 - - [26/Apr/2025:15:27:16 -0400] "GET /shadow.php?982908219.htm HTTP/1.1" 503 1866 "-" "meta-externalagent/1.1 (+https://developers.facebook.com/docs/sharing/webmasters/crawler)"
57.141.4.13 - - [26/Apr/2025:15:29:31 -0400] "GET /shadow.php?817756488.htm HTTP/1.1" 503 1866 "-" "meta-externalagent/1.1 (+https://developers.facebook.com/docs/sharing/webmasters/crawler)"
66.249.73.12 - - [26/Apr/2025:15:30:05 -0400] "GET /shopdetail/258005759 HTTP/1.1" 503 856 "-" "Mozilla/5.0 (Linux; Android 6.0.1; Nexus 5X Build/MMB29P) AppleWebKit/537.36 (KHTML, like Gecko) Chrome/135.0.7049.95 Mobile Safari/537.36 (compatible; Googlebot/2.1; +http://www.google.com/bot.html)"
66.249.73.5 - - [26/Apr/2025:15:31:45 -0400] "GET /shopdetail/382822759 HTTP/1.1" 503 856 "-" "Mozilla/5.0 (Linux; Android 6.0.1; Nexus 5X Build/MMB29P) AppleWebKit/537.36 (KHTML, like Gecko) Chrome/135.0.7049.95 Mobile Safari/537.36 (compatible; Googlebot/2.1; +http://www.google.com/bot.html)"
51.222.253.20 - - [26/Apr/2025:15:31:49 -0400] "GET /brand/brand-7/?category-view-mode=list&product_col_large=2&product_count=15&orderby=menu_order HTTP/1.1" 503 856 "-" "Mozilla/5.0 (compatible; AhrefsBot/7.0; +http://ahrefs.com/robot/)"
57.141.4.19 - - [26/Apr/2025:15:32:58 -0400] "GET /shopdetail/131704559 HTTP/1.1" 503 1866 "-" "meta-externalagent/1.1 (+https://developers.facebook.com/docs/sharing/webmasters/crawler)"
66.249.73.5 - - [26/Apr/2025:15:34:06 -0400] "GET /zhHant/product/surugaya/83383360?campaign_uid=f64d716db5e979ed2f947dbaf4296895b951ae7f HTTP/1.1" 503 856 "-" "Mozilla/5.0 (Linux; Android 6.0.1; Nexus 5X Build/MMB29P) AppleWebKit/537.36 (KHTML, like Gecko) Chrome/135.0.7049.95 Mobile Safari/537.36 (compatible; GoogleOther)"
57.141.4.1 - - [26/Apr/2025:15:36:09 -0400] "GET /shopdetail/198081659 HTTP/1.1" 503 1866 "-" "meta-externalagent/1.1 (+https://developers.facebook.com/docs/sharing/webmasters/crawler)"
57.141.4.25 - - [26/Apr/2025:15:36:25 -0400] "GET /shopdetail/107717059 HTTP/1.1" 503 1866 "-" "meta-externalagent/1.1 (+https://developers.facebook.com/docs/sharing/webmasters/crawler)"
66.249.73.12 - - [26/Apr/2025:15:36:26 -0400] "GET /pcmypage?callback=/product%2Fdetail%2F61077148 HTTP/1.1" 503 856 "-" "Mozilla/5.0 (Linux; Android 6.0.1; Nexus 5X Build/MMB29P) AppleWebKit/537.36 (KHTML, like Gecko) Chrome/135.0.7049.95 Mobile Safari/537.36 (compatible; Googlebot/2.1; +http://www.google.com/bot.html)"
66.249.73.6 - - [26/Apr/2025:15:37:20 -0400] "GET /index.phpsshopdetail/249113159 HTTP/1.1" 503 856 "-" "Mozilla/5.0 (compatible; Googlebot/2.1; +http://www.google.com/bot.html)"
57.141.4.26 - - [26/Apr/2025:15:38:03 -0400] "GET /shopdetail/25281759 HTTP/1.1" 503 1866 "-" "meta-externalagent/1.1 (+https://developers.facebook.com/docs/sharing/webmasters/crawler)"
66.249.73.6 - - [26/Apr/2025:15:38:20 -0400] "GET /shopdetail/265892459 HTTP/1.1" 503 856 "-" "Mozilla/5.0 (Linux; Android 6.0.1; Nexus 5X Build/MMB29P) AppleWebKit/537.36 (KHTML, like Gecko) Chrome/135.0.7049.95 Mobile Safari/537.36 (compatible; Googlebot/2.1; +http://www.google.com/bot.html)"
66.249.73.5 - - [26/Apr/2025:15:39:03 -0400] "GET /shopdetail/313406959 HTTP/1.1" 503 856 "-" "Mozilla/5.0 (Linux; Android 6.0.1; Nexus 5X Build/MMB29P) AppleWebKit/537.36 (KHTML, like Gecko) Chrome/135.0.7049.95 Mobile Safari/537.36 (compatible; Googlebot/2.1; +http://www.google.com/bot.html)"
66.249.73.10 - - [26/Apr/2025:15:39:04 -0400] "GET /shopdetail/102221659 HTTP/1.1" 503 856 "-" "Mozilla/5.0 (compatible; Googlebot/2.1; +http://www.google.com/bot.html)"
105.113.10.201 - - [26/Apr/2025:15:40:06 -0400] "GET / HTTP/1.1" 200 28126 "-" "Mozilla/5.0 (Linux; Android 10; K) AppleWebKit/537.36 (KHTML, like Gecko) Chrome/133.0.0.0 Mobile Safari/537.36"
105.113.10.201 - - [26/Apr/2025:15:40:07 -0400] "GET /wp-content/plugins/woocommerce/assets/css/brands.css?ver=9.8.2 HTTP/1.1" 200 579 "https://luxuryhomez.org/" "Mozilla/5.0 (Linux; Android 10; K) AppleWebKit/537.36 (KHTML, like Gecko) Chrome/133.0.0.0 Mobile Safari/537.36"
105.113.10.201 - - [26/Apr/2025:15:40:07 -0400] "GET /wp-content/themes/davici/css/jquery.circlestime.css HTTP/1.1" 200 180 "https://luxuryhomez.org/" "Mozilla/5.0 (Linux; Android 10; K) AppleWebKit/537.36 (KHTML, like Gecko) Chrome/133.0.0.0 Mobile Safari/537.36"
105.113.10.201 - - [26/Apr/2025:15:40:07 -0400] "GET /wp-content/plugins/woocommerce/assets/css/photoswipe/photoswipe.min.css?ver=9.8.2 HTTP/1.1" 200 857 "https://luxuryhomez.org/" "Mozilla/5.0 (Linux; Android 10; K) AppleWebKit/537.36 (KHTML, like Gecko) Chrome/133.0.0.0 Mobile Safari/537.36"
105.113.10.201 - - [26/Apr/2025:15:40:07 -0400] "GET /wp-content/plugins/elementor/assets/css/widget-heading.min.css?ver=3.28.4 HTTP/1.1" 200 154 "https://luxuryhomez.org/" "Mozilla/5.0 (Linux; Android 10; K) AppleWebKit/537.36 (KHTML, like Gecko) Chrome/133.0.0.0 Mobile Safari/537.36"
105.113.10.201 - - [26/Apr/2025:15:40:07 -0400] "GET /wp-content/plugins/elementor/assets/css/widget-spacer.min.css?ver=3.28.4 HTTP/1.1" 200 315 "https://luxuryhomez.org/" "Mozilla/5.0 (Linux; Android 10; K) AppleWebKit/537.36 (KHTML, like Gecko) Chrome/133.0.0.0 Mobile Safari/537.36"
105.113.10.201 - - [26/Apr/2025:15:40:07 -0400] "GET /wp-content/plugins/elementor/assets/lib/animations/styles/e-animation-wobble-horizontal.min.css?ver=3.28.4 HTTP/1.1" 200 184 "https://luxuryhomez.org/" "Mozilla/5.0 (Linux; Android 10; K) AppleWebKit/537.36 (KHTML, like Gecko) Chrome/133.0.0.0 Mobile Safari/537.36"
105.113.10.201 - - [26/Apr/2025:15:40:07 -0400] "GET /wp-content/plugins/elementor/assets/css/widget-icon-box.min.css?ver=3.28.4 HTTP/1.1" 200 656 "https://luxuryhomez.org/" "Mozilla/5.0 (Linux; Android 10; K) AppleWebKit/537.36 (KHTML, like Gecko) Chrome/133.0.0.0 Mobile Safari/537.36"
105.113.10.201 - - [26/Apr/2025:15:40:07 -0400] "GET /wp-content/plugins/woocommerce/assets/js/js-cookie/js.cookie.min.js?ver=2.1.4-wc.9.8.2 HTTP/1.1" 200 760 "https://luxuryhomez.org/" "Mozilla/5.0 (Linux; Android 10; K) AppleWebKit/537.36 (KHTML, like Gecko) Chrome/133.0.0.0 Mobile Safari/537.36"
105.113.10.201 - - [26/Apr/2025:15:40:07 -0400] "GET /wp-content/plugins/elementor/assets/css/widget-image.min.css?ver=3.28.4 HTTP/1.1" 200 254 "https://luxuryhomez.org/" "Mozilla/5.0 (Linux; Android 10; K) AppleWebKit/537.36 (KHTML, like Gecko) Chrome/133.0.0.0 Mobile Safari/537.36"
105.113.10.201 - - [26/Apr/2025:15:40:07 -0400] "GET /wp-content/themes/davici/css/jquery.mmenu.all.css?ver=6.8 HTTP/1.1" 200 6824 "https://luxuryhomez.org/" "Mozilla/5.0 (Linux; Android 10; K) AppleWebKit/537.36 (KHTML, like Gecko) Chrome/133.0.0.0 Mobile Safari/537.36"
105.113.10.201 - - [26/Apr/2025:15:40:07 -0400] "GET /wp-content/themes/davici/css/bootstrap.css?ver=6.8 HTTP/1.1" 200 24443 "https://luxuryhomez.org/" "Mozilla/5.0 (Linux; Android 10; K) AppleWebKit/537.36 (KHTML, like Gecko) Chrome/133.0.0.0 Mobile Safari/537.36"
105.113.10.201 - - [26/Apr/2025:15:40:07 -0400] "GET /wp-content/plugins/elementor/assets/lib/font-awesome/css/font-awesome.min.css?ver=4.7.0 HTTP/1.1" 200 6657 "https://luxuryhomez.org/" "Mozilla/5.0 (Linux; Android 10; K) AppleWebKit/537.36 (KHTML, like Gecko) Chrome/133.0.0.0 Mobile Safari/537.36"
105.113.10.201 - - [26/Apr/2025:15:40:07 -0400] "GET /wp-content/plugins/elementor/assets/css/frontend.min.css?ver=3.28.4 HTTP/1.1" 200 6453 "https://luxuryhomez.org/" "Mozilla/5.0 (Linux; Android 10; K) AppleWebKit/537.36 (KHTML, like Gecko) Chrome/133.0.0.0 Mobile Safari/537.36"
105.113.10.201 - - [26/Apr/2025:15:40:07 -0400] "GET /wp-content/themes/davici/css/materia.css?ver=6.8 HTTP/1.1" 200 7175 "https://luxuryhomez.org/" "Mozilla/5.0 (Linux; Android 10; K) AppleWebKit/537.36 (KHTML, like Gecko) Chrome/133.0.0.0 Mobile Safari/537.36"
105.113.10.201 - - [26/Apr/2025:15:40:07 -0400] "GET /wp-includes/js/jquery/jquery.min.js?ver=3.7.1 HTTP/1.1" 200 29744 "https://luxuryhomez.org/" "Mozilla/5.0 (Linux; Android 10; K) AppleWebKit/537.36 (KHTML, like Gecko) Chrome/133.0.0.0 Mobile Safari/537.36"
105.113.10.201 - - [26/Apr/2025:15:40:07 -0400] "GET /wp-includes/js/underscore.min.js?ver=1.13.7 HTTP/1.1" 200 7185 "https://luxuryhomez.org/" "Mozilla/5.0 (Linux; Android 10; K) AppleWebKit/537.36 (KHTML, like Gecko) Chrome/133.0.0.0 Mobile Safari/537.36"
105.113.10.201 - - [26/Apr/2025:15:40:07 -0400] "GET /wp-content/plugins/wpbingo/lib/buy-together/assets/js/frontend.js HTTP/1.1" 304 0 "https://luxuryhomez.org/" "Mozilla/5.0 (Linux; Android 10; K) AppleWebKit/537.36 (KHTML, like Gecko) Chrome/133.0.0.0 Mobile Safari/537.36"
105.113.10.201 - - [26/Apr/2025:15:40:07 -0400] "GET /wp-content/themes/davici/css/template.css?ver=6.8 HTTP/1.1" 200 136743 "https://luxuryhomez.org/" "Mozilla/5.0 (Linux; Android 10; K) AppleWebKit/537.36 (KHTML, like Gecko) Chrome/133.0.0.0 Mobile Safari/537.36"
66.249.73.7 - - [26/Apr/2025:15:40:07 -0400] "GET /index.phpsshopdetail/191014559 HTTP/1.1" 503 856 "-" "Mozilla/5.0 (Linux; Android 6.0.1; Nexus 5X Build/MMB29P) AppleWebKit/537.36 (KHTML, like Gecko) Chrome/135.0.7049.95 Mobile Safari/537.36 (compatible; Googlebot/2.1; +http://www.google.com/bot.html)"
105.113.10.201 - - [26/Apr/2025:15:40:08 -0400] "GET /wp-content/uploads/2025/03/LUXURY-HOMES-4.png HTTP/1.1" 200 7034 "https://luxuryhomez.org/" "Mozilla/5.0 (Linux; Android 10; K) AppleWebKit/537.36 (KHTML, like Gecko) Chrome/133.0.0.0 Mobile Safari/537.36"
105.113.10.201 - - [26/Apr/2025:15:40:09 -0400] "GET /wp-content/plugins/woocommerce/assets/client/blocks/wc-blocks.css?ver=wc-9.8.2 HTTP/1.1" 200 2282 "https://luxuryhomez.org/" "Mozilla/5.0 (Linux; Android 10; K) AppleWebKit/537.36 (KHTML, like Gecko) Chrome/133.0.0.0 Mobile Safari/537.36"
105.113.10.201 - - [26/Apr/2025:15:40:09 -0400] "GET /wp-content/plugins/contact-form-7/includes/swv/js/index.js?ver=6.0.6 HTTP/1.1" 304 0 "https://luxuryhomez.org/" "Mozilla/5.0 (Linux; Android 10; K) AppleWebKit/537.36 (KHTML, like Gecko) Chrome/133.0.0.0 Mobile Safari/537.36"
105.113.10.201 - - [26/Apr/2025:15:40:09 -0400] "GET /wp-content/plugins/woocommerce/assets/js/jquery-cookie/jquery.cookie.min.js?ver=1.4.1-wc.9.8.2 HTTP/1.1" 200 695 "https://luxuryhomez.org/" "Mozilla/5.0 (Linux; Android 10; K) AppleWebKit/537.36 (KHTML, like Gecko) Chrome/133.0.0.0 Mobile Safari/537.36"
105.113.10.201 - - [26/Apr/2025:15:40:09 -0400] "GET /wp-content/plugins/wpbingo/assets/js/wpbingo.js?ver=6.8 HTTP/1.1" 304 0 "https://luxuryhomez.org/" "Mozilla/5.0 (Linux; Android 10; K) AppleWebKit/537.36 (KHTML, like Gecko) Chrome/133.0.0.0 Mobile Safari/537.36"
105.113.10.201 - - [26/Apr/2025:15:40:09 -0400] "GET /wp-content/plugins/wpbingo/assets/js/newsletter.js HTTP/1.1" 304 0 "https://luxuryhomez.org/" "Mozilla/5.0 (Linux; Android 10; K) AppleWebKit/537.36 (KHTML, like Gecko) Chrome/133.0.0.0 Mobile Safari/537.36"
105.113.10.201 - - [26/Apr/2025:15:40:09 -0400] "GET /wp-content/themes/davici/fonts/wpbingo.ttf?fzv6fp HTTP/1.1" 200 11112 "https://luxuryhomez.org/wp-content/themes/davici/css/wpbingo.css?ver=6.8" "Mozilla/5.0 (Linux; Android 10; K) AppleWebKit/537.36 (KHTML, like Gecko) Chrome/133.0.0.0 Mobile Safari/537.36"
105.113.10.201 - - [26/Apr/2025:15:40:09 -0400] "GET /wp-content/themes/davici/fonts/icomoon.ttf?fzv6fp HTTP/1.1" 200 17824 "https://luxuryhomez.org/wp-content/themes/davici/css/icomoon.css?ver=6.8" "Mozilla/5.0 (Linux; Android 10; K) AppleWebKit/537.36 (KHTML, like Gecko) Chrome/133.0.0.0 Mobile Safari/537.36"
105.113.10.201 - - [26/Apr/2025:15:40:09 -0400] "GET /wp-content/plugins/revslider/public/css/preloaders/t0.css HTTP/1.1" 200 183 "https://luxuryhomez.org/" "Mozilla/5.0 (Linux; Android 10; K) AppleWebKit/537.36 (KHTML, like Gecko) Chrome/133.0.0.0 Mobile Safari/537.36"
105.113.10.201 - - [26/Apr/2025:15:40:09 -0400] "GET /wp-content/plugins/wpbingo/assets/js/filter.js HTTP/1.1" 304 0 "https://luxuryhomez.org/" "Mozilla/5.0 (Linux; Android 10; K) AppleWebKit/537.36 (KHTML, like Gecko) Chrome/133.0.0.0 Mobile Safari/537.36"
105.113.10.201 - - [26/Apr/2025:15:40:09 -0400] "GET /wp-includes/js/jquery/ui/core.min.js?ver=1.13.3 HTTP/1.1" 200 6812 "https://luxuryhomez.org/" "Mozilla/5.0 (Linux; Android 10; K) AppleWebKit/537.36 (KHTML, like Gecko) Chrome/133.0.0.0 Mobile Safari/537.36"
105.113.10.201 - - [26/Apr/2025:15:40:09 -0400] "GET /wp-content/uploads/elementor/google-fonts/fonts/roboto-kfo7cnqeu92fr1me7ksn66agldtyluama3yuba.woff2 HTTP/1.1" 200 40128 "https://luxuryhomez.org/wp-content/uploads/elementor/google-fonts/css/roboto.css?ver=1742257781" "Mozilla/5.0 (Linux; Android 10; K) AppleWebKit/537.36 (KHTML, like Gecko) Chrome/133.0.0.0 Mobile Safari/537.36"
105.113.10.201 - - [26/Apr/2025:15:40:09 -0400] "GET /wp-content/plugins/woo-smart-compare/assets/libs/print/jQuery.print.js?ver=6.4.4 HTTP/1.1" 304 0 "https://luxuryhomez.org/" "Mozilla/5.0 (Linux; Android 10; K) AppleWebKit/537.36 (KHTML, like Gecko) Chrome/133.0.0.0 Mobile Safari/537.36"
105.113.10.201 - - [26/Apr/2025:15:40:09 -0400] "GET /wp-content/plugins/woo-smart-compare/assets/libs/table-head-fixer/table-head-fixer.js?ver=6.4.4 HTTP/1.1" 304 0 "https://luxuryhomez.org/" "Mozilla/5.0 (Linux; Android 10; K) AppleWebKit/537.36 (KHTML, like Gecko) Chrome/133.0.0.0 Mobile Safari/537.36"
105.113.10.201 - - [26/Apr/2025:15:40:09 -0400] "GET /wp-content/plugins/woo-smart-compare/assets/js/frontend.js?ver=6.4.4 HTTP/1.1" 304 0 "https://luxuryhomez.org/" "Mozilla/5.0 (Linux; Android 10; K) AppleWebKit/537.36 (KHTML, like Gecko) Chrome/133.0.0.0 Mobile Safari/537.36"
105.113.10.201 - - [26/Apr/2025:15:40:09 -0400] "GET /wp-content/plugins/woo-smart-compare/assets/libs/perfect-scrollbar/js/perfect-scrollbar.jquery.min.js?ver=6.4.4 HTTP/1.1" 304 0 "https://luxuryhomez.org/" "Mozilla/5.0 (Linux; Android 10; K) AppleWebKit/537.36 (KHTML, like Gecko) Chrome/133.0.0.0 Mobile Safari/537.36"
105.113.10.201 - - [26/Apr/2025:15:40:09 -0400] "GET /wp-content/plugins/woo-smart-wishlist/assets/js/frontend.js?ver=4.9.9 HTTP/1.1" 304 0 "https://luxuryhomez.org/" "Mozilla/5.0 (Linux; Android 10; K) AppleWebKit/537.36 (KHTML, like Gecko) Chrome/133.0.0.0 Mobile Safari/537.36"
105.113.10.201 - - [26/Apr/2025:15:40:10 -0400] "GET /wp-content/themes/davici/js/bootstrap.min.js HTTP/1.1" 200 11810 "https://luxuryhomez.org/" "Mozilla/5.0 (Linux; Android 10; K) AppleWebKit/537.36 (KHTML, like Gecko) Chrome/133.0.0.0 Mobile Safari/537.36"
105.113.10.201 - - [26/Apr/2025:15:40:10 -0400] "GET /wp-content/themes/davici/js/jquery.mmenu.all.min.js HTTP/1.1" 200 14689 "https://luxuryhomez.org/" "Mozilla/5.0 (Linux; Android 10; K) AppleWebKit/537.36 (KHTML, like Gecko) Chrome/133.0.0.0 Mobile Safari/537.36"
105.113.10.201 - - [26/Apr/2025:15:40:10 -0400] "GET /wp-content/themes/davici/js/slick.min.js HTTP/1.1" 200 10097 "https://luxuryhomez.org/" "Mozilla/5.0 (Linux; Android 10; K) AppleWebKit/537.36 (KHTML, like Gecko) Chrome/133.0.0.0 Mobile Safari/537.36"
105.113.10.201 - - [26/Apr/2025:15:40:10 -0400] "GET /wp-content/themes/davici/js/functions.js HTTP/1.1" 200 7914 "https://luxuryhomez.org/" "Mozilla/5.0 (Linux; Android 10; K) AppleWebKit/537.36 (KHTML, like Gecko) Chrome/133.0.0.0 Mobile Safari/537.36"
105.113.10.201 - - [26/Apr/2025:15:40:10 -0400] "GET /wp-content/themes/davici/js/jquery.circlestime.js HTTP/1.1" 200 7590 "https://luxuryhomez.org/" "Mozilla/5.0 (Linux; Android 10; K) AppleWebKit/537.36 (KHTML, like Gecko) Chrome/133.0.0.0 Mobile Safari/537.36"
105.113.10.201 - - [26/Apr/2025:15:40:10 -0400] "GET /wp-content/plugins/woocommerce/assets/js/frontend/order-attribution.min.js?ver=9.8.2 HTTP/1.1" 200 1006 "https://luxuryhomez.org/" "Mozilla/5.0 (Linux; Android 10; K) AppleWebKit/537.36 (KHTML, like Gecko) Chrome/133.0.0.0 Mobile Safari/537.36"
105.113.10.201 - - [26/Apr/2025:15:40:10 -0400] "GET /wp-content/themes/davici/js/jquery.elevatezoom.js HTTP/1.1" 200 10561 "https://luxuryhomez.org/" "Mozilla/5.0 (Linux; Android 10; K) AppleWebKit/537.36 (KHTML, like Gecko) Chrome/133.0.0.0 Mobile Safari/537.36"
105.113.10.201 - - [26/Apr/2025:15:40:10 -0400] "GET /wp-content/plugins/woocommerce/assets/js/sourcebuster/sourcebuster.min.js?ver=9.8.2 HTTP/1.1" 200 4609 "https://luxuryhomez.org/" "Mozilla/5.0 (Linux; Android 10; K) AppleWebKit/537.36 (KHTML, like Gecko) Chrome/133.0.0.0 Mobile Safari/537.36"
105.113.10.201 - - [26/Apr/2025:15:40:10 -0400] "GET /wp-content/plugins/variation-swatches-for-woocommerce/assets/js/frontend.js?ver=2.2.5 HTTP/1.1" 304 0 "https://luxuryhomez.org/" "Mozilla/5.0 (Linux; Android 10; K) AppleWebKit/537.36 (KHTML, like Gecko) Chrome/133.0.0.0 Mobile Safari/537.36"
105.113.10.201 - - [26/Apr/2025:15:40:10 -0400] "GET /wp-content/plugins/elementor/assets/js/webpack.runtime.min.js?ver=3.28.4 HTTP/1.1" 200 2228 "https://luxuryhomez.org/" "Mozilla/5.0 (Linux; Android 10; K) AppleWebKit/537.36 (KHTML, like Gecko) Chrome/133.0.0.0 Mobile Safari/537.36"
105.113.10.201 - - [26/Apr/2025:15:40:10 -0400] "GET /wp-content/plugins/elementor-pro/assets/js/frontend.min.js?ver=3.25.0 HTTP/1.1" 200 6446 "https://luxuryhomez.org/" "Mozilla/5.0 (Linux; Android 10; K) AppleWebKit/537.36 (KHTML, like Gecko) Chrome/133.0.0.0 Mobile Safari/537.36"
105.113.10.201 - - [26/Apr/2025:15:40:10 -0400] "GET /wp-content/plugins/elementor/assets/js/frontend-modules.min.js?ver=3.28.4 HTTP/1.1" 200 14421 "https://luxuryhomez.org/" "Mozilla/5.0 (Linux; Android 10; K) AppleWebKit/537.36 (KHTML, like Gecko) Chrome/133.0.0.0 Mobile Safari/537.36"
105.113.10.201 - - [26/Apr/2025:15:40:10 -0400] "GET /wp-content/plugins/elementor-pro/assets/js/webpack-pro.runtime.min.js?ver=3.25.0 HTTP/1.1" 304 0 "https://luxuryhomez.org/" "Mozilla/5.0 (Linux; Android 10; K) AppleWebKit/537.36 (KHTML, like Gecko) Chrome/133.0.0.0 Mobile Safari/537.36"
105.113.10.201 - - [26/Apr/2025:15:40:10 -0400] "GET /wp-content/plugins/elementor-pro/assets/js/elements-handlers.min.js?ver=3.25.0 HTTP/1.1" 200 9746 "https://luxuryhomez.org/" "Mozilla/5.0 (Linux; Android 10; K) AppleWebKit/537.36 (KHTML, like Gecko) Chrome/133.0.0.0 Mobile Safari/537.36"
105.113.10.201 - - [26/Apr/2025:15:40:10 -0400] "GET /wp-content/plugins/elementor/assets/js/frontend.min.js?ver=3.28.4 HTTP/1.1" 200 13099 "https://luxuryhomez.org/" "Mozilla/5.0 (Linux; Android 10; K) AppleWebKit/537.36 (KHTML, like Gecko) Chrome/133.0.0.0 Mobile Safari/537.36"
105.113.10.201 - - [26/Apr/2025:15:40:10 -0400] "GET /wp-content/plugins/revslider/public/js/libs/tptools.js?ver=6.7.15 HTTP/1.1" 200 72248 "https://luxuryhomez.org/" "Mozilla/5.0 (Linux; Android 10; K) AppleWebKit/537.36 (KHTML, like Gecko) Chrome/133.0.0.0 Mobile Safari/537.36"
105.113.10.201 - - [26/Apr/2025:15:40:10 -0400] "GET /wp-content/plugins/revslider/public/js/sr7.js?ver=6.7.15 HTTP/1.1" 200 84146 "https://luxuryhomez.org/" "Mozilla/5.0 (Linux; Android 10; K) AppleWebKit/537.36 (KHTML, like Gecko) Chrome/133.0.0.0 Mobile Safari/537.36"
105.113.10.201 - - [26/Apr/2025:15:40:11 -0400] "GET /wp-content/plugins/woocommerce/assets/js/jquery-blockui/jquery.blockUI.min.js?ver=2.7.0-wc.9.8.2 HTTP/1.1" 200 3277 "https://luxuryhomez.org/" "Mozilla/5.0 (Linux; Android 10; K) AppleWebKit/537.36 (KHTML, like Gecko) Chrome/133.0.0.0 Mobile Safari/537.36"
105.113.10.201 - - [26/Apr/2025:15:40:11 -0400] "GET /wp-content/plugins/woocommerce/assets/js/frontend/woocommerce.min.js?ver=9.8.2 HTTP/1.1" 200 1241 "https://luxuryhomez.org/" "Mozilla/5.0 (Linux; Android 10; K) AppleWebKit/537.36 (KHTML, like Gecko) Chrome/133.0.0.0 Mobile Safari/537.36"
105.113.10.201 - - [26/Apr/2025:15:40:11 -0400] "GET /wp-content/plugins/woocommerce/assets/js/frontend/add-to-cart-variation.min.js?ver=9.8.2 HTTP/1.1" 200 3712 "https://luxuryhomez.org/" "Mozilla/5.0 (Linux; Android 10; K) AppleWebKit/537.36 (KHTML, like Gecko) Chrome/133.0.0.0 Mobile Safari/537.36"
105.113.10.201 - - [26/Apr/2025:15:40:11 -0400] "GET /wp-content/plugins/woocommerce/assets/js/frontend/add-to-cart.min.js?ver=9.8.2 HTTP/1.1" 200 1225 "https://luxuryhomez.org/" "Mozilla/5.0 (Linux; Android 10; K) AppleWebKit/537.36 (KHTML, like Gecko) Chrome/133.0.0.0 Mobile Safari/537.36"
105.113.10.201 - - [26/Apr/2025:15:40:11 -0400] "GET /wp-content/themes/davici/images/placeholder.jpg HTTP/1.1" 200 16186 "https://luxuryhomez.org/" "Mozilla/5.0 (Linux; Android 10; K) AppleWebKit/537.36 (KHTML, like Gecko) Chrome/133.0.0.0 Mobile Safari/537.36"
105.113.10.201 - - [26/Apr/2025:15:40:11 -0400] "GET /wp-content/plugins/wpbingo/lib/lookbook/images/bwp_lookbook/img2-6.jpg HTTP/1.1" 200 129210 "https://luxuryhomez.org/" "Mozilla/5.0 (Linux; Android 10; K) AppleWebKit/537.36 (KHTML, like Gecko) Chrome/133.0.0.0 Mobile Safari/537.36"
105.113.10.201 - - [26/Apr/2025:15:40:11 -0400] "GET /wp-content/uploads/revslider/slider-6/slider6-5.png HTTP/1.1" 200 125364 "https://luxuryhomez.org/" "Mozilla/5.0 (Linux; Android 10; K) AppleWebKit/537.36 (KHTML, like Gecko) Chrome/133.0.0.0 Mobile Safari/537.36"
105.113.10.201 - - [26/Apr/2025:15:40:11 -0400] "GET /wp-content/uploads/2025/03/WhatsApp-Image-2025-03-06-at-12.19.14-PM.jpeg HTTP/1.1" 200 23362 "https://luxuryhomez.org/" "Mozilla/5.0 (Linux; Android 10; K) AppleWebKit/537.36 (KHTML, like Gecko) Chrome/133.0.0.0 Mobile Safari/537.36"
105.113.10.201 - - [26/Apr/2025:15:40:11 -0400] "GET /wp-content/uploads/2025/03/WhatsApp-Image-2025-03-06-at-12.19.13-PM.jpeg HTTP/1.1" 200 18476 "https://luxuryhomez.org/" "Mozilla/5.0 (Linux; Android 10; K) AppleWebKit/537.36 (KHTML, like Gecko) Chrome/133.0.0.0 Mobile Safari/537.36"
105.113.10.201 - - [26/Apr/2025:15:40:11 -0400] "GET /wp-content/uploads/2025/03/WhatsApp-Image-2025-03-06-at-12.19.13-PM-1.jpeg HTTP/1.1" 200 21155 "https://luxuryhomez.org/" "Mozilla/5.0 (Linux; Android 10; K) AppleWebKit/537.36 (KHTML, like Gecko) Chrome/133.0.0.0 Mobile Safari/537.36"
105.113.10.201 - - [26/Apr/2025:15:40:11 -0400] "GET /wp-content/uploads/2025/03/WhatsApp-Image-2025-03-06-at-12.19.10-PM.jpeg HTTP/1.1" 200 33126 "https://luxuryhomez.org/" "Mozilla/5.0 (Linux; Android 10; K) AppleWebKit/537.36 (KHTML, like Gecko) Chrome/133.0.0.0 Mobile Safari/537.36"
105.113.10.201 - - [26/Apr/2025:15:40:11 -0400] "GET /wp-content/uploads/2025/03/Electricity-saving-box-home-es-1.png HTTP/1.1" 200 71966 "https://luxuryhomez.org/" "Mozilla/5.0 (Linux; Android 10; K) AppleWebKit/537.36 (KHTML, like Gecko) Chrome/133.0.0.0 Mobile Safari/537.36"
105.113.10.201 - - [26/Apr/2025:15:40:12 -0400] "GET /wp-content/uploads/revslider/slider-8/slider8-3.jpg HTTP/1.1" 200 58667 "https://luxuryhomez.org/" "Mozilla/5.0 (Linux; Android 10; K) AppleWebKit/537.36 (KHTML, like Gecko) Chrome/133.0.0.0 Mobile Safari/537.36"
105.113.10.201 - - [26/Apr/2025:15:40:12 -0400] "GET /wp-content/uploads/revslider/slider-8/slider8-1.jpg HTTP/1.1" 200 77975 "https://luxuryhomez.org/" "Mozilla/5.0 (Linux; Android 10; K) AppleWebKit/537.36 (KHTML, like Gecko) Chrome/133.0.0.0 Mobile Safari/537.36"
105.113.10.201 - - [26/Apr/2025:15:40:12 -0400] "GET /wp-content/uploads/revslider/slider-3/slider3-2.jpg HTTP/1.1" 200 61036 "https://luxuryhomez.org/" "Mozilla/5.0 (Linux; Android 10; K) AppleWebKit/537.36 (KHTML, like Gecko) Chrome/133.0.0.0 Mobile Safari/537.36"
105.113.10.201 - - [26/Apr/2025:15:40:12 -0400] "GET /wp-content/uploads/revslider/slider-1/slider1-3.jpg HTTP/1.1" 200 103351 "https://luxuryhomez.org/" "Mozilla/5.0 (Linux; Android 10; K) AppleWebKit/537.36 (KHTML, like Gecko) Chrome/133.0.0.0 Mobile Safari/537.36"
105.113.10.201 - - [26/Apr/2025:15:40:12 -0400] "GET /wp-content/uploads/revslider/slider-3/slider3-1.jpg HTTP/1.1" 200 31728 "https://luxuryhomez.org/" "Mozilla/5.0 (Linux; Android 10; K) AppleWebKit/537.36 (KHTML, like Gecko) Chrome/133.0.0.0 Mobile Safari/537.36"
105.113.10.201 - - [26/Apr/2025:15:40:12 -0400] "GET /wp-content/uploads/2025/03/download-4.jpeg HTTP/1.1" 200 113092 "https://luxuryhomez.org/" "Mozilla/5.0 (Linux; Android 10; K) AppleWebKit/537.36 (KHTML, like Gecko) Chrome/133.0.0.0 Mobile Safari/537.36"
105.113.10.201 - - [26/Apr/2025:15:40:12 -0400] "GET /wp-content/plugins/woocommerce/assets/js/photoswipe/photoswipe.min.js?ver=4.1.1-wc.9.8.2 HTTP/1.1" 200 11652 "https://luxuryhomez.org/" "Mozilla/5.0 (Linux; Android 10; K) AppleWebKit/537.36 (KHTML, like Gecko) Chrome/133.0.0.0 Mobile Safari/537.36"
105.113.10.201 - - [26/Apr/2025:15:40:12 -0400] "GET /wp-content/plugins/woocommerce/assets/js/photoswipe/photoswipe-ui-default.min.js?ver=4.1.1-wc.9.8.2 HTTP/1.1" 200 3478 "https://luxuryhomez.org/" "Mozilla/5.0 (Linux; Android 10; K) AppleWebKit/537.36 (KHTML, like Gecko) Chrome/133.0.0.0 Mobile Safari/537.36"
105.113.10.201 - - [26/Apr/2025:15:40:12 -0400] "GET /wp-content/plugins/woo-smart-compare/assets/images/share.svg HTTP/1.1" 200 230 "https://luxuryhomez.org/wp-content/plugins/woo-smart-compare/assets/css/frontend.css?ver=6.4.4" "Mozilla/5.0 (Linux; Android 10; K) AppleWebKit/537.36 (KHTML, like Gecko) Chrome/133.0.0.0 Mobile Safari/537.36"
105.113.10.201 - - [26/Apr/2025:15:40:12 -0400] "GET /wp-content/themes/davici/fonts/ElegantIcons.woff HTTP/1.1" 200 63664 "https://luxuryhomez.org/wp-content/themes/davici/css/elegant.css?ver=6.8" "Mozilla/5.0 (Linux; Android 10; K) AppleWebKit/537.36 (KHTML, like Gecko) Chrome/133.0.0.0 Mobile Safari/537.36"
105.113.10.201 - - [26/Apr/2025:15:40:13 -0400] "GET /wp-content/plugins/elementor/assets/lib/font-awesome/fonts/fontawesome-webfont.woff2?v=4.7.0 HTTP/1.1" 200 77160 "https://luxuryhomez.org/wp-content/plugins/elementor/assets/lib/font-awesome/css/font-awesome.min.css?ver=4.7.0" "Mozilla/5.0 (Linux; Android 10; K) AppleWebKit/537.36 (KHTML, like Gecko) Chrome/133.0.0.0 Mobile Safari/537.36"
105.113.10.201 - - [26/Apr/2025:15:40:13 -0400] "GET /wp-includes/js/wp-emoji-release.min.js?ver=6.8 HTTP/1.1" 304 0 "https://luxuryhomez.org/" "Mozilla/5.0 (Linux; Android 10; K) AppleWebKit/537.36 (KHTML, like Gecko) Chrome/133.0.0.0 Mobile Safari/537.36"
105.113.10.201 - - [26/Apr/2025:15:40:13 -0400] "POST /?wc-ajax=woosw_get_data HTTP/1.1" 503 856 "https://luxuryhomez.org/" "Mozilla/5.0 (Linux; Android 10; K) AppleWebKit/537.36 (KHTML, like Gecko) Chrome/133.0.0.0 Mobile Safari/537.36"
105.113.10.201 - - [26/Apr/2025:15:40:14 -0400] "GET /wp-json/sliderrevolution/sliders/5?srengine=7 HTTP/1.1" 200 32800 "https://luxuryhomez.org/" "Mozilla/5.0 (Linux; Android 10; K) AppleWebKit/537.36 (KHTML, like Gecko) Chrome/133.0.0.0 Mobile Safari/537.36"
105.113.10.201 - - [26/Apr/2025:15:40:14 -0400] "GET /wp-content/plugins/elementor/assets/js/text-editor.c084ef86600b6f11690d.bundle.min.js HTTP/1.1" 200 621 "https://luxuryhomez.org/" "Mozilla/5.0 (Linux; Android 10; K) AppleWebKit/537.36 (KHTML, like Gecko) Chrome/133.0.0.0 Mobile Safari/537.36"
105.113.10.201 - - [26/Apr/2025:15:40:16 -0400] "GET /wp-content/uploads/2025/03/0e0bd644-d450-4723-a8a1-e6dc183231ab.jpeg HTTP/1.1" 200 28546 "https://luxuryhomez.org/" "Mozilla/5.0 (Linux; Android 10; K) AppleWebKit/537.36 (KHTML, like Gecko) Chrome/133.0.0.0 Mobile Safari/537.36"
66.249.73.11 - - [26/Apr/2025:15:40:31 -0400] "GET /safe_search/config?return_url=%2Fproduct%2Fdetail%2F12444061 HTTP/1.1" 503 856 "-" "Mozilla/5.0 (Linux; Android 6.0.1; Nexus 5X Build/MMB29P) AppleWebKit/537.36 (KHTML, like Gecko) Chrome/135.0.7049.95 Mobile Safari/537.36 (compatible; Googlebot/2.1; +http://www.google.com/bot.html)"
105.113.10.201 - - [26/Apr/2025:15:40:35 -0400] "GET /interior-decors/ HTTP/1.1" 503 856 "https://luxuryhomez.org/" "Mozilla/5.0 (Linux; Android 10; K) AppleWebKit/537.36 (KHTML, like Gecko) Chrome/133.0.0.0 Mobile Safari/537.36"
105.113.10.201 - - [26/Apr/2025:15:40:36 -0400] "GET /product/kenroy-home/ HTTP/1.1" 503 856 "https://luxuryhomez.org/" "Mozilla/5.0 (Linux; Android 10; K) AppleWebKit/537.36 (KHTML, like Gecko) Chrome/133.0.0.0 Mobile Safari/537.36"
105.113.10.201 - - [26/Apr/2025:15:40:37 -0400] "GET /product/furinno-simple/ HTTP/1.1" 503 856 "https://luxuryhomez.org/" "Mozilla/5.0 (Linux; Android 10; K) AppleWebKit/537.36 (KHTML, like Gecko) Chrome/133.0.0.0 Mobile Safari/537.36"
105.113.10.201 - - [26/Apr/2025:15:40:38 -0400] "GET /product/quik-chair/ HTTP/1.1" 503 856 "https://luxuryhomez.org/" "Mozilla/5.0 (Linux; Android 10; K) AppleWebKit/537.36 (KHTML, like Gecko) Chrome/133.0.0.0 Mobile Safari/537.36"
105.113.10.201 - - [26/Apr/2025:15:40:38 -0400] "GET /wp-content/uploads/2025/03/1545207059-92-yima-technologies.jpg HTTP/1.1" 200 24327 "https://luxuryhomez.org/" "Mozilla/5.0 (Linux; Android 10; K) AppleWebKit/537.36 (KHTML, like Gecko) Chrome/133.0.0.0 Mobile Safari/537.36"
105.113.10.201 - - [26/Apr/2025:15:40:39 -0400] "GET /wp-content/uploads/2025/03/png-16.jpg HTTP/1.1" 200 72093 "https://luxuryhomez.org/" "Mozilla/5.0 (Linux; Android 10; K) AppleWebKit/537.36 (KHTML, like Gecko) Chrome/133.0.0.0 Mobile Safari/537.36"
57.141.4.22 - - [26/Apr/2025:15:40:58 -0400] "GET /shadow.php?488728545.htm HTTP/1.1" 503 1866 "-" "meta-externalagent/1.1 (+https://developers.facebook.com/docs/sharing/webmasters/crawler)"
66.249.73.7 - - [26/Apr/2025:15:42:13 -0400] "GET /pcmypage?callback=/product%2Fdetail%2F63954134 HTTP/1.1" 503 856 "-" "Mozilla/5.0 (compatible; Googlebot/2.1; +http://www.google.com/bot.html)"
66.249.73.5 - - [26/Apr/2025:15:44:05 -0400] "GET /index.phpsshopdetail/346679459 HTTP/1.1" 503 856 "-" "Mozilla/5.0 (Linux; Android 6.0.1; Nexus 5X Build/MMB29P) AppleWebKit/537.36 (KHTML, like Gecko) Chrome/135.0.7049.95 Mobile Safari/537.36 (compatible; GoogleOther)"
66.249.73.10 - - [26/Apr/2025:15:44:16 -0400] "GET /robots.txt HTTP/1.1" 200 139 "-" "Mozilla/5.0 (compatible; Googlebot/2.1; +http://www.google.com/bot.html)"
66.249.73.10 - - [26/Apr/2025:15:44:16 -0400] "GET /shopdetail/235056159 HTTP/1.1" 503 856 "-" "Mozilla/5.0 (compatible; Googlebot/2.1; +http://www.google.com/bot.html)"
51.222.253.7 - - [26/Apr/2025:15:46:12 -0400] "GET /brand/brand-2/?orderby=price-desc&category-view-mode=grid&product_col_large=2 HTTP/1.1" 503 856 "-" "Mozilla/5.0 (compatible; AhrefsBot/7.0; +http://ahrefs.com/robot/)"
57.141.4.26 - - [26/Apr/2025:15:47:30 -0400] "GET /shopdetail/142608659 HTTP/1.1" 503 1866 "-" "meta-externalagent/1.1 (+https://developers.facebook.com/docs/sharing/webmasters/crawler)"
66.249.73.6 - - [26/Apr/2025:15:47:37 -0400] "GET /index.php/pcmypage?callback=product%2Fdetail%2F91565774 HTTP/1.1" 503 856 "-" "Mozilla/5.0 (Linux; Android 6.0.1; Nexus 5X Build/MMB29P) AppleWebKit/537.36 (KHTML, like Gecko) Chrome/135.0.7049.95 Mobile Safari/537.36 (compatible; Googlebot/2.1; +http://www.google.com/bot.html)"
195.15.211.106 - - [26/Apr/2025:15:49:18 -0400] "POST /xmlrpc.php HTTP/1.1" 503 1866 "-" "Mozilla/5.0 (Windows NT 10.0; Win64; x64) AppleWebKit/537.36 (KHTML, like Gecko) Chrome/64.0.3282.186 Safari/537.36"
85.10.137.175 - - [26/Apr/2025:15:49:40 -0400] "POST /xmlrpc.php HTTP/1.1" 503 1866 "-" "Mozilla/5.0 (Windows NT 10.0; Win64; x64) AppleWebKit/537.36 (KHTML, like Gecko) Chrome/72.0.3626.121 Safari/537.36"
162.213.255.14 - - [26/Apr/2025:15:49:41 -0400] "POST /xmlrpc.php HTTP/1.1" 503 1866 "-" "Mozilla/5.0 (Windows NT 6.1; WOW64; rv:38.0) Gecko/20100101 Firefox/38.0"
80.250.12.186 - - [26/Apr/2025:15:49:47 -0400] "POST /xmlrpc.php HTTP/1.1" 503 1866 "-" "Mozilla/5.0 (Windows NT 5.1) AppleWebKit/537.36 (KHTML, like Gecko) Chrome/46.0.2490.71 Safari/537.36"
51.68.229.140 - - [26/Apr/2025:15:50:01 -0400] "POST /xmlrpc.php HTTP/1.1" 503 1866 "-" "Mozilla/5.0 (Linux; Android 10; SM-A205U) AppleWebKit/537.36 (KHTML, like Gecko) Chrome/91.0.4472.114 Mobile Safari/537.36"
66.249.73.5 - - [26/Apr/2025:15:50:04 -0400] "GET /index.phpsshopdetail/191014559 HTTP/1.1" 503 856 "-" "Mozilla/5.0 (Linux; Android 6.0.1; Nexus 5X Build/MMB29P) AppleWebKit/537.36 (KHTML, like Gecko) Chrome/135.0.7049.95 Mobile Safari/537.36 (compatible; Googlebot/2.1; +http://www.google.com/bot.html)"
51.68.229.140 - - [26/Apr/2025:15:50:05 -0400] "POST /xmlrpc.php HTTP/1.1" 503 1866 "-" "Mozilla/5.0 (Windows NT 10.0; Win64; x64) AppleWebKit/537.36 (KHTML, like Gecko) Chrome/79.0.3945.88 Safari/537.36"
94.46.178.8 - - [26/Apr/2025:15:50:23 -0400] "POST /xmlrpc.php HTTP/1.1" 503 1866 "-" "Mozilla/5.0 (Windows NT 10.0; Win64; x64) AppleWebKit/537.36 (KHTML, like Gecko) Chrome/65.0.3325.181 Safari/537.36"
66.249.73.7 - - [26/Apr/2025:15:51:01 -0400] "GET /index.phpsshopdetail/330832159 HTTP/1.1" 503 856 "-" "Mozilla/5.0 (Linux; Android 6.0.1; Nexus 5X Build/MMB29P) AppleWebKit/537.36 (KHTML, like Gecko) Chrome/135.0.7049.95 Mobile Safari/537.36 (compatible; Googlebot/2.1; +http://www.google.com/bot.html)"
57.141.4.9 - - [26/Apr/2025:15:51:20 -0400] "GET /shopdetail/307979859 HTTP/1.1" 503 1866 "-" "meta-externalagent/1.1 (+https://developers.facebook.com/docs/sharing/webmasters/crawler)"
66.249.73.11 - - [26/Apr/2025:15:53:18 -0400] "GET /shopdetail/87309859 HTTP/1.1" 503 856 "-" "Mozilla/5.0 (compatible; Googlebot/2.1; +http://www.google.com/bot.html)"
66.249.73.5 - - [26/Apr/2025:15:54:27 -0400] "GET /index.phpsshopdetail/286354359 HTTP/1.1" 503 856 "-" "Mozilla/5.0 (Linux; Android 6.0.1; Nexus 5X Build/MMB29P) AppleWebKit/537.36 (KHTML, like Gecko) Chrome/135.0.7049.95 Mobile Safari/537.36 (compatible; Googlebot/2.1; +http://www.google.com/bot.html)"
57.141.4.9 - - [26/Apr/2025:15:54:57 -0400] "GET /shopdetail/262623759 HTTP/1.1" 503 1866 "-" "meta-externalagent/1.1 (+https://developers.facebook.com/docs/sharing/webmasters/crawler)"
66.249.73.10 - - [26/Apr/2025:15:55:51 -0400] "GET /pcmypage?callback=product%2Fdetail%2F07488129 HTTP/1.1" 503 856 "-" "Mozilla/5.0 (Linux; Android 6.0.1; Nexus 5X Build/MMB29P) AppleWebKit/537.36 (KHTML, like Gecko) Chrome/135.0.7049.95 Mobile Safari/537.36 (compatible; Googlebot/2.1; +http://www.google.com/bot.html)"
57.141.4.11 - - [26/Apr/2025:15:56:01 -0400] "GET /shopdetail/378032659 HTTP/1.1" 503 1866 "-" "meta-externalagent/1.1 (+https://developers.facebook.com/docs/sharing/webmasters/crawler)"
57.141.4.19 - - [26/Apr/2025:15:56:10 -0400] "GET /shopdetail/376485159 HTTP/1.1" 503 1866 "-" "meta-externalagent/1.1 (+https://developers.facebook.com/docs/sharing/webmasters/crawler)"
66.249.73.10 - - [26/Apr/2025:15:57:35 -0400] "GET /shopdetail/136659659 HTTP/1.1" 503 856 "-" "Mozilla/5.0 (compatible; Googlebot/2.1; +http://www.google.com/bot.html)"
66.249.73.6 - - [26/Apr/2025:16:01:00 -0400] "GET /index.phpsshopdetail/330832159 HTTP/1.1" 503 856 "-" "Mozilla/5.0 (Linux; Android 6.0.1; Nexus 5X Build/MMB29P) AppleWebKit/537.36 (KHTML, like Gecko) Chrome/135.0.7049.95 Mobile Safari/537.36 (compatible; Googlebot/2.1; +http://www.google.com/bot.html)"
66.249.73.6 - - [26/Apr/2025:16:01:23 -0400] "GET /index.phpsshopdetail/208525959 HTTP/1.1" 503 856 "-" "Mozilla/5.0 (compatible; Googlebot/2.1; +http://www.google.com/bot.html)"
66.249.73.5 - - [26/Apr/2025:16:01:49 -0400] "GET /index.phpsshopdetail/186844459 HTTP/1.1" 503 856 "-" "Mozilla/5.0 (Linux; Android 6.0.1; Nexus 5X Build/MMB29P) AppleWebKit/537.36 (KHTML, like Gecko) Chrome/135.0.7049.95 Mobile Safari/537.36 (compatible; GoogleOther)"
66.249.73.5 - - [26/Apr/2025:16:01:52 -0400] "GET /index.phpsshopdetail/258392659 HTTP/1.1" 503 856 "-" "Mozilla/5.0 (Linux; Android 6.0.1; Nexus 5X Build/MMB29P) AppleWebKit/537.36 (KHTML, like Gecko) Chrome/135.0.7049.95 Mobile Safari/537.36 (compatible; GoogleOther)"
66.249.73.5 - - [26/Apr/2025:16:02:34 -0400] "GET /index.phpsshopdetail/259429159 HTTP/1.1" 503 856 "-" "Mozilla/5.0 (Linux; Android 6.0.1; Nexus 5X Build/MMB29P) AppleWebKit/537.36 (KHTML, like Gecko) Chrome/135.0.7049.95 Mobile Safari/537.36 (compatible; Googlebot/2.1; +http://www.google.com/bot.html)"
66.249.73.12 - - [26/Apr/2025:16:03:31 -0400] "GET /pcmypage?callback=/product%2Fdetail%2F92259608 HTTP/1.1" 503 856 "-" "Mozilla/5.0 (compatible; Googlebot/2.1; +http://www.google.com/bot.html)"
66.249.73.6 - - [26/Apr/2025:16:04:35 -0400] "GET /index.phpsshopdetail/159033459 HTTP/1.1" 503 856 "-" "Mozilla/5.0 (compatible; Googlebot/2.1; +http://www.google.com/bot.html)"
57.141.4.29 - - [26/Apr/2025:16:07:09 -0400] "GET /shopdetail/331589359 HTTP/1.1" 503 1866 "-" "meta-externalagent/1.1 (+https://developers.facebook.com/docs/sharing/webmasters/crawler)"
66.249.73.7 - - [26/Apr/2025:16:08:09 -0400] "GET /index.phpsshopdetail/226070459 HTTP/1.1" 503 856 "-" "Mozilla/5.0 (compatible; Googlebot/2.1; +http://www.google.com/bot.html)"
