162.0.215.211 - - [26/Apr/2025:13:30:59 -0400] "POST /wp-admin/admin-ajax.php?action=async_litespeed&nonce=3VOCEMusPt87ZTJ1Rh0kf664ogZprBqb&litespeed_type=imgoptm HTTP/1.1" 200 21 "-" "WordPress/6.8; https://luxuryhomez.org"
66.249.73.6 - - [26/Apr/2025:13:30:58 -0400] "GET /shopdetail/381293559 HTTP/1.1" 404 17023 "-" "Mozilla/5.0 (Linux; Android 6.0.1; Nexus 5X Build/MMB29P) AppleWebKit/537.36 (KHTML, like Gecko) Chrome/135.0.7049.95 Mobile Safari/537.36 (compatible; GoogleOther)"
162.0.215.211 - - [26/Apr/2025:13:31:32 -0400] "POST /wp-cron.php?doing_wp_cron=1745688692.5899429321289062500000 HTTP/1.1" 200 0 "-" "WordPress/6.8; https://luxuryhomez.org"
66.249.73.11 - - [26/Apr/2025:13:31:32 -0400] "GET /pcmypage?callback=product%2Fdetail%2F03339827 HTTP/1.1" 301 0 "-" "Mozilla/5.0 (Linux; Android 6.0.1; Nexus 5X Build/MMB29P) AppleWebKit/537.36 (KHTML, like Gecko) Chrome/135.0.7049.95 Mobile Safari/537.36 (compatible; Googlebot/2.1; +http://www.google.com/bot.html)"
162.0.215.211 - - [26/Apr/2025:13:31:32 -0400] "POST /wp-admin/admin-ajax.php?action=async_litespeed&nonce=dhVhdayqAjzFsVP1Pd8URdphvTQY8sou&litespeed_type=imgoptm HTTP/1.1" 200 21 "-" "WordPress/6.8; https://luxuryhomez.org"
66.249.73.6 - - [26/Apr/2025:13:31:32 -0400] "GET /pcmypage?callback=product%2Fdetail%2F03339827 HTTP/1.1" 404 17038 "-" "Mozilla/5.0 (Linux; Android 6.0.1; Nexus 5X Build/MMB29P) AppleWebKit/537.36 (KHTML, like Gecko) Chrome/135.0.7049.95 Mobile Safari/537.36 (compatible; Googlebot/2.1; +http://www.google.com/bot.html)"
162.0.215.211 - - [26/Apr/2025:13:38:10 -0400] "POST /wp-cron.php?doing_wp_cron=1745689090.3707470893859863281250 HTTP/1.1" 200 0 "-" "WordPress/6.8; https://luxuryhomez.org"
162.0.215.211 - - [26/Apr/2025:13:38:11 -0400] "POST /wp-admin/admin-ajax.php?action=async_litespeed&nonce=38fVSmNTC0omALck24YfRKmgbDYeq0Tp&litespeed_type=imgoptm HTTP/1.1" 200 21 "-" "WordPress/6.8; https://luxuryhomez.org"
66.249.73.6 - - [26/Apr/2025:13:38:05 -0400] "GET /index.phpsshopdetail/137879359 HTTP/1.1" 404 17031 "-" "Mozilla/5.0 (Linux; Android 6.0.1; Nexus 5X Build/MMB29P) AppleWebKit/537.36 (KHTML, like Gecko) Chrome/135.0.7049.95 Mobile Safari/537.36 (compatible; GoogleOther)"
162.0.215.211 - - [26/Apr/2025:13:41:27 -0400] "POST /wp-cron.php?doing_wp_cron=1745689287.4642660617828369140625 HTTP/1.1" 200 0 "-" "WordPress/6.8; https://luxuryhomez.org"
66.249.73.11 - - [26/Apr/2025:13:41:24 -0400] "GET /shopdetail/92230959 HTTP/1.1" 301 0 "-" "Mozilla/5.0 (Linux; Android 6.0.1; Nexus 5X Build/MMB29P) AppleWebKit/537.36 (KHTML, like Gecko) Chrome/135.0.7049.95 Mobile Safari/537.36 (compatible; Googlebot/2.1; +http://www.google.com/bot.html)"
162.0.215.211 - - [26/Apr/2025:13:41:28 -0400] "POST /wp-admin/admin-ajax.php?action=async_litespeed&nonce=s1ZwomKhjiNx8NYJSvBvwQzhtr64p5KJ&litespeed_type=imgoptm HTTP/1.1" 200 21 "-" "WordPress/6.8; https://luxuryhomez.org"
66.249.73.6 - - [26/Apr/2025:13:41:28 -0400] "GET /shopdetail/92230959 HTTP/1.1" 404 17017 "-" "Mozilla/5.0 (Linux; Android 6.0.1; Nexus 5X Build/MMB29P) AppleWebKit/537.36 (KHTML, like Gecko) Chrome/135.0.7049.95 Mobile Safari/537.36 (compatible; Googlebot/2.1; +http://www.google.com/bot.html)"
162.0.215.211 - - [26/Apr/2025:13:43:40 -0400] "POST /wp-cron.php?doing_wp_cron=1745689420.5285699367523193359375 HTTP/1.1" 200 0 "-" "WordPress/6.8; https://luxuryhomez.org"
51.222.253.10 - - [26/Apr/2025:13:43:37 -0400] "GET /brand/brand-2/?orderby=menu_order&product_count=45&category-view-mode=grid&product_col_large=3 HTTP/1.1" 200 17946 "-" "Mozilla/5.0 (compatible; AhrefsBot/7.0; +http://ahrefs.com/robot/)"
162.0.215.211 - - [26/Apr/2025:13:43:41 -0400] "POST /wp-admin/admin-ajax.php?action=async_litespeed&nonce=njgMJTqHrnNzJjA0387GlWeVcTVVanqJ&litespeed_type=imgoptm HTTP/1.1" 200 21 "-" "WordPress/6.8; https://luxuryhomez.org"
162.0.215.211 - - [26/Apr/2025:13:44:08 -0400] "POST /wp-cron.php?doing_wp_cron=1745689448.4443759918212890625000 HTTP/1.1" 200 0 "-" "WordPress/6.8; https://luxuryhomez.org"
66.249.73.6 - - [26/Apr/2025:13:44:07 -0400] "GET /index.phpsshopdetail/141419159 HTTP/1.1" 404 17027 "-" "Mozilla/5.0 (Linux; Android 6.0.1; Nexus 5X Build/MMB29P) AppleWebKit/537.36 (KHTML, like Gecko) Chrome/135.0.7049.95 Mobile Safari/537.36 (compatible; GoogleOther)"
162.0.215.211 - - [26/Apr/2025:13:45:24 -0400] "POST /wp-cron.php?doing_wp_cron=1745689524.5328819751739501953125 HTTP/1.1" 200 0 "-" "WordPress/6.8; https://luxuryhomez.org"
66.249.73.5 - - [26/Apr/2025:13:45:24 -0400] "GET /index.php/pcmypage/shopdetail/21672359 HTTP/1.1" 301 0 "-" "Mozilla/5.0 (Linux; Android 6.0.1; Nexus 5X Build/MMB29P) AppleWebKit/537.36 (KHTML, like Gecko) Chrome/135.0.7049.95 Mobile Safari/537.36 (compatible; Googlebot/2.1; +http://www.google.com/bot.html)"
162.0.215.211 - - [26/Apr/2025:13:45:24 -0400] "POST /wp-admin/admin-ajax.php?action=async_litespeed&nonce=qnD5RwZvTfwmEG0CLQmS13wgQUdXFGNe&litespeed_type=imgoptm HTTP/1.1" 200 21 "-" "WordPress/6.8; https://luxuryhomez.org"
66.249.73.5 - - [26/Apr/2025:13:45:24 -0400] "GET /pcmypage/shopdetail/21672359 HTTP/1.1" 404 17042 "-" "Mozilla/5.0 (Linux; Android 6.0.1; Nexus 5X Build/MMB29P) AppleWebKit/537.36 (KHTML, like Gecko) Chrome/135.0.7049.95 Mobile Safari/537.36 (compatible; Googlebot/2.1; +http://www.google.com/bot.html)"
162.0.215.211 - - [26/Apr/2025:13:49:13 -0400] "POST /wp-cron.php?doing_wp_cron=1745689753.6369960308074951171875 HTTP/1.1" 200 0 "-" "WordPress/6.8; https://luxuryhomez.org"
162.0.215.211 - - [26/Apr/2025:13:49:14 -0400] "POST /wp-admin/admin-ajax.php?action=async_litespeed&nonce=rEgniIWre9NZ4WieohwM0jk58DragZmz&litespeed_type=imgoptm HTTP/1.1" 200 21 "-" "WordPress/6.8; https://luxuryhomez.org"
66.249.73.7 - - [26/Apr/2025:13:49:10 -0400] "GET /shopdetail/87761959 HTTP/1.1" 404 17014 "-" "Mozilla/5.0 (Linux; Android 6.0.1; Nexus 5X Build/MMB29P) AppleWebKit/537.36 (KHTML, like Gecko) Chrome/135.0.7049.95 Mobile Safari/537.36 (compatible; Googlebot/2.1; +http://www.google.com/bot.html)"
162.0.215.211 - - [26/Apr/2025:13:51:07 -0400] "POST /wp-cron.php?doing_wp_cron=1745689867.0338819026947021484375 HTTP/1.1" 200 0 "-" "WordPress/6.8; https://luxuryhomez.org"
162.0.215.211 - - [26/Apr/2025:13:57:26 -0400] "POST /wp-cron.php?doing_wp_cron=1745690246.4615750312805175781250 HTTP/1.1" 200 0 "-" "WordPress/6.8; https://luxuryhomez.org"
162.0.215.211 - - [26/Apr/2025:13:57:26 -0400] "POST /wp-admin/admin-ajax.php?action=async_litespeed&nonce=hi7AolHCORBA4iWD39iU51muR4eLN32E&litespeed_type=imgoptm HTTP/1.1" 200 21 "-" "WordPress/6.8; https://luxuryhomez.org"
57.141.4.18 - - [26/Apr/2025:13:57:26 -0400] "GET /shopdetail/21356859 HTTP/1.1" 404 71761 "-" "meta-externalagent/1.1 (+https://developers.facebook.com/docs/sharing/webmasters/crawler)"
57.141.4.30 - - [26/Apr/2025:13:51:04 -0400] "GET /shadow.php?548668930.htm HTTP/1.1" 404 71766 "-" "meta-externalagent/1.1 (+https://developers.facebook.com/docs/sharing/webmasters/crawler)"
162.0.215.211 - - [26/Apr/2025:13:51:08 -0400] "POST /wp-admin/admin-ajax.php?action=async_litespeed&nonce=Lk18iPWo9vbk3kVS3S7omH53xswlQUYE&litespeed_type=imgoptm HTTP/1.1" 200 0 "-" "WordPress/6.8; https://luxuryhomez.org"
162.0.215.211 - - [26/Apr/2025:13:52:24 -0400] "POST /wp-cron.php?doing_wp_cron=1745689944.5046460628509521484375 HTTP/1.1" 200 0 "-" "WordPress/6.8; https://luxuryhomez.org"
66.249.73.6 - - [26/Apr/2025:13:52:24 -0400] "GET /index.php/pcmypage/zhHant/product/surugaya/69798023?campaign_uid=f64d716db5e979ed2f947dbaf4296895b951ae7f HTTP/1.1" 301 0 "-" "Mozilla/5.0 (Linux; Android 6.0.1; Nexus 5X Build/MMB29P) AppleWebKit/537.36 (KHTML, like Gecko) Chrome/135.0.7049.95 Mobile Safari/537.36 (compatible; GoogleOther)"
162.0.215.211 - - [26/Apr/2025:13:52:24 -0400] "POST /wp-admin/admin-ajax.php?action=async_litespeed&nonce=9YKTSRcpVvpeVppdW4ufGZoQ0mTziRef&litespeed_type=imgoptm HTTP/1.1" 200 21 "-" "WordPress/6.8; https://luxuryhomez.org"
162.0.215.211 - - [26/Apr/2025:13:52:27 -0400] "POST /wp-cron.php?doing_wp_cron=1745689947.5245070457458496093750 HTTP/1.1" 200 0 "-" "WordPress/6.8; https://luxuryhomez.org"
66.249.73.6 - - [26/Apr/2025:13:52:27 -0400] "GET /pcmypage/zhHant/product/surugaya/69798023?campaign_uid=f64d716db5e979ed2f947dbaf4296895b951ae7f HTTP/1.1" 404 17091 "-" "Mozilla/5.0 (Linux; Android 6.0.1; Nexus 5X Build/MMB29P) AppleWebKit/537.36 (KHTML, like Gecko) Chrome/135.0.7049.95 Mobile Safari/537.36 (compatible; GoogleOther)"
162.0.215.211 - - [26/Apr/2025:13:52:27 -0400] "POST /wp-admin/admin-ajax.php?action=async_litespeed&nonce=QIeKlIUbSUZyPkAJabnchlOg4ZmbpY62&litespeed_type=imgoptm HTTP/1.1" 200 21 "-" "WordPress/6.8; https://luxuryhomez.org"
162.0.215.211 - - [26/Apr/2025:13:53:16 -0400] "POST /wp-cron.php?doing_wp_cron=1745689996.8038139343261718750000 HTTP/1.1" 200 0 "-" "WordPress/6.8; https://luxuryhomez.org"
66.249.73.5 - - [26/Apr/2025:13:53:16 -0400] "GET /index.phpsshopdetail/325656659 HTTP/1.1" 404 17030 "-" "Mozilla/5.0 (compatible; Googlebot/2.1; +http://www.google.com/bot.html)"
57.141.4.27 - - [26/Apr/2025:13:53:21 -0400] "GET /shadow.php?1363590026.htm HTTP/1.1" 404 71767 "-" "meta-externalagent/1.1 (+https://developers.facebook.com/docs/sharing/webmasters/crawler)"
162.0.215.211 - - [26/Apr/2025:13:55:25 -0400] "POST /wp-cron.php?doing_wp_cron=1745690125.0327279567718505859375 HTTP/1.1" 200 0 "-" "WordPress/6.8; https://luxuryhomez.org"
57.141.4.14 - - [26/Apr/2025:13:55:22 -0400] "GET /shadow.php?20870250.htm HTTP/1.1" 404 71765 "-" "meta-externalagent/1.1 (+https://developers.facebook.com/docs/sharing/webmasters/crawler)"
162.0.215.211 - - [26/Apr/2025:13:55:26 -0400] "POST /wp-admin/admin-ajax.php?action=async_litespeed&nonce=SSg8lax34XhMTCQdbWeGWNoxIYc4E6FL&litespeed_type=imgoptm HTTP/1.1" 200 0 "-" "WordPress/6.8; https://luxuryhomez.org"
162.0.215.211 - - [26/Apr/2025:13:56:43 -0400] "POST /wp-cron.php?doing_wp_cron=1745690203.7806580066680908203125 HTTP/1.1" 200 0 "-" "WordPress/6.8; https://luxuryhomez.org"
57.141.4.4 - - [26/Apr/2025:13:56:40 -0400] "GET /shopdetail/366358359 HTTP/1.1" 404 71762 "-" "meta-externalagent/1.1 (+https://developers.facebook.com/docs/sharing/webmasters/crawler)"
162.0.215.211 - - [26/Apr/2025:13:56:44 -0400] "POST /wp-admin/admin-ajax.php?action=async_litespeed&nonce=DjeysuTgveDOx5pd9gFhbctSldz4z3KY&litespeed_type=imgoptm HTTP/1.1" 200 0 "-" "WordPress/6.8; https://luxuryhomez.org"
162.0.215.211 - - [26/Apr/2025:13:58:14 -0400] "POST /wp-cron.php?doing_wp_cron=1745690294.0711829662322998046875 HTTP/1.1" 200 0 "-" "WordPress/6.8; https://luxuryhomez.org"
57.141.4.26 - - [26/Apr/2025:13:58:13 -0400] "GET /shadow.php?659531580.htm HTTP/1.1" 404 71766 "-" "meta-externalagent/1.1 (+https://developers.facebook.com/docs/sharing/webmasters/crawler)"
162.0.215.211 - - [26/Apr/2025:13:58:51 -0400] "POST /wp-cron.php?doing_wp_cron=1745690331.3793370723724365234375 HTTP/1.1" 200 0 "-" "WordPress/6.8; https://luxuryhomez.org"
162.0.215.211 - - [26/Apr/2025:13:58:51 -0400] "POST /wp-admin/admin-ajax.php?action=async_litespeed&nonce=9vi9VzI9IPMQAeNe4thzQ9jo1m8lfV4X&litespeed_type=imgoptm HTTP/1.1" 200 21 "-" "WordPress/6.8; https://luxuryhomez.org"
66.249.73.6 - - [26/Apr/2025:13:58:51 -0400] "GET /index.phpsshopdetail/72650159 HTTP/1.1" 404 17029 "-" "Mozilla/5.0 (compatible; Googlebot/2.1; +http://www.google.com/bot.html)"
162.0.215.211 - - [26/Apr/2025:13:59:26 -0400] "POST /wp-cron.php?doing_wp_cron=1745690366.2361040115356445312500 HTTP/1.1" 200 0 "-" "WordPress/6.8; https://luxuryhomez.org"
66.249.73.7 - - [26/Apr/2025:13:59:25 -0400] "GET /index.php/pcmypage?callback=product%2Fdetail%2F00097206 HTTP/1.1" 301 0 "-" "Mozilla/5.0 (Linux; Android 6.0.1; Nexus 5X Build/MMB29P) AppleWebKit/537.36 (KHTML, like Gecko) Chrome/135.0.7049.95 Mobile Safari/537.36 (compatible; Googlebot/2.1; +http://www.google.com/bot.html)"
162.0.215.211 - - [26/Apr/2025:13:59:26 -0400] "POST /wp-admin/admin-ajax.php?action=async_litespeed&nonce=E4bCuyHd5IoE0J20py3U3fvAAENvL0Bs&litespeed_type=imgoptm HTTP/1.1" 200 21 "-" "WordPress/6.8; https://luxuryhomez.org"
66.249.73.5 - - [26/Apr/2025:13:59:26 -0400] "GET /pcmypage?callback=product%2Fdetail%2F00097206 HTTP/1.1" 404 17041 "-" "Mozilla/5.0 (Linux; Android 6.0.1; Nexus 5X Build/MMB29P) AppleWebKit/537.36 (KHTML, like Gecko) Chrome/135.0.7049.95 Mobile Safari/537.36 (compatible; Googlebot/2.1; +http://www.google.com/bot.html)"
51.222.253.11 - - [26/Apr/2025:13:59:28 -0400] "GET /brand/brand-2/?orderby=menu_order&product_count=45&category-view-mode=grid&product_col_large=4 HTTP/1.1" 200 17951 "-" "Mozilla/5.0 (compatible; AhrefsBot/7.0; +http://ahrefs.com/robot/)"
162.0.215.211 - - [26/Apr/2025:14:00:39 -0400] "POST /wp-cron.php?doing_wp_cron=1745690439.6981720924377441406250 HTTP/1.1" 200 0 "-" "WordPress/6.8; https://luxuryhomez.org"
162.0.215.211 - - [26/Apr/2025:14:00:40 -0400] "POST /wp-admin/admin-ajax.php?action=async_litespeed&nonce=Qz7robBqLYXkGeZbyM2cnxhFagZEFEkx&litespeed_type=imgoptm HTTP/1.1" 200 21 "-" "WordPress/6.8; https://luxuryhomez.org"
66.249.73.6 - - [26/Apr/2025:14:00:39 -0400] "GET /index.phpsshopdetail/325556759 HTTP/1.1" 404 17031 "-" "Mozilla/5.0 (Linux; Android 6.0.1; Nexus 5X Build/MMB29P) AppleWebKit/537.36 (KHTML, like Gecko) Chrome/135.0.7049.95 Mobile Safari/537.36 (compatible; Googlebot/2.1; +http://www.google.com/bot.html)"
162.0.215.211 - - [26/Apr/2025:14:02:24 -0400] "POST /wp-cron.php?doing_wp_cron=1745690544.1352529525756835937500 HTTP/1.1" 200 0 "-" "WordPress/6.8; https://luxuryhomez.org"
66.249.73.7 - - [26/Apr/2025:14:02:21 -0400] "GET /index.phpsshopdetail/277259259 HTTP/1.1" 404 17026 "-" "Mozilla/5.0 (Linux; Android 6.0.1; Nexus 5X Build/MMB29P) AppleWebKit/537.36 (KHTML, like Gecko) Chrome/135.0.7049.95 Mobile Safari/537.36 (compatible; Googlebot/2.1; +http://www.google.com/bot.html)"
162.0.215.211 - - [26/Apr/2025:14:02:24 -0400] "POST /wp-admin/admin-ajax.php?action=async_litespeed&nonce=f1PbJYb9nlG0o1bBo9yJwRqvScFxPQOs&litespeed_type=imgoptm HTTP/1.1" 200 21 "-" "WordPress/6.8; https://luxuryhomez.org"
162.0.215.211 - - [26/Apr/2025:14:03:44 -0400] "POST /wp-cron.php?doing_wp_cron=1745690624.0194408893585205078125 HTTP/1.1" 200 0 "-" "WordPress/6.8; https://luxuryhomez.org"
162.0.215.211 - - [26/Apr/2025:14:03:44 -0400] "POST /wp-admin/admin-ajax.php?action=async_litespeed&nonce=DoswQXjhLZQiuxk2tmItXiwbXRUwKal7&litespeed_type=imgoptm HTTP/1.1" 200 21 "-" "WordPress/6.8; https://luxuryhomez.org"
66.249.73.6 - - [26/Apr/2025:14:03:43 -0400] "GET /index.phpsshopdetail/84379959 HTTP/1.1" 404 17039 "-" "Mozilla/5.0 (Linux; Android 6.0.1; Nexus 5X Build/MMB29P) AppleWebKit/537.36 (KHTML, like Gecko) Chrome/135.0.7049.95 Mobile Safari/537.36 (compatible; Googlebot/2.1; +http://www.google.com/bot.html)"
162.0.215.211 - - [26/Apr/2025:14:04:11 -0400] "POST /wp-cron.php?doing_wp_cron=1745690651.3641610145568847656250 HTTP/1.1" 200 0 "-" "WordPress/6.8; https://luxuryhomez.org"
57.141.4.5 - - [26/Apr/2025:14:04:10 -0400] "GET /shadow.php?1428812058.htm HTTP/1.1" 404 71767 "-" "meta-externalagent/1.1 (+https://developers.facebook.com/docs/sharing/webmasters/crawler)"
66.249.73.7 - - [26/Apr/2025:14:04:15 -0400] "GET /index.php/pcmypage/shopdetail/104378759 HTTP/1.1" 301 0 "-" "Mozilla/5.0 (compatible; Googlebot/2.1; +http://www.google.com/bot.html)"
66.249.73.7 - - [26/Apr/2025:14:04:16 -0400] "GET /pcmypage/shopdetail/104378759 HTTP/1.1" 404 17036 "-" "Mozilla/5.0 (compatible; Googlebot/2.1; +http://www.google.com/bot.html)"
162.0.215.211 - - [26/Apr/2025:14:05:58 -0400] "POST /wp-cron.php?doing_wp_cron=1745690758.9612340927124023437500 HTTP/1.1" 200 0 "-" "WordPress/6.8; https://luxuryhomez.org"
162.0.215.211 - - [26/Apr/2025:14:05:58 -0400] "POST /wp-cron.php?doing_wp_cron=1745690758.9612350463867187500000 HTTP/1.1" 200 0 "-" "WordPress/6.8; https://luxuryhomez.org"
66.249.73.10 - - [26/Apr/2025:14:05:56 -0400] "GET /shopdetail/125901359 HTTP/1.1" 301 0 "-" "Mozilla/5.0 (compatible; Googlebot/2.1; +http://www.google.com/bot.html)"
66.249.73.11 - - [26/Apr/2025:14:05:57 -0400] "GET /shopdetail/125901359 HTTP/1.1" 301 0 "-" "Mozilla/5.0 (Linux; Android 6.0.1; Nexus 5X Build/MMB29P) AppleWebKit/537.36 (KHTML, like Gecko) Chrome/135.0.7049.95 Mobile Safari/537.36 (compatible; Googlebot/2.1; +http://www.google.com/bot.html)"
162.0.215.211 - - [26/Apr/2025:14:05:59 -0400] "POST /wp-admin/admin-ajax.php?action=async_litespeed&nonce=ZygcFX00wDnF4EWDygGGn4Kortg8JxEJ&litespeed_type=imgoptm HTTP/1.1" 200 21 "-" "WordPress/6.8; https://luxuryhomez.org"
66.249.73.5 - - [26/Apr/2025:14:05:59 -0400] "GET /shopdetail/125901359 HTTP/1.1" 404 17023 "-" "Mozilla/5.0 (compatible; Googlebot/2.1; +http://www.google.com/bot.html)"
66.249.73.5 - - [26/Apr/2025:14:05:59 -0400] "GET /shopdetail/125901359 HTTP/1.1" 404 17018 "-" "Mozilla/5.0 (Linux; Android 6.0.1; Nexus 5X Build/MMB29P) AppleWebKit/537.36 (KHTML, like Gecko) Chrome/135.0.7049.95 Mobile Safari/537.36 (compatible; Googlebot/2.1; +http://www.google.com/bot.html)"
162.0.215.211 - - [26/Apr/2025:14:06:52 -0400] "POST /wp-cron.php?doing_wp_cron=1745690812.0394670963287353515625 HTTP/1.1" 200 0 "-" "WordPress/6.8; https://luxuryhomez.org"
162.0.215.211 - - [26/Apr/2025:14:06:52 -0400] "POST /wp-admin/admin-ajax.php?action=async_litespeed&nonce=0r6amcD7QWYEhhUWsJmX0ewxMKzohj7v&litespeed_type=imgoptm HTTP/1.1" 200 21 "-" "WordPress/6.8; https://luxuryhomez.org"
57.141.4.20 - - [26/Apr/2025:14:06:51 -0400] "GET /shadow.php?213805102.htm HTTP/1.1" 404 71766 "-" "meta-externalagent/1.1 (+https://developers.facebook.com/docs/sharing/webmasters/crawler)"
162.0.215.211 - - [26/Apr/2025:14:07:03 -0400] "POST /wp-cron.php?doing_wp_cron=1745690823.3012819290161132812500 HTTP/1.1" 200 0 "-" "WordPress/6.8; https://luxuryhomez.org"
57.141.4.30 - - [26/Apr/2025:14:07:02 -0400] "GET /shopdetail/22007159 HTTP/1.1" 404 71761 "-" "meta-externalagent/1.1 (+https://developers.facebook.com/docs/sharing/webmasters/crawler)"
66.249.73.5 - - [26/Apr/2025:14:07:07 -0400] "GET /index.phpsshopdetail/331212459 HTTP/1.1" 404 17031 "-" "Mozilla/5.0 (compatible; Googlebot/2.1; +http://www.google.com/bot.html)"
66.249.73.11 - - [26/Apr/2025:14:07:13 -0400] "GET /shopdetail/36854859 HTTP/1.1" 301 0 "-" "Mozilla/5.0 (Linux; Android 6.0.1; Nexus 5X Build/MMB29P) AppleWebKit/537.36 (KHTML, like Gecko) Chrome/135.0.7049.95 Mobile Safari/537.36 (compatible; Googlebot/2.1; +http://www.google.com/bot.html)"
66.249.73.10 - - [26/Apr/2025:14:07:13 -0400] "GET /shopdetail/36854859 HTTP/1.1" 301 0 "-" "Mozilla/5.0 (compatible; Googlebot/2.1; +http://www.google.com/bot.html)"
66.249.73.6 - - [26/Apr/2025:14:07:14 -0400] "GET /shopdetail/36854859 HTTP/1.1" 404 17016 "-" "Mozilla/5.0 (Linux; Android 6.0.1; Nexus 5X Build/MMB29P) AppleWebKit/537.36 (KHTML, like Gecko) Chrome/135.0.7049.95 Mobile Safari/537.36 (compatible; Googlebot/2.1; +http://www.google.com/bot.html)"
66.249.73.6 - - [26/Apr/2025:14:07:14 -0400] "GET /shopdetail/36854859 HTTP/1.1" 404 17017 "-" "Mozilla/5.0 (compatible; Googlebot/2.1; +http://www.google.com/bot.html)"
66.249.73.11 - - [26/Apr/2025:14:07:19 -0400] "GET /shopdetail/107108059 HTTP/1.1" 301 0 "-" "Mozilla/5.0 (Linux; Android 6.0.1; Nexus 5X Build/MMB29P) AppleWebKit/537.36 (KHTML, like Gecko) Chrome/135.0.7049.95 Mobile Safari/537.36 (compatible; Googlebot/2.1; +http://www.google.com/bot.html)"
66.249.73.5 - - [26/Apr/2025:14:07:20 -0400] "GET /shopdetail/107108059 HTTP/1.1" 404 17022 "-" "Mozilla/5.0 (Linux; Android 6.0.1; Nexus 5X Build/MMB29P) AppleWebKit/537.36 (KHTML, like Gecko) Chrome/135.0.7049.95 Mobile Safari/537.36 (compatible; Googlebot/2.1; +http://www.google.com/bot.html)"
162.0.215.211 - - [26/Apr/2025:14:07:38 -0400] "POST /wp-cron.php?doing_wp_cron=1745690858.5884280204772949218750 HTTP/1.1" 200 0 "-" "WordPress/6.8; https://luxuryhomez.org"
66.249.73.10 - - [26/Apr/2025:14:07:38 -0400] "GET /safe_search/config?return_url=%2Fproduct%2Fdetail%2F21099144 HTTP/1.1" 301 0 "-" "Mozilla/5.0 (compatible; Googlebot/2.1; +http://www.google.com/bot.html)"
162.0.215.211 - - [26/Apr/2025:14:07:39 -0400] "POST /wp-admin/admin-ajax.php?action=async_litespeed&nonce=JpWXxRvCmbhucJIrde8YKd8Fg3O1bEKK&litespeed_type=imgoptm HTTP/1.1" 200 21 "-" "WordPress/6.8; https://luxuryhomez.org"
66.249.73.5 - - [26/Apr/2025:14:07:38 -0400] "GET /safe_search/config?return_url=%2Fproduct%2Fdetail%2F21099144 HTTP/1.1" 404 17050 "-" "Mozilla/5.0 (compatible; Googlebot/2.1; +http://www.google.com/bot.html)"
66.249.73.5 - - [26/Apr/2025:14:07:52 -0400] "GET /index.phpsshopdetail/313842859 HTTP/1.1" 404 17030 "-" "Mozilla/5.0 (compatible; Googlebot/2.1; +http://www.google.com/bot.html)"
162.0.215.211 - - [26/Apr/2025:14:08:15 -0400] "POST /wp-cron.php?doing_wp_cron=1745690895.1410930156707763671875 HTTP/1.1" 200 0 "-" "WordPress/6.8; https://luxuryhomez.org"
57.141.4.10 - - [26/Apr/2025:14:08:14 -0400] "GET /shopdetail/344897659 HTTP/1.1" 404 71762 "-" "meta-externalagent/1.1 (+https://developers.facebook.com/docs/sharing/webmasters/crawler)"
162.0.215.211 - - [26/Apr/2025:14:09:48 -0400] "POST /wp-cron.php?doing_wp_cron=1745690988.3441300392150878906250 HTTP/1.1" 200 0 "-" "WordPress/6.8; https://luxuryhomez.org"
57.141.4.4 - - [26/Apr/2025:14:09:45 -0400] "GET /shadow.php?510503646.htm HTTP/1.1" 404 71766 "-" "meta-externalagent/1.1 (+https://developers.facebook.com/docs/sharing/webmasters/crawler)"
162.0.215.211 - - [26/Apr/2025:14:09:48 -0400] "POST /wp-admin/admin-ajax.php?action=async_litespeed&nonce=qlDOkXiQfvgXmDQThZmNs9T1chdRDu6t&litespeed_type=imgoptm HTTP/1.1" 200 21 "-" "WordPress/6.8; https://luxuryhomez.org"
57.141.4.18 - - [26/Apr/2025:14:09:57 -0400] "GET /shopdetail/251698559 HTTP/1.1" 404 71762 "-" "meta-externalagent/1.1 (+https://developers.facebook.com/docs/sharing/webmasters/crawler)"
162.0.215.211 - - [26/Apr/2025:14:10:35 -0400] "POST /wp-cron.php?doing_wp_cron=1745691035.6600260734558105468750 HTTP/1.1" 200 0 "-" "WordPress/6.8; https://luxuryhomez.org"
162.0.215.211 - - [26/Apr/2025:14:10:36 -0400] "POST /wp-admin/admin-ajax.php?action=async_litespeed&nonce=k4gpbUkRBneUt2MOYeMckV36Jt2CIt2k&litespeed_type=imgoptm HTTP/1.1" 200 21 "-" "WordPress/6.8; https://luxuryhomez.org"
66.249.73.6 - - [26/Apr/2025:14:10:35 -0400] "GET /index.phpsshopdetail/272476459 HTTP/1.1" 404 17029 "-" "Mozilla/5.0 (Linux; Android 6.0.1; Nexus 5X Build/MMB29P) AppleWebKit/537.36 (KHTML, like Gecko) Chrome/135.0.7049.95 Mobile Safari/537.36 (compatible; GoogleOther)"
57.141.4.5 - - [26/Apr/2025:14:10:45 -0400] "GET /shopdetail/156211559 HTTP/1.1" 404 71762 "-" "meta-externalagent/1.1 (+https://developers.facebook.com/docs/sharing/webmasters/crawler)"
162.0.215.211 - - [26/Apr/2025:14:11:09 -0400] "POST /wp-cron.php?doing_wp_cron=1745691069.0258638858795166015625 HTTP/1.1" 200 0 "-" "WordPress/6.8; https://luxuryhomez.org"
57.141.4.24 - - [26/Apr/2025:14:11:08 -0400] "GET /shadow.php?1454756282.htm HTTP/1.1" 404 71767 "-" "meta-externalagent/1.1 (+https://developers.facebook.com/docs/sharing/webmasters/crawler)"
162.0.215.211 - - [26/Apr/2025:14:13:01 -0400] "POST /wp-cron.php?doing_wp_cron=1745691181.7381529808044433593750 HTTP/1.1" 200 0 "-" "WordPress/6.8; https://luxuryhomez.org"
66.249.73.7 - - [26/Apr/2025:14:12:58 -0400] "GET /index.php/pcmypage/shopdetail/314107159 HTTP/1.1" 301 0 "-" "Mozilla/5.0 (Linux; Android 6.0.1; Nexus 5X Build/MMB29P) AppleWebKit/537.36 (KHTML, like Gecko) Chrome/135.0.7049.95 Mobile Safari/537.36 (compatible; Googlebot/2.1; +http://www.google.com/bot.html)"
162.0.215.211 - - [26/Apr/2025:14:13:02 -0400] "POST /wp-admin/admin-ajax.php?action=async_litespeed&nonce=dCW1K7evbR0wYbF5VfqEn8Nl8DlNgV5K&litespeed_type=imgoptm HTTP/1.1" 200 21 "-" "WordPress/6.8; https://luxuryhomez.org"
66.249.73.7 - - [26/Apr/2025:14:13:02 -0400] "GET /pcmypage/shopdetail/314107159 HTTP/1.1" 404 17036 "-" "Mozilla/5.0 (Linux; Android 6.0.1; Nexus 5X Build/MMB29P) AppleWebKit/537.36 (KHTML, like Gecko) Chrome/135.0.7049.95 Mobile Safari/537.36 (compatible; Googlebot/2.1; +http://www.google.com/bot.html)"
66.249.73.10 - - [26/Apr/2025:14:13:06 -0400] "GET /shopdetail/45854559 HTTP/1.1" 301 0 "-" "Mozilla/5.0 (compatible; Googlebot/2.1; +http://www.google.com/bot.html)"
66.249.73.11 - - [26/Apr/2025:14:13:06 -0400] "GET /shopdetail/45854559 HTTP/1.1" 301 0 "-" "Mozilla/5.0 (Linux; Android 6.0.1; Nexus 5X Build/MMB29P) AppleWebKit/537.36 (KHTML, like Gecko) Chrome/135.0.7049.95 Mobile Safari/537.36 (compatible; Googlebot/2.1; +http://www.google.com/bot.html)"
66.249.73.6 - - [26/Apr/2025:14:13:07 -0400] "GET /shopdetail/45854559 HTTP/1.1" 404 17024 "-" "Mozilla/5.0 (compatible; Googlebot/2.1; +http://www.google.com/bot.html)"
66.249.73.6 - - [26/Apr/2025:14:13:07 -0400] "GET /shopdetail/45854559 HTTP/1.1" 404 17017 "-" "Mozilla/5.0 (Linux; Android 6.0.1; Nexus 5X Build/MMB29P) AppleWebKit/537.36 (KHTML, like Gecko) Chrome/135.0.7049.95 Mobile Safari/537.36 (compatible; Googlebot/2.1; +http://www.google.com/bot.html)"
162.0.215.211 - - [26/Apr/2025:14:14:54 -0400] "POST /wp-cron.php?doing_wp_cron=1745691294.8397989273071289062500 HTTP/1.1" 200 0 "-" "WordPress/6.8; https://luxuryhomez.org"
162.0.215.211 - - [26/Apr/2025:14:14:55 -0400] "POST /wp-admin/admin-ajax.php?action=async_litespeed&nonce=cWJ1JZWaeHLfktNSOB7dHYiWC2HVvODh&litespeed_type=imgoptm HTTP/1.1" 200 21 "-" "WordPress/6.8; https://luxuryhomez.org"
57.141.4.3 - - [26/Apr/2025:14:14:51 -0400] "GET /shadow.php?1323140364.htm HTTP/1.1" 404 71767 "-" "meta-externalagent/1.1 (+https://developers.facebook.com/docs/sharing/webmasters/crawler)"
66.249.73.11 - - [26/Apr/2025:14:14:56 -0400] "GET /shopdetail/7925759 HTTP/1.1" 301 0 "-" "Mozilla/5.0 (compatible; Googlebot/2.1; +http://www.google.com/bot.html)"
66.249.73.7 - - [26/Apr/2025:14:14:56 -0400] "GET /shopdetail/7925759 HTTP/1.1" 404 17017 "-" "Mozilla/5.0 (compatible; Googlebot/2.1; +http://www.google.com/bot.html)"
162.0.215.211 - - [26/Apr/2025:14:15:29 -0400] "POST /wp-cron.php?doing_wp_cron=1745691329.7597429752349853515625 HTTP/1.1" 200 0 "-" "WordPress/6.8; https://luxuryhomez.org"
66.249.73.12 - - [26/Apr/2025:14:15:29 -0400] "GET /shopdetail/11716059 HTTP/1.1" 301 0 "-" "Mozilla/5.0 (Linux; Android 6.0.1; Nexus 5X Build/MMB29P) AppleWebKit/537.36 (KHTML, like Gecko) Chrome/135.0.7049.95 Mobile Safari/537.36 (compatible; Googlebot/2.1; +http://www.google.com/bot.html)"
162.0.215.211 - - [26/Apr/2025:14:15:29 -0400] "POST /wp-admin/admin-ajax.php?action=async_litespeed&nonce=rXQCW5BVufqMGSekMwJTWOoQPPQgTf8l&litespeed_type=imgoptm HTTP/1.1" 200 21 "-" "WordPress/6.8; https://luxuryhomez.org"
66.249.73.6 - - [26/Apr/2025:14:15:29 -0400] "GET /shopdetail/11716059 HTTP/1.1" 404 17020 "-" "Mozilla/5.0 (Linux; Android 6.0.1; Nexus 5X Build/MMB29P) AppleWebKit/537.36 (KHTML, like Gecko) Chrome/135.0.7049.95 Mobile Safari/537.36 (compatible; Googlebot/2.1; +http://www.google.com/bot.html)"
162.0.215.211 - - [26/Apr/2025:14:16:33 -0400] "POST /wp-cron.php?doing_wp_cron=1745691393.8844621181488037109375 HTTP/1.1" 200 0 "-" "WordPress/6.8; https://luxuryhomez.org"
51.222.253.13 - - [26/Apr/2025:14:16:33 -0400] "GET /brand/brand-2/?orderby=menu_order&product_count=45&category-view-mode=list HTTP/1.1" 200 17955 "-" "Mozilla/5.0 (compatible; AhrefsBot/7.0; +http://ahrefs.com/robot/)"
162.0.215.211 - - [26/Apr/2025:14:16:34 -0400] "POST /wp-admin/admin-ajax.php?action=async_litespeed&nonce=DiuGMOJ01eLnJ7zQDEVrSybH1aLzMunf&litespeed_type=imgoptm HTTP/1.1" 200 21 "-" "WordPress/6.8; https://luxuryhomez.org"
162.0.215.211 - - [26/Apr/2025:14:17:02 -0400] "POST /wp-cron.php?doing_wp_cron=1745691422.5635418891906738281250 HTTP/1.1" 200 0 "-" "WordPress/6.8; https://luxuryhomez.org"
66.249.73.10 - - [26/Apr/2025:14:17:02 -0400] "GET /shopdetail/122516959 HTTP/1.1" 301 0 "-" "Mozilla/5.0 (compatible; Googlebot/2.1; +http://www.google.com/bot.html)"
66.249.73.7 - - [26/Apr/2025:14:17:02 -0400] "GET /shopdetail/122516959 HTTP/1.1" 404 17021 "-" "Mozilla/5.0 (compatible; Googlebot/2.1; +http://www.google.com/bot.html)"
66.249.73.6 - - [26/Apr/2025:14:17:14 -0400] "GET /index.phpsshopdetail/187901359 HTTP/1.1" 404 17033 "-" "Mozilla/5.0 (Linux; Android 6.0.1; Nexus 5X Build/MMB29P) AppleWebKit/537.36 (KHTML, like Gecko) Chrome/135.0.7049.95 Mobile Safari/537.36 (compatible; Googlebot/2.1; +http://www.google.com/bot.html)"
162.0.215.211 - - [26/Apr/2025:14:17:56 -0400] "POST /wp-cron.php?doing_wp_cron=1745691476.6101698875427246093750 HTTP/1.1" 200 0 "-" "WordPress/6.8; https://luxuryhomez.org"
162.0.215.211 - - [26/Apr/2025:14:17:56 -0400] "POST /wp-admin/admin-ajax.php?action=async_litespeed&nonce=n1LrmYFs39KmzZqSAXefSx0CIgZAbgmF&litespeed_type=imgoptm HTTP/1.1" 200 21 "-" "WordPress/6.8; https://luxuryhomez.org"
57.141.4.18 - - [26/Apr/2025:14:17:56 -0400] "GET /shopdetail/336369759 HTTP/1.1" 404 71762 "-" "meta-externalagent/1.1 (+https://developers.facebook.com/docs/sharing/webmasters/crawler)"
162.0.215.211 - - [26/Apr/2025:14:19:11 -0400] "POST /wp-cron.php?doing_wp_cron=1745691551.8607060909271240234375 HTTP/1.1" 200 0 "-" "WordPress/6.8; https://luxuryhomez.org"
66.249.73.11 - - [26/Apr/2025:14:19:11 -0400] "GET /shopdetail/3251959 HTTP/1.1" 301 0 "-" "Mozilla/5.0 (Linux; Android 6.0.1; Nexus 5X Build/MMB29P) AppleWebKit/537.36 (KHTML, like Gecko) Chrome/135.0.7049.95 Mobile Safari/537.36 (compatible; Googlebot/2.1; +http://www.google.com/bot.html)"
162.0.215.211 - - [26/Apr/2025:14:19:12 -0400] "POST /wp-admin/admin-ajax.php?action=async_litespeed&nonce=UwzNwoQ2m59V8uJwUZ8ry4mOeKmyzN00&litespeed_type=imgoptm HTTP/1.1" 200 21 "-" "WordPress/6.8; https://luxuryhomez.org"
66.249.73.6 - - [26/Apr/2025:14:19:12 -0400] "GET /shopdetail/3251959 HTTP/1.1" 404 17016 "-" "Mozilla/5.0 (Linux; Android 6.0.1; Nexus 5X Build/MMB29P) AppleWebKit/537.36 (KHTML, like Gecko) Chrome/135.0.7049.95 Mobile Safari/537.36 (compatible; Googlebot/2.1; +http://www.google.com/bot.html)"
162.0.215.211 - - [26/Apr/2025:14:19:34 -0400] "POST /wp-cron.php?doing_wp_cron=1745691574.6640028953552246093750 HTTP/1.1" 200 0 "-" "WordPress/6.8; https://luxuryhomez.org"
162.0.215.211 - - [26/Apr/2025:14:19:34 -0400] "POST /wp-admin/admin-ajax.php?action=async_litespeed&nonce=xc8dH2oJmx4obKiXULEsBY6NtGchS5Ov&litespeed_type=imgoptm HTTP/1.1" 200 21 "-" "WordPress/6.8; https://luxuryhomez.org"
57.141.4.26 - - [26/Apr/2025:14:19:34 -0400] "GET /shopdetail/91162859 HTTP/1.1" 404 71761 "-" "meta-externalagent/1.1 (+https://developers.facebook.com/docs/sharing/webmasters/crawler)"
66.249.73.5 - - [26/Apr/2025:14:19:58 -0400] "GET /index.phpsshopdetail/267007059 HTTP/1.1" 404 17026 "-" "Mozilla/5.0 (compatible; Googlebot/2.1; +http://www.google.com/bot.html)"
162.0.215.211 - - [26/Apr/2025:14:20:53 -0400] "POST /wp-cron.php?doing_wp_cron=1745691653.0317029953002929687500 HTTP/1.1" 200 0 "-" "WordPress/6.8; https://luxuryhomez.org"
66.249.73.6 - - [26/Apr/2025:14:20:52 -0400] "GET /index.php/zhHant/product/surugaya/58801717?campaign_uid=f64d716db5e979ed2f947dbaf4296895b951ae7f HTTP/1.1" 301 0 "-" "Mozilla/5.0 (Linux; Android 6.0.1; Nexus 5X Build/MMB29P) AppleWebKit/537.36 (KHTML, like Gecko) Chrome/135.0.7049.95 Mobile Safari/537.36 (compatible; GoogleOther)"
162.0.215.211 - - [26/Apr/2025:14:20:53 -0400] "POST /wp-admin/admin-ajax.php?action=async_litespeed&nonce=GfLGkFJcCBO29AxnceeW73mq0r2nmuOO&litespeed_type=imgoptm HTTP/1.1" 200 21 "-" "WordPress/6.8; https://luxuryhomez.org"
66.249.73.6 - - [26/Apr/2025:14:20:55 -0400] "GET /zhHant/product/surugaya/58801717?campaign_uid=f64d716db5e979ed2f947dbaf4296895b951ae7f HTTP/1.1" 404 17077 "-" "Mozilla/5.0 (Linux; Android 6.0.1; Nexus 5X Build/MMB29P) AppleWebKit/537.36 (KHTML, like Gecko) Chrome/135.0.7049.95 Mobile Safari/537.36 (compatible; GoogleOther)"
162.0.215.211 - - [26/Apr/2025:14:21:03 -0400] "POST /wp-cron.php?doing_wp_cron=1745691662.9798541069030761718750 HTTP/1.1" 200 0 "-" "WordPress/6.8; https://luxuryhomez.org"
57.141.4.22 - - [26/Apr/2025:14:21:02 -0400] "GET /shadow.php?1028835816.htm HTTP/1.1" 404 71767 "-" "meta-externalagent/1.1 (+https://developers.facebook.com/docs/sharing/webmasters/crawler)"
66.249.73.11 - - [26/Apr/2025:14:21:06 -0400] "GET /shopdetail/44792859 HTTP/1.1" 301 0 "-" "Mozilla/5.0 (Linux; Android 6.0.1; Nexus 5X Build/MMB29P) AppleWebKit/537.36 (KHTML, like Gecko) Chrome/135.0.7049.95 Mobile Safari/537.36 (compatible; Googlebot/2.1; +http://www.google.com/bot.html)"
66.249.73.5 - - [26/Apr/2025:14:21:07 -0400] "GET /shopdetail/44792859 HTTP/1.1" 404 17016 "-" "Mozilla/5.0 (Linux; Android 6.0.1; Nexus 5X Build/MMB29P) AppleWebKit/537.36 (KHTML, like Gecko) Chrome/135.0.7049.95 Mobile Safari/537.36 (compatible; Googlebot/2.1; +http://www.google.com/bot.html)"
198.98.48.90 - - [26/Apr/2025:14:21:44 -0400] "GET /wp-login.php HTTP/1.1" 200 6474 "-" "Mozilla/5.0 (Macintosh; Intel Mac OS X 10_10) AppleWebKit/600.1.3 (KHTML, like Gecko) Version/8.0 Safari/600.1.3"
162.0.215.211 - - [26/Apr/2025:14:21:57 -0400] "POST /wp-cron.php?doing_wp_cron=1745691717.8827390670776367187500 HTTP/1.1" 200 0 "-" "WordPress/6.8; https://luxuryhomez.org"
198.98.48.90 - - [26/Apr/2025:14:21:57 -0400] "POST /wp-login.php HTTP/1.1" 200 6951 "-" "Mozilla/5.0 (Macintosh; Intel Mac OS X 10_10) AppleWebKit/600.1.3 (KHTML, like Gecko) Version/8.0 Safari/600.1.3"
162.0.215.211 - - [26/Apr/2025:14:21:58 -0400] "POST /wp-admin/admin-ajax.php?action=async_litespeed&nonce=8F07MN4AZaMn3d7Jfndj42Hq5RnEhiHq&litespeed_type=imgoptm HTTP/1.1" 200 21 "-" "WordPress/6.8; https://luxuryhomez.org"
162.0.215.211 - - [26/Apr/2025:14:22:05 -0400] "POST /wp-cron.php?doing_wp_cron=1745691725.8022460937500000000000 HTTP/1.1" 200 0 "-" "WordPress/6.8; https://luxuryhomez.org"
66.249.73.5 - - [26/Apr/2025:14:22:05 -0400] "GET /index.php/safe_search/config/feature/sale2411-5/index.html/man/customer_guide/shopdetail/89539259/shopdetail/123199359/pcmypage/oreka/plamodel_menu.html HTTP/1.1" 301 0 "-" "Mozilla/5.0 (Linux; Android 6.0.1; Nexus 5X Build/MMB29P) AppleWebKit/537.36 (KHTML, like Gecko) Chrome/135.0.7049.95 Mobile Safari/537.36 (compatible; GoogleOther)"
66.249.73.6 - - [26/Apr/2025:14:22:20 -0400] "GET /safe_search/config/feature/sale2411-5/index.html/man/customer_guide/shopdetail/89539259/shopdetail/123199359/pcmypage/oreka/plamodel_menu.html HTTP/1.1" 404 17097 "-" "Mozilla/5.0 (Linux; Android 6.0.1; Nexus 5X Build/MMB29P) AppleWebKit/537.36 (KHTML, like Gecko) Chrome/135.0.7049.95 Mobile Safari/537.36 (compatible; GoogleOther)"
57.141.4.24 - - [26/Apr/2025:14:22:22 -0400] "GET /shopdetail/269119159 HTTP/1.1" 404 71762 "-" "meta-externalagent/1.1 (+https://developers.facebook.com/docs/sharing/webmasters/crawler)"
199.188.206.50 - - [26/Apr/2025:14:24:49 -0400] "GET /wp-login.php HTTP/1.1" 200 2154 "-" "Mozilla/5.0 (X11; Gentoo; Linux x86_64; rv:91.0) Gecko/20100101 Firefox/91.0"
162.0.215.211 - - [26/Apr/2025:14:24:59 -0400] "POST /wp-cron.php?doing_wp_cron=1745691899.8384449481964111328125 HTTP/1.1" 200 0 "-" "WordPress/6.8; https://luxuryhomez.org"
199.188.206.50 - - [26/Apr/2025:14:24:54 -0400] "POST /wp-login.php HTTP/1.1" 200 2267 "-" "Mozilla/5.0 (X11; Gentoo; Linux x86_64; rv:91.0) Gecko/20100101 Firefox/91.0"
162.0.215.211 - - [26/Apr/2025:14:25:00 -0400] "POST /wp-admin/admin-ajax.php?action=async_litespeed&nonce=SObfH6TSnZ17OKvZ0zaczbkK6IpAp6gt&litespeed_type=imgoptm HTTP/1.1" 200 21 "-" "WordPress/6.8; https://luxuryhomez.org"
162.0.215.211 - - [26/Apr/2025:14:25:12 -0400] "POST /wp-cron.php?doing_wp_cron=1745691911.8614630699157714843750 HTTP/1.1" 200 0 "-" "WordPress/6.8; https://luxuryhomez.org"
66.249.73.7 - - [26/Apr/2025:14:25:10 -0400] "GET /index.php/pcmypage/shopdetail/9150059 HTTP/1.1" 301 0 "-" "Mozilla/5.0 (Linux; Android 6.0.1; Nexus 5X Build/MMB29P) AppleWebKit/537.36 (KHTML, like Gecko) Chrome/135.0.7049.95 Mobile Safari/537.36 (compatible; Googlebot/2.1; +http://www.google.com/bot.html)"
66.249.73.6 - - [26/Apr/2025:14:25:13 -0400] "GET /index.php/pcmypage/shopdetail/9150059 HTTP/1.1" 301 0 "-" "Mozilla/5.0 (compatible; Googlebot/2.1; +http://www.google.com/bot.html)"
66.249.73.7 - - [26/Apr/2025:14:25:14 -0400] "GET /pcmypage/shopdetail/9150059 HTTP/1.1" 404 17037 "-" "Mozilla/5.0 (compatible; Googlebot/2.1; +http://www.google.com/bot.html)"
66.249.73.5 - - [26/Apr/2025:14:25:14 -0400] "GET /pcmypage/shopdetail/9150059 HTTP/1.1" 404 17038 "-" "Mozilla/5.0 (Linux; Android 6.0.1; Nexus 5X Build/MMB29P) AppleWebKit/537.36 (KHTML, like Gecko) Chrome/135.0.7049.95 Mobile Safari/537.36 (compatible; Googlebot/2.1; +http://www.google.com/bot.html)"
162.0.215.211 - - [26/Apr/2025:14:26:11 -0400] "POST /wp-cron.php?doing_wp_cron=1745691970.8790760040283203125000 HTTP/1.1" 200 0 "-" "WordPress/6.8; https://luxuryhomez.org"
57.141.4.19 - - [26/Apr/2025:14:26:10 -0400] "GET /shopdetail/361812059 HTTP/1.1" 404 71762 "-" "meta-externalagent/1.1 (+https://developers.facebook.com/docs/sharing/webmasters/crawler)"
162.0.215.211 - - [26/Apr/2025:14:26:12 -0400] "POST /wp-admin/admin-ajax.php?action=async_litespeed&nonce=qLc2aEnHYclXwCo9yScoVcDvIamEl2dF&litespeed_type=imgoptm HTTP/1.1" 200 0 "-" "WordPress/6.8; https://luxuryhomez.org"
162.0.215.211 - - [26/Apr/2025:14:28:18 -0400] "POST /wp-cron.php?doing_wp_cron=1745692098.7630639076232910156250 HTTP/1.1" 200 0 "-" "WordPress/6.8; https://luxuryhomez.org"
66.249.73.11 - - [26/Apr/2025:14:28:15 -0400] "GET /pcmypage?callback=product%2Fdetail%2F84244186 HTTP/1.1" 301 0 "-" "Mozilla/5.0 (Linux; Android 6.0.1; Nexus 5X Build/MMB29P) AppleWebKit/537.36 (KHTML, like Gecko) Chrome/135.0.7049.95 Mobile Safari/537.36 (compatible; Googlebot/2.1; +http://www.google.com/bot.html)"
162.0.215.211 - - [26/Apr/2025:14:28:19 -0400] "POST /wp-admin/admin-ajax.php?action=async_litespeed&nonce=OaBnKeaDOFVJVZGSxGpThwQSWTQNCa09&litespeed_type=imgoptm HTTP/1.1" 200 21 "-" "WordPress/6.8; https://luxuryhomez.org"
66.249.73.6 - - [26/Apr/2025:14:28:19 -0400] "GET /pcmypage?callback=product%2Fdetail%2F84244186 HTTP/1.1" 404 17038 "-" "Mozilla/5.0 (Linux; Android 6.0.1; Nexus 5X Build/MMB29P) AppleWebKit/537.36 (KHTML, like Gecko) Chrome/135.0.7049.95 Mobile Safari/537.36 (compatible; Googlebot/2.1; +http://www.google.com/bot.html)"
162.0.215.211 - - [26/Apr/2025:14:29:31 -0400] "POST /wp-cron.php?doing_wp_cron=1745692170.8811790943145751953125 HTTP/1.1" 200 0 "-" "WordPress/6.8; https://luxuryhomez.org"
57.141.4.6 - - [26/Apr/2025:14:29:30 -0400] "GET /shopdetail/187610359 HTTP/1.1" 404 71762 "-" "meta-externalagent/1.1 (+https://developers.facebook.com/docs/sharing/webmasters/crawler)"
162.0.215.211 - - [26/Apr/2025:14:29:32 -0400] "POST /wp-admin/admin-ajax.php?action=async_litespeed&nonce=T3AP1knkKRpNgadjmW2wE85pvEyFjiWd&litespeed_type=imgoptm HTTP/1.1" 200 0 "-" "WordPress/6.8; https://luxuryhomez.org"
162.0.215.211 - - [26/Apr/2025:14:30:32 -0400] "POST /wp-cron.php?doing_wp_cron=1745692232.7734470367431640625000 HTTP/1.1" 200 0 "-" "WordPress/6.8; https://luxuryhomez.org"
66.249.73.11 - - [26/Apr/2025:14:30:32 -0400] "GET /shopdetail/131627559 HTTP/1.1" 301 0 "-" "Mozilla/5.0 (compatible; Googlebot/2.1; +http://www.google.com/bot.html)"
162.0.215.211 - - [26/Apr/2025:14:30:33 -0400] "POST /wp-admin/admin-ajax.php?action=async_litespeed&nonce=bJMsLQIOtjQ94GN7ypTCZji3mACN48Ok&litespeed_type=imgoptm HTTP/1.1" 200 0 "-" "WordPress/6.8; https://luxuryhomez.org"
66.249.73.5 - - [26/Apr/2025:14:30:33 -0400] "GET /shopdetail/131627559 HTTP/1.1" 404 17020 "-" "Mozilla/5.0 (compatible; Googlebot/2.1; +http://www.google.com/bot.html)"
66.249.73.6 - - [26/Apr/2025:14:30:59 -0400] "GET /index.phpsshopdetail/344348959 HTTP/1.1" 404 17028 "-" "Mozilla/5.0 (compatible; Googlebot/2.1; +http://www.google.com/bot.html)"
51.222.253.11 - - [26/Apr/2025:14:31:00 -0400] "GET /brand/brand-2/?orderby=price-desc&product_count=30 HTTP/1.1" 200 17933 "-" "Mozilla/5.0 (compatible; AhrefsBot/7.0; +http://ahrefs.com/robot/)"
162.0.215.211 - - [26/Apr/2025:14:31:22 -0400] "POST /wp-cron.php?doing_wp_cron=1745692282.9092569351196289062500 HTTP/1.1" 200 0 "-" "WordPress/6.8; https://luxuryhomez.org"
66.249.73.5 - - [26/Apr/2025:14:31:22 -0400] "GET /index.phpsshopdetail/356500659 HTTP/1.1" 404 17033 "-" "Mozilla/5.0 (compatible; Googlebot/2.1; +http://www.google.com/bot.html)"
66.249.73.5 - - [26/Apr/2025:14:31:24 -0400] "GET /index.phpsshopdetail/381009359 HTTP/1.1" 404 17031 "-" "Mozilla/5.0 (compatible; Googlebot/2.1; +http://www.google.com/bot.html)"
162.0.215.211 - - [26/Apr/2025:14:32:07 -0400] "POST /wp-cron.php?doing_wp_cron=1745692327.2839949131011962890625 HTTP/1.1" 200 0 "-" "WordPress/6.8; https://luxuryhomez.org"
66.249.73.12 - - [26/Apr/2025:14:32:06 -0400] "GET /shopdetail/16582459 HTTP/1.1" 301 0 "-" "Mozilla/5.0 (Linux; Android 6.0.1; Nexus 5X Build/MMB29P) AppleWebKit/537.36 (KHTML, like Gecko) Chrome/135.0.7049.95 Mobile Safari/537.36 (compatible; Googlebot/2.1; +http://www.google.com/bot.html)"
162.0.215.211 - - [26/Apr/2025:14:32:07 -0400] "POST /wp-admin/admin-ajax.php?action=async_litespeed&nonce=HvGHsg49YJjxjlVK7dIRkbBZIKCwQiJo&litespeed_type=imgoptm HTTP/1.1" 200 21 "-" "WordPress/6.8; https://luxuryhomez.org"
66.249.73.6 - - [26/Apr/2025:14:32:07 -0400] "GET /shopdetail/16582459 HTTP/1.1" 404 17021 "-" "Mozilla/5.0 (Linux; Android 6.0.1; Nexus 5X Build/MMB29P) AppleWebKit/537.36 (KHTML, like Gecko) Chrome/135.0.7049.95 Mobile Safari/537.36 (compatible; Googlebot/2.1; +http://www.google.com/bot.html)"
162.0.215.211 - - [26/Apr/2025:14:33:27 -0400] "POST /wp-cron.php?doing_wp_cron=1745692407.8103280067443847656250 HTTP/1.1" 200 0 "-" "WordPress/6.8; https://luxuryhomez.org"
57.141.4.17 - - [26/Apr/2025:14:33:27 -0400] "GET /shadow.php?1507829462.htm HTTP/1.1" 404 71767 "-" "meta-externalagent/1.1 (+https://developers.facebook.com/docs/sharing/webmasters/crawler)"
162.0.215.211 - - [26/Apr/2025:14:33:28 -0400] "POST /wp-admin/admin-ajax.php?action=async_litespeed&nonce=KEj7Bm2BuRSM6ohh5C9LVVdiAnEKw5Z5&litespeed_type=imgoptm HTTP/1.1" 200 21 "-" "WordPress/6.8; https://luxuryhomez.org"
162.0.215.211 - - [26/Apr/2025:14:34:09 -0400] "POST /wp-cron.php?doing_wp_cron=1745692449.6237559318542480468750 HTTP/1.1" 200 0 "-" "WordPress/6.8; https://luxuryhomez.org"
57.141.4.23 - - [26/Apr/2025:14:34:09 -0400] "GET /shadow.php?59401754.htm HTTP/1.1" 404 71765 "-" "meta-externalagent/1.1 (+https://developers.facebook.com/docs/sharing/webmasters/crawler)"
162.0.215.211 - - [26/Apr/2025:14:34:29 -0400] "POST /wp-cron.php?doing_wp_cron=1745692469.7754321098327636718750 HTTP/1.1" 200 0 "-" "WordPress/6.8; https://luxuryhomez.org"
66.249.73.7 - - [26/Apr/2025:14:34:29 -0400] "GET /index.php/zhHant/product/surugaya/58715033/pcmypage/shopdetail/328071759/shopdetail/234963259/toreka/figure_menu.html/text/terms/shopdetail/48435359/shopdetail/46480359/pcmypage/shopdetail/101032659/shopdetail/91258159 HTTP/1.1" 301 0 "-" "Mozilla/5.0 (Linux; Android 6.0.1; Nexus 5X Build/MMB29P) AppleWebKit/537.36 (KHTML, like Gecko) Chrome/135.0.7049.95 Mobile Safari/537.36 (compatible; GoogleOther)"
162.0.215.211 - - [26/Apr/2025:14:34:29 -0400] "POST /wp-admin/admin-ajax.php?action=async_litespeed&nonce=UTeeQsE3hm4qkHGjsTkFgUSp1joND0x4&litespeed_type=imgoptm HTTP/1.1" 200 21 "-" "WordPress/6.8; https://luxuryhomez.org"
66.249.73.7 - - [26/Apr/2025:14:34:30 -0400] "GET /zhHant/product/surugaya/58715033/pcmypage/shopdetail/328071759/shopdetail/234963259/toreka/figure_menu.html/text/terms/shopdetail/48435359/shopdetail/46480359/pcmypage/shopdetail/101032659/shopdetail/91258159 HTTP/1.1" 404 17134 "-" "Mozilla/5.0 (Linux; Android 6.0.1; Nexus 5X Build/MMB29P) AppleWebKit/537.36 (KHTML, like Gecko) Chrome/135.0.7049.95 Mobile Safari/537.36 (compatible; GoogleOther)"
66.249.73.6 - - [26/Apr/2025:14:35:02 -0400] "GET /pcmypage/shopdetail/9150059 HTTP/1.1" 404 17038 "-" "Mozilla/5.0 (Linux; Android 6.0.1; Nexus 5X Build/MMB29P) AppleWebKit/537.36 (KHTML, like Gecko) Chrome/135.0.7049.95 Mobile Safari/537.36 (compatible; Googlebot/2.1; +http://www.google.com/bot.html)"
162.0.215.211 - - [26/Apr/2025:14:36:04 -0400] "POST /wp-cron.php?doing_wp_cron=1745692564.5561830997467041015625 HTTP/1.1" 200 0 "-" "WordPress/6.8; https://luxuryhomez.org"
165.227.184.227 - - [26/Apr/2025:14:36:00 -0400] "GET /product/chelvee-alarm-clock/ HTTP/1.1" 200 21712 "-" "Mozilla/5.0 (Macintosh; Intel Mac OS X 10_15_7) AppleWebKit/537.36 (KHTML, like Gecko) Chrome/124.0.0.0 Safari/537.36"
162.0.215.211 - - [26/Apr/2025:14:36:05 -0400] "POST /wp-admin/admin-ajax.php?action=async_litespeed&nonce=sGNFu7InzTMOVWWP1uZLTe6svZHWMfLo&litespeed_type=imgoptm HTTP/1.1" 200 21 "-" "WordPress/6.8; https://luxuryhomez.org"
162.0.215.211 - - [26/Apr/2025:14:37:45 -0400] "POST /wp-cron.php?doing_wp_cron=1745692665.2343909740447998046875 HTTP/1.1" 200 0 "-" "WordPress/6.8; https://luxuryhomez.org"
57.141.4.5 - - [26/Apr/2025:14:37:42 -0400] "GET /shopdetail/225021159 HTTP/1.1" 404 71762 "-" "meta-externalagent/1.1 (+https://developers.facebook.com/docs/sharing/webmasters/crawler)"
162.0.215.211 - - [26/Apr/2025:14:37:45 -0400] "POST /wp-admin/admin-ajax.php?action=async_litespeed&nonce=Pf4ea25eFjd3KrlRP1WFDLq9QsTlcMCR&litespeed_type=imgoptm HTTP/1.1" 200 21 "-" "WordPress/6.8; https://luxuryhomez.org"
162.0.215.211 - - [26/Apr/2025:14:39:38 -0400] "POST /wp-cron.php?doing_wp_cron=1745692778.9134199619293212890625 HTTP/1.1" 200 0 "-" "WordPress/6.8; https://luxuryhomez.org"
57.141.4.26 - - [26/Apr/2025:14:39:35 -0400] "GET /shadow.php?524768822.htm HTTP/1.1" 404 71768 "-" "meta-externalagent/1.1 (+https://developers.facebook.com/docs/sharing/webmasters/crawler)"
162.0.215.211 - - [26/Apr/2025:14:39:39 -0400] "POST /wp-admin/admin-ajax.php?action=async_litespeed&nonce=dXu4rMXuh6cDTTbhh4OCWyo1XyeS4OVE&litespeed_type=imgoptm HTTP/1.1" 200 21 "-" "WordPress/6.8; https://luxuryhomez.org"
162.0.215.211 - - [26/Apr/2025:14:40:09 -0400] "POST /wp-cron.php?doing_wp_cron=1745692809.5461299419403076171875 HTTP/1.1" 200 0 "-" "WordPress/6.8; https://luxuryhomez.org"
57.141.4.10 - - [26/Apr/2025:14:40:08 -0400] "GET /shopdetail/369957059 HTTP/1.1" 404 71762 "-" "meta-externalagent/1.1 (+https://developers.facebook.com/docs/sharing/webmasters/crawler)"
66.249.73.10 - - [26/Apr/2025:14:40:12 -0400] "GET /shopdetail/134202959 HTTP/1.1" 301 0 "-" "Mozilla/5.0 (Linux; Android 6.0.1; Nexus 5X Build/MMB29P) AppleWebKit/537.36 (KHTML, like Gecko) Chrome/135.0.7049.95 Mobile Safari/537.36 (compatible; Googlebot/2.1; +http://www.google.com/bot.html)"
66.249.73.6 - - [26/Apr/2025:14:40:13 -0400] "GET /shopdetail/134202959 HTTP/1.1" 404 17019 "-" "Mozilla/5.0 (Linux; Android 6.0.1; Nexus 5X Build/MMB29P) AppleWebKit/537.36 (KHTML, like Gecko) Chrome/135.0.7049.95 Mobile Safari/537.36 (compatible; Googlebot/2.1; +http://www.google.com/bot.html)"
66.249.90.198 - - [26/Apr/2025:14:41:06 -0400] "GET / HTTP/1.1" 200 28126 "-" "Mozilla/5.0 (X11; Linux x86_64) AppleWebKit/537.36 (KHTML, like Gecko) Chrome/129.0.0.0 Safari/537.36"
66.249.90.198 - - [26/Apr/2025:14:41:06 -0400] "GET /wp-content/themes/davici-child/style.css?ver=6.8 HTTP/1.1" 200 289 "https://luxuryhomez.org/" "Mozilla/5.0 (X11; Linux x86_64) AppleWebKit/537.36 (KHTML, like Gecko) Chrome/129.0.0.0 Safari/537.36"
66.249.90.196 - - [26/Apr/2025:14:41:07 -0400] "GET /wp-content/themes/davici/css/icomoon.css?ver=6.8 HTTP/1.1" 200 546 "https://luxuryhomez.org/" "Mozilla/5.0 (X11; Linux x86_64) AppleWebKit/537.36 (KHTML, like Gecko) Chrome/129.0.0.0 Safari/537.36"
66.249.90.198 - - [26/Apr/2025:14:41:07 -0400] "GET /wp-content/plugins/wpbingo/lib/buy-together/assets/js/frontend.js HTTP/1.1" 200 2300 "https://luxuryhomez.org/" "Mozilla/5.0 (X11; Linux x86_64) AppleWebKit/537.36 (KHTML, like Gecko) Chrome/129.0.0.0 Safari/537.36"
66.249.90.197 - - [26/Apr/2025:14:41:07 -0400] "GET /wp-includes/js/wp-util.min.js?ver=6.8 HTTP/1.1" 200 690 "https://luxuryhomez.org/" "Mozilla/5.0 (X11; Linux x86_64) AppleWebKit/537.36 (KHTML, like Gecko) Chrome/129.0.0.0 Safari/537.36"
66.249.90.198 - - [26/Apr/2025:14:41:07 -0400] "GET /wp-content/plugins/contact-form-7/includes/css/styles.css?ver=6.0.6 HTTP/1.1" 200 890 "https://luxuryhomez.org/" "Mozilla/5.0 (X11; Linux x86_64) AppleWebKit/537.36 (KHTML, like Gecko) Chrome/129.0.0.0 Safari/537.36"
66.249.90.196 - - [26/Apr/2025:14:41:08 -0400] "GET /wp-content/themes/davici/css/bootstrap.css?ver=6.8 HTTP/1.1" 200 24443 "https://luxuryhomez.org/" "Mozilla/5.0 (X11; Linux x86_64) AppleWebKit/537.36 (KHTML, like Gecko) Chrome/129.0.0.0 Safari/537.36"
66.249.90.196 - - [26/Apr/2025:14:41:08 -0400] "GET /wp-content/plugins/elementor/assets/css/frontend.min.css?ver=3.28.4 HTTP/1.1" 200 6453 "https://luxuryhomez.org/" "Mozilla/5.0 (X11; Linux x86_64) AppleWebKit/537.36 (KHTML, like Gecko) Chrome/129.0.0.0 Safari/537.36"
66.249.90.196 - - [26/Apr/2025:14:41:09 -0400] "GET /wp-content/plugins/revslider/public/css/sr7.css?ver=6.7.15 HTTP/1.1" 200 1243 "https://luxuryhomez.org/" "Mozilla/5.0 (X11; Linux x86_64) AppleWebKit/537.36 (KHTML, like Gecko) Chrome/129.0.0.0 Safari/537.36"
66.249.90.197 - - [26/Apr/2025:14:41:09 -0400] "GET /wp-content/uploads/2025/03/LUXURY-HOMES-4.png HTTP/1.1" 200 7034 "https://luxuryhomez.org/" "Mozilla/5.0 (X11; Linux x86_64) AppleWebKit/537.36 (KHTML, like Gecko) Chrome/129.0.0.0 Safari/537.36"
66.249.90.196 - - [26/Apr/2025:14:41:10 -0400] "GET /wp-content/plugins/elementor/assets/css/widget-image.min.css?ver=3.28.4 HTTP/1.1" 200 254 "https://luxuryhomez.org/" "Mozilla/5.0 (X11; Linux x86_64) AppleWebKit/537.36 (KHTML, like Gecko) Chrome/129.0.0.0 Safari/537.36"
66.249.90.197 - - [26/Apr/2025:14:41:10 -0400] "GET /wp-content/plugins/elementor/assets/css/widget-heading.min.css?ver=3.28.4 HTTP/1.1" 200 154 "https://luxuryhomez.org/" "Mozilla/5.0 (X11; Linux x86_64) AppleWebKit/537.36 (KHTML, like Gecko) Chrome/129.0.0.0 Safari/537.36"
