66.249.90.197 - - [26/Apr/2025:14:41:10 -0400] "GET /wp-content/plugins/elementor/assets/css/widget-spacer.min.css?ver=3.28.4 HTTP/1.1" 200 315 "https://luxuryhomez.org/" "Mozilla/5.0 (X11; Linux x86_64) AppleWebKit/537.36 (KHTML, like Gecko) Chrome/129.0.0.0 Safari/537.36"
66.249.90.196 - - [26/Apr/2025:14:41:11 -0400] "GET /wp-content/plugins/woo-smart-compare/assets/libs/hint/hint.min.css?ver=6.8 HTTP/1.1" 200 1376 "https://luxuryhomez.org/" "Mozilla/5.0 (X11; Linux x86_64) AppleWebKit/537.36 (KHTML, like Gecko) Chrome/129.0.0.0 Safari/537.36"
66.249.90.196 - - [26/Apr/2025:14:41:11 -0400] "GET /wp-content/plugins/wpbingo/assets/css/bwp_lookbook.css?ver=6.8 HTTP/1.1" 200 135 "https://luxuryhomez.org/" "Mozilla/5.0 (X11; Linux x86_64) AppleWebKit/537.36 (KHTML, like Gecko) Chrome/129.0.0.0 Safari/537.36"
66.249.90.196 - - [26/Apr/2025:14:41:12 -0400] "GET /wp-content/themes/davici/css/jquery.circlestime.css HTTP/1.1" 200 180 "https://luxuryhomez.org/" "Mozilla/5.0 (X11; Linux x86_64) AppleWebKit/537.36 (KHTML, like Gecko) Chrome/129.0.0.0 Safari/537.36"
66.249.90.197 - - [26/Apr/2025:14:41:12 -0400] "GET /wp-content/plugins/wpbingo/assets/css/bwp_ajax_filter.css?ver=6.8 HTTP/1.1" 200 769 "https://luxuryhomez.org/" "Mozilla/5.0 (X11; Linux x86_64) AppleWebKit/537.36 (KHTML, like Gecko) Chrome/129.0.0.0 Safari/537.36"
66.249.90.197 - - [26/Apr/2025:14:41:12 -0400] "GET /wp-content/plugins/wpbingo/lib/buy-together/assets/css/frontend.css?ver=6.8 HTTP/1.1" 200 535 "https://luxuryhomez.org/" "Mozilla/5.0 (X11; Linux x86_64) AppleWebKit/537.36 (KHTML, like Gecko) Chrome/129.0.0.0 Safari/537.36"
66.249.90.197 - - [26/Apr/2025:14:41:13 -0400] "GET /wp-content/uploads/elementor/google-fonts/css/roboto.css?ver=1742257781 HTTP/1.1" 200 1874 "https://luxuryhomez.org/" "Mozilla/5.0 (X11; Linux x86_64) AppleWebKit/537.36 (KHTML, like Gecko) Chrome/129.0.0.0 Safari/537.36"
66.249.90.196 - - [26/Apr/2025:14:41:13 -0400] "GET /wp-content/uploads/elementor/css/post-11833.css?ver=1744789680 HTTP/1.1" 200 2164 "https://luxuryhomez.org/" "Mozilla/5.0 (X11; Linux x86_64) AppleWebKit/537.36 (KHTML, like Gecko) Chrome/129.0.0.0 Safari/537.36"
66.249.90.197 - - [26/Apr/2025:14:41:14 -0400] "GET /wp-content/plugins/elementor/assets/lib/animations/styles/e-animation-wobble-horizontal.min.css?ver=3.28.4 HTTP/1.1" 200 184 "https://luxuryhomez.org/" "Mozilla/5.0 (X11; Linux x86_64) AppleWebKit/537.36 (KHTML, like Gecko) Chrome/129.0.0.0 Safari/537.36"
66.249.90.196 - - [26/Apr/2025:14:41:14 -0400] "GET /wp-content/plugins/woo-smart-wishlist/assets/css/icons.css?ver=4.9.9 HTTP/1.1" 200 572 "https://luxuryhomez.org/" "Mozilla/5.0 (X11; Linux x86_64) AppleWebKit/537.36 (KHTML, like Gecko) Chrome/129.0.0.0 Safari/537.36"
66.249.90.196 - - [26/Apr/2025:14:41:14 -0400] "GET /wp-content/plugins/woo-smart-compare/assets/css/frontend.css?ver=6.4.4 HTTP/1.1" 200 4912 "https://luxuryhomez.org/" "Mozilla/5.0 (X11; Linux x86_64) AppleWebKit/537.36 (KHTML, like Gecko) Chrome/129.0.0.0 Safari/537.36"
66.249.90.196 - - [26/Apr/2025:14:41:15 -0400] "GET /wp-content/plugins/woo-smart-compare/assets/libs/perfect-scrollbar/css/perfect-scrollbar.min.css?ver=6.8 HTTP/1.1" 200 509 "https://luxuryhomez.org/" "Mozilla/5.0 (X11; Linux x86_64) AppleWebKit/537.36 (KHTML, like Gecko) Chrome/129.0.0.0 Safari/537.36"
66.249.90.196 - - [26/Apr/2025:14:41:15 -0400] "GET /wp-content/themes/davici/css/elegant.css?ver=6.8 HTTP/1.1" 200 3990 "https://luxuryhomez.org/" "Mozilla/5.0 (X11; Linux x86_64) AppleWebKit/537.36 (KHTML, like Gecko) Chrome/129.0.0.0 Safari/537.36"
66.249.90.196 - - [26/Apr/2025:14:41:16 -0400] "GET /wp-content/themes/davici/css/template.css?ver=6.8 HTTP/1.1" 200 154314 "https://luxuryhomez.org/" "Mozilla/5.0 (X11; Linux x86_64) AppleWebKit/537.36 (KHTML, like Gecko) Chrome/129.0.0.0 Safari/537.36"
66.249.90.196 - - [26/Apr/2025:14:41:16 -0400] "GET /wp-includes/js/underscore.min.js?ver=1.13.7 HTTP/1.1" 200 7185 "https://luxuryhomez.org/" "Mozilla/5.0 (X11; Linux x86_64) AppleWebKit/537.36 (KHTML, like Gecko) Chrome/129.0.0.0 Safari/537.36"
66.249.90.196 - - [26/Apr/2025:14:41:16 -0400] "GET /wp-includes/js/jquery/jquery-migrate.min.js?ver=3.4.1 HTTP/1.1" 200 4678 "https://luxuryhomez.org/" "Mozilla/5.0 (X11; Linux x86_64) AppleWebKit/537.36 (KHTML, like Gecko) Chrome/129.0.0.0 Safari/537.36"
66.249.90.196 - - [26/Apr/2025:14:41:17 -0400] "GET /wp-content/themes/davici/css/jquery.mmenu.all.css?ver=6.8 HTTP/1.1" 200 6824 "https://luxuryhomez.org/" "Mozilla/5.0 (X11; Linux x86_64) AppleWebKit/537.36 (KHTML, like Gecko) Chrome/129.0.0.0 Safari/537.36"
66.249.90.196 - - [26/Apr/2025:14:41:17 -0400] "GET /wp-content/plugins/variation-swatches-for-woocommerce/assets/css/frontend.css?ver=2.2.5 HTTP/1.1" 200 6201 "https://luxuryhomez.org/" "Mozilla/5.0 (X11; Linux x86_64) AppleWebKit/537.36 (KHTML, like Gecko) Chrome/129.0.0.0 Safari/537.36"
66.249.90.196 - - [26/Apr/2025:14:41:17 -0400] "GET /wp-content/plugins/woo-smart-wishlist/assets/css/frontend.css?ver=4.9.9 HTTP/1.1" 200 2904 "https://luxuryhomez.org/" "Mozilla/5.0 (X11; Linux x86_64) AppleWebKit/537.36 (KHTML, like Gecko) Chrome/129.0.0.0 Safari/537.36"
66.249.90.196 - - [26/Apr/2025:14:41:18 -0400] "GET /wp-content/plugins/woocommerce/assets/css/brands.css?ver=9.8.2 HTTP/1.1" 200 579 "https://luxuryhomez.org/" "Mozilla/5.0 (X11; Linux x86_64) AppleWebKit/537.36 (KHTML, like Gecko) Chrome/129.0.0.0 Safari/537.36"
66.249.90.196 - - [26/Apr/2025:14:41:18 -0400] "GET /wp-content/themes/davici/css/wpbingo.css?ver=6.8 HTTP/1.1" 200 585 "https://luxuryhomez.org/" "Mozilla/5.0 (X11; Linux x86_64) AppleWebKit/537.36 (KHTML, like Gecko) Chrome/129.0.0.0 Safari/537.36"
66.249.90.196 - - [26/Apr/2025:14:41:19 -0400] "GET /wp-includes/js/jquery/jquery.min.js?ver=3.7.1 HTTP/1.1" 200 29744 "https://luxuryhomez.org/" "Mozilla/5.0 (X11; Linux x86_64) AppleWebKit/537.36 (KHTML, like Gecko) Chrome/129.0.0.0 Safari/537.36"
66.249.90.197 - - [26/Apr/2025:14:41:19 -0400] "GET /wp-content/plugins/elementor/assets/css/widget-icon-box.min.css?ver=3.28.4 HTTP/1.1" 200 656 "https://luxuryhomez.org/" "Mozilla/5.0 (X11; Linux x86_64) AppleWebKit/537.36 (KHTML, like Gecko) Chrome/129.0.0.0 Safari/537.36"
66.249.90.196 - - [26/Apr/2025:14:41:19 -0400] "GET /wp-content/plugins/elementor/assets/lib/font-awesome/css/font-awesome.min.css?ver=4.7.0 HTTP/1.1" 200 6657 "https://luxuryhomez.org/" "Mozilla/5.0 (X11; Linux x86_64) AppleWebKit/537.36 (KHTML, like Gecko) Chrome/129.0.0.0 Safari/537.36"
66.249.90.196 - - [26/Apr/2025:14:41:20 -0400] "GET /wp-content/uploads/elementor/google-fonts/css/robotoslab.css?ver=1742257818 HTTP/1.1" 200 710 "https://luxuryhomez.org/" "Mozilla/5.0 (X11; Linux x86_64) AppleWebKit/537.36 (KHTML, like Gecko) Chrome/129.0.0.0 Safari/537.36"
66.249.90.197 - - [26/Apr/2025:14:41:20 -0400] "GET /wp-content/plugins/woocommerce/assets/css/photoswipe/photoswipe.min.css?ver=9.8.2 HTTP/1.1" 200 857 "https://luxuryhomez.org/" "Mozilla/5.0 (X11; Linux x86_64) AppleWebKit/537.36 (KHTML, like Gecko) Chrome/129.0.0.0 Safari/537.36"
66.249.90.197 - - [26/Apr/2025:14:41:21 -0400] "GET /wp-content/plugins/woocommerce/assets/js/js-cookie/js.cookie.min.js?ver=2.1.4-wc.9.8.2 HTTP/1.1" 200 760 "https://luxuryhomez.org/" "Mozilla/5.0 (X11; Linux x86_64) AppleWebKit/537.36 (KHTML, like Gecko) Chrome/129.0.0.0 Safari/537.36"
66.249.90.197 - - [26/Apr/2025:14:41:21 -0400] "GET /wp-content/themes/davici/css/slick/slick.css HTTP/1.1" 200 840 "https://luxuryhomez.org/" "Mozilla/5.0 (X11; Linux x86_64) AppleWebKit/537.36 (KHTML, like Gecko) Chrome/129.0.0.0 Safari/537.36"
66.249.90.196 - - [26/Apr/2025:14:41:21 -0400] "GET /wp-content/themes/davici/css/materia.css?ver=6.8 HTTP/1.1" 200 7175 "https://luxuryhomez.org/" "Mozilla/5.0 (X11; Linux x86_64) AppleWebKit/537.36 (KHTML, like Gecko) Chrome/129.0.0.0 Safari/537.36"
66.249.90.196 - - [26/Apr/2025:14:41:22 -0400] "GET /wp-content/plugins/woo-smart-compare/assets/libs/perfect-scrollbar/css/custom-theme.css?ver=6.8 HTTP/1.1" 200 534 "https://luxuryhomez.org/" "Mozilla/5.0 (X11; Linux x86_64) AppleWebKit/537.36 (KHTML, like Gecko) Chrome/129.0.0.0 Safari/537.36"
66.249.90.197 - - [26/Apr/2025:14:41:22 -0400] "GET /wp-content/uploads/elementor/css/post-7.css?ver=1744789678 HTTP/1.1" 200 342 "https://luxuryhomez.org/" "Mozilla/5.0 (X11; Linux x86_64) AppleWebKit/537.36 (KHTML, like Gecko) Chrome/129.0.0.0 Safari/537.36"
66.249.90.197 - - [26/Apr/2025:14:41:22 -0400] "GET /wp-content/plugins/woocommerce/assets/client/blocks/wc-blocks.css?ver=wc-9.8.2 HTTP/1.1" 200 2282 "https://luxuryhomez.org/" "Mozilla/5.0 (X11; Linux x86_64) AppleWebKit/537.36 (KHTML, like Gecko) Chrome/129.0.0.0 Safari/537.36"
66.249.90.196 - - [26/Apr/2025:14:41:23 -0400] "GET /wp-includes/js/dist/hooks.min.js?ver=4d63a3d491d11ffd8ac6 HTTP/1.1" 200 1571 "https://luxuryhomez.org/" "Mozilla/5.0 (X11; Linux x86_64) AppleWebKit/537.36 (KHTML, like Gecko) Chrome/129.0.0.0 Safari/537.36"
66.249.90.197 - - [26/Apr/2025:14:41:23 -0400] "GET /wp-includes/js/dist/i18n.min.js?ver=5e580eb46a90c2b997e6 HTTP/1.1" 200 3542 "https://luxuryhomez.org/" "Mozilla/5.0 (X11; Linux x86_64) AppleWebKit/537.36 (KHTML, like Gecko) Chrome/129.0.0.0 Safari/537.36"
66.249.90.196 - - [26/Apr/2025:14:41:24 -0400] "GET /wp-content/plugins/contact-form-7/includes/swv/js/index.js?ver=6.0.6 HTTP/1.1" 200 3369 "https://luxuryhomez.org/" "Mozilla/5.0 (X11; Linux x86_64) AppleWebKit/537.36 (KHTML, like Gecko) Chrome/129.0.0.0 Safari/537.36"
66.249.90.197 - - [26/Apr/2025:14:41:24 -0400] "GET /wp-content/plugins/contact-form-7/includes/js/index.js?ver=6.0.6 HTTP/1.1" 200 4008 "https://luxuryhomez.org/" "Mozilla/5.0 (X11; Linux x86_64) AppleWebKit/537.36 (KHTML, like Gecko) Chrome/129.0.0.0 Safari/537.36"
66.249.90.197 - - [26/Apr/2025:14:41:25 -0400] "GET /wp-includes/js/jquery/ui/core.min.js?ver=1.13.3 HTTP/1.1" 200 6812 "https://luxuryhomez.org/" "Mozilla/5.0 (X11; Linux x86_64) AppleWebKit/537.36 (KHTML, like Gecko) Chrome/129.0.0.0 Safari/537.36"
66.249.90.196 - - [26/Apr/2025:14:41:25 -0400] "GET /wp-includes/js/jquery/ui/slider.min.js?ver=1.13.3 HTTP/1.1" 200 3010 "https://luxuryhomez.org/" "Mozilla/5.0 (X11; Linux x86_64) AppleWebKit/537.36 (KHTML, like Gecko) Chrome/129.0.0.0 Safari/537.36"
66.249.90.197 - - [26/Apr/2025:14:41:25 -0400] "GET /wp-content/plugins/woo-smart-compare/assets/libs/table-head-fixer/table-head-fixer.js?ver=6.4.4 HTTP/1.1" 200 2050 "https://luxuryhomez.org/" "Mozilla/5.0 (X11; Linux x86_64) AppleWebKit/537.36 (KHTML, like Gecko) Chrome/129.0.0.0 Safari/537.36"
66.249.90.196 - - [26/Apr/2025:14:41:26 -0400] "GET /wp-content/plugins/wpbingo/assets/js/newsletter.js HTTP/1.1" 200 426 "https://luxuryhomez.org/" "Mozilla/5.0 (X11; Linux x86_64) AppleWebKit/537.36 (KHTML, like Gecko) Chrome/129.0.0.0 Safari/537.36"
66.249.90.197 - - [26/Apr/2025:14:41:26 -0400] "GET /wp-content/plugins/woo-smart-compare/assets/libs/perfect-scrollbar/js/perfect-scrollbar.jquery.min.js?ver=6.4.4 HTTP/1.1" 200 6143 "https://luxuryhomez.org/" "Mozilla/5.0 (X11; Linux x86_64) AppleWebKit/537.36 (KHTML, like Gecko) Chrome/129.0.0.0 Safari/537.36"
66.249.90.196 - - [26/Apr/2025:14:41:26 -0400] "GET /wp-includes/js/jquery/ui/sortable.min.js?ver=1.13.3 HTTP/1.1" 200 6358 "https://luxuryhomez.org/" "Mozilla/5.0 (X11; Linux x86_64) AppleWebKit/537.36 (KHTML, like Gecko) Chrome/129.0.0.0 Safari/537.36"
66.249.90.197 - - [26/Apr/2025:14:41:27 -0400] "GET /wp-content/plugins/wpbingo/assets/js/filter.js HTTP/1.1" 200 3783 "https://luxuryhomez.org/" "Mozilla/5.0 (X11; Linux x86_64) AppleWebKit/537.36 (KHTML, like Gecko) Chrome/129.0.0.0 Safari/537.36"
66.249.90.197 - - [26/Apr/2025:14:41:27 -0400] "GET /wp-content/plugins/woo-smart-wishlist/assets/js/frontend.js?ver=4.9.9 HTTP/1.1" 200 4241 "https://luxuryhomez.org/" "Mozilla/5.0 (X11; Linux x86_64) AppleWebKit/537.36 (KHTML, like Gecko) Chrome/129.0.0.0 Safari/537.36"
66.249.90.196 - - [26/Apr/2025:14:41:27 -0400] "GET /wp-content/plugins/woocommerce/assets/js/jquery-cookie/jquery.cookie.min.js?ver=1.4.1-wc.9.8.2 HTTP/1.1" 200 695 "https://luxuryhomez.org/" "Mozilla/5.0 (X11; Linux x86_64) AppleWebKit/537.36 (KHTML, like Gecko) Chrome/129.0.0.0 Safari/537.36"
66.249.90.197 - - [26/Apr/2025:14:41:28 -0400] "GET /wp-content/themes/davici/js/jquery.mmenu.all.min.js HTTP/1.1" 200 14689 "https://luxuryhomez.org/" "Mozilla/5.0 (X11; Linux x86_64) AppleWebKit/537.36 (KHTML, like Gecko) Chrome/129.0.0.0 Safari/537.36"
66.249.90.196 - - [26/Apr/2025:14:41:28 -0400] "GET /wp-content/plugins/woo-smart-compare/assets/js/frontend.js?ver=6.4.4 HTTP/1.1" 200 5216 "https://luxuryhomez.org/" "Mozilla/5.0 (X11; Linux x86_64) AppleWebKit/537.36 (KHTML, like Gecko) Chrome/129.0.0.0 Safari/537.36"
66.249.90.196 - - [26/Apr/2025:14:41:28 -0400] "GET /wp-content/plugins/woo-smart-compare/assets/libs/print/jQuery.print.js?ver=6.4.4 HTTP/1.1" 200 3177 "https://luxuryhomez.org/" "Mozilla/5.0 (X11; Linux x86_64) AppleWebKit/537.36 (KHTML, like Gecko) Chrome/129.0.0.0 Safari/537.36"
66.249.90.197 - - [26/Apr/2025:14:41:29 -0400] "GET /wp-includes/js/jquery/ui/mouse.min.js?ver=1.13.3 HTTP/1.1" 200 1012 "https://luxuryhomez.org/" "Mozilla/5.0 (X11; Linux x86_64) AppleWebKit/537.36 (KHTML, like Gecko) Chrome/129.0.0.0 Safari/537.36"
66.249.90.196 - - [26/Apr/2025:14:41:29 -0400] "GET /wp-content/themes/davici/js/slick.min.js HTTP/1.1" 200 10097 "https://luxuryhomez.org/" "Mozilla/5.0 (X11; Linux x86_64) AppleWebKit/537.36 (KHTML, like Gecko) Chrome/129.0.0.0 Safari/537.36"
66.249.90.197 - - [26/Apr/2025:14:41:29 -0400] "GET /wp-content/themes/davici/js/bootstrap.min.js HTTP/1.1" 200 11810 "https://luxuryhomez.org/" "Mozilla/5.0 (X11; Linux x86_64) AppleWebKit/537.36 (KHTML, like Gecko) Chrome/129.0.0.0 Safari/537.36"
66.249.90.197 - - [26/Apr/2025:14:41:30 -0400] "GET /wp-content/plugins/wpbingo/assets/js/wpbingo.js?ver=6.8 HTTP/1.1" 200 4214 "https://luxuryhomez.org/" "Mozilla/5.0 (X11; Linux x86_64) AppleWebKit/537.36 (KHTML, like Gecko) Chrome/129.0.0.0 Safari/537.36"
66.249.90.196 - - [26/Apr/2025:14:41:30 -0400] "GET /wp-content/themes/davici/js/instafeed.min.js HTTP/1.1" 200 1924 "https://luxuryhomez.org/" "Mozilla/5.0 (X11; Linux x86_64) AppleWebKit/537.36 (KHTML, like Gecko) Chrome/129.0.0.0 Safari/537.36"
66.249.90.196 - - [26/Apr/2025:14:41:31 -0400] "GET /wp-content/themes/davici/js/jquery.countdown.min.js HTTP/1.1" 200 2627 "https://luxuryhomez.org/" "Mozilla/5.0 (X11; Linux x86_64) AppleWebKit/537.36 (KHTML, like Gecko) Chrome/129.0.0.0 Safari/537.36"
66.249.90.196 - - [26/Apr/2025:14:41:31 -0400] "GET /wp-content/themes/davici/js/jquery.elevatezoom.js HTTP/1.1" 200 10561 "https://luxuryhomez.org/" "Mozilla/5.0 (X11; Linux x86_64) AppleWebKit/537.36 (KHTML, like Gecko) Chrome/129.0.0.0 Safari/537.36"
66.249.90.197 - - [26/Apr/2025:14:41:31 -0400] "GET /wp-content/themes/davici/js/360imagerotate.js HTTP/1.1" 200 2003 "https://luxuryhomez.org/" "Mozilla/5.0 (X11; Linux x86_64) AppleWebKit/537.36 (KHTML, like Gecko) Chrome/129.0.0.0 Safari/537.36"
66.249.90.197 - - [26/Apr/2025:14:41:32 -0400] "GET /wp-content/themes/davici/js/portfolio.js HTTP/1.1" 200 591 "https://luxuryhomez.org/" "Mozilla/5.0 (X11; Linux x86_64) AppleWebKit/537.36 (KHTML, like Gecko) Chrome/129.0.0.0 Safari/537.36"
66.249.90.196 - - [26/Apr/2025:14:41:32 -0400] "GET /wp-content/plugins/woocommerce/assets/js/sourcebuster/sourcebuster.min.js?ver=9.8.2 HTTP/1.1" 200 4609 "https://luxuryhomez.org/" "Mozilla/5.0 (X11; Linux x86_64) AppleWebKit/537.36 (KHTML, like Gecko) Chrome/129.0.0.0 Safari/537.36"
66.249.90.197 - - [26/Apr/2025:14:41:32 -0400] "GET /wp-content/plugins/woocommerce/assets/js/frontend/order-attribution.min.js?ver=9.8.2 HTTP/1.1" 200 1006 "https://luxuryhomez.org/" "Mozilla/5.0 (X11; Linux x86_64) AppleWebKit/537.36 (KHTML, like Gecko) Chrome/129.0.0.0 Safari/537.36"
66.249.90.196 - - [26/Apr/2025:14:41:33 -0400] "GET /wp-content/themes/davici/js/jquery.circlestime.js HTTP/1.1" 200 7590 "https://luxuryhomez.org/" "Mozilla/5.0 (X11; Linux x86_64) AppleWebKit/537.36 (KHTML, like Gecko) Chrome/129.0.0.0 Safari/537.36"
66.249.90.197 - - [26/Apr/2025:14:41:33 -0400] "GET /wp-content/plugins/variation-swatches-for-woocommerce/assets/js/frontend.js?ver=2.2.5 HTTP/1.1" 200 1944 "https://luxuryhomez.org/" "Mozilla/5.0 (X11; Linux x86_64) AppleWebKit/537.36 (KHTML, like Gecko) Chrome/129.0.0.0 Safari/537.36"
66.249.90.197 - - [26/Apr/2025:14:41:33 -0400] "GET /wp-content/plugins/elementor-pro/assets/js/frontend.min.js?ver=3.25.0 HTTP/1.1" 200 6446 "https://luxuryhomez.org/" "Mozilla/5.0 (X11; Linux x86_64) AppleWebKit/537.36 (KHTML, like Gecko) Chrome/129.0.0.0 Safari/537.36"
66.249.90.197 - - [26/Apr/2025:14:41:34 -0400] "GET /wp-content/plugins/elementor/assets/js/webpack.runtime.min.js?ver=3.28.4 HTTP/1.1" 200 2228 "https://luxuryhomez.org/" "Mozilla/5.0 (X11; Linux x86_64) AppleWebKit/537.36 (KHTML, like Gecko) Chrome/129.0.0.0 Safari/537.36"
66.249.90.196 - - [26/Apr/2025:14:41:34 -0400] "GET /wp-content/plugins/elementor/assets/js/frontend.min.js?ver=3.28.4 HTTP/1.1" 200 13099 "https://luxuryhomez.org/" "Mozilla/5.0 (X11; Linux x86_64) AppleWebKit/537.36 (KHTML, like Gecko) Chrome/129.0.0.0 Safari/537.36"
66.249.90.196 - - [26/Apr/2025:14:41:34 -0400] "GET /wp-content/plugins/woocommerce/assets/js/frontend/add-to-cart.min.js?ver=9.8.2 HTTP/1.1" 200 1225 "https://luxuryhomez.org/" "Mozilla/5.0 (X11; Linux x86_64) AppleWebKit/537.36 (KHTML, like Gecko) Chrome/129.0.0.0 Safari/537.36"
66.249.90.196 - - [26/Apr/2025:14:41:35 -0400] "GET /wp-content/plugins/revslider/public/js/libs/tptools.js?ver=6.7.15 HTTP/1.1" 200 72248 "https://luxuryhomez.org/" "Mozilla/5.0 (X11; Linux x86_64) AppleWebKit/537.36 (KHTML, like Gecko) Chrome/129.0.0.0 Safari/537.36"
66.249.90.196 - - [26/Apr/2025:14:41:35 -0400] "GET /wp-content/plugins/woocommerce/assets/js/frontend/add-to-cart-variation.min.js?ver=9.8.2 HTTP/1.1" 200 3712 "https://luxuryhomez.org/" "Mozilla/5.0 (X11; Linux x86_64) AppleWebKit/537.36 (KHTML, like Gecko) Chrome/129.0.0.0 Safari/537.36"
66.249.90.197 - - [26/Apr/2025:14:41:35 -0400] "GET /wp-content/plugins/woocommerce/assets/js/jquery-blockui/jquery.blockUI.min.js?ver=2.7.0-wc.9.8.2 HTTP/1.1" 200 3277 "https://luxuryhomez.org/" "Mozilla/5.0 (X11; Linux x86_64) AppleWebKit/537.36 (KHTML, like Gecko) Chrome/129.0.0.0 Safari/537.36"
66.249.90.196 - - [26/Apr/2025:14:41:36 -0400] "GET /wp-content/uploads/2025/03/WhatsApp-Image-2025-03-06-at-12.19.13-PM-1.jpeg HTTP/1.1" 200 21155 "https://luxuryhomez.org/" "Mozilla/5.0 (X11; Linux x86_64) AppleWebKit/537.36 (KHTML, like Gecko) Chrome/129.0.0.0 Safari/537.36"
66.249.90.197 - - [26/Apr/2025:14:41:36 -0400] "GET /wp-content/uploads/2025/03/images.jpg HTTP/1.1" 200 6905 "https://luxuryhomez.org/" "Mozilla/5.0 (X11; Linux x86_64) AppleWebKit/537.36 (KHTML, like Gecko) Chrome/129.0.0.0 Safari/537.36"
66.249.90.197 - - [26/Apr/2025:14:41:37 -0400] "GET /wp-content/plugins/elementor-pro/assets/js/elements-handlers.min.js?ver=3.25.0 HTTP/1.1" 200 9746 "https://luxuryhomez.org/" "Mozilla/5.0 (X11; Linux x86_64) AppleWebKit/537.36 (KHTML, like Gecko) Chrome/129.0.0.0 Safari/537.36"
66.249.90.197 - - [26/Apr/2025:14:41:37 -0400] "GET /wp-content/uploads/2025/03/WhatsApp-Image-2025-03-06-at-12.19.10-PM.jpeg HTTP/1.1" 200 33126 "https://luxuryhomez.org/" "Mozilla/5.0 (X11; Linux x86_64) AppleWebKit/537.36 (KHTML, like Gecko) Chrome/129.0.0.0 Safari/537.36"
66.249.90.197 - - [26/Apr/2025:14:41:37 -0400] "GET /wp-content/uploads/revslider/slider-8/slider8-1.jpg HTTP/1.1" 200 77975 "https://luxuryhomez.org/" "Mozilla/5.0 (X11; Linux x86_64) AppleWebKit/537.36 (KHTML, like Gecko) Chrome/129.0.0.0 Safari/537.36"
66.249.90.196 - - [26/Apr/2025:14:41:38 -0400] "GET /wp-content/uploads/2025/03/download-4.jpeg HTTP/1.1" 200 113092 "https://luxuryhomez.org/" "Mozilla/5.0 (X11; Linux x86_64) AppleWebKit/537.36 (KHTML, like Gecko) Chrome/129.0.0.0 Safari/537.36"
66.249.90.197 - - [26/Apr/2025:14:41:38 -0400] "GET /wp-content/uploads/2025/03/Electricity-saving-box-home-es-1.png HTTP/1.1" 200 71966 "https://luxuryhomez.org/" "Mozilla/5.0 (X11; Linux x86_64) AppleWebKit/537.36 (KHTML, like Gecko) Chrome/129.0.0.0 Safari/537.36"
66.249.90.196 - - [26/Apr/2025:14:41:38 -0400] "GET /wp-content/plugins/wpbingo/lib/lookbook/images/bwp_lookbook/img2-6.jpg HTTP/1.1" 200 129210 "https://luxuryhomez.org/" "Mozilla/5.0 (X11; Linux x86_64) AppleWebKit/537.36 (KHTML, like Gecko) Chrome/129.0.0.0 Safari/537.36"
66.249.90.196 - - [26/Apr/2025:14:41:39 -0400] "GET /wp-content/uploads/revslider/slider-6/slider6-5.png HTTP/1.1" 200 125364 "https://luxuryhomez.org/" "Mozilla/5.0 (X11; Linux x86_64) AppleWebKit/537.36 (KHTML, like Gecko) Chrome/129.0.0.0 Safari/537.36"
66.249.90.196 - - [26/Apr/2025:14:41:39 -0400] "GET /wp-content/plugins/woocommerce/assets/js/frontend/woocommerce.min.js?ver=9.8.2 HTTP/1.1" 200 1241 "https://luxuryhomez.org/" "Mozilla/5.0 (X11; Linux x86_64) AppleWebKit/537.36 (KHTML, like Gecko) Chrome/129.0.0.0 Safari/537.36"
66.249.90.196 - - [26/Apr/2025:14:41:39 -0400] "GET /wp-content/uploads/2025/03/WhatsApp-Image-2025-03-06-at-12.19.14-PM.jpeg HTTP/1.1" 200 23362 "https://luxuryhomez.org/" "Mozilla/5.0 (X11; Linux x86_64) AppleWebKit/537.36 (KHTML, like Gecko) Chrome/129.0.0.0 Safari/537.36"
66.249.90.196 - - [26/Apr/2025:14:41:40 -0400] "GET /wp-content/uploads/revslider/slider-8/slider8-3.jpg HTTP/1.1" 200 58667 "https://luxuryhomez.org/" "Mozilla/5.0 (X11; Linux x86_64) AppleWebKit/537.36 (KHTML, like Gecko) Chrome/129.0.0.0 Safari/537.36"
66.249.90.196 - - [26/Apr/2025:14:41:40 -0400] "GET /wp-content/plugins/woocommerce/assets/js/photoswipe/photoswipe-ui-default.min.js?ver=4.1.1-wc.9.8.2 HTTP/1.1" 200 3478 "https://luxuryhomez.org/" "Mozilla/5.0 (X11; Linux x86_64) AppleWebKit/537.36 (KHTML, like Gecko) Chrome/129.0.0.0 Safari/537.36"
66.249.90.197 - - [26/Apr/2025:14:41:40 -0400] "GET /wp-content/plugins/woocommerce/assets/js/photoswipe/photoswipe.min.js?ver=4.1.1-wc.9.8.2 HTTP/1.1" 200 11652 "https://luxuryhomez.org/" "Mozilla/5.0 (X11; Linux x86_64) AppleWebKit/537.36 (KHTML, like Gecko) Chrome/129.0.0.0 Safari/537.36"
66.249.90.197 - - [26/Apr/2025:14:41:41 -0400] "GET /wp-content/uploads/revslider/slider-1/slider1-3.jpg HTTP/1.1" 200 103351 "https://luxuryhomez.org/" "Mozilla/5.0 (X11; Linux x86_64) AppleWebKit/537.36 (KHTML, like Gecko) Chrome/129.0.0.0 Safari/537.36"
66.249.90.196 - - [26/Apr/2025:14:41:41 -0400] "GET /wp-content/uploads/revslider/slider-3/slider3-2.jpg HTTP/1.1" 200 61036 "https://luxuryhomez.org/" "Mozilla/5.0 (X11; Linux x86_64) AppleWebKit/537.36 (KHTML, like Gecko) Chrome/129.0.0.0 Safari/537.36"
66.249.90.196 - - [26/Apr/2025:14:41:41 -0400] "GET /wp-content/themes/davici/images/placeholder.jpg HTTP/1.1" 200 16186 "https://luxuryhomez.org/" "Mozilla/5.0 (X11; Linux x86_64) AppleWebKit/537.36 (KHTML, like Gecko) Chrome/129.0.0.0 Safari/537.36"
66.249.90.197 - - [26/Apr/2025:14:41:42 -0400] "GET /wp-content/plugins/elementor/assets/js/frontend-modules.min.js?ver=3.28.4 HTTP/1.1" 200 14421 "https://luxuryhomez.org/" "Mozilla/5.0 (X11; Linux x86_64) AppleWebKit/537.36 (KHTML, like Gecko) Chrome/129.0.0.0 Safari/537.36"
66.249.90.197 - - [26/Apr/2025:14:41:42 -0400] "GET /wp-content/themes/davici/js/functions.js HTTP/1.1" 200 7914 "https://luxuryhomez.org/" "Mozilla/5.0 (X11; Linux x86_64) AppleWebKit/537.36 (KHTML, like Gecko) Chrome/129.0.0.0 Safari/537.36"
66.249.90.197 - - [26/Apr/2025:14:41:42 -0400] "GET /wp-content/plugins/elementor-pro/assets/js/webpack-pro.runtime.min.js?ver=3.25.0 HTTP/1.1" 200 2629 "https://luxuryhomez.org/" "Mozilla/5.0 (X11; Linux x86_64) AppleWebKit/537.36 (KHTML, like Gecko) Chrome/129.0.0.0 Safari/537.36"
66.249.90.196 - - [26/Apr/2025:14:41:43 -0400] "GET /wp-content/plugins/revslider/public/js/sr7.js?ver=6.7.15 HTTP/1.1" 200 84146 "https://luxuryhomez.org/" "Mozilla/5.0 (X11; Linux x86_64) AppleWebKit/537.36 (KHTML, like Gecko) Chrome/129.0.0.0 Safari/537.36"
66.249.90.197 - - [26/Apr/2025:14:41:43 -0400] "GET /wp-content/uploads/2025/03/WhatsApp-Image-2025-03-06-at-12.19.13-PM.jpeg HTTP/1.1" 200 18476 "https://luxuryhomez.org/" "Mozilla/5.0 (X11; Linux x86_64) AppleWebKit/537.36 (KHTML, like Gecko) Chrome/129.0.0.0 Safari/537.36"
66.249.90.196 - - [26/Apr/2025:14:41:43 -0400] "GET /wp-content/uploads/revslider/slider-3/slider3-1.jpg HTTP/1.1" 200 31728 "https://luxuryhomez.org/" "Mozilla/5.0 (X11; Linux x86_64) AppleWebKit/537.36 (KHTML, like Gecko) Chrome/129.0.0.0 Safari/537.36"
66.249.90.196 - - [26/Apr/2025:14:41:44 -0400] "GET /wp-content/themes/davici/fonts/ElegantIcons.woff HTTP/1.1" 200 63664 "https://luxuryhomez.org/wp-content/themes/davici/css/elegant.css?ver=6.8" "Mozilla/5.0 (X11; Linux x86_64) AppleWebKit/537.36 (KHTML, like Gecko) Chrome/129.0.0.0 Safari/537.36"
66.249.90.196 - - [26/Apr/2025:14:41:44 -0400] "GET /wp-content/themes/davici/fonts/wpbingo.ttf?fzv6fp HTTP/1.1" 200 11112 "https://luxuryhomez.org/wp-content/themes/davici/css/wpbingo.css?ver=6.8" "Mozilla/5.0 (X11; Linux x86_64) AppleWebKit/537.36 (KHTML, like Gecko) Chrome/129.0.0.0 Safari/537.36"
66.249.90.196 - - [26/Apr/2025:14:41:45 -0400] "GET /wp-content/themes/davici/fonts/icomoon.ttf?fzv6fp HTTP/1.1" 200 17824 "https://luxuryhomez.org/wp-content/themes/davici/css/icomoon.css?ver=6.8" "Mozilla/5.0 (X11; Linux x86_64) AppleWebKit/537.36 (KHTML, like Gecko) Chrome/129.0.0.0 Safari/537.36"
66.249.90.196 - - [26/Apr/2025:14:41:45 -0400] "GET /wp-content/plugins/revslider/public/css/preloaders/t0.css HTTP/1.1" 200 183 "https://luxuryhomez.org/" "Mozilla/5.0 (X11; Linux x86_64) AppleWebKit/537.36 (KHTML, like Gecko) Chrome/129.0.0.0 Safari/537.36"
66.249.90.196 - - [26/Apr/2025:14:41:46 -0400] "GET /wp-content/plugins/woo-smart-compare/assets/images/close.svg HTTP/1.1" 200 288 "https://luxuryhomez.org/wp-content/plugins/woo-smart-compare/assets/css/frontend.css?ver=6.4.4" "Mozilla/5.0 (X11; Linux x86_64) AppleWebKit/537.36 (KHTML, like Gecko) Chrome/129.0.0.0 Safari/537.36"
66.249.90.197 - - [26/Apr/2025:14:41:46 -0400] "GET /wp-content/plugins/woo-smart-compare/assets/images/curve.svg HTTP/1.1" 200 439 "https://luxuryhomez.org/wp-content/plugins/woo-smart-compare/assets/css/frontend.css?ver=6.4.4" "Mozilla/5.0 (X11; Linux x86_64) AppleWebKit/537.36 (KHTML, like Gecko) Chrome/129.0.0.0 Safari/537.36"
66.249.90.196 - - [26/Apr/2025:14:41:46 -0400] "GET /wp-content/plugins/woo-smart-compare/assets/images/share.svg HTTP/1.1" 200 230 "https://luxuryhomez.org/wp-content/plugins/woo-smart-compare/assets/css/frontend.css?ver=6.4.4" "Mozilla/5.0 (X11; Linux x86_64) AppleWebKit/537.36 (KHTML, like Gecko) Chrome/129.0.0.0 Safari/537.36"
66.249.90.197 - - [26/Apr/2025:14:41:47 -0400] "GET /wp-content/plugins/woo-smart-compare/assets/images/add.svg HTTP/1.1" 200 282 "https://luxuryhomez.org/wp-content/plugins/woo-smart-compare/assets/css/frontend.css?ver=6.4.4" "Mozilla/5.0 (X11; Linux x86_64) AppleWebKit/537.36 (KHTML, like Gecko) Chrome/129.0.0.0 Safari/537.36"
66.249.90.196 - - [26/Apr/2025:14:41:47 -0400] "GET /wp-content/plugins/woo-smart-compare/assets/images/remove-dark.svg HTTP/1.1" 200 288 "https://luxuryhomez.org/wp-content/plugins/woo-smart-compare/assets/css/frontend.css?ver=6.4.4" "Mozilla/5.0 (X11; Linux x86_64) AppleWebKit/537.36 (KHTML, like Gecko) Chrome/129.0.0.0 Safari/537.36"
66.249.90.196 - - [26/Apr/2025:14:41:47 -0400] "GET /wp-content/uploads/elementor/google-fonts/fonts/roboto-kfo7cnqeu92fr1me7ksn66agldtyluama3yuba.woff2 HTTP/1.1" 200 40128 "https://luxuryhomez.org/wp-content/uploads/elementor/google-fonts/css/roboto.css?ver=1742257781" "Mozilla/5.0 (X11; Linux x86_64) AppleWebKit/537.36 (KHTML, like Gecko) Chrome/129.0.0.0 Safari/537.36"
66.249.90.198 - - [26/Apr/2025:14:41:48 -0400] "GET /wp-content/plugins/elementor/assets/lib/font-awesome/fonts/fontawesome-webfont.woff2?v=4.7.0 HTTP/1.1" 200 77160 "https://luxuryhomez.org/wp-content/plugins/elementor/assets/lib/font-awesome/css/font-awesome.min.css?ver=4.7.0" "Mozilla/5.0 (X11; Linux x86_64) AppleWebKit/537.36 (KHTML, like Gecko) Chrome/129.0.0.0 Safari/537.36"
66.249.90.198 - - [26/Apr/2025:14:41:48 -0400] "GET /wp-includes/js/wp-emoji-release.min.js?ver=6.8 HTTP/1.1" 200 4771 "https://luxuryhomez.org/" "Mozilla/5.0 (X11; Linux x86_64) AppleWebKit/537.36 (KHTML, like Gecko) Chrome/129.0.0.0 Safari/537.36"
162.0.215.211 - - [26/Apr/2025:14:41:52 -0400] "POST /wp-cron.php?doing_wp_cron=1745692911.9969639778137207031250 HTTP/1.1" 200 0 "-" "WordPress/6.8; https://luxuryhomez.org"
66.249.90.197 - - [26/Apr/2025:14:41:49 -0400] "POST /?wc-ajax=woosw_get_data HTTP/1.1" 200 244 "https://luxuryhomez.org/" "Mozilla/5.0 (X11; Linux x86_64) AppleWebKit/537.36 (KHTML, like Gecko) Chrome/129.0.0.0 Safari/537.36"
66.249.90.197 - - [26/Apr/2025:14:41:52 -0400] "GET /wp-content/plugins/elementor/assets/js/text-editor.c084ef86600b6f11690d.bundle.min.js HTTP/1.1" 200 621 "https://luxuryhomez.org/" "Mozilla/5.0 (X11; Linux x86_64) AppleWebKit/537.36 (KHTML, like Gecko) Chrome/129.0.0.0 Safari/537.36"
162.0.215.211 - - [26/Apr/2025:14:41:52 -0400] "POST /wp-admin/admin-ajax.php?action=async_litespeed&nonce=1aj9JHNhFtW2EtdbYxbDnIXjCjvpc1dt&litespeed_type=imgoptm HTTP/1.1" 200 21 "-" "WordPress/6.8; https://luxuryhomez.org"
66.249.90.196 - - [26/Apr/2025:14:41:53 -0400] "GET /wp-content/themes/davici/css/slick/ajax-loader.gif HTTP/1.1" 200 4178 "https://luxuryhomez.org/wp-content/themes/davici/css/slick/slick.css" "Mozilla/5.0 (X11; Linux x86_64) AppleWebKit/537.36 (KHTML, like Gecko) Chrome/129.0.0.0 Safari/537.36"
66.249.90.197 - - [26/Apr/2025:14:41:53 -0400] "GET /wp-content/uploads/2025/03/1545207059-92-yima-technologies.jpg HTTP/1.1" 200 24327 "https://luxuryhomez.org/" "Mozilla/5.0 (X11; Linux x86_64) AppleWebKit/537.36 (KHTML, like Gecko) Chrome/129.0.0.0 Safari/537.36"
66.249.90.197 - - [26/Apr/2025:14:41:53 -0400] "GET /wp-json/sliderrevolution/sliders/5?srengine=7 HTTP/1.1" 200 32800 "https://luxuryhomez.org/" "Mozilla/5.0 (X11; Linux x86_64) AppleWebKit/537.36 (KHTML, like Gecko) Chrome/129.0.0.0 Safari/537.36"
66.249.90.197 - - [26/Apr/2025:14:41:54 -0400] "GET /wp-content/plugins/revslider/public/css/sr7.lp.css HTTP/1.1" 200 1102 "https://luxuryhomez.org/" "Mozilla/5.0 (X11; Linux x86_64) AppleWebKit/537.36 (KHTML, like Gecko) Chrome/129.0.0.0 Safari/537.36"
66.249.90.197 - - [26/Apr/2025:14:41:55 -0400] "GET /wp-content/plugins/revslider/public/css/fonts/revicons/css/revicons.css HTTP/1.1" 200 1147 "https://luxuryhomez.org/" "Mozilla/5.0 (X11; Linux x86_64) AppleWebKit/537.36 (KHTML, like Gecko) Chrome/129.0.0.0 Safari/537.36"
66.249.90.196 - - [26/Apr/2025:14:41:55 -0400] "GET /wp-content/plugins/revslider/public/css/sr7.btns.css HTTP/1.1" 200 799 "https://luxuryhomez.org/" "Mozilla/5.0 (X11; Linux x86_64) AppleWebKit/537.36 (KHTML, like Gecko) Chrome/129.0.0.0 Safari/537.36"
66.249.90.198 - - [26/Apr/2025:14:41:55 -0400] "GET /wp-content/plugins/revslider/public/css/sr7.nav.css HTTP/1.1" 200 596 "https://luxuryhomez.org/" "Mozilla/5.0 (X11; Linux x86_64) AppleWebKit/537.36 (KHTML, like Gecko) Chrome/129.0.0.0 Safari/537.36"
66.249.90.196 - - [26/Apr/2025:14:41:56 -0400] "GET /wp-content/plugins/revslider/public/css/sr7.media.css HTTP/1.1" 200 473 "https://luxuryhomez.org/" "Mozilla/5.0 (X11; Linux x86_64) AppleWebKit/537.36 (KHTML, like Gecko) Chrome/129.0.0.0 Safari/537.36"
66.249.90.197 - - [26/Apr/2025:14:41:56 -0400] "GET /wp-content/plugins/revslider/public/css/preloaders/loader.gif HTTP/1.1" 200 2545 "https://luxuryhomez.org/wp-content/plugins/revslider/public/css/preloaders/t0.css" "Mozilla/5.0 (X11; Linux x86_64) AppleWebKit/537.36 (KHTML, like Gecko) Chrome/129.0.0.0 Safari/537.36"
66.249.90.198 - - [26/Apr/2025:14:41:56 -0400] "GET /wp-content/uploads/2025/03/WhatsApp-Image-2025-03-06-at-12.19.10-PM-50x100.jpeg HTTP/1.1" 200 1986 "https://luxuryhomez.org/" "Mozilla/5.0 (X11; Linux x86_64) AppleWebKit/537.36 (KHTML, like Gecko) Chrome/129.0.0.0 Safari/537.36"
66.249.90.196 - - [26/Apr/2025:14:41:57 -0400] "GET /wp-content/uploads/2025/03/0e0bd644-d450-4723-a8a1-e6dc183231ab-50x100.jpeg HTTP/1.1" 200 1892 "https://luxuryhomez.org/" "Mozilla/5.0 (X11; Linux x86_64) AppleWebKit/537.36 (KHTML, like Gecko) Chrome/129.0.0.0 Safari/537.36"
66.249.90.198 - - [26/Apr/2025:14:41:57 -0400] "GET /wp-content/uploads/2025/03/WhatsApp-Image-2025-03-06-at-12.19.14-PM-50x100.jpeg HTTP/1.1" 200 1756 "https://luxuryhomez.org/" "Mozilla/5.0 (X11; Linux x86_64) AppleWebKit/537.36 (KHTML, like Gecko) Chrome/129.0.0.0 Safari/537.36"
66.249.90.197 - - [26/Apr/2025:14:41:57 -0400] "GET /wp-content/uploads/2025/03/0e0bd644-d450-4723-a8a1-e6dc183231ab.jpeg HTTP/1.1" 200 28546 "https://luxuryhomez.org/" "Mozilla/5.0 (X11; Linux x86_64) AppleWebKit/537.36 (KHTML, like Gecko) Chrome/129.0.0.0 Safari/537.36"
66.249.90.198 - - [26/Apr/2025:14:41:58 -0400] "GET /wp-content/uploads/2025/03/png-16.jpg HTTP/1.1" 200 72093 "https://luxuryhomez.org/" "Mozilla/5.0 (X11; Linux x86_64) AppleWebKit/537.36 (KHTML, like Gecko) Chrome/129.0.0.0 Safari/537.36"
162.0.215.211 - - [26/Apr/2025:14:42:07 -0400] "POST /wp-cron.php?doing_wp_cron=1745692927.2349889278411865234375 HTTP/1.1" 200 0 "-" "WordPress/6.8; https://luxuryhomez.org"
66.249.73.6 - - [26/Apr/2025:14:42:06 -0400] "GET /index.phpsshopdetail/209044659 HTTP/1.1" 404 17029 "-" "Mozilla/5.0 (Linux; Android 6.0.1; Nexus 5X Build/MMB29P) AppleWebKit/537.36 (KHTML, like Gecko) Chrome/135.0.7049.95 Mobile Safari/537.36 (compatible; Googlebot/2.1; +http://www.google.com/bot.html)"
162.0.215.211 - - [26/Apr/2025:14:42:37 -0400] "POST /wp-cron.php?doing_wp_cron=1745692957.4810850620269775390625 HTTP/1.1" 200 0 "-" "WordPress/6.8; https://luxuryhomez.org"
162.0.215.211 - - [26/Apr/2025:14:42:37 -0400] "POST /wp-admin/admin-ajax.php?action=async_litespeed&nonce=MO95mvrYwTmndMCNig4Xc6XvUeN6EmKU&litespeed_type=imgoptm HTTP/1.1" 200 21 "-" "WordPress/6.8; https://luxuryhomez.org"
57.141.4.11 - - [26/Apr/2025:14:42:37 -0400] "GET /shadow.php?759094510.htm HTTP/1.1" 404 71766 "-" "meta-externalagent/1.1 (+https://developers.facebook.com/docs/sharing/webmasters/crawler)"
66.249.73.5 - - [26/Apr/2025:14:42:45 -0400] "GET /shopdetail/177970359 HTTP/1.1" 404 17022 "-" "Mozilla/5.0 (Linux; Android 6.0.1; Nexus 5X Build/MMB29P) AppleWebKit/537.36 (KHTML, like Gecko) Chrome/135.0.7049.95 Mobile Safari/537.36 (compatible; Googlebot/2.1; +http://www.google.com/bot.html)"
66.249.73.10 - - [26/Apr/2025:14:43:00 -0400] "GET /shopdetail/155089359 HTTP/1.1" 301 0 "-" "Mozilla/5.0 (Linux; Android 6.0.1; Nexus 5X Build/MMB29P) AppleWebKit/537.36 (KHTML, like Gecko) Chrome/135.0.7049.95 Mobile Safari/537.36 (compatible; Googlebot/2.1; +http://www.google.com/bot.html)"
66.249.73.5 - - [26/Apr/2025:14:43:01 -0400] "GET /shopdetail/155089359 HTTP/1.1" 404 17019 "-" "Mozilla/5.0 (Linux; Android 6.0.1; Nexus 5X Build/MMB29P) AppleWebKit/537.36 (KHTML, like Gecko) Chrome/135.0.7049.95 Mobile Safari/537.36 (compatible; Googlebot/2.1; +http://www.google.com/bot.html)"
162.0.215.211 - - [26/Apr/2025:14:43:08 -0400] "POST /wp-cron.php?doing_wp_cron=1745692988.0913369655609130859375 HTTP/1.1" 200 0 "-" "WordPress/6.8; https://luxuryhomez.org"
66.249.73.6 - - [26/Apr/2025:14:43:07 -0400] "GET /index.phpsshopdetail/336153859 HTTP/1.1" 404 17032 "-" "Mozilla/5.0 (Linux; Android 6.0.1; Nexus 5X Build/MMB29P) AppleWebKit/537.36 (KHTML, like Gecko) Chrome/135.0.7049.95 Mobile Safari/537.36 (compatible; Googlebot/2.1; +http://www.google.com/bot.html)"
162.0.215.211 - - [26/Apr/2025:14:43:47 -0400] "POST /wp-cron.php?doing_wp_cron=1745693027.8134579658508300781250 HTTP/1.1" 200 0 "-" "WordPress/6.8; https://luxuryhomez.org"
66.249.73.10 - - [26/Apr/2025:14:43:47 -0400] "GET /pcmypage?callback=product%2Fdetail%2F99775266 HTTP/1.1" 301 0 "-" "Mozilla/5.0 (compatible; Googlebot/2.1; +http://www.google.com/bot.html)"
162.0.215.211 - - [26/Apr/2025:14:43:48 -0400] "POST /wp-admin/admin-ajax.php?action=async_litespeed&nonce=ksiMZUEElVOSwBk4OtuWHREUC8J33BNC&litespeed_type=imgoptm HTTP/1.1" 200 21 "-" "WordPress/6.8; https://luxuryhomez.org"
66.249.73.5 - - [26/Apr/2025:14:43:48 -0400] "GET /pcmypage?callback=product%2Fdetail%2F99775266 HTTP/1.1" 404 17039 "-" "Mozilla/5.0 (compatible; Googlebot/2.1; +http://www.google.com/bot.html)"
162.0.215.211 - - [26/Apr/2025:14:45:21 -0400] "POST /wp-cron.php?doing_wp_cron=1745693121.5646529197692871093750 HTTP/1.1" 200 0 "-" "WordPress/6.8; https://luxuryhomez.org"
66.249.73.11 - - [26/Apr/2025:14:45:18 -0400] "GET /shopdetail/129461859 HTTP/1.1" 301 0 "-" "Mozilla/5.0 (compatible; Googlebot/2.1; +http://www.google.com/bot.html)"
162.0.215.211 - - [26/Apr/2025:14:45:22 -0400] "POST /wp-admin/admin-ajax.php?action=async_litespeed&nonce=d2z7o5jfjkgqyJP3hxAlY7f6cFZMa5Zd&litespeed_type=imgoptm HTTP/1.1" 200 21 "-" "WordPress/6.8; https://luxuryhomez.org"
66.249.73.5 - - [26/Apr/2025:14:45:21 -0400] "GET /shopdetail/129461859 HTTP/1.1" 404 17017 "-" "Mozilla/5.0 (compatible; Googlebot/2.1; +http://www.google.com/bot.html)"
162.0.215.211 - - [26/Apr/2025:14:46:05 -0400] "POST /wp-cron.php?doing_wp_cron=1745693165.2710959911346435546875 HTTP/1.1" 200 0 "-" "WordPress/6.8; https://luxuryhomez.org"
57.141.4.10 - - [26/Apr/2025:14:46:04 -0400] "GET /shadow.php?947327206.htm HTTP/1.1" 404 71766 "-" "meta-externalagent/1.1 (+https://developers.facebook.com/docs/sharing/webmasters/crawler)"
162.0.215.211 - - [26/Apr/2025:14:46:05 -0400] "POST /wp-admin/admin-ajax.php?action=async_litespeed&nonce=Y0PSTPwhNp1BQGC2TrYaIigKfRkl8Xqe&litespeed_type=imgoptm HTTP/1.1" 200 21 "-" "WordPress/6.8; https://luxuryhomez.org"
51.222.253.13 - - [26/Apr/2025:14:46:05 -0400] "GET /brand/brand-2/?orderby=price&product_count=30 HTTP/1.1" 200 17937 "-" "Mozilla/5.0 (compatible; AhrefsBot/7.0; +http://ahrefs.com/robot/)"
66.249.73.6 - - [26/Apr/2025:14:46:13 -0400] "GET /zhHant/product/surugaya/90857711?campaign_uid=f64d716db5e979ed2f947dbaf4296895b951ae7f HTTP/1.1" 404 17087 "-" "Mozilla/5.0 (Linux; Android 6.0.1; Nexus 5X Build/MMB29P) AppleWebKit/537.36 (KHTML, like Gecko) Chrome/135.0.7049.95 Mobile Safari/537.36 (compatible; GoogleOther)"
162.0.215.211 - - [26/Apr/2025:14:46:47 -0400] "POST /wp-cron.php?doing_wp_cron=1745693207.1530210971832275390625 HTTP/1.1" 200 0 "-" "WordPress/6.8; https://luxuryhomez.org"
162.0.215.211 - - [26/Apr/2025:14:46:47 -0400] "POST /wp-admin/admin-ajax.php?action=async_litespeed&nonce=3NaDfquBAPNjl8xPoouBuO6xEinjVSvG&litespeed_type=imgoptm HTTP/1.1" 200 21 "-" "WordPress/6.8; https://luxuryhomez.org"
57.141.4.26 - - [26/Apr/2025:14:46:46 -0400] "GET /shopdetail/83982759 HTTP/1.1" 404 71761 "-" "meta-externalagent/1.1 (+https://developers.facebook.com/docs/sharing/webmasters/crawler)"
69.171.231.3 - - [26/Apr/2025:14:47:20 -0400] "GET /robots.txt HTTP/1.1" 206 1439 "-" "facebookexternalhit/1.1 (+http://www.facebook.com/externalhit_uatext.php)"
162.0.215.211 - - [26/Apr/2025:14:47:22 -0400] "POST /wp-cron.php?doing_wp_cron=1745693242.4872739315032958984375 HTTP/1.1" 200 0 "-" "WordPress/6.8; https://luxuryhomez.org"
57.141.4.4 - - [26/Apr/2025:14:47:21 -0400] "GET /shopdetail/61348359 HTTP/1.1" 301 0 "-" "meta-externalagent/1.1 (+https://developers.facebook.com/docs/sharing/webmasters/crawler)"
66.249.73.5 - - [26/Apr/2025:14:47:21 -0400] "GET /shopdetail/23592759 HTTP/1.1" 404 17017 "-" "Mozilla/5.0 (Linux; Android 6.0.1; Nexus 5X Build/MMB29P) AppleWebKit/537.36 (KHTML, like Gecko) Chrome/135.0.7049.95 Mobile Safari/537.36 (compatible; Googlebot/2.1; +http://www.google.com/bot.html)"
162.0.215.211 - - [26/Apr/2025:14:48:58 -0400] "POST /wp-cron.php?doing_wp_cron=1745693338.8470680713653564453125 HTTP/1.1" 200 0 "-" "WordPress/6.8; https://luxuryhomez.org"
66.249.73.7 - - [26/Apr/2025:14:48:55 -0400] "GET /index.php/pcmypage?callback=product/review/84736654 HTTP/1.1" 301 0 "-" "Mozilla/5.0 (compatible; Googlebot/2.1; +http://www.google.com/bot.html)"
162.0.215.211 - - [26/Apr/2025:14:48:59 -0400] "POST /wp-admin/admin-ajax.php?action=async_litespeed&nonce=VNO8lYFoxPQjO3oiOcsUcpJTiGDeElmj&litespeed_type=imgoptm HTTP/1.1" 200 0 "-" "WordPress/6.8; https://luxuryhomez.org"
66.249.73.6 - - [26/Apr/2025:14:48:59 -0400] "GET /pcmypage?callback=product/review/84736654 HTTP/1.1" 404 17039 "-" "Mozilla/5.0 (compatible; Googlebot/2.1; +http://www.google.com/bot.html)"
162.0.215.211 - - [26/Apr/2025:14:49:25 -0400] "POST /wp-cron.php?doing_wp_cron=1745693364.9852049350738525390625 HTTP/1.1" 200 0 "-" "WordPress/6.8; https://luxuryhomez.org"
66.249.73.5 - - [26/Apr/2025:14:49:23 -0400] "GET /index.phpsshopdetail/219465959 HTTP/1.1" 404 17031 "-" "Mozilla/5.0 (compatible; Googlebot/2.1; +http://www.google.com/bot.html)"
162.0.215.211 - - [26/Apr/2025:14:50:25 -0400] "POST /wp-cron.php?doing_wp_cron=1745693424.9980180263519287109375 HTTP/1.1" 200 0 "-" "WordPress/6.8; https://luxuryhomez.org"
66.249.73.12 - - [26/Apr/2025:14:50:23 -0400] "GET /shopdetail/104908659 HTTP/1.1" 301 0 "-" "Mozilla/5.0 (Linux; Android 6.0.1; Nexus 5X Build/MMB29P) AppleWebKit/537.36 (KHTML, like Gecko) Chrome/135.0.7049.95 Mobile Safari/537.36 (compatible; Googlebot/2.1; +http://www.google.com/bot.html)"
162.0.215.211 - - [26/Apr/2025:14:50:25 -0400] "POST /wp-admin/admin-ajax.php?action=async_litespeed&nonce=P73xPMUeeDoCb6felSaj214gGmylsznl&litespeed_type=imgoptm HTTP/1.1" 200 21 "-" "WordPress/6.8; https://luxuryhomez.org"
66.249.73.6 - - [26/Apr/2025:14:50:25 -0400] "GET /shopdetail/104908659 HTTP/1.1" 404 17018 "-" "Mozilla/5.0 (Linux; Android 6.0.1; Nexus 5X Build/MMB29P) AppleWebKit/537.36 (KHTML, like Gecko) Chrome/135.0.7049.95 Mobile Safari/537.36 (compatible; Googlebot/2.1; +http://www.google.com/bot.html)"
162.0.215.211 - - [26/Apr/2025:14:51:20 -0400] "POST /wp-cron.php?doing_wp_cron=1745693480.4162650108337402343750 HTTP/1.1" 200 0 "-" "WordPress/6.8; https://luxuryhomez.org"
66.249.73.11 - - [26/Apr/2025:14:51:19 -0400] "GET /pcmypage?callback=product%2Fdetail%2F52371019 HTTP/1.1" 301 0 "-" "Mozilla/5.0 (Linux; Android 6.0.1; Nexus 5X Build/MMB29P) AppleWebKit/537.36 (KHTML, like Gecko) Chrome/135.0.7049.95 Mobile Safari/537.36 (compatible; Googlebot/2.1; +http://www.google.com/bot.html)"
162.0.215.211 - - [26/Apr/2025:14:51:21 -0400] "POST /wp-admin/admin-ajax.php?action=async_litespeed&nonce=PP1yLat8anNlcSdncwxLjQ4EL9Nhzra4&litespeed_type=imgoptm HTTP/1.1" 200 21 "-" "WordPress/6.8; https://luxuryhomez.org"
66.249.73.6 - - [26/Apr/2025:14:51:20 -0400] "GET /pcmypage?callback=product%2Fdetail%2F52371019 HTTP/1.1" 404 17039 "-" "Mozilla/5.0 (Linux; Android 6.0.1; Nexus 5X Build/MMB29P) AppleWebKit/537.36 (KHTML, like Gecko) Chrome/135.0.7049.95 Mobile Safari/537.36 (compatible; Googlebot/2.1; +http://www.google.com/bot.html)"
162.0.215.211 - - [26/Apr/2025:14:52:08 -0400] "POST /wp-cron.php?doing_wp_cron=1745693528.4376869201660156250000 HTTP/1.1" 200 0 "-" "WordPress/6.8; https://luxuryhomez.org"
66.249.73.10 - - [26/Apr/2025:14:52:07 -0400] "GET /safe_search/config?return_url=%2Fproduct%2Fdetail%2F85834601 HTTP/1.1" 301 0 "-" "Mozilla/5.0 (Linux; Android 6.0.1; Nexus 5X Build/MMB29P) AppleWebKit/537.36 (KHTML, like Gecko) Chrome/135.0.7049.95 Mobile Safari/537.36 (compatible; Googlebot/2.1; +http://www.google.com/bot.html)"
162.0.215.211 - - [26/Apr/2025:14:52:09 -0400] "POST /wp-admin/admin-ajax.php?action=async_litespeed&nonce=KNwAQpoimvv1c7xyfiFT0d1SVkXBnpyG&litespeed_type=imgoptm HTTP/1.1" 200 21 "-" "WordPress/6.8; https://luxuryhomez.org"
66.249.73.6 - - [26/Apr/2025:14:52:08 -0400] "GET /safe_search/config?return_url=%2Fproduct%2Fdetail%2F85834601 HTTP/1.1" 404 17066 "-" "Mozilla/5.0 (Linux; Android 6.0.1; Nexus 5X Build/MMB29P) AppleWebKit/537.36 (KHTML, like Gecko) Chrome/135.0.7049.95 Mobile Safari/537.36 (compatible; Googlebot/2.1; +http://www.google.com/bot.html)"
66.249.73.5 - - [26/Apr/2025:14:52:10 -0400] "GET /index.phpsshopdetail/226660259 HTTP/1.1" 404 17027 "-" "Mozilla/5.0 (Linux; Android 6.0.1; Nexus 5X Build/MMB29P) AppleWebKit/537.36 (KHTML, like Gecko) Chrome/135.0.7049.95 Mobile Safari/537.36 (compatible; Googlebot/2.1; +http://www.google.com/bot.html)"
162.0.215.211 - - [26/Apr/2025:14:52:39 -0400] "POST /wp-cron.php?doing_wp_cron=1745693559.9176750183105468750000 HTTP/1.1" 200 0 "-" "WordPress/6.8; https://luxuryhomez.org"
57.141.4.22 - - [26/Apr/2025:14:52:39 -0400] "GET /shadow.php?1511561161.htm HTTP/1.1" 404 71767 "-" "meta-externalagent/1.1 (+https://developers.facebook.com/docs/sharing/webmasters/crawler)"
162.0.215.211 - - [26/Apr/2025:14:52:41 -0400] "POST /wp-admin/admin-ajax.php?action=async_litespeed&nonce=C4UjnZk5C2CfQHp5lQDiFNmUz3IDhO9s&litespeed_type=imgoptm HTTP/1.1" 200 0 "-" "WordPress/6.8; https://luxuryhomez.org"
162.0.215.211 - - [26/Apr/2025:14:53:57 -0400] "POST /wp-cron.php?doing_wp_cron=1745693637.4054739475250244140625 HTTP/1.1" 200 0 "-" "WordPress/6.8; https://luxuryhomez.org"
57.141.4.27 - - [26/Apr/2025:14:53:56 -0400] "GET /shadow.php?136832503.htm HTTP/1.1" 404 71766 "-" "meta-externalagent/1.1 (+https://developers.facebook.com/docs/sharing/webmasters/crawler)"
162.0.215.211 - - [26/Apr/2025:14:53:58 -0400] "POST /wp-admin/admin-ajax.php?action=async_litespeed&nonce=UxN6mEJFMidP62MuVk6Wj8eGQeAoQdmM&litespeed_type=imgoptm HTTP/1.1" 200 0 "-" "WordPress/6.8; https://luxuryhomez.org"
66.249.73.6 - - [26/Apr/2025:14:54:00 -0400] "GET /index.php/pcmypage?callback=product%2Fdetail%2F68432876 HTTP/1.1" 301 0 "-" "Mozilla/5.0 (Linux; Android 6.0.1; Nexus 5X Build/MMB29P) AppleWebKit/537.36 (KHTML, like Gecko) Chrome/135.0.7049.95 Mobile Safari/537.36 (compatible; GoogleOther)"
162.0.215.211 - - [26/Apr/2025:14:54:05 -0400] "POST /wp-cron.php?doing_wp_cron=1745693644.8222041130065917968750 HTTP/1.1" 200 0 "-" "WordPress/6.8; https://luxuryhomez.org"
66.249.73.5 - - [26/Apr/2025:14:54:03 -0400] "GET /pcmypage?callback=product%2Fdetail%2F68432876 HTTP/1.1" 404 17053 "-" "Mozilla/5.0 (Linux; Android 6.0.1; Nexus 5X Build/MMB29P) AppleWebKit/537.36 (KHTML, like Gecko) Chrome/135.0.7049.95 Mobile Safari/537.36 (compatible; GoogleOther)"
66.249.73.5 - - [26/Apr/2025:14:54:11 -0400] "GET /index.phpsshopdetail/319139659 HTTP/1.1" 404 17027 "-" "Mozilla/5.0 (Linux; Android 6.0.1; Nexus 5X Build/MMB29P) AppleWebKit/537.36 (KHTML, like Gecko) Chrome/135.0.7049.95 Mobile Safari/537.36 (compatible; Googlebot/2.1; +http://www.google.com/bot.html)"
162.0.215.211 - - [26/Apr/2025:14:54:37 -0400] "POST /wp-cron.php?doing_wp_cron=1745693677.7653870582580566406250 HTTP/1.1" 200 0 "-" "WordPress/6.8; https://luxuryhomez.org"
66.249.73.5 - - [26/Apr/2025:14:54:37 -0400] "GET /index.phpsshopdetail/177906159 HTTP/1.1" 404 17026 "-" "Mozilla/5.0 (Linux; Android 6.0.1; Nexus 5X Build/MMB29P) AppleWebKit/537.36 (KHTML, like Gecko) Chrome/135.0.7049.95 Mobile Safari/537.36 (compatible; Googlebot/2.1; +http://www.google.com/bot.html)"
162.0.215.211 - - [26/Apr/2025:14:54:38 -0400] "POST /wp-admin/admin-ajax.php?action=async_litespeed&nonce=7lKhkUDIIAjBTRpGihKqA7QB4T2G2mQr&litespeed_type=imgoptm HTTP/1.1" 200 21 "-" "WordPress/6.8; https://luxuryhomez.org"
162.0.215.211 - - [26/Apr/2025:14:55:07 -0400] "POST /wp-cron.php?doing_wp_cron=1745693707.5233609676361083984375 HTTP/1.1" 200 0 "-" "WordPress/6.8; https://luxuryhomez.org"
66.249.73.7 - - [26/Apr/2025:14:55:07 -0400] "GET /index.phpsshopdetail/301018659 HTTP/1.1" 404 17028 "-" "Mozilla/5.0 (Linux; Android 6.0.1; Nexus 5X Build/MMB29P) AppleWebKit/537.36 (KHTML, like Gecko) Chrome/135.0.7049.95 Mobile Safari/537.36 (compatible; Googlebot/2.1; +http://www.google.com/bot.html)"
162.0.215.211 - - [26/Apr/2025:14:55:29 -0400] "POST /wp-cron.php?doing_wp_cron=1745693729.4518709182739257812500 HTTP/1.1" 200 0 "-" "WordPress/6.8; https://luxuryhomez.org"
57.141.4.18 - - [26/Apr/2025:14:55:28 -0400] "GET /shopdetail/45585259 HTTP/1.1" 404 71761 "-" "meta-externalagent/1.1 (+https://developers.facebook.com/docs/sharing/webmasters/crawler)"
162.0.215.211 - - [26/Apr/2025:14:55:30 -0400] "POST /wp-admin/admin-ajax.php?action=async_litespeed&nonce=Zjn6gguxEX2SOxOmiGJ7sDYtcZZQ1N4O&litespeed_type=imgoptm HTTP/1.1" 200 21 "-" "WordPress/6.8; https://luxuryhomez.org"
57.141.4.19 - - [26/Apr/2025:14:55:39 -0400] "GET /shadow.php?454065936.htm HTTP/1.1" 404 71766 "-" "meta-externalagent/1.1 (+https://developers.facebook.com/docs/sharing/webmasters/crawler)"
162.0.215.211 - - [26/Apr/2025:14:56:45 -0400] "POST /wp-cron.php?doing_wp_cron=1745693805.2609429359436035156250 HTTP/1.1" 200 0 "-" "WordPress/6.8; https://luxuryhomez.org"
66.249.73.5 - - [26/Apr/2025:14:56:44 -0400] "GET /index.phpsshopdetail/189271859 HTTP/1.1" 404 17031 "-" "Mozilla/5.0 (compatible; Googlebot/2.1; +http://www.google.com/bot.html)"
162.0.215.211 - - [26/Apr/2025:14:56:45 -0400] "POST /wp-admin/admin-ajax.php?action=async_litespeed&nonce=fYtVSBQHuvjtLsiCY3ZnAEWgT3t5w7Zx&litespeed_type=imgoptm HTTP/1.1" 200 21 "-" "WordPress/6.8; https://luxuryhomez.org"
162.0.215.211 - - [26/Apr/2025:14:58:12 -0400] "POST /wp-cron.php?doing_wp_cron=1745693892.6290779113769531250000 HTTP/1.1" 200 0 "-" "WordPress/6.8; https://luxuryhomez.org"
66.249.73.5 - - [26/Apr/2025:14:58:08 -0400] "GET /index.phpsshopdetail/148444259 HTTP/1.1" 404 17029 "-" "Mozilla/5.0 (Linux; Android 6.0.1; Nexus 5X Build/MMB29P) AppleWebKit/537.36 (KHTML, like Gecko) Chrome/135.0.7049.95 Mobile Safari/537.36 (compatible; GoogleOther)"
162.0.215.211 - - [26/Apr/2025:14:58:13 -0400] "POST /wp-admin/admin-ajax.php?action=async_litespeed&nonce=5xkl8d366YndatfF0ZIS8XsSD8VDD6xu&litespeed_type=imgoptm HTTP/1.1" 200 21 "-" "WordPress/6.8; https://luxuryhomez.org"
162.0.215.211 - - [26/Apr/2025:14:59:48 -0400] "POST /wp-cron.php?doing_wp_cron=1745693988.3137938976287841796875 HTTP/1.1" 200 0 "-" "WordPress/6.8; https://luxuryhomez.org"
