66.249.73.131 - - [26/Apr/2025:15:00:21 -0400] "GET /index.php/zhHant/product/surugaya/71786428/shopdetail/41737290/shopdetail/89296290/books.html/shopdetail/69979990/shopdetail/61881690/safe_search/config/shopdetail/142777390/shopdetail/152891790/cargo/detail/shopdetail/133451890/shopdetail/96931290/product_archives/shopdetail/34540690/oreka/plamodel_menu.html HTTP/1.1" 200 20503 "-" "Mozilla/5.0 (Linux; Android 6.0.1; Nexus 5X Build/MMB29P) AppleWebKit/537.36 (KHTML, like Gecko) Chrome/135.0.7049.95 Mobile Safari/537.36 (compatible; GoogleOther)"
66.249.73.130 - - [26/Apr/2025:15:00:26 -0400] "POST /get-message-notify HTTP/1.1" 200 19730 "https://it.techafri.com/index.php/zhHant/product/surugaya/71786428/shopdetail/41737290/shopdetail/89296290/books.html/shopdetail/69979990/shopdetail/61881690/safe_search/config/shopdetail/142777390/shopdetail/152891790/cargo/detail/shopdetail/133451890/shopdetail/96931290/product_archives/shopdetail/34540690/oreka/plamodel_menu.html" "Mozilla/5.0 (Linux; Android 6.0.1; Nexus 5X Build/MMB29P) AppleWebKit/537.36 (KHTML, like Gecko) Chrome/134.0.6998.165 Mobile Safari/537.36 (compatible; Googlebot/2.1; +http://www.google.com/bot.html)"
185.191.171.9 - - [26/Apr/2025:15:00:45 -0400] "GET /events/2028-10-22/ HTTP/1.1" 200 0 "-" "Mozilla/5.0 (compatible; SemrushBot/7~bl; +http://www.semrush.com/bot.html)"
66.249.73.130 - - [26/Apr/2025:15:08:32 -0400] "GET /index.phpsshopdetail/130984990 HTTP/1.1" 200 18734 "-" "Mozilla/5.0 (Linux; Android 6.0.1; Nexus 5X Build/MMB29P) AppleWebKit/537.36 (KHTML, like Gecko) Chrome/135.0.7049.95 Mobile Safari/537.36 (compatible; GoogleOther)"
66.249.73.130 - - [26/Apr/2025:15:08:35 -0400] "POST /get-message-notify HTTP/1.1" 200 19730 "https://it.techafri.com/index.phpsshopdetail/130984990" "Mozilla/5.0 (Linux; Android 6.0.1; Nexus 5X Build/MMB29P) AppleWebKit/537.36 (KHTML, like Gecko) Chrome/134.0.6998.165 Mobile Safari/537.36 (compatible; Googlebot/2.1; +http://www.google.com/bot.html)"
85.208.96.197 - - [26/Apr/2025:15:09:00 -0400] "GET /events/2026-06-02/ HTTP/1.1" 200 0 "-" "Mozilla/5.0 (compatible; SemrushBot/7~bl; +http://www.semrush.com/bot.html)"
85.208.96.194 - - [26/Apr/2025:15:09:03 -0400] "GET /events/2028-03-05/ HTTP/1.1" 200 0 "-" "Mozilla/5.0 (compatible; SemrushBot/7~bl; +http://www.semrush.com/bot.html)"
66.249.73.131 - - [26/Apr/2025:15:09:27 -0400] "GET /shopdetail/42677890 HTTP/1.1" 200 19338 "-" "Mozilla/5.0 (Linux; Android 6.0.1; Nexus 5X Build/MMB29P) AppleWebKit/537.36 (KHTML, like Gecko) Chrome/135.0.7049.114 Mobile Safari/537.36 (compatible; Googlebot/2.1; +http://www.google.com/bot.html)"
66.249.73.130 - - [26/Apr/2025:15:09:33 -0400] "GET /index.php/zhHant/product/surugaya/21137501/shopdetail/16756690/shopdetail/4933490/kaden.html/shopdetail/21735490/feature/omiya_marui/index.html HTTP/1.1" 200 19524 "-" "Mozilla/5.0 (Linux; Android 6.0.1; Nexus 5X Build/MMB29P) AppleWebKit/537.36 (KHTML, like Gecko) Chrome/135.0.7049.95 Mobile Safari/537.36 (compatible; GoogleOther)"
66.249.73.129 - - [26/Apr/2025:15:09:35 -0400] "POST /get-message-notify HTTP/1.1" 200 19730 "https://it.techafri.com/index.php/zhHant/product/surugaya/21137501/shopdetail/16756690/shopdetail/4933490/kaden.html/shopdetail/21735490/feature/omiya_marui/index.html" "Mozilla/5.0 (Linux; Android 6.0.1; Nexus 5X Build/MMB29P) AppleWebKit/537.36 (KHTML, like Gecko) Chrome/134.0.6998.165 Mobile Safari/537.36 (compatible; Googlebot/2.1; +http://www.google.com/bot.html)"
66.249.73.129 - - [26/Apr/2025:15:09:37 -0400] "GET /index.php/zhHant/product/surugaya/59570478/pcsp.html/shopdetail/119195590/product_archives/shopdetail/38695490/shopdetail/108093190/man/customer_guide/toiawase/pcmypage/shopdetail/130676490/shopdetail/62895190/text/terms/shopdetail/68758790/cargo/detail/shopdetail/144649990/man/customer_guide/shopdetail/143724390/feature/omiya_marui/index.html HTTP/1.1" 200 19615 "-" "Mozilla/5.0 (Linux; Android 6.0.1; Nexus 5X Build/MMB29P) AppleWebKit/537.36 (KHTML, like Gecko) Chrome/135.0.7049.95 Mobile Safari/537.36 (compatible; GoogleOther)"
66.249.73.129 - - [26/Apr/2025:15:09:40 -0400] "POST /get-message-notify HTTP/1.1" 200 19730 "https://it.techafri.com/index.php/zhHant/product/surugaya/59570478/pcsp.html/shopdetail/119195590/product_archives/shopdetail/38695490/shopdetail/108093190/man/customer_guide/toiawase/pcmypage/shopdetail/130676490/shopdetail/62895190/text/terms/shopdetail/68758790/cargo/detail/shopdetail/144649990/man/customer_guide/shopdetail/143724390/feature/omiya_marui/index.html" "Mozilla/5.0 (Linux; Android 6.0.1; Nexus 5X Build/MMB29P) AppleWebKit/537.36 (KHTML, like Gecko) Chrome/134.0.6998.165 Mobile Safari/537.36 (compatible; Googlebot/2.1; +http://www.google.com/bot.html)"
66.249.73.131 - - [26/Apr/2025:15:02:22 -0400] "GET /index.php/zhHant/product/surugaya/59570478/shopdetail/116539490/shopdetail/27788790/pcmypage/shopdetail/149599690/shopdetail/162667690/boyslove.html/shopdetail/116085690/recruit/shopdetail/158946890/shopdetail/36684090/pcmypage/shopdetail/141708190/shopdetail/76431190/feature/omiya_marui/index.html HTTP/1.1" 200 20302 "-" "Mozilla/5.0 (Linux; Android 6.0.1; Nexus 5X Build/MMB29P) AppleWebKit/537.36 (KHTML, like Gecko) Chrome/135.0.7049.95 Mobile Safari/537.36 (compatible; GoogleOther)"
66.249.73.131 - - [26/Apr/2025:15:02:24 -0400] "POST /get-message-notify HTTP/1.1" 200 19729 "https://it.techafri.com/index.php/zhHant/product/surugaya/59570478/shopdetail/116539490/shopdetail/27788790/pcmypage/shopdetail/149599690/shopdetail/162667690/boyslove.html/shopdetail/116085690/recruit/shopdetail/158946890/shopdetail/36684090/pcmypage/shopdetail/141708190/shopdetail/76431190/feature/omiya_marui/index.html" "Mozilla/5.0 (Linux; Android 6.0.1; Nexus 5X Build/MMB29P) AppleWebKit/537.36 (KHTML, like Gecko) Chrome/134.0.6998.165 Mobile Safari/537.36 (compatible; Googlebot/2.1; +http://www.google.com/bot.html)"
85.208.96.202 - - [26/Apr/2025:15:05:05 -0400] "GET /events/2027-12-17/ HTTP/1.1" 200 0 "-" "Mozilla/5.0 (compatible; SemrushBot/7~bl; +http://www.semrush.com/bot.html)"
66.249.73.130 - - [26/Apr/2025:15:06:27 -0400] "GET /index.php/zhHant/product/surugaya/42199434/product_archives/shopdetail/14510290/kaden.html/shopdetail/75176790/shopdetail/151250990/text/terms/shopdetail/137785990/pcmypage/shopdetail/121695890/shopdetail/11567890/cargo/detail/shopdetail/91012590/pcmypage/shopdetail/154228790/shopdetail/131997090/product/edit/18236094/shopdetail/74773790/recruit/recruit/shopdetail/161491990/pcmypage/safe_search/config?return_url=%2Fproduct%2Fdetail%2F73454585 HTTP/1.1" 200 20911 "-" "Mozilla/5.0 (Linux; Android 6.0.1; Nexus 5X Build/MMB29P) AppleWebKit/537.36 (KHTML, like Gecko) Chrome/135.0.7049.95 Mobile Safari/537.36 (compatible; GoogleOther)"
66.249.73.130 - - [26/Apr/2025:15:06:33 -0400] "POST /get-message-notify HTTP/1.1" 200 19730 "https://it.techafri.com/index.php/zhHant/product/surugaya/42199434/product_archives/shopdetail/14510290/kaden.html/shopdetail/75176790/shopdetail/151250990/text/terms/shopdetail/137785990/pcmypage/shopdetail/121695890/shopdetail/11567890/cargo/detail/shopdetail/91012590/pcmypage/shopdetail/154228790/shopdetail/131997090/product/edit/18236094/shopdetail/74773790/recruit/recruit/shopdetail/161491990/pcmypage/safe_search/config?return_url=%2Fproduct%2Fdetail%2F73454585" "Mozilla/5.0 (Linux; Android 6.0.1; Nexus 5X Build/MMB29P) AppleWebKit/537.36 (KHTML, like Gecko) Chrome/134.0.6998.165 Mobile Safari/537.36 (compatible; Googlebot/2.1; +http://www.google.com/bot.html)"
85.208.96.197 - - [26/Apr/2025:15:09:56 -0400] "GET /events/2024-09-08/ HTTP/1.1" 200 0 "-" "Mozilla/5.0 (compatible; SemrushBot/7~bl; +http://www.semrush.com/bot.html)"
66.249.73.131 - - [26/Apr/2025:15:10:06 -0400] "GET /shopdetail/9065690 HTTP/1.1" 200 19582 "-" "Mozilla/5.0 (Linux; Android 6.0.1; Nexus 5X Build/MMB29P) AppleWebKit/537.36 (KHTML, like Gecko) Chrome/135.0.7049.114 Mobile Safari/537.36 (compatible; Googlebot/2.1; +http://www.google.com/bot.html)"
66.249.73.130 - - [26/Apr/2025:15:10:38 -0400] "GET /index.php/zhHant/product/surugaya/71786428/shopdetail/41737290/shopdetail/89296290/books.html/shopdetail/69979990/shopdetail/61881690/safe_search/config/shopdetail/142777390/shopdetail/152891790/cargo/detail/product_archives/shopdetail/111177690/shopdetail/107826490/events/shopdetail/133928490/shopdetail/88662590/hobby/nuigurumi/nuigurumi.html HTTP/1.1" 200 19877 "-" "Mozilla/5.0 (Linux; Android 6.0.1; Nexus 5X Build/MMB29P) AppleWebKit/537.36 (KHTML, like Gecko) Chrome/135.0.7049.95 Mobile Safari/537.36 (compatible; GoogleOther)"
66.249.73.130 - - [26/Apr/2025:15:10:41 -0400] "POST /get-message-notify HTTP/1.1" 200 19730 "https://it.techafri.com/index.php/zhHant/product/surugaya/71786428/shopdetail/41737290/shopdetail/89296290/books.html/shopdetail/69979990/shopdetail/61881690/safe_search/config/shopdetail/142777390/shopdetail/152891790/cargo/detail/product_archives/shopdetail/111177690/shopdetail/107826490/events/shopdetail/133928490/shopdetail/88662590/hobby/nuigurumi/nuigurumi.html" "Mozilla/5.0 (Linux; Android 6.0.1; Nexus 5X Build/MMB29P) AppleWebKit/537.36 (KHTML, like Gecko) Chrome/134.0.6998.165 Mobile Safari/537.36 (compatible; Googlebot/2.1; +http://www.google.com/bot.html)"
66.249.73.130 - - [26/Apr/2025:15:12:39 -0400] "GET /index.php/zhHant/product/surugaya/21137501/shopdetail/16756690/shopdetail/4933490/kaden.html/shopdetail/21735490/shopdetail/104953690/safe_search/config?return_url=%2Fproduct%2Fdetail%2F23140315 HTTP/1.1" 200 19988 "-" "Mozilla/5.0 (Linux; Android 6.0.1; Nexus 5X Build/MMB29P) AppleWebKit/537.36 (KHTML, like Gecko) Chrome/135.0.7049.95 Mobile Safari/537.36 (compatible; GoogleOther)"
66.249.73.130 - - [26/Apr/2025:15:12:43 -0400] "POST /get-message-notify HTTP/1.1" 200 19729 "https://it.techafri.com/index.php/zhHant/product/surugaya/21137501/shopdetail/16756690/shopdetail/4933490/kaden.html/shopdetail/21735490/shopdetail/104953690/safe_search/config?return_url=%2Fproduct%2Fdetail%2F23140315" "Mozilla/5.0 (Linux; Android 6.0.1; Nexus 5X Build/MMB29P) AppleWebKit/537.36 (KHTML, like Gecko) Chrome/134.0.6998.165 Mobile Safari/537.36 (compatible; Googlebot/2.1; +http://www.google.com/bot.html)"
85.208.96.208 - - [26/Apr/2025:15:13:02 -0400] "GET /events/2023-09-09/ HTTP/1.1" 200 0 "-" "Mozilla/5.0 (compatible; SemrushBot/7~bl; +http://www.semrush.com/bot.html)"
85.208.96.196 - - [26/Apr/2025:15:13:09 -0400] "GET /events/2032-09-27/ HTTP/1.1" 200 0 "-" "Mozilla/5.0 (compatible; SemrushBot/7~bl; +http://www.semrush.com/bot.html)"
66.249.73.129 - - [26/Apr/2025:15:13:16 -0400] "GET /shopdetail/82906090 HTTP/1.1" 200 18879 "-" "Mozilla/5.0 (Linux; Android 6.0.1; Nexus 5X Build/MMB29P) AppleWebKit/537.36 (KHTML, like Gecko) Chrome/135.0.7049.114 Mobile Safari/537.36 (compatible; Googlebot/2.1; +http://www.google.com/bot.html)"
185.191.171.18 - - [26/Apr/2025:15:13:17 -0400] "GET /events/2025-07-11/ HTTP/1.1" 200 0 "-" "Mozilla/5.0 (compatible; SemrushBot/7~bl; +http://www.semrush.com/bot.html)"
85.208.96.195 - - [26/Apr/2025:15:14:20 -0400] "GET /events/2025-06-13/ HTTP/1.1" 200 0 "-" "Mozilla/5.0 (compatible; SemrushBot/7~bl; +http://www.semrush.com/bot.html)"
66.249.73.131 - - [26/Apr/2025:15:15:50 -0400] "GET /index.php/zhHant/product/surugaya/71786428/shopdetail/41737290/shopdetail/89296290/books.html/shopdetail/69979990/shopdetail/61881690/safe_search/config/shopdetail/142777390/shopdetail/152891790/cargo/detail/product_archives/shopdetail/111177690/shopdetail/107826490/events//shopdetail/40311790 HTTP/1.1" 200 19350 "-" "Mozilla/5.0 (Linux; Android 6.0.1; Nexus 5X Build/MMB29P) AppleWebKit/537.36 (KHTML, like Gecko) Chrome/135.0.7049.95 Mobile Safari/537.36 (compatible; GoogleOther)"
66.249.73.130 - - [26/Apr/2025:15:15:56 -0400] "POST /get-message-notify HTTP/1.1" 200 19730 "https://it.techafri.com/index.php/zhHant/product/surugaya/71786428/shopdetail/41737290/shopdetail/89296290/books.html/shopdetail/69979990/shopdetail/61881690/safe_search/config/shopdetail/142777390/shopdetail/152891790/cargo/detail/product_archives/shopdetail/111177690/shopdetail/107826490/events//shopdetail/40311790" "Mozilla/5.0 (Linux; Android 6.0.1; Nexus 5X Build/MMB29P) AppleWebKit/537.36 (KHTML, like Gecko) Chrome/134.0.6998.165 Mobile Safari/537.36 (compatible; Googlebot/2.1; +http://www.google.com/bot.html)"
185.191.171.5 - - [26/Apr/2025:15:16:26 -0400] "GET /events/2029-11-11/ HTTP/1.1" 200 0 "-" "Mozilla/5.0 (compatible; SemrushBot/7~bl; +http://www.semrush.com/bot.html)"
185.191.171.1 - - [26/Apr/2025:15:17:09 -0400] "GET /events/month/2030-02/ HTTP/1.1" 200 0 "-" "Mozilla/5.0 (compatible; SemrushBot/7~bl; +http://www.semrush.com/bot.html)"
85.208.96.196 - - [26/Apr/2025:15:18:45 -0400] "GET /events/2032-03-23/ HTTP/1.1" 503 856 "-" "Mozilla/5.0 (compatible; SemrushBot/7~bl; +http://www.semrush.com/bot.html)"
66.249.73.131 - - [26/Apr/2025:15:18:51 -0400] "GET /index.php/zhHant/product/surugaya/21137501/shopdetail/16756690/shopdetail/4933490/kaden.html/shopdetail/25346490 HTTP/1.1" 503 856 "-" "Mozilla/5.0 (Linux; Android 6.0.1; Nexus 5X Build/MMB29P) AppleWebKit/537.36 (KHTML, like Gecko) Chrome/135.0.7049.95 Mobile Safari/537.36 (compatible; GoogleOther)"
185.191.171.6 - - [26/Apr/2025:15:19:36 -0400] "GET /events/2026-10-17/ HTTP/1.1" 503 856 "-" "Mozilla/5.0 (compatible; SemrushBot/7~bl; +http://www.semrush.com/bot.html)"
85.208.96.209 - - [26/Apr/2025:15:19:53 -0400] "GET /events/2024-11-20/ HTTP/1.1" 503 856 "-" "Mozilla/5.0 (compatible; SemrushBot/7~bl; +http://www.semrush.com/bot.html)"
66.249.73.131 - - [26/Apr/2025:15:21:33 -0400] "GET /shopdetail/67456890 HTTP/1.1" 503 856 "-" "Mozilla/5.0 (Linux; Android 6.0.1; Nexus 5X Build/MMB29P) AppleWebKit/537.36 (KHTML, like Gecko) Chrome/135.0.7049.114 Mobile Safari/537.36 (compatible; Googlebot/2.1; +http://www.google.com/bot.html)"
66.249.73.131 - - [26/Apr/2025:15:21:52 -0400] "GET /index.php/zhHant/product/surugaya/71786428/shopdetail/41737290/shopdetail/89296290/books.html/shopdetail/69979990/shopdetail/61881690/safe_search/config/shopdetail/142777390/shopdetail/152891790/cargo/detail/product_archives/shopdetail/111177690/shopdetail/107826490/events/shopdetail/133928490/feature/omiya_marui/index.html HTTP/1.1" 503 856 "-" "Mozilla/5.0 (Linux; Android 6.0.1; Nexus 5X Build/MMB29P) AppleWebKit/537.36 (KHTML, like Gecko) Chrome/135.0.7049.95 Mobile Safari/537.36 (compatible; GoogleOther)"
66.249.73.130 - - [26/Apr/2025:15:21:54 -0400] "GET /index.php/zhHant/product/surugaya/59570478/pcsp.html/shopdetail/119195590/product_archives/shopdetail/38695490/shopdetail/108093190/man/customer_guide/toiawase/pcmypage/shopdetail/130676490/shopdetail/62895190/text/terms/shopdetail/68758790/cargo/detail/shopdetail/87849190/shopdetail/21480090 HTTP/1.1" 503 856 "-" "Mozilla/5.0 (Linux; Android 6.0.1; Nexus 5X Build/MMB29P) AppleWebKit/537.36 (KHTML, like Gecko) Chrome/135.0.7049.95 Mobile Safari/537.36 (compatible; GoogleOther)"
66.249.73.131 - - [26/Apr/2025:15:22:00 -0400] "GET /shopdetail/8895690 HTTP/1.1" 503 856 "-" "Mozilla/5.0 (Linux; Android 6.0.1; Nexus 5X Build/MMB29P) AppleWebKit/537.36 (KHTML, like Gecko) Chrome/135.0.7049.114 Mobile Safari/537.36 (compatible; Googlebot/2.1; +http://www.google.com/bot.html)"
66.249.73.130 - - [26/Apr/2025:15:22:11 -0400] "GET /shopdetail/145658490 HTTP/1.1" 503 856 "-" "Mozilla/5.0 (Linux; Android 6.0.1; Nexus 5X Build/MMB29P) AppleWebKit/537.36 (KHTML, like Gecko) Chrome/135.0.7049.114 Mobile Safari/537.36 (compatible; Googlebot/2.1; +http://www.google.com/bot.html)"
66.249.73.130 - - [26/Apr/2025:15:22:55 -0400] "GET /index.php/zhHant/product/surugaya/59570478/pcsp.html/shopdetail/119195590/product_archives/shopdetail/38695490/shopdetail/108093190/man/customer_guide/toiawase/pcmypage/shopdetail/130676490/shopdetail/62895190/text/terms/shopdetail/68758790/cargo/detail/shopdetail/144649990/man/customer_guide/shopdetail/143724390/recruit HTTP/1.1" 503 856 "-" "Mozilla/5.0 (Linux; Android 6.0.1; Nexus 5X Build/MMB29P) AppleWebKit/537.36 (KHTML, like Gecko) Chrome/135.0.7049.95 Mobile Safari/537.36 (compatible; GoogleOther)"
66.249.73.130 - - [26/Apr/2025:15:23:18 -0400] "GET /shopdetail/103366290 HTTP/1.1" 503 856 "-" "Mozilla/5.0 (Linux; Android 6.0.1; Nexus 5X Build/MMB29P) AppleWebKit/537.36 (KHTML, like Gecko) Chrome/135.0.7049.114 Mobile Safari/537.36 (compatible; Googlebot/2.1; +http://www.google.com/bot.html)"
66.249.73.130 - - [26/Apr/2025:15:23:55 -0400] "GET /index.php/zhHant/product/surugaya/21137501/shopdetail/16756690/shopdetail/4933490/recruit/pcsp.html/shopdetail/1627090/shopdetail/139228790/toreka/toreka_single.html HTTP/1.1" 503 856 "-" "Mozilla/5.0 (Linux; Android 6.0.1; Nexus 5X Build/MMB29P) AppleWebKit/537.36 (KHTML, like Gecko) Chrome/135.0.7049.95 Mobile Safari/537.36 (compatible; GoogleOther)"
66.249.73.129 - - [26/Apr/2025:15:24:10 -0400] "GET /shopdetail/93839990 HTTP/1.1" 503 856 "-" "Mozilla/5.0 (Linux; Android 6.0.1; Nexus 5X Build/MMB29P) AppleWebKit/537.36 (KHTML, like Gecko) Chrome/135.0.7049.114 Mobile Safari/537.36 (compatible; Googlebot/2.1; +http://www.google.com/bot.html)"
47.238.13.11 - - [26/Apr/2025:15:24:41 -0400] "GET /product_cat-sitemap.xml HTTP/1.1" 503 856 "-" "Mozilla/5.0 (Macintosh; Intel Mac OS X 10_15_7) AppleWebKit/537.36 (KHTML, like Gecko) Chrome/109.0.0.0 Safari/537.36"
66.249.73.129 - - [26/Apr/2025:15:24:56 -0400] "GET /index.php/zhHant/product/surugaya/71786428/shopdetail/41737290/shopdetail/89296290/books.html/shopdetail/69979990/shopdetail/61881690/safe_search/config/shopdetail/142777390/shopdetail/152891790/cargo/detail/product_archives/pcmypage/shopdetail/64021790/pcmypage/shopdetail/124861590 HTTP/1.1" 503 856 "-" "Mozilla/5.0 (Linux; Android 6.0.1; Nexus 5X Build/MMB29P) AppleWebKit/537.36 (KHTML, like Gecko) Chrome/135.0.7049.95 Mobile Safari/537.36 (compatible; GoogleOther)"
66.249.73.130 - - [26/Apr/2025:15:24:58 -0400] "GET /index.php/zhHant/product/surugaya/21137501/shopdetail/16756690/shopdetail/4933490/kaden.html/shopdetail/21735490/text/terms HTTP/1.1" 503 856 "-" "Mozilla/5.0 (Linux; Android 6.0.1; Nexus 5X Build/MMB29P) AppleWebKit/537.36 (KHTML, like Gecko) Chrome/135.0.7049.95 Mobile Safari/537.36 (compatible; GoogleOther)"
85.208.96.207 - - [26/Apr/2025:15:26:21 -0400] "GET /robots.txt HTTP/1.1" 304 0 "-" "Mozilla/5.0 (compatible; SemrushBot/7~bl; +http://www.semrush.com/bot.html)"
85.208.96.208 - - [26/Apr/2025:15:26:21 -0400] "GET /events/2023-09-28/ HTTP/1.1" 503 856 "-" "Mozilla/5.0 (compatible; SemrushBot/7~bl; +http://www.semrush.com/bot.html)"
66.249.73.130 - - [26/Apr/2025:15:27:00 -0400] "GET /index.php/zhHant/product/surugaya/21137501/shopdetail/16756690/shopdetail/4933490/kaden.html/shopdetail/21735490/shopdetail/68879190 HTTP/1.1" 503 856 "-" "Mozilla/5.0 (Linux; Android 6.0.1; Nexus 5X Build/MMB29P) AppleWebKit/537.36 (KHTML, like Gecko) Chrome/135.0.7049.95 Mobile Safari/537.36 (compatible; GoogleOther)"
66.249.73.130 - - [26/Apr/2025:15:27:03 -0400] "GET /index.php/zhHant/product/surugaya/21137501/shopdetail/16756690/shopdetail/4933490/recruit/pcsp.html/shopdetail/1627090/shopdetail/139228790/avsoft.html HTTP/1.1" 503 856 "-" "Mozilla/5.0 (Linux; Android 6.0.1; Nexus 5X Build/MMB29P) AppleWebKit/537.36 (KHTML, like Gecko) Chrome/135.0.7049.95 Mobile Safari/537.36 (compatible; GoogleOther)"
66.249.73.130 - - [26/Apr/2025:15:27:05 -0400] "GET /index.php/zhHant/product/surugaya/21137501/shopdetail/16756690/shopdetail/4933490/recruit/cargo/detail/shopdetail/30468990/feature/idol/gradol.html/shopdetail/132868590/shopdetail/63362890 HTTP/1.1" 503 856 "-" "Mozilla/5.0 (Linux; Android 6.0.1; Nexus 5X Build/MMB29P) AppleWebKit/537.36 (KHTML, like Gecko) Chrome/135.0.7049.95 Mobile Safari/537.36 (compatible; GoogleOther)"
66.249.73.129 - - [26/Apr/2025:15:27:07 -0400] "GET /index.php/zhHant/product/surugaya/71786428/shopdetail/41737290/shopdetail/89296290/books.html/shopdetail/69979990/shopdetail/61881690/safe_search/config/shopdetail/142777390/shopdetail/152891790/cargo/detail/shopdetail/133451890/shopdetail/96931290/product_archives/shopdetail/138853090 HTTP/1.1" 503 856 "-" "Mozilla/5.0 (Linux; Android 6.0.1; Nexus 5X Build/MMB29P) AppleWebKit/537.36 (KHTML, like Gecko) Chrome/135.0.7049.95 Mobile Safari/537.36 (compatible; GoogleOther)"
66.249.73.129 - - [26/Apr/2025:15:27:47 -0400] "GET /index.php/zhHant/product/surugaya/59570478/shopdetail/116539490/shopdetail/27788790/pcmypage/shopdetail/149599690/shopdetail/162667690/boyslove.html/shopdetail/116085690/recruit/shopdetail/27125790/shopdetail/12060990/safe_search/config/shopdetail/132502090/pcmypage/shopdetail/98650290/shopdetail/28253290/oreka/plamodel_menu.html HTTP/1.1" 503 856 "-" "Mozilla/5.0 (Linux; Android 6.0.1; Nexus 5X Build/MMB29P) AppleWebKit/537.36 (KHTML, like Gecko) Chrome/135.0.7049.95 Mobile Safari/537.36 (compatible; GoogleOther)"
85.208.96.196 - - [26/Apr/2025:15:27:55 -0400] "GET /events/2028-05-18/ HTTP/1.1" 503 856 "-" "Mozilla/5.0 (compatible; SemrushBot/7~bl; +http://www.semrush.com/bot.html)"
66.249.73.131 - - [26/Apr/2025:15:28:34 -0400] "GET /index.php/zhHant/product/surugaya/71786428/shopdetail/41737290/shopdetail/89296290/books.html/shopdetail/69979990/shopdetail/61881690/safe_search/config/shopdetail/142777390/shopdetail/152891790/cargo/detail/product_archives/shopdetail/111177690/shopdetail/107826490/events/shopdetail/133928490/pcmypage?callback=/product%2Fdetail%2F88078157 HTTP/1.1" 503 856 "-" "Mozilla/5.0 (Linux; Android 6.0.1; Nexus 5X Build/MMB29P) AppleWebKit/537.36 (KHTML, like Gecko) Chrome/135.0.7049.95 Mobile Safari/537.36 (compatible; GoogleOther)"
66.249.73.131 - - [26/Apr/2025:15:30:23 -0400] "GET /shopdetail/46350590 HTTP/1.1" 503 856 "-" "Mozilla/5.0 (Linux; Android 6.0.1; Nexus 5X Build/MMB29P) AppleWebKit/537.36 (KHTML, like Gecko) Chrome/135.0.7049.114 Mobile Safari/537.36 (compatible; Googlebot/2.1; +http://www.google.com/bot.html)"
66.249.73.129 - - [26/Apr/2025:15:30:58 -0400] "GET /shopdetail/119425790 HTTP/1.1" 503 856 "-" "Mozilla/5.0 (Linux; Android 6.0.1; Nexus 5X Build/MMB29P) AppleWebKit/537.36 (KHTML, like Gecko) Chrome/135.0.7049.114 Mobile Safari/537.36 (compatible; Googlebot/2.1; +http://www.google.com/bot.html)"
66.249.73.129 - - [26/Apr/2025:15:30:59 -0400] "GET /index.php/zhHant/product/surugaya/59570478/pcsp.html/shopdetail/119195590/product_archives/shopdetail/38695490/shopdetail/108093190/man/customer_guide/toiawase/pcmypage/shopdetail/130676490/shopdetail/62895190/text/terms/shopdetail/68758790/cargo/detail/shopdetail/86509890/shopdetail/98057990 HTTP/1.1" 503 856 "-" "Mozilla/5.0 (Linux; Android 6.0.1; Nexus 5X Build/MMB29P) AppleWebKit/537.36 (KHTML, like Gecko) Chrome/135.0.7049.95 Mobile Safari/537.36 (compatible; GoogleOther)"
85.208.96.209 - - [26/Apr/2025:15:31:20 -0400] "GET /events/2024-01-20/ HTTP/1.1" 503 856 "-" "Mozilla/5.0 (compatible; SemrushBot/7~bl; +http://www.semrush.com/bot.html)"
85.208.96.201 - - [26/Apr/2025:15:31:44 -0400] "GET /events/2024-08-20/ HTTP/1.1" 503 856 "-" "Mozilla/5.0 (compatible; SemrushBot/7~bl; +http://www.semrush.com/bot.html)"
185.191.171.5 - - [26/Apr/2025:15:32:08 -0400] "GET /events/2030-11-12/ HTTP/1.1" 503 856 "-" "Mozilla/5.0 (compatible; SemrushBot/7~bl; +http://www.semrush.com/bot.html)"
185.191.171.6 - - [26/Apr/2025:15:32:13 -0400] "GET /events/2027-07-14/ HTTP/1.1" 503 856 "-" "Mozilla/5.0 (compatible; SemrushBot/7~bl; +http://www.semrush.com/bot.html)"
185.191.171.6 - - [26/Apr/2025:15:32:34 -0400] "GET /events/2028-03-26/ HTTP/1.1" 503 856 "-" "Mozilla/5.0 (compatible; SemrushBot/7~bl; +http://www.semrush.com/bot.html)"
66.249.73.129 - - [26/Apr/2025:15:33:00 -0400] "GET /index.php/zhHant/product/surugaya/71786428/shopdetail/41737290/shopdetail/89296290/books.html/shopdetail/69979990/shopdetail/61881690/safe_search/config/shopdetail/142777390/shopdetail/152891790/cargo/detail/product_archives/shopdetail/111177690/shopdetail/96741390/pcmypage/text/terms/shopdetail/102196190 HTTP/1.1" 503 856 "-" "Mozilla/5.0 (Linux; Android 6.0.1; Nexus 5X Build/MMB29P) AppleWebKit/537.36 (KHTML, like Gecko) Chrome/135.0.7049.95 Mobile Safari/537.36 (compatible; GoogleOther)"
66.249.73.131 - - [26/Apr/2025:15:35:00 -0400] "GET /index.php/zhHant/product/surugaya/21137501/shopdetail/16756690/cargo/detail/toreka/toreka_single.html/toreka/figure_menu.html HTTP/1.1" 503 856 "-" "Mozilla/5.0 (Linux; Android 6.0.1; Nexus 5X Build/MMB29P) AppleWebKit/537.36 (KHTML, like Gecko) Chrome/135.0.7049.95 Mobile Safari/537.36 (compatible; GoogleOther)"
66.249.73.130 - - [26/Apr/2025:15:35:02 -0400] "GET /index.php/zhHant/product/surugaya/21137501/shopdetail/112531490/shopdetail/156755190/pcmypage/shopdetail/34373690/shopdetail/1952790/kaden.html/shopdetail/100520490/shopdetail/66665090/man/customer_guide/shopdetail/121025890/shopdetail/146625290 HTTP/1.1" 503 856 "-" "Mozilla/5.0 (Linux; Android 6.0.1; Nexus 5X Build/MMB29P) AppleWebKit/537.36 (KHTML, like Gecko) Chrome/135.0.7049.95 Mobile Safari/537.36 (compatible; GoogleOther)"
66.249.73.130 - - [26/Apr/2025:15:35:05 -0400] "GET /index.php/zhHant/product/surugaya/21137501/shopdetail/16756690/shopdetail/4933490/recruit/pcsp.html/shopdetail/1627090/shopdetail/139228790/vintagegame.html HTTP/1.1" 503 856 "-" "Mozilla/5.0 (Linux; Android 6.0.1; Nexus 5X Build/MMB29P) AppleWebKit/537.36 (KHTML, like Gecko) Chrome/135.0.7049.95 Mobile Safari/537.36 (compatible; GoogleOther)"
85.208.96.202 - - [26/Apr/2025:15:36:34 -0400] "GET /events/2028-07-16/ HTTP/1.1" 503 856 "-" "Mozilla/5.0 (compatible; SemrushBot/7~bl; +http://www.semrush.com/bot.html)"
66.249.73.131 - - [26/Apr/2025:15:37:28 -0400] "GET /index.php/zhHant/product/surugaya/59480431/kaden.html HTTP/1.1" 503 856 "-" "Mozilla/5.0 (Linux; Android 6.0.1; Nexus 5X Build/MMB29P) AppleWebKit/537.36 (KHTML, like Gecko) Chrome/135.0.7049.95 Mobile Safari/537.36 (compatible; GoogleOther)"
185.191.171.5 - - [26/Apr/2025:15:40:16 -0400] "GET /events/2029-04-10/ HTTP/1.1" 503 856 "-" "Mozilla/5.0 (compatible; SemrushBot/7~bl; +http://www.semrush.com/bot.html)"
85.208.96.204 - - [26/Apr/2025:15:42:20 -0400] "GET /events/2027-02-14/ HTTP/1.1" 503 856 "-" "Mozilla/5.0 (compatible; SemrushBot/7~bl; +http://www.semrush.com/bot.html)"
66.249.73.131 - - [26/Apr/2025:15:42:23 -0400] "GET /shopdetail/109396390 HTTP/1.1" 503 856 "-" "Mozilla/5.0 (Linux; Android 6.0.1; Nexus 5X Build/MMB29P) AppleWebKit/537.36 (KHTML, like Gecko) Chrome/135.0.7049.114 Mobile Safari/537.36 (compatible; Googlebot/2.1; +http://www.google.com/bot.html)"
66.249.73.129 - - [26/Apr/2025:15:44:05 -0400] "GET /shopdetail/29046890 HTTP/1.1" 503 856 "-" "Mozilla/5.0 (Linux; Android 6.0.1; Nexus 5X Build/MMB29P) AppleWebKit/537.36 (KHTML, like Gecko) Chrome/135.0.7049.114 Mobile Safari/537.36 (compatible; Googlebot/2.1; +http://www.google.com/bot.html)"
66.249.73.130 - - [26/Apr/2025:15:44:33 -0400] "GET /index.php/zhHant/product/surugaya/21137501/shopdetail/112531490/shopdetail/156755190/pcmypage/shopdetail/162604890/pcsp.html/shopdetail/121882690/text/terms/man/customer_guide/cargo/detail/text/terms/shopdetail/144682790 HTTP/1.1" 503 856 "-" "Mozilla/5.0 (Linux; Android 6.0.1; Nexus 5X Build/MMB29P) AppleWebKit/537.36 (KHTML, like Gecko) Chrome/135.0.7049.95 Mobile Safari/537.36 (compatible; GoogleOther)"
85.208.96.206 - - [26/Apr/2025:15:47:07 -0400] "GET /events/2024-05-10/ HTTP/1.1" 503 856 "-" "Mozilla/5.0 (compatible; SemrushBot/7~bl; +http://www.semrush.com/bot.html)"
66.249.73.131 - - [26/Apr/2025:15:47:34 -0400] "GET /index.php/zhHant/product/surugaya/21137501/shopdetail/112531490/shopdetail/156755190/pcmypage/shopdetail/162604890/pcsp.html/shopdetail/121882690/text/terms/man/customer_guide/shopdetail/108170590/shopdetail/161734890/product_archives/text/terms/shopdetail/77466690/recruit/shopdetail/163714190/shopdetail/111895490 HTTP/1.1" 503 856 "-" "Mozilla/5.0 (Linux; Android 6.0.1; Nexus 5X Build/MMB29P) AppleWebKit/537.36 (KHTML, like Gecko) Chrome/135.0.7049.95 Mobile Safari/537.36 (compatible; GoogleOther)"
66.249.73.130 - - [26/Apr/2025:15:47:36 -0400] "GET /index.php/zhHant/product/surugaya/59570478/shopdetail/116539490/shopdetail/27788790/pcmypage/shopdetail/149599690/shopdetail/162667690/boyslove.html/shopdetail/116085690/recruit/shopdetail/27125790/shopdetail/12060990/safe_search/config/shopdetail/132502090/pcmypage/shopdetail/63529190/shopdetail/104693590/feature/sale2411-5/index.html HTTP/1.1" 503 856 "-" "Mozilla/5.0 (Linux; Android 6.0.1; Nexus 5X Build/MMB29P) AppleWebKit/537.36 (KHTML, like Gecko) Chrome/135.0.7049.95 Mobile Safari/537.36 (compatible; GoogleOther)"
185.191.171.14 - - [26/Apr/2025:15:48:25 -0400] "GET /events/2028-09-17/ HTTP/1.1" 503 856 "-" "Mozilla/5.0 (compatible; SemrushBot/7~bl; +http://www.semrush.com/bot.html)"
85.208.96.198 - - [26/Apr/2025:15:48:42 -0400] "GET /events/2029-10-18/ HTTP/1.1" 503 856 "-" "Mozilla/5.0 (compatible; SemrushBot/7~bl; +http://www.semrush.com/bot.html)"
66.249.73.131 - - [26/Apr/2025:15:50:39 -0400] "GET /index.php/zhHant/product/surugaya/21137501/shopdetail/112531490/shopdetail/156755190/pcmypage/shopdetail/34373690/shopdetail/1952790/kaden.html/shopdetail/100520490/shopdetail/66665090/man/customer_guide/shopdetail/121025890/text/terms HTTP/1.1" 503 856 "-" "Mozilla/5.0 (Linux; Android 6.0.1; Nexus 5X Build/MMB29P) AppleWebKit/537.36 (KHTML, like Gecko) Chrome/135.0.7049.95 Mobile Safari/537.36 (compatible; GoogleOther)"
85.208.96.195 - - [26/Apr/2025:15:50:49 -0400] "GET /events/2030-04-11/ HTTP/1.1" 503 856 "-" "Mozilla/5.0 (compatible; SemrushBot/7~bl; +http://www.semrush.com/bot.html)"
85.208.96.197 - - [26/Apr/2025:15:51:18 -0400] "GET /events/2023-08-25/ HTTP/1.1" 503 856 "-" "Mozilla/5.0 (compatible; SemrushBot/7~bl; +http://www.semrush.com/bot.html)"
66.249.73.132 - - [26/Apr/2025:15:52:57 -0400] "GET /pcmypage?callback=product%2Fdetail%2F83266328 HTTP/1.1" 503 856 "-" "Mozilla/5.0 (Linux; Android 6.0.1; Nexus 5X Build/MMB29P) AppleWebKit/537.36 (KHTML, like Gecko) Chrome/135.0.7049.114 Mobile Safari/537.36 (compatible; Googlebot/2.1; +http://www.google.com/bot.html)"
85.208.96.203 - - [26/Apr/2025:15:53:22 -0400] "GET /contact-form/ HTTP/1.1" 503 856 "-" "Mozilla/5.0 (compatible; SemrushBot/7~bl; +http://www.semrush.com/bot.html)"
66.249.73.130 - - [26/Apr/2025:15:53:39 -0400] "GET /index.php/zhHant/product/surugaya/21137501/shopdetail/112531490/shopdetail/156755190/pcmypage/shopdetail/162604890/pcsp.html/shopdetail/121882690/text/terms/man/customer_guide/cargo/detail/shopdetail/78438690/shopdetail/72318390 HTTP/1.1" 503 856 "-" "Mozilla/5.0 (Linux; Android 6.0.1; Nexus 5X Build/MMB29P) AppleWebKit/537.36 (KHTML, like Gecko) Chrome/135.0.7049.95 Mobile Safari/537.36 (compatible; GoogleOther)"
66.249.73.130 - - [26/Apr/2025:15:54:14 -0400] "GET /pcmypage?callback=/product%2Fdetail%2F65125088 HTTP/1.1" 503 856 "-" "Mozilla/5.0 (Linux; Android 6.0.1; Nexus 5X Build/MMB29P) AppleWebKit/537.36 (KHTML, like Gecko) Chrome/135.0.7049.114 Mobile Safari/537.36 (compatible; Googlebot/2.1; +http://www.google.com/bot.html)"
66.249.73.130 - - [26/Apr/2025:15:54:40 -0400] "GET /shopdetail/131398690 HTTP/1.1" 503 856 "-" "Mozilla/5.0 (Linux; Android 6.0.1; Nexus 5X Build/MMB29P) AppleWebKit/537.36 (KHTML, like Gecko) Chrome/135.0.7049.95 Mobile Safari/537.36 (compatible; GoogleOther)"
66.249.73.131 - - [26/Apr/2025:15:56:04 -0400] "GET /index.php/zhHant/product/surugaya/21137501/shopdetail/16756690/shopdetail/4933490/kaden.html/shopdetail/21735490/toiawase HTTP/1.1" 503 856 "-" "Mozilla/5.0 (Linux; Android 6.0.1; Nexus 5X Build/MMB29P) AppleWebKit/537.36 (KHTML, like Gecko) Chrome/135.0.7049.95 Mobile Safari/537.36 (compatible; Googlebot/2.1; +http://www.google.com/bot.html)"
66.249.73.131 - - [26/Apr/2025:15:56:40 -0400] "GET /index.php/zhHant/product/surugaya/59570478/shopdetail/116539490/shopdetail/27788790/pcmypage/shopdetail/149599690/shopdetail/162667690/boyslove.html/shopdetail/116085690/recruit/shopdetail/158946890/shopdetail/36684090/pcmypage/shopdetail/141708190/shopdetail/30422290/boyslove.html HTTP/1.1" 503 856 "-" "Mozilla/5.0 (Linux; Android 6.0.1; Nexus 5X Build/MMB29P) AppleWebKit/537.36 (KHTML, like Gecko) Chrome/135.0.7049.95 Mobile Safari/537.36 (compatible; GoogleOther)"
185.191.171.9 - - [26/Apr/2025:15:57:42 -0400] "GET /events/2030-09-03/ HTTP/1.1" 503 856 "-" "Mozilla/5.0 (compatible; SemrushBot/7~bl; +http://www.semrush.com/bot.html)"
85.208.96.198 - - [26/Apr/2025:15:58:28 -0400] "GET /events/2028-04-10/ HTTP/1.1" 503 856 "-" "Mozilla/5.0 (compatible; SemrushBot/7~bl; +http://www.semrush.com/bot.html)"
66.249.73.132 - - [26/Apr/2025:15:58:40 -0400] "GET /index.php/zhHant/product/surugaya/21137501/shopdetail/16756690/cargo/detail/toreka/goods_menu.html/shopdetail/163419190/product_archives HTTP/1.1" 503 856 "-" "Mozilla/5.0 (Linux; Android 6.0.1; Nexus 5X Build/MMB29P) AppleWebKit/537.36 (KHTML, like Gecko) Chrome/135.0.7049.95 Mobile Safari/537.36 (compatible; GoogleOther)"
66.249.73.131 - - [26/Apr/2025:15:59:23 -0400] "GET /pcmypage?callback=/product%2Fdetail%2F10526233 HTTP/1.1" 503 856 "-" "Mozilla/5.0 (Linux; Android 6.0.1; Nexus 5X Build/MMB29P) AppleWebKit/537.36 (KHTML, like Gecko) Chrome/135.0.7049.114 Mobile Safari/537.36 (compatible; Googlebot/2.1; +http://www.google.com/bot.html)"
185.191.171.13 - - [26/Apr/2025:15:59:28 -0400] "GET /events/month/2031-07/ HTTP/1.1" 503 856 "-" "Mozilla/5.0 (compatible; SemrushBot/7~bl; +http://www.semrush.com/bot.html)"
66.249.73.130 - - [26/Apr/2025:16:00:41 -0400] "GET /index.php/zhHant/product/surugaya/59570478/pcsp.html/shopdetail/119195590/product_archives/shopdetail/38695490/shopdetail/108093190/man/customer_guide/toiawase/pcmypage/shopdetail/130676490/shopdetail/62895190/text/terms/shopdetail/68758790/cargo/detail/shopdetail/151620890/shopdetail/118868590 HTTP/1.1" 503 856 "-" "Mozilla/5.0 (Linux; Android 6.0.1; Nexus 5X Build/MMB29P) AppleWebKit/537.36 (KHTML, like Gecko) Chrome/135.0.7049.95 Mobile Safari/537.36 (compatible; GoogleOther)"
66.249.73.130 - - [26/Apr/2025:16:00:43 -0400] "GET /index.php/zhHant/product/surugaya/21137501/shopdetail/16756690/shopdetail/4933490/recruit/shopdetail/118027490/shopdetail/163278290/feature/honten/index.html HTTP/1.1" 503 856 "-" "Mozilla/5.0 (Linux; Android 6.0.1; Nexus 5X Build/MMB29P) AppleWebKit/537.36 (KHTML, like Gecko) Chrome/135.0.7049.95 Mobile Safari/537.36 (compatible; GoogleOther)"
185.191.171.14 - - [26/Apr/2025:16:00:57 -0400] "GET /events/2025-01-10/ HTTP/1.1" 503 856 "-" "Mozilla/5.0 (compatible; SemrushBot/7~bl; +http://www.semrush.com/bot.html)"
66.249.73.129 - - [26/Apr/2025:16:02:43 -0400] "GET /index.php/zhHant/product/surugaya/21137501/shopdetail/16756690/shopdetail/4933490/recruit/cargo/detail/shopdetail/113542490/shopdetail/31840890 HTTP/1.1" 503 856 "-" "Mozilla/5.0 (Linux; Android 6.0.1; Nexus 5X Build/MMB29P) AppleWebKit/537.36 (KHTML, like Gecko) Chrome/135.0.7049.95 Mobile Safari/537.36 (compatible; GoogleOther)"
185.191.171.4 - - [26/Apr/2025:16:02:54 -0400] "GET /events/2030-09-28/ HTTP/1.1" 503 856 "-" "Mozilla/5.0 (compatible; SemrushBot/7~bl; +http://www.semrush.com/bot.html)"
66.249.73.130 - - [26/Apr/2025:16:03:43 -0400] "GET /index.php/zhHant/product/surugaya/71786428/shopdetail/41737290/shopdetail/89296290/books.html/shopdetail/146271890/product_archives/shopdetail/38290190/shopdetail/39261990/pcmypage/shopdetail/88302290/shopdetail/59785690/man/customer_guide/shopdetail/32615390 HTTP/1.1" 503 856 "-" "Mozilla/5.0 (Linux; Android 6.0.1; Nexus 5X Build/MMB29P) AppleWebKit/537.36 (KHTML, like Gecko) Chrome/135.0.7049.95 Mobile Safari/537.36 (compatible; GoogleOther)"
185.191.171.10 - - [26/Apr/2025:16:04:51 -0400] "GET /events/2025-04-10/ HTTP/1.1" 503 856 "-" "Mozilla/5.0 (compatible; SemrushBot/7~bl; +http://www.semrush.com/bot.html)"
66.249.73.129 - - [26/Apr/2025:16:06:10 -0400] "GET /pcmypage?callback=/product%2Fdetail%2F26990936 HTTP/1.1" 503 856 "-" "Mozilla/5.0 (Linux; Android 6.0.1; Nexus 5X Build/MMB29P) AppleWebKit/537.36 (KHTML, like Gecko) Chrome/135.0.7049.114 Mobile Safari/537.36 (compatible; Googlebot/2.1; +http://www.google.com/bot.html)"
185.191.171.10 - - [26/Apr/2025:16:06:32 -0400] "GET /events/2024-07-28/ HTTP/1.1" 503 856 "-" "Mozilla/5.0 (compatible; SemrushBot/7~bl; +http://www.semrush.com/bot.html)"
66.249.73.130 - - [26/Apr/2025:16:06:44 -0400] "GET /index.php/zhHant/product/surugaya/71786428/shopdetail/41737290/shopdetail/89296290/books.html/shopdetail/69979990/shopdetail/61881690/safe_search/config/shopdetail/142777390/shopdetail/152891790/cargo/detail/product_archives/shopdetail/111177690/shopdetail/107826490/events/shopdetail/133928490/vintagegame.html HTTP/1.1" 503 856 "-" "Mozilla/5.0 (Linux; Android 6.0.1; Nexus 5X Build/MMB29P) AppleWebKit/537.36 (KHTML, like Gecko) Chrome/135.0.7049.95 Mobile Safari/537.36 (compatible; GoogleOther)"
66.249.73.130 - - [26/Apr/2025:16:06:46 -0400] "GET /index.php/zhHant/product/surugaya/59570478/pcsp.html/shopdetail/119195590/product_archives/shopdetail/38695490/shopdetail/108093190/man/customer_guide/toiawase/pcmypage/shopdetail/130676490/shopdetail/62895190/text/terms/shopdetail/68758790/cargo/detail/shopdetail/76348590/shopdetail/118902890 HTTP/1.1" 503 856 "-" "Mozilla/5.0 (Linux; Android 6.0.1; Nexus 5X Build/MMB29P) AppleWebKit/537.36 (KHTML, like Gecko) Chrome/135.0.7049.95 Mobile Safari/537.36 (compatible; GoogleOther)"
185.191.171.1 - - [26/Apr/2025:16:07:14 -0400] "GET /events/2030-02-04/ HTTP/1.1" 503 856 "-" "Mozilla/5.0 (compatible; SemrushBot/7~bl; +http://www.semrush.com/bot.html)"
66.249.73.130 - - [26/Apr/2025:16:08:25 -0400] "GET /shopdetail/60055090 HTTP/1.1" 503 856 "-" "Mozilla/5.0 (Linux; Android 6.0.1; Nexus 5X Build/MMB29P) AppleWebKit/537.36 (KHTML, like Gecko) Chrome/135.0.7049.114 Mobile Safari/537.36 (compatible; Googlebot/2.1; +http://www.google.com/bot.html)"
66.249.73.130 - - [26/Apr/2025:16:10:28 -0400] "GET /index.php/zhHant/product/surugaya/21137501/shopdetail/16756690/shopdetail/4933490/recruit/pcsp.html/text/terms/shopdetail/147273990 HTTP/1.1" 503 856 "-" "Mozilla/5.0 (Linux; Android 6.0.1; Nexus 5X Build/MMB29P) AppleWebKit/537.36 (KHTML, like Gecko) Chrome/135.0.7049.95 Mobile Safari/537.36 (compatible; GoogleOther)"
66.249.73.130 - - [26/Apr/2025:16:10:43 -0400] "GET /shopdetail/%3Cp%3E%3Cstrong%3END-S2519%3C/strong%3E%3C/p%3E%20https://image.rakuten.co.jp/justre/cabinet/common/br/201807takubo.jpg HTTP/1.1" 503 856 "-" "Googlebot-Image/1.0"
185.191.171.16 - - [26/Apr/2025:16:11:07 -0400] "GET /events/2024-01-11/ HTTP/1.1" 503 856 "-" "Mozilla/5.0 (compatible; SemrushBot/7~bl; +http://www.semrush.com/bot.html)"
85.208.96.210 - - [26/Apr/2025:16:12:31 -0400] "GET /events/2025-05-27/ HTTP/1.1" 503 856 "-" "Mozilla/5.0 (compatible; SemrushBot/7~bl; +http://www.semrush.com/bot.html)"
66.249.73.129 - - [26/Apr/2025:16:13:29 -0400] "GET /index.php/zhHant/product/surugaya/71786428/shopdetail/41737290/shopdetail/89296290/books.html/shopdetail/146271890/product_archives/shopdetail/38290190/shopdetail/39261990/pcmypage/shopdetail/88302290/shopdetail/59785690/man/customer_guide/shopdetail/69939190 HTTP/1.1" 503 856 "-" "Mozilla/5.0 (Linux; Android 6.0.1; Nexus 5X Build/MMB29P) AppleWebKit/537.36 (KHTML, like Gecko) Chrome/135.0.7049.95 Mobile Safari/537.36 (compatible; GoogleOther)"
66.249.73.130 - - [26/Apr/2025:16:14:10 -0400] "GET /pcmypage?callback=/product%2Fdetail%2F14504185 HTTP/1.1" 503 856 "-" "Mozilla/5.0 (Linux; Android 6.0.1; Nexus 5X Build/MMB29P) AppleWebKit/537.36 (KHTML, like Gecko) Chrome/135.0.7049.114 Mobile Safari/537.36 (compatible; Googlebot/2.1; +http://www.google.com/bot.html)"
185.191.171.1 - - [26/Apr/2025:16:15:28 -0400] "GET /events/2028-06-16/ HTTP/1.1" 503 856 "-" "Mozilla/5.0 (compatible; SemrushBot/7~bl; +http://www.semrush.com/bot.html)"
85.208.96.204 - - [26/Apr/2025:16:15:40 -0400] "GET /events/2030-06-07/ HTTP/1.1" 503 856 "-" "Mozilla/5.0 (compatible; SemrushBot/7~bl; +http://www.semrush.com/bot.html)"
66.249.73.130 - - [26/Apr/2025:16:16:22 -0400] "GET /pcmypage?callback=/product%2Fdetail%2F39931916 HTTP/1.1" 503 856 "-" "Mozilla/5.0 (Linux; Android 6.0.1; Nexus 5X Build/MMB29P) AppleWebKit/537.36 (KHTML, like Gecko) Chrome/135.0.7049.114 Mobile Safari/537.36 (compatible; Googlebot/2.1; +http://www.google.com/bot.html)"
66.249.73.129 - - [26/Apr/2025:16:16:30 -0400] "GET /index.php/zhHant/product/surugaya/59570478/pcsp.html/shopdetail/119195590/product_archives/shopdetail/38695490/shopdetail/108093190/man/customer_guide/toiawase/pcmypage/shopdetail/130676490/shopdetail/62895190/text/terms/shopdetail/68758790/cargo/detail/shopdetail/144649990/man/customer_guide/shopdetail/143724390/product/edit/29246950 HTTP/1.1" 503 856 "-" "Mozilla/5.0 (Linux; Android 6.0.1; Nexus 5X Build/MMB29P) AppleWebKit/537.36 (KHTML, like Gecko) Chrome/135.0.7049.95 Mobile Safari/537.36 (compatible; GoogleOther)"
66.249.73.129 - - [26/Apr/2025:16:16:32 -0400] "GET /index.php/zhHant/product/surugaya/71786428/shopdetail/41737290/shopdetail/89296290/books.html/shopdetail/69979990/shopdetail/61881690/safe_search/config/shopdetail/142777390/shopdetail/152891790/cargo/detail/shopdetail/133451890/shopdetail/130535490/recruit/shopdetail/88046090/text/terms/shopdetail/154620290 HTTP/1.1" 503 856 "-" "Mozilla/5.0 (Linux; Android 6.0.1; Nexus 5X Build/MMB29P) AppleWebKit/537.36 (KHTML, like Gecko) Chrome/135.0.7049.95 Mobile Safari/537.36 (compatible; GoogleOther)"
185.191.171.14 - - [26/Apr/2025:16:16:41 -0400] "GET /events/2023-12-11/ HTTP/1.1" 503 856 "-" "Mozilla/5.0 (compatible; SemrushBot/7~bl; +http://www.semrush.com/bot.html)"
66.249.73.131 - - [26/Apr/2025:16:19:01 -0400] "GET /shopdetail/75321590 HTTP/1.1" 503 856 "-" "Mozilla/5.0 (Linux; Android 6.0.1; Nexus 5X Build/MMB29P) AppleWebKit/537.36 (KHTML, like Gecko) Chrome/135.0.7049.114 Mobile Safari/537.36 (compatible; Googlebot/2.1; +http://www.google.com/bot.html)"
185.191.171.17 - - [26/Apr/2025:16:19:47 -0400] "GET /events/2028-01-06/ HTTP/1.1" 503 856 "-" "Mozilla/5.0 (compatible; SemrushBot/7~bl; +http://www.semrush.com/bot.html)"
185.191.171.5 - - [26/Apr/2025:16:19:53 -0400] "GET /events/2024-07-24/ HTTP/1.1" 503 856 "-" "Mozilla/5.0 (compatible; SemrushBot/7~bl; +http://www.semrush.com/bot.html)"
66.249.73.132 - - [26/Apr/2025:16:20:00 -0400] "GET /shopdetail/46833490 HTTP/1.1" 503 856 "-" "Mozilla/5.0 (Linux; Android 6.0.1; Nexus 5X Build/MMB29P) AppleWebKit/537.36 (KHTML, like Gecko) Chrome/135.0.7049.114 Mobile Safari/537.36 (compatible; Googlebot/2.1; +http://www.google.com/bot.html)"
66.249.73.130 - - [26/Apr/2025:16:20:33 -0400] "GET /index.php/zhHant/product/surugaya/21137501/shopdetail/16756690/shopdetail/4933490/man/kaitori/kantan.html/shopdetail/121754390/shopdetail/147317190 HTTP/1.1" 503 856 "-" "Mozilla/5.0 (Linux; Android 6.0.1; Nexus 5X Build/MMB29P) AppleWebKit/537.36 (KHTML, like Gecko) Chrome/135.0.7049.95 Mobile Safari/537.36 (compatible; GoogleOther)"
66.249.73.130 - - [26/Apr/2025:16:21:30 -0400] "GET /shopdetail/156857190 HTTP/1.1" 503 856 "-" "Mozilla/5.0 (Linux; Android 6.0.1; Nexus 5X Build/MMB29P) AppleWebKit/537.36 (KHTML, like Gecko) Chrome/135.0.7049.114 Mobile Safari/537.36 (compatible; Googlebot/2.1; +http://www.google.com/bot.html)"
66.249.73.130 - - [26/Apr/2025:16:21:31 -0400] "GET /shopdetail/82467790 HTTP/1.1" 503 856 "-" "Mozilla/5.0 (Linux; Android 6.0.1; Nexus 5X Build/MMB29P) AppleWebKit/537.36 (KHTML, like Gecko) Chrome/135.0.7049.114 Mobile Safari/537.36 (compatible; Googlebot/2.1; +http://www.google.com/bot.html)"
66.249.73.131 - - [26/Apr/2025:16:21:32 -0400] "GET /shopdetail/7484890 HTTP/1.1" 503 856 "-" "Mozilla/5.0 (Linux; Android 6.0.1; Nexus 5X Build/MMB29P) AppleWebKit/537.36 (KHTML, like Gecko) Chrome/135.0.7049.114 Mobile Safari/537.36 (compatible; Googlebot/2.1; +http://www.google.com/bot.html)"
66.249.73.132 - - [26/Apr/2025:16:21:33 -0400] "GET /shopdetail/88709590 HTTP/1.1" 503 856 "-" "Mozilla/5.0 (Linux; Android 6.0.1; Nexus 5X Build/MMB29P) AppleWebKit/537.36 (KHTML, like Gecko) Chrome/135.0.7049.114 Mobile Safari/537.36 (compatible; Googlebot/2.1; +http://www.google.com/bot.html)"
66.249.73.131 - - [26/Apr/2025:16:21:34 -0400] "GET /shopdetail/119058790 HTTP/1.1" 503 856 "-" "Mozilla/5.0 (Linux; Android 6.0.1; Nexus 5X Build/MMB29P) AppleWebKit/537.36 (KHTML, like Gecko) Chrome/135.0.7049.114 Mobile Safari/537.36 (compatible; Googlebot/2.1; +http://www.google.com/bot.html)"
66.249.73.130 - - [26/Apr/2025:16:21:35 -0400] "GET /shopdetail/66907390 HTTP/1.1" 503 856 "-" "Mozilla/5.0 (Linux; Android 6.0.1; Nexus 5X Build/MMB29P) AppleWebKit/537.36 (KHTML, like Gecko) Chrome/135.0.7049.114 Mobile Safari/537.36 (compatible; Googlebot/2.1; +http://www.google.com/bot.html)"
66.249.73.130 - - [26/Apr/2025:16:21:35 -0400] "GET /shopdetail/4946390 HTTP/1.1" 503 856 "-" "Mozilla/5.0 (Linux; Android 6.0.1; Nexus 5X Build/MMB29P) AppleWebKit/537.36 (KHTML, like Gecko) Chrome/135.0.7049.114 Mobile Safari/537.36 (compatible; Googlebot/2.1; +http://www.google.com/bot.html)"
66.249.73.131 - - [26/Apr/2025:16:21:36 -0400] "GET /shopdetail/146589990 HTTP/1.1" 503 856 "-" "Mozilla/5.0 (Linux; Android 6.0.1; Nexus 5X Build/MMB29P) AppleWebKit/537.36 (KHTML, like Gecko) Chrome/135.0.7049.114 Mobile Safari/537.36 (compatible; Googlebot/2.1; +http://www.google.com/bot.html)"
66.249.73.130 - - [26/Apr/2025:16:21:37 -0400] "GET /shopdetail/72706990 HTTP/1.1" 503 856 "-" "Mozilla/5.0 (Linux; Android 6.0.1; Nexus 5X Build/MMB29P) AppleWebKit/537.36 (KHTML, like Gecko) Chrome/135.0.7049.114 Mobile Safari/537.36 (compatible; Googlebot/2.1; +http://www.google.com/bot.html)"
66.249.73.130 - - [26/Apr/2025:16:21:38 -0400] "GET /shopdetail/29377990 HTTP/1.1" 503 856 "-" "Mozilla/5.0 (Linux; Android 6.0.1; Nexus 5X Build/MMB29P) AppleWebKit/537.36 (KHTML, like Gecko) Chrome/135.0.7049.114 Mobile Safari/537.36 (compatible; Googlebot/2.1; +http://www.google.com/bot.html)"
66.249.73.130 - - [26/Apr/2025:16:21:58 -0400] "GET /shopdetail/86212690 HTTP/1.1" 503 856 "-" "Mozilla/5.0 (Linux; Android 6.0.1; Nexus 5X Build/MMB29P) AppleWebKit/537.36 (KHTML, like Gecko) Chrome/135.0.7049.114 Mobile Safari/537.36 (compatible; Googlebot/2.1; +http://www.google.com/bot.html)"
66.249.73.130 - - [26/Apr/2025:16:22:06 -0400] "GET /shopdetail/123527790 HTTP/1.1" 503 856 "-" "Mozilla/5.0 (Linux; Android 6.0.1; Nexus 5X Build/MMB29P) AppleWebKit/537.36 (KHTML, like Gecko) Chrome/135.0.7049.114 Mobile Safari/537.36 (compatible; Googlebot/2.1; +http://www.google.com/bot.html)"
66.249.73.131 - - [26/Apr/2025:16:22:47 -0400] "GET /shopdetail/106064490 HTTP/1.1" 503 856 "-" "Mozilla/5.0 (Linux; Android 6.0.1; Nexus 5X Build/MMB29P) AppleWebKit/537.36 (KHTML, like Gecko) Chrome/135.0.7049.114 Mobile Safari/537.36 (compatible; Googlebot/2.1; +http://www.google.com/bot.html)"
66.249.73.131 - - [26/Apr/2025:16:23:17 -0400] "GET /shopdetail/157625390 HTTP/1.1" 503 856 "-" "Mozilla/5.0 (Linux; Android 6.0.1; Nexus 5X Build/MMB29P) AppleWebKit/537.36 (KHTML, like Gecko) Chrome/135.0.7049.114 Mobile Safari/537.36 (compatible; Googlebot/2.1; +http://www.google.com/bot.html)"
185.191.171.9 - - [26/Apr/2025:16:23:30 -0400] "GET /events/month/2032-05/ HTTP/1.1" 503 856 "-" "Mozilla/5.0 (compatible; SemrushBot/7~bl; +http://www.semrush.com/bot.html)"
66.249.73.130 - - [26/Apr/2025:16:23:33 -0400] "GET /index.php/zhHant/product/surugaya/71786428/shopdetail/41737290/shopdetail/89296290/books.html/shopdetail/69979990/shopdetail/61881690/safe_search/config/shopdetail/142777390/shopdetail/152891790/cargo/detail/shopdetail/133451890/shopdetail/96931290/product_archives/shopdetail/51796490/text/terms HTTP/1.1" 503 856 "-" "Mozilla/5.0 (Linux; Android 6.0.1; Nexus 5X Build/MMB29P) AppleWebKit/537.36 (KHTML, like Gecko) Chrome/135.0.7049.95 Mobile Safari/537.36 (compatible; GoogleOther)"
66.249.73.132 - - [26/Apr/2025:16:24:15 -0400] "GET /shopdetail/6580190 HTTP/1.1" 503 856 "-" "Mozilla/5.0 (Linux; Android 6.0.1; Nexus 5X Build/MMB29P) AppleWebKit/537.36 (KHTML, like Gecko) Chrome/135.0.7049.114 Mobile Safari/537.36 (compatible; Googlebot/2.1; +http://www.google.com/bot.html)"
66.249.73.131 - - [26/Apr/2025:16:24:24 -0400] "GET /shopdetail/83142990 HTTP/1.1" 503 856 "-" "Mozilla/5.0 (Linux; Android 6.0.1; Nexus 5X Build/MMB29P) AppleWebKit/537.36 (KHTML, like Gecko) Chrome/135.0.7049.114 Mobile Safari/537.36 (compatible; Googlebot/2.1; +http://www.google.com/bot.html)"
66.249.73.131 - - [26/Apr/2025:16:24:25 -0400] "GET /shopdetail/31515790 HTTP/1.1" 503 856 "-" "Mozilla/5.0 (Linux; Android 6.0.1; Nexus 5X Build/MMB29P) AppleWebKit/537.36 (KHTML, like Gecko) Chrome/135.0.7049.114 Mobile Safari/537.36 (compatible; Googlebot/2.1; +http://www.google.com/bot.html)"
185.191.171.14 - - [26/Apr/2025:16:24:38 -0400] "GET /events/2026-01-01/ HTTP/1.1" 503 856 "-" "Mozilla/5.0 (compatible; SemrushBot/7~bl; +http://www.semrush.com/bot.html)"
66.249.73.130 - - [26/Apr/2025:16:25:00 -0400] "GET /shopdetail/124770590 HTTP/1.1" 503 856 "-" "Mozilla/5.0 (Linux; Android 6.0.1; Nexus 5X Build/MMB29P) AppleWebKit/537.36 (KHTML, like Gecko) Chrome/135.0.7049.114 Mobile Safari/537.36 (compatible; Googlebot/2.1; +http://www.google.com/bot.html)"
66.249.73.131 - - [26/Apr/2025:16:25:27 -0400] "GET /shopdetail/123989490 HTTP/1.1" 503 856 "-" "Mozilla/5.0 (Linux; Android 6.0.1; Nexus 5X Build/MMB29P) AppleWebKit/537.36 (KHTML, like Gecko) Chrome/135.0.7049.114 Mobile Safari/537.36 (compatible; Googlebot/2.1; +http://www.google.com/bot.html)"
66.249.73.131 - - [26/Apr/2025:16:25:30 -0400] "GET /safe_search/config?return_url=%2Fproduct%2Fdetail%2F58266922 HTTP/1.1" 503 856 "-" "Mozilla/5.0 (Linux; Android 6.0.1; Nexus 5X Build/MMB29P) AppleWebKit/537.36 (KHTML, like Gecko) Chrome/135.0.7049.114 Mobile Safari/537.36 (compatible; Googlebot/2.1; +http://www.google.com/bot.html)"
