D7net
Home
Console
Upload
information
Create File
Create Folder
About
Tools
:
/
home
/
probwael
/
access-logs
/
Filename :
it.techafri.com-ssl_log
back
Copy
66.249.73.131 - - [26/Apr/2025:08:08:49 -0400] "GET /pcmypage?callback=product/review/77345913 HTTP/1.1" 200 20479 "-" "Mozilla/5.0 (Linux; Android 6.0.1; Nexus 5X Build/MMB29P) AppleWebKit/537.36 (KHTML, like Gecko) Chrome/135.0.7049.114 Mobile Safari/537.36 (compatible; Googlebot/2.1; +http://www.google.com/bot.html)"
124.156.225.181 - - [26/Apr/2025:08:09:11 -0400] "GET / HTTP/1.1" 200 0 "http://it.techafri.com" "Mozilla/5.0 (iPhone; CPU iPhone OS 13_2_3 like Mac OS X) AppleWebKit/605.1.15 (KHTML, like Gecko) Version/13.0.3 Mobile/15E148 Safari/604.1"
66.249.73.131 - - [26/Apr/2025:08:10:06 -0400] "GET /shopdetail/94335690 HTTP/1.1" 200 19141 "-" "Mozilla/5.0 (Linux; Android 6.0.1; Nexus 5X Build/MMB29P) AppleWebKit/537.36 (KHTML, like Gecko) Chrome/135.0.7049.114 Mobile Safari/537.36 (compatible; Googlebot/2.1; +http://www.google.com/bot.html)"
185.191.171.6 - - [26/Apr/2025:08:10:34 -0400] "GET /robots.txt HTTP/1.1" 304 0 "-" "Mozilla/5.0 (compatible; SemrushBot/7~bl; +http://www.semrush.com/bot.html)"
185.191.171.5 - - [26/Apr/2025:08:10:35 -0400] "GET /events/month/2028-05/ HTTP/1.1" 200 0 "-" "Mozilla/5.0 (compatible; SemrushBot/7~bl; +http://www.semrush.com/bot.html)"
66.249.73.130 - - [26/Apr/2025:08:11:32 -0400] "GET /shopdetail/45234490 HTTP/1.1" 200 19762 "-" "Mozilla/5.0 (Linux; Android 6.0.1; Nexus 5X Build/MMB29P) AppleWebKit/537.36 (KHTML, like Gecko) Chrome/135.0.7049.114 Mobile Safari/537.36 (compatible; Googlebot/2.1; +http://www.google.com/bot.html)"
66.249.73.129 - - [26/Apr/2025:08:11:49 -0400] "GET /shopdetail/29142390 HTTP/1.1" 200 20784 "-" "Mozilla/5.0 (Linux; Android 6.0.1; Nexus 5X Build/MMB29P) AppleWebKit/537.36 (KHTML, like Gecko) Chrome/135.0.7049.114 Mobile Safari/537.36 (compatible; Googlebot/2.1; +http://www.google.com/bot.html)"
66.249.73.130 - - [26/Apr/2025:08:12:15 -0400] "GET /shopdetail/97418590 HTTP/1.1" 200 19248 "-" "Mozilla/5.0 (Linux; Android 6.0.1; Nexus 5X Build/MMB29P) AppleWebKit/537.36 (KHTML, like Gecko) Chrome/135.0.7049.114 Mobile Safari/537.36 (compatible; Googlebot/2.1; +http://www.google.com/bot.html)"
66.249.73.129 - - [26/Apr/2025:08:12:28 -0400] "GET /index.php/zhHant/product/surugaya/59570478/pcsp.html/shopdetail/119195590/product_archives/shopdetail/38695490/shopdetail/108093190/man/customer_guide/toiawase/pcmypage/shopdetail/130676490/shopdetail/62895190/text/terms/shopdetail/68758790/cargo/detail/shopdetail/144649990/shopdetail/117079190 HTTP/1.1" 200 20406 "-" "Mozilla/5.0 (Linux; Android 6.0.1; Nexus 5X Build/MMB29P) AppleWebKit/537.36 (KHTML, like Gecko) Chrome/135.0.7049.95 Mobile Safari/537.36 (compatible; GoogleOther)"
66.249.73.129 - - [26/Apr/2025:08:12:36 -0400] "POST /get-message-notify HTTP/1.1" 200 19731 "https://it.techafri.com/index.php/zhHant/product/surugaya/59570478/pcsp.html/shopdetail/119195590/product_archives/shopdetail/38695490/shopdetail/108093190/man/customer_guide/toiawase/pcmypage/shopdetail/130676490/shopdetail/62895190/text/terms/shopdetail/68758790/cargo/detail/shopdetail/144649990/shopdetail/117079190" "Mozilla/5.0 (Linux; Android 6.0.1; Nexus 5X Build/MMB29P) AppleWebKit/537.36 (KHTML, like Gecko) Chrome/134.0.6998.165 Mobile Safari/537.36 (compatible; Googlebot/2.1; +http://www.google.com/bot.html)"
85.208.96.203 - - [26/Apr/2025:08:13:56 -0400] "GET /events/2031-12-23/ HTTP/1.1" 200 0 "-" "Mozilla/5.0 (compatible; SemrushBot/7~bl; +http://www.semrush.com/bot.html)"
66.249.73.129 - - [26/Apr/2025:08:14:00 -0400] "GET /pcmypage?callback=product%2Fdetail%2F56173789 HTTP/1.1" 200 19464 "-" "Mozilla/5.0 (Linux; Android 6.0.1; Nexus 5X Build/MMB29P) AppleWebKit/537.36 (KHTML, like Gecko) Chrome/135.0.7049.114 Mobile Safari/537.36 (compatible; Googlebot/2.1; +http://www.google.com/bot.html)"
66.249.73.129 - - [26/Apr/2025:08:14:29 -0400] "GET /index.php/zhHant/product/surugaya/21137501/shopdetail/16756690/shopdetail/4933490/recruit/pcmypage/toreka/figure_menu.html/shopdetail/7737390/shopdetail/126726490/boyslove.html HTTP/1.1" 200 18768 "-" "Mozilla/5.0 (Linux; Android 6.0.1; Nexus 5X Build/MMB29P) AppleWebKit/537.36 (KHTML, like Gecko) Chrome/135.0.7049.95 Mobile Safari/537.36 (compatible; GoogleOther)"
66.249.73.129 - - [26/Apr/2025:08:14:32 -0400] "POST /get-message-notify HTTP/1.1" 200 19731 "https://it.techafri.com/index.php/zhHant/product/surugaya/21137501/shopdetail/16756690/shopdetail/4933490/recruit/pcmypage/toreka/figure_menu.html/shopdetail/7737390/shopdetail/126726490/boyslove.html" "Mozilla/5.0 (Linux; Android 6.0.1; Nexus 5X Build/MMB29P) AppleWebKit/537.36 (KHTML, like Gecko) Chrome/134.0.6998.165 Mobile Safari/537.36 (compatible; Googlebot/2.1; +http://www.google.com/bot.html)"
66.249.73.129 - - [26/Apr/2025:08:14:57 -0400] "GET /shopdetail/49358690 HTTP/1.1" 200 19228 "-" "Mozilla/5.0 (Linux; Android 6.0.1; Nexus 5X Build/MMB29P) AppleWebKit/537.36 (KHTML, like Gecko) Chrome/135.0.7049.114 Mobile Safari/537.36 (compatible; Googlebot/2.1; +http://www.google.com/bot.html)"
66.249.73.131 - - [26/Apr/2025:08:16:30 -0400] "GET /index.php/zhHant/product/surugaya/21137501/shopdetail/16756690/shopdetail/4933490/kaden.html/shopdetail/21735490 HTTP/1.1" 200 19852 "-" "Mozilla/5.0 (Linux; Android 6.0.1; Nexus 5X Build/MMB29P) AppleWebKit/537.36 (KHTML, like Gecko) Chrome/135.0.7049.95 Mobile Safari/537.36 (compatible; GoogleOther)"
66.249.73.130 - - [26/Apr/2025:08:16:34 -0400] "POST /get-message-notify HTTP/1.1" 200 19731 "https://it.techafri.com/index.php/zhHant/product/surugaya/21137501/shopdetail/16756690/shopdetail/4933490/kaden.html/shopdetail/21735490" "Mozilla/5.0 (Linux; Android 6.0.1; Nexus 5X Build/MMB29P) AppleWebKit/537.36 (KHTML, like Gecko) Chrome/134.0.6998.165 Mobile Safari/537.36 (compatible; Googlebot/2.1; +http://www.google.com/bot.html)"
66.249.73.130 - - [26/Apr/2025:08:16:35 -0400] "GET /index.php/zhHant/product/surugaya/21137501/shopdetail/16756690/shopdetail/4933490/recruit/cargo/detail/shopdetail/55213690/shopdetail/115624290 HTTP/1.1" 200 19564 "-" "Mozilla/5.0 (Linux; Android 6.0.1; Nexus 5X Build/MMB29P) AppleWebKit/537.36 (KHTML, like Gecko) Chrome/135.0.7049.95 Mobile Safari/537.36 (compatible; GoogleOther)"
66.249.73.130 - - [26/Apr/2025:08:16:39 -0400] "POST /get-message-notify HTTP/1.1" 200 19731 "https://it.techafri.com/index.php/zhHant/product/surugaya/21137501/shopdetail/16756690/shopdetail/4933490/recruit/cargo/detail/shopdetail/55213690/shopdetail/115624290" "Mozilla/5.0 (Linux; Android 6.0.1; Nexus 5X Build/MMB29P) AppleWebKit/537.36 (KHTML, like Gecko) Chrome/134.0.6998.165 Mobile Safari/537.36 (compatible; Googlebot/2.1; +http://www.google.com/bot.html)"
66.249.73.132 - - [26/Apr/2025:08:18:36 -0400] "GET /index.php/zhHant/product/surugaya/71786428/shopdetail/41737290/shopdetail/89296290/books.html/shopdetail/69979990/shopdetail/61881690/safe_search/config/shopdetail/142777390/shopdetail/152891790/cargo/detail/product_archives/shopdetail/111177690/shopdetail/107826490/events//shopdetail/76955090 HTTP/1.1" 200 19523 "-" "Mozilla/5.0 (Linux; Android 6.0.1; Nexus 5X Build/MMB29P) AppleWebKit/537.36 (KHTML, like Gecko) Chrome/135.0.7049.95 Mobile Safari/537.36 (compatible; GoogleOther)"
66.249.73.130 - - [26/Apr/2025:08:18:38 -0400] "POST /get-message-notify HTTP/1.1" 200 19731 "https://it.techafri.com/index.php/zhHant/product/surugaya/71786428/shopdetail/41737290/shopdetail/89296290/books.html/shopdetail/69979990/shopdetail/61881690/safe_search/config/shopdetail/142777390/shopdetail/152891790/cargo/detail/product_archives/shopdetail/111177690/shopdetail/107826490/events//shopdetail/76955090" "Mozilla/5.0 (Linux; Android 6.0.1; Nexus 5X Build/MMB29P) AppleWebKit/537.36 (KHTML, like Gecko) Chrome/134.0.6998.165 Mobile Safari/537.36 (compatible; Googlebot/2.1; +http://www.google.com/bot.html)"
66.249.73.131 - - [26/Apr/2025:08:25:00 -0400] "GET /shopdetail/141037690 HTTP/1.1" 200 19103 "-" "Mozilla/5.0 (Linux; Android 6.0.1; Nexus 5X Build/MMB29P) AppleWebKit/537.36 (KHTML, like Gecko) Chrome/135.0.7049.114 Mobile Safari/537.36 (compatible; Googlebot/2.1; +http://www.google.com/bot.html)"
66.249.73.130 - - [26/Apr/2025:08:25:47 -0400] "GET /index.php/zhHant/product/surugaya/42199434/product_archives/shopdetail/14510290/kaden.html/safe_search/config/shopdetail/103149090/pcmypage/shopdetail/162704990/shopdetail/73248890/cargo/detail/toiawase/pcmypage/shopdetail/147790690/shopdetail/89568690/zhHant/product/surugaya/74806380/shopdetail/97720190/events//shopdetail/35586090 HTTP/1.1" 200 20513 "-" "Mozilla/5.0 (Linux; Android 6.0.1; Nexus 5X Build/MMB29P) AppleWebKit/537.36 (KHTML, like Gecko) Chrome/135.0.7049.95 Mobile Safari/537.36 (compatible; GoogleOther)"
66.249.73.131 - - [26/Apr/2025:08:25:50 -0400] "POST /get-message-notify HTTP/1.1" 200 19731 "https://it.techafri.com/index.php/zhHant/product/surugaya/42199434/product_archives/shopdetail/14510290/kaden.html/safe_search/config/shopdetail/103149090/pcmypage/shopdetail/162704990/shopdetail/73248890/cargo/detail/toiawase/pcmypage/shopdetail/147790690/shopdetail/89568690/zhHant/product/surugaya/74806380/shopdetail/97720190/events//shopdetail/35586090" "Mozilla/5.0 (Linux; Android 6.0.1; Nexus 5X Build/MMB29P) AppleWebKit/537.36 (KHTML, like Gecko) Chrome/134.0.6998.165 Mobile Safari/537.36 (compatible; Googlebot/2.1; +http://www.google.com/bot.html)"
66.249.73.130 - - [26/Apr/2025:08:25:52 -0400] "GET /index.php/zhHant/product/surugaya/71786428/shopdetail/41737290/shopdetail/89296290/books.html/shopdetail/69979990/shopdetail/61881690/safe_search/config/shopdetail/142777390/shopdetail/152891790/cargo/detail/product_archives/shopdetail/24546290/shopdetail/101929390/pcmypage?callback=/product%2Fdetail%2F91911611 HTTP/1.1" 200 19739 "-" "Mozilla/5.0 (Linux; Android 6.0.1; Nexus 5X Build/MMB29P) AppleWebKit/537.36 (KHTML, like Gecko) Chrome/135.0.7049.95 Mobile Safari/537.36 (compatible; GoogleOther)"
66.249.73.130 - - [26/Apr/2025:08:25:55 -0400] "POST /get-message-notify HTTP/1.1" 200 19731 "https://it.techafri.com/index.php/zhHant/product/surugaya/71786428/shopdetail/41737290/shopdetail/89296290/books.html/shopdetail/69979990/shopdetail/61881690/safe_search/config/shopdetail/142777390/shopdetail/152891790/cargo/detail/product_archives/shopdetail/24546290/shopdetail/101929390/pcmypage?callback=/product%2Fdetail%2F91911611" "Mozilla/5.0 (Linux; Android 6.0.1; Nexus 5X Build/MMB29P) AppleWebKit/537.36 (KHTML, like Gecko) Chrome/134.0.6998.165 Mobile Safari/537.36 (compatible; Googlebot/2.1; +http://www.google.com/bot.html)"
66.249.73.130 - - [26/Apr/2025:08:25:58 -0400] "GET /index.php/zhHant/product/surugaya/21137501/shopdetail/16756690/shopdetail/4933490/oreka/plamodel_menu.html/feature/akihabara_main/index.html HTTP/1.1" 200 20294 "-" "Mozilla/5.0 (Linux; Android 6.0.1; Nexus 5X Build/MMB29P) AppleWebKit/537.36 (KHTML, like Gecko) Chrome/135.0.7049.95 Mobile Safari/537.36 (compatible; GoogleOther)"
66.249.73.132 - - [26/Apr/2025:08:26:02 -0400] "POST /get-message-notify HTTP/1.1" 200 19731 "https://it.techafri.com/index.php/zhHant/product/surugaya/21137501/shopdetail/16756690/shopdetail/4933490/oreka/plamodel_menu.html/feature/akihabara_main/index.html" "Mozilla/5.0 (Linux; Android 6.0.1; Nexus 5X Build/MMB29P) AppleWebKit/537.36 (KHTML, like Gecko) Chrome/134.0.6998.165 Mobile Safari/537.36 (compatible; Googlebot/2.1; +http://www.google.com/bot.html)"
66.249.73.132 - - [26/Apr/2025:08:26:04 -0400] "GET /index.php/zhHant/product/surugaya/21137501/shopdetail/16756690/shopdetail/4933490/oreka/plamodel_menu.html/shopdetail/137062090/shopdetail/160481690/recruit/shopdetail/100685290 HTTP/1.1" 200 19308 "-" "Mozilla/5.0 (Linux; Android 6.0.1; Nexus 5X Build/MMB29P) AppleWebKit/537.36 (KHTML, like Gecko) Chrome/135.0.7049.95 Mobile Safari/537.36 (compatible; GoogleOther)"
66.249.73.131 - - [26/Apr/2025:08:18:40 -0400] "GET /index.php/zhHant/product/surugaya/21137501/shopdetail/16756690/shopdetail/4933490/toreka/toreka_single.html/shopdetail/608090 HTTP/1.1" 200 19526 "-" "Mozilla/5.0 (Linux; Android 6.0.1; Nexus 5X Build/MMB29P) AppleWebKit/537.36 (KHTML, like Gecko) Chrome/135.0.7049.95 Mobile Safari/537.36 (compatible; GoogleOther)"
66.249.73.130 - - [26/Apr/2025:08:18:47 -0400] "POST /get-message-notify HTTP/1.1" 200 19731 "https://it.techafri.com/index.php/zhHant/product/surugaya/21137501/shopdetail/16756690/shopdetail/4933490/toreka/toreka_single.html/shopdetail/608090" "Mozilla/5.0 (Linux; Android 6.0.1; Nexus 5X Build/MMB29P) AppleWebKit/537.36 (KHTML, like Gecko) Chrome/134.0.6998.165 Mobile Safari/537.36 (compatible; Googlebot/2.1; +http://www.google.com/bot.html)"
85.208.96.198 - - [26/Apr/2025:08:19:14 -0400] "GET /events/2025-03-01/ HTTP/1.1" 200 0 "-" "Mozilla/5.0 (compatible; SemrushBot/7~bl; +http://www.semrush.com/bot.html)"
66.249.73.131 - - [26/Apr/2025:08:19:48 -0400] "GET /shopdetail/111195490 HTTP/1.1" 200 19996 "-" "Mozilla/5.0 (Linux; Android 6.0.1; Nexus 5X Build/MMB29P) AppleWebKit/537.36 (KHTML, like Gecko) Chrome/135.0.7049.114 Mobile Safari/537.36 (compatible; Googlebot/2.1; +http://www.google.com/bot.html)"
66.249.73.130 - - [26/Apr/2025:08:20:44 -0400] "GET /index.php/zhHant/product/surugaya/59570478/shopdetail/116539490/shopdetail/27788790/pcmypage/shopdetail/149599690/shopdetail/162667690/boyslove.html/shopdetail/116085690/recruit/shopdetail/27125790/shopdetail/12060990/safe_search/config/shopdetail/132502090/pcmypage/shopdetail/63529190/shopdetail/104693590/boyslove.html HTTP/1.1" 200 19659 "-" "Mozilla/5.0 (Linux; Android 6.0.1; Nexus 5X Build/MMB29P) AppleWebKit/537.36 (KHTML, like Gecko) Chrome/135.0.7049.95 Mobile Safari/537.36 (compatible; GoogleOther)"
185.191.171.7 - - [26/Apr/2025:08:21:25 -0400] "GET /events/2029-05-14/ HTTP/1.1" 200 0 "-" "Mozilla/5.0 (compatible; SemrushBot/7~bl; +http://www.semrush.com/bot.html)"
185.191.171.13 - - [26/Apr/2025:08:22:23 -0400] "GET /events/2024-07-17/ HTTP/1.1" 200 0 "-" "Mozilla/5.0 (compatible; SemrushBot/7~bl; +http://www.semrush.com/bot.html)"
66.249.73.130 - - [26/Apr/2025:08:22:45 -0400] "GET /index.php/zhHant/product/surugaya/59570478/pcsp.html/shopdetail/119195590/product_archives/shopdetail/38695490/shopdetail/108093190/man/customer_guide/toiawase/pcmypage/shopdetail/130676490/shopdetail/62895190/text/terms/shopdetail/68758790/cargo/detail/shopdetail/151620890/shopdetail/7207890 HTTP/1.1" 200 19515 "-" "Mozilla/5.0 (Linux; Android 6.0.1; Nexus 5X Build/MMB29P) AppleWebKit/537.36 (KHTML, like Gecko) Chrome/135.0.7049.95 Mobile Safari/537.36 (compatible; GoogleOther)"
66.249.73.131 - - [26/Apr/2025:08:22:54 -0400] "POST /get-message-notify HTTP/1.1" 200 19731 "https://it.techafri.com/index.php/zhHant/product/surugaya/59570478/pcsp.html/shopdetail/119195590/product_archives/shopdetail/38695490/shopdetail/108093190/man/customer_guide/toiawase/pcmypage/shopdetail/130676490/shopdetail/62895190/text/terms/shopdetail/68758790/cargo/detail/shopdetail/151620890/shopdetail/7207890" "Mozilla/5.0 (Linux; Android 6.0.1; Nexus 5X Build/MMB29P) AppleWebKit/537.36 (KHTML, like Gecko) Chrome/134.0.6998.165 Mobile Safari/537.36 (compatible; Googlebot/2.1; +http://www.google.com/bot.html)"
66.249.73.131 - - [26/Apr/2025:08:23:46 -0400] "GET /shopdetail/52518890 HTTP/1.1" 200 18912 "-" "Mozilla/5.0 (Linux; Android 6.0.1; Nexus 5X Build/MMB29P) AppleWebKit/537.36 (KHTML, like Gecko) Chrome/135.0.7049.95 Mobile Safari/537.36 (compatible; GoogleOther)"
66.249.73.130 - - [26/Apr/2025:08:23:49 -0400] "POST /get-message-notify HTTP/1.1" 200 19731 "https://it.techafri.com/shopdetail/52518890" "Mozilla/5.0 (Linux; Android 6.0.1; Nexus 5X Build/MMB29P) AppleWebKit/537.36 (KHTML, like Gecko) Chrome/134.0.6998.165 Mobile Safari/537.36 (compatible; Googlebot/2.1; +http://www.google.com/bot.html)"
66.249.73.131 - - [26/Apr/2025:08:26:08 -0400] "POST /get-message-notify HTTP/1.1" 200 19731 "https://it.techafri.com/index.php/zhHant/product/surugaya/21137501/shopdetail/16756690/shopdetail/4933490/oreka/plamodel_menu.html/shopdetail/137062090/shopdetail/160481690/recruit/shopdetail/100685290" "Mozilla/5.0 (Linux; Android 6.0.1; Nexus 5X Build/MMB29P) AppleWebKit/537.36 (KHTML, like Gecko) Chrome/134.0.6998.165 Mobile Safari/537.36 (compatible; Googlebot/2.1; +http://www.google.com/bot.html)"
66.249.73.130 - - [26/Apr/2025:08:26:09 -0400] "GET /shopdetail/147399890 HTTP/1.1" 200 19124 "-" "Mozilla/5.0 (Linux; Android 6.0.1; Nexus 5X Build/MMB29P) AppleWebKit/537.36 (KHTML, like Gecko) Chrome/135.0.7049.114 Mobile Safari/537.36 (compatible; Googlebot/2.1; +http://www.google.com/bot.html)"
66.249.73.131 - - [26/Apr/2025:08:26:10 -0400] "GET /index.php/zhHant/product/surugaya/59570478/shopdetail/116539490/shopdetail/27788790/pcmypage/shopdetail/149599690/shopdetail/162667690/boyslove.html/shopdetail/116085690/recruit/shopdetail/27125790/shopdetail/12060990/safe_search/config/shopdetail/132502090/pcmypage/pcmypage/shopdetail/24905790 HTTP/1.1" 200 19803 "-" "Mozilla/5.0 (Linux; Android 6.0.1; Nexus 5X Build/MMB29P) AppleWebKit/537.36 (KHTML, like Gecko) Chrome/135.0.7049.95 Mobile Safari/537.36 (compatible; GoogleOther)"
185.191.171.10 - - [26/Apr/2025:08:27:06 -0400] "GET /events/2024-05-04/ HTTP/1.1" 200 0 "-" "Mozilla/5.0 (compatible; SemrushBot/7~bl; +http://www.semrush.com/bot.html)"
85.208.96.205 - - [26/Apr/2025:08:27:50 -0400] "GET /events/2025-05-18/ HTTP/1.1" 200 0 "-" "Mozilla/5.0 (compatible; SemrushBot/7~bl; +http://www.semrush.com/bot.html)"
66.249.73.131 - - [26/Apr/2025:08:28:03 -0400] "GET /shopdetail/16549090 HTTP/1.1" 200 19111 "-" "Mozilla/5.0 (Linux; Android 6.0.1; Nexus 5X Build/MMB29P) AppleWebKit/537.36 (KHTML, like Gecko) Chrome/135.0.7049.114 Mobile Safari/537.36 (compatible; Googlebot/2.1; +http://www.google.com/bot.html)"
66.249.73.129 - - [26/Apr/2025:08:28:49 -0400] "GET /index.php/zhHant/product/surugaya/21137501/shopdetail/16756690/shopdetail/4933490/recruit/cargo/detail/hobby.html/shopdetail/99978490/kaden.html HTTP/1.1" 200 19475 "-" "Mozilla/5.0 (Linux; Android 6.0.1; Nexus 5X Build/MMB29P) AppleWebKit/537.36 (KHTML, like Gecko) Chrome/135.0.7049.95 Mobile Safari/537.36 (compatible; GoogleOther)"
66.249.73.129 - - [26/Apr/2025:08:28:55 -0400] "POST /get-message-notify HTTP/1.1" 200 19731 "https://it.techafri.com/index.php/zhHant/product/surugaya/21137501/shopdetail/16756690/shopdetail/4933490/recruit/cargo/detail/hobby.html/shopdetail/99978490/kaden.html" "Mozilla/5.0 (Linux; Android 6.0.1; Nexus 5X Build/MMB29P) AppleWebKit/537.36 (KHTML, like Gecko) Chrome/134.0.6998.165 Mobile Safari/537.36 (compatible; Googlebot/2.1; +http://www.google.com/bot.html)"
66.249.73.130 - - [26/Apr/2025:08:29:18 -0400] "GET /shopdetail/123216790 HTTP/1.1" 200 19054 "-" "Mozilla/5.0 (Linux; Android 6.0.1; Nexus 5X Build/MMB29P) AppleWebKit/537.36 (KHTML, like Gecko) Chrome/135.0.7049.114 Mobile Safari/537.36 (compatible; Googlebot/2.1; +http://www.google.com/bot.html)"
66.249.73.130 - - [26/Apr/2025:08:31:15 -0400] "GET /shopdetail/161104490 HTTP/1.1" 200 20014 "-" "Mozilla/5.0 (Linux; Android 6.0.1; Nexus 5X Build/MMB29P) AppleWebKit/537.36 (KHTML, like Gecko) Chrome/135.0.7049.114 Mobile Safari/537.36 (compatible; Googlebot/2.1; +http://www.google.com/bot.html)"
66.249.73.131 - - [26/Apr/2025:08:32:50 -0400] "GET /index.php/zhHant/product/surugaya/21137501/shopdetail/16756690/shopdetail/4933490/oreka/plamodel_menu.html/shopdetail/127647890 HTTP/1.1" 200 19998 "-" "Mozilla/5.0 (Linux; Android 6.0.1; Nexus 5X Build/MMB29P) AppleWebKit/537.36 (KHTML, like Gecko) Chrome/135.0.7049.95 Mobile Safari/537.36 (compatible; GoogleOther)"
66.249.73.130 - - [26/Apr/2025:08:33:01 -0400] "GET /shopdetail/27291590 HTTP/1.1" 200 19627 "-" "Mozilla/5.0 (Linux; Android 6.0.1; Nexus 5X Build/MMB29P) AppleWebKit/537.36 (KHTML, like Gecko) Chrome/135.0.7049.114 Mobile Safari/537.36 (compatible; Googlebot/2.1; +http://www.google.com/bot.html)"
85.208.96.212 - - [26/Apr/2025:08:33:18 -0400] "GET /events/2030-10-28/ HTTP/1.1" 200 0 "-" "Mozilla/5.0 (compatible; SemrushBot/7~bl; +http://www.semrush.com/bot.html)"
66.249.73.130 - - [26/Apr/2025:08:33:32 -0400] "GET /shopdetail/95852790 HTTP/1.1" 200 20084 "-" "Mozilla/5.0 (Linux; Android 6.0.1; Nexus 5X Build/MMB29P) AppleWebKit/537.36 (KHTML, like Gecko) Chrome/135.0.7049.114 Mobile Safari/537.36 (compatible; Googlebot/2.1; +http://www.google.com/bot.html)"
185.191.171.5 - - [26/Apr/2025:08:33:55 -0400] "GET /events/2029-03-03/ HTTP/1.1" 200 0 "-" "Mozilla/5.0 (compatible; SemrushBot/7~bl; +http://www.semrush.com/bot.html)"
85.208.96.193 - - [26/Apr/2025:08:35:39 -0400] "GET /events/2030-11-17/ HTTP/1.1" 200 0 "-" "Mozilla/5.0 (compatible; SemrushBot/7~bl; +http://www.semrush.com/bot.html)"
85.208.96.207 - - [26/Apr/2025:08:36:45 -0400] "GET /events/2028-12-18/ HTTP/1.1" 200 0 "-" "Mozilla/5.0 (compatible; SemrushBot/7~bl; +http://www.semrush.com/bot.html)"
66.249.73.132 - - [26/Apr/2025:08:36:52 -0400] "GET /index.php/zhHant/product/surugaya/42199434/product_archives/shopdetail/14510290/kaden.html/shopdetail/75176790/shopdetail/151250990/text/terms/shopdetail/137785990/pcmypage/shopdetail/121695890/shopdetail/11567890/cargo/detail/shopdetail/91012590/pcmypage/shopdetail/154228790/shopdetail/131997090/product/edit/18236094/shopdetail/74773790/recruit/shopdetail/43751290/shopdetail/43002590 HTTP/1.1" 200 19215 "-" "Mozilla/5.0 (Linux; Android 6.0.1; Nexus 5X Build/MMB29P) AppleWebKit/537.36 (KHTML, like Gecko) Chrome/135.0.7049.95 Mobile Safari/537.36 (compatible; GoogleOther)"
66.249.73.131 - - [26/Apr/2025:08:36:55 -0400] "POST /get-message-notify HTTP/1.1" 200 19731 "https://it.techafri.com/index.php/zhHant/product/surugaya/42199434/product_archives/shopdetail/14510290/kaden.html/shopdetail/75176790/shopdetail/151250990/text/terms/shopdetail/137785990/pcmypage/shopdetail/121695890/shopdetail/11567890/cargo/detail/shopdetail/91012590/pcmypage/shopdetail/154228790/shopdetail/131997090/product/edit/18236094/shopdetail/74773790/recruit/shopdetail/43751290/shopdetail/43002590" "Mozilla/5.0 (Linux; Android 6.0.1; Nexus 5X Build/MMB29P) AppleWebKit/537.36 (KHTML, like Gecko) Chrome/134.0.6998.165 Mobile Safari/537.36 (compatible; Googlebot/2.1; +http://www.google.com/bot.html)"
185.191.171.3 - - [26/Apr/2025:08:37:23 -0400] "GET /events/2029-05-07/ HTTP/1.1" 200 0 "-" "Mozilla/5.0 (compatible; SemrushBot/7~bl; +http://www.semrush.com/bot.html)"
66.249.73.132 - - [26/Apr/2025:08:37:48 -0400] "GET /pcmypage?callback=/product%2Fdetail%2F77345913 HTTP/1.1" 200 19054 "-" "Mozilla/5.0 (Linux; Android 6.0.1; Nexus 5X Build/MMB29P) AppleWebKit/537.36 (KHTML, like Gecko) Chrome/135.0.7049.114 Mobile Safari/537.36 (compatible; Googlebot/2.1; +http://www.google.com/bot.html)"
185.191.171.3 - - [26/Apr/2025:08:38:42 -0400] "GET /events/2025-05-09/ HTTP/1.1" 200 0 "-" "Mozilla/5.0 (compatible; SemrushBot/7~bl; +http://www.semrush.com/bot.html)"
185.191.171.9 - - [26/Apr/2025:08:38:45 -0400] "GET /events/2030-01-27/ HTTP/1.1" 200 0 "-" "Mozilla/5.0 (compatible; SemrushBot/7~bl; +http://www.semrush.com/bot.html)"
185.191.171.14 - - [26/Apr/2025:08:39:12 -0400] "GET /events/2026-05-07/ HTTP/1.1" 200 0 "-" "Mozilla/5.0 (compatible; SemrushBot/7~bl; +http://www.semrush.com/bot.html)"
185.191.171.17 - - [26/Apr/2025:08:39:48 -0400] "GET /events/2026-03-15/ HTTP/1.1" 200 0 "-" "Mozilla/5.0 (compatible; SemrushBot/7~bl; +http://www.semrush.com/bot.html)"
185.191.171.15 - - [26/Apr/2025:08:43:26 -0400] "GET /events/2025-02-27/ HTTP/1.1" 200 0 "-" "Mozilla/5.0 (compatible; SemrushBot/7~bl; +http://www.semrush.com/bot.html)"
185.191.171.14 - - [26/Apr/2025:08:44:31 -0400] "GET /events/2031-08-19/ HTTP/1.1" 200 0 "-" "Mozilla/5.0 (compatible; SemrushBot/7~bl; +http://www.semrush.com/bot.html)"
66.249.73.130 - - [26/Apr/2025:08:45:00 -0400] "GET /pcmypage?callback=product%2Fdetail%2F77345913 HTTP/1.1" 200 19121 "-" "Mozilla/5.0 (Linux; Android 6.0.1; Nexus 5X Build/MMB29P) AppleWebKit/537.36 (KHTML, like Gecko) Chrome/135.0.7049.114 Mobile Safari/537.36 (compatible; Googlebot/2.1; +http://www.google.com/bot.html)"
66.249.73.131 - - [26/Apr/2025:08:46:10 -0400] "GET /shopdetail/67289990 HTTP/1.1" 200 19830 "-" "Mozilla/5.0 (Linux; Android 6.0.1; Nexus 5X Build/MMB29P) AppleWebKit/537.36 (KHTML, like Gecko) Chrome/135.0.7049.114 Mobile Safari/537.36 (compatible; Googlebot/2.1; +http://www.google.com/bot.html)"
66.249.73.130 - - [26/Apr/2025:08:46:15 -0400] "GET /shopdetail/21783390 HTTP/1.1" 200 19531 "-" "Mozilla/5.0 (Linux; Android 6.0.1; Nexus 5X Build/MMB29P) AppleWebKit/537.36 (KHTML, like Gecko) Chrome/135.0.7049.114 Mobile Safari/537.36 (compatible; Googlebot/2.1; +http://www.google.com/bot.html)"
66.249.73.131 - - [26/Apr/2025:08:48:06 -0400] "GET /shopdetail/74989290 HTTP/1.1" 200 20085 "-" "Mozilla/5.0 (Linux; Android 6.0.1; Nexus 5X Build/MMB29P) AppleWebKit/537.36 (KHTML, like Gecko) Chrome/135.0.7049.114 Mobile Safari/537.36 (compatible; Googlebot/2.1; +http://www.google.com/bot.html)"
85.208.96.193 - - [26/Apr/2025:08:48:13 -0400] "GET /events/2030-05-22/ HTTP/1.1" 200 0 "-" "Mozilla/5.0 (compatible; SemrushBot/7~bl; +http://www.semrush.com/bot.html)"
66.249.73.131 - - [26/Apr/2025:08:49:02 -0400] "GET /index.php/zhHant/product/surugaya/59570478/pcsp.html/shopdetail/119195590/product_archives/shopdetail/38695490/shopdetail/108093190/man/customer_guide/toiawase/pcmypage/shopdetail/130676490/shopdetail/62895190/text/terms/shopdetail/68758790/cargo/detail/shopdetail/121181690/safe_search/config/recruit HTTP/1.1" 200 19686 "-" "Mozilla/5.0 (Linux; Android 6.0.1; Nexus 5X Build/MMB29P) AppleWebKit/537.36 (KHTML, like Gecko) Chrome/135.0.7049.95 Mobile Safari/537.36 (compatible; GoogleOther)"
66.249.73.131 - - [26/Apr/2025:08:49:05 -0400] "POST /get-message-notify HTTP/1.1" 200 19731 "https://it.techafri.com/index.php/zhHant/product/surugaya/59570478/pcsp.html/shopdetail/119195590/product_archives/shopdetail/38695490/shopdetail/108093190/man/customer_guide/toiawase/pcmypage/shopdetail/130676490/shopdetail/62895190/text/terms/shopdetail/68758790/cargo/detail/shopdetail/121181690/safe_search/config/recruit" "Mozilla/5.0 (Linux; Android 6.0.1; Nexus 5X Build/MMB29P) AppleWebKit/537.36 (KHTML, like Gecko) Chrome/134.0.6998.165 Mobile Safari/537.36 (compatible; Googlebot/2.1; +http://www.google.com/bot.html)"
66.249.73.131 - - [26/Apr/2025:08:49:07 -0400] "GET /index.php/zhHant/product/surugaya/21137501/shopdetail/16756690/shopdetail/4933490/man/kaitori/kantan.html/shopdetail/88089990/shopdetail/52606290 HTTP/1.1" 200 19145 "-" "Mozilla/5.0 (Linux; Android 6.0.1; Nexus 5X Build/MMB29P) AppleWebKit/537.36 (KHTML, like Gecko) Chrome/135.0.7049.95 Mobile Safari/537.36 (compatible; GoogleOther)"
85.208.96.208 - - [26/Apr/2025:08:49:42 -0400] "GET /events/2030-07-15/ HTTP/1.1" 200 0 "-" "Mozilla/5.0 (compatible; SemrushBot/7~bl; +http://www.semrush.com/bot.html)"
66.249.73.130 - - [26/Apr/2025:08:50:01 -0400] "GET /shopdetail/136070990 HTTP/1.1" 200 19136 "-" "Mozilla/5.0 (Linux; Android 6.0.1; Nexus 5X Build/MMB29P) AppleWebKit/537.36 (KHTML, like Gecko) Chrome/135.0.7049.114 Mobile Safari/537.36 (compatible; Googlebot/2.1; +http://www.google.com/bot.html)"
66.249.73.130 - - [26/Apr/2025:08:51:07 -0400] "GET /index.php/zhHant/product/surugaya/21137501/shopdetail/16756690/cargo/detail/shopdetail/95384490/pcsp.html/shopdetail/20839490/shopdetail/76317890/man/kaitori/ansin.html HTTP/1.1" 200 19904 "-" "Mozilla/5.0 (Linux; Android 6.0.1; Nexus 5X Build/MMB29P) AppleWebKit/537.36 (KHTML, like Gecko) Chrome/135.0.7049.95 Mobile Safari/537.36 (compatible; GoogleOther)"
66.249.73.129 - - [26/Apr/2025:08:51:10 -0400] "POST /get-message-notify HTTP/1.1" 200 19729 "https://it.techafri.com/index.php/zhHant/product/surugaya/21137501/shopdetail/16756690/cargo/detail/shopdetail/95384490/pcsp.html/shopdetail/20839490/shopdetail/76317890/man/kaitori/ansin.html" "Mozilla/5.0 (Linux; Android 6.0.1; Nexus 5X Build/MMB29P) AppleWebKit/537.36 (KHTML, like Gecko) Chrome/134.0.6998.165 Mobile Safari/537.36 (compatible; Googlebot/2.1; +http://www.google.com/bot.html)"
66.249.73.131 - - [26/Apr/2025:08:52:08 -0400] "GET /index.php/zhHant/product/surugaya/59570478/shopdetail/116539490/shopdetail/27788790/pcmypage/shopdetail/149599690/shopdetail/162667690/boyslove.html/shopdetail/116085690/recruit/shopdetail/158946890/shopdetail/36684090/pcmypage/shopdetail/141708190/shopdetail/44306090/text/terms HTTP/1.1" 200 20383 "-" "Mozilla/5.0 (Linux; Android 6.0.1; Nexus 5X Build/MMB29P) AppleWebKit/537.36 (KHTML, like Gecko) Chrome/135.0.7049.95 Mobile Safari/537.36 (compatible; GoogleOther)"
66.249.73.131 - - [26/Apr/2025:08:52:12 -0400] "POST /get-message-notify HTTP/1.1" 200 19729 "https://it.techafri.com/index.php/zhHant/product/surugaya/59570478/shopdetail/116539490/shopdetail/27788790/pcmypage/shopdetail/149599690/shopdetail/162667690/boyslove.html/shopdetail/116085690/recruit/shopdetail/158946890/shopdetail/36684090/pcmypage/shopdetail/141708190/shopdetail/44306090/text/terms" "Mozilla/5.0 (Linux; Android 6.0.1; Nexus 5X Build/MMB29P) AppleWebKit/537.36 (KHTML, like Gecko) Chrome/134.0.6998.165 Mobile Safari/537.36 (compatible; Googlebot/2.1; +http://www.google.com/bot.html)"
66.249.73.129 - - [26/Apr/2025:08:53:09 -0400] "GET /index.php/zhHant/product/surugaya/59570478/pcsp.html/shopdetail/119195590/product_archives/shopdetail/38695490/shopdetail/108093190/man/customer_guide/toiawase/pcmypage/shopdetail/130676490/shopdetail/62895190/text/terms/shopdetail/68758790/cargo/detail/shopdetail/151620890/shopdetail/111642090 HTTP/1.1" 200 20506 "-" "Mozilla/5.0 (Linux; Android 6.0.1; Nexus 5X Build/MMB29P) AppleWebKit/537.36 (KHTML, like Gecko) Chrome/135.0.7049.95 Mobile Safari/537.36 (compatible; GoogleOther)"
66.249.73.130 - - [26/Apr/2025:08:53:13 -0400] "POST /get-message-notify HTTP/1.1" 200 19730 "https://it.techafri.com/index.php/zhHant/product/surugaya/59570478/pcsp.html/shopdetail/119195590/product_archives/shopdetail/38695490/shopdetail/108093190/man/customer_guide/toiawase/pcmypage/shopdetail/130676490/shopdetail/62895190/text/terms/shopdetail/68758790/cargo/detail/shopdetail/151620890/shopdetail/111642090" "Mozilla/5.0 (Linux; Android 6.0.1; Nexus 5X Build/MMB29P) AppleWebKit/537.36 (KHTML, like Gecko) Chrome/134.0.6998.165 Mobile Safari/537.36 (compatible; Googlebot/2.1; +http://www.google.com/bot.html)"
66.249.73.129 - - [26/Apr/2025:08:53:47 -0400] "GET /shopdetail/68048090 HTTP/1.1" 200 18845 "-" "Mozilla/5.0 (Linux; Android 6.0.1; Nexus 5X Build/MMB29P) AppleWebKit/537.36 (KHTML, like Gecko) Chrome/135.0.7049.114 Mobile Safari/537.36 (compatible; Googlebot/2.1; +http://www.google.com/bot.html)"
66.249.73.129 - - [26/Apr/2025:08:53:57 -0400] "GET /shopdetail/45060490 HTTP/1.1" 200 18872 "-" "Mozilla/5.0 (Linux; Android 6.0.1; Nexus 5X Build/MMB29P) AppleWebKit/537.36 (KHTML, like Gecko) Chrome/135.0.7049.114 Mobile Safari/537.36 (compatible; Googlebot/2.1; +http://www.google.com/bot.html)"
66.249.73.131 - - [26/Apr/2025:08:56:05 -0400] "POST /get-message-notify HTTP/1.1" 200 19730 "https://it.techafri.com/index.php/zhHant/product/surugaya/59570478/pcsp.html/shopdetail/119195590/product_archives/shopdetail/38695490/shopdetail/108093190/man/customer_guide/toiawase/pcmypage/shopdetail/130676490/shopdetail/62895190/text/terms/shopdetail/68758790/cargo/detail/shopdetail/121181690/safe_search/config/recruit" "Mozilla/5.0 (Linux; Android 6.0.1; Nexus 5X Build/MMB29P) AppleWebKit/537.36 (KHTML, like Gecko) Chrome/134.0.6998.165 Mobile Safari/537.36 (compatible; Googlebot/2.1; +http://www.google.com/bot.html)"
51.222.253.11 - - [26/Apr/2025:08:56:29 -0400] "GET /online.php?shopdetail/153722790 HTTP/1.1" 200 0 "-" "Mozilla/5.0 (compatible; AhrefsBot/7.0; +http://ahrefs.com/robot/)"
45.129.35.106 - - [26/Apr/2025:08:57:01 -0400] "GET / HTTP/1.1" 200 0 "-" "Go-http-client/1.1"
45.129.35.106 - - [26/Apr/2025:08:57:02 -0400] "GET / HTTP/1.1" 200 0 "http://it.techafri.com:80" "Go-http-client/1.1"
66.249.73.130 - - [26/Apr/2025:08:57:11 -0400] "GET /index.php/zhHant/product/surugaya/21137501/shopdetail/16756690/shopdetail/4933490/recruit/pcmypage/toreka/figure_menu.html/shopdetail/7737390/shopdetail/36759090/pcmypage/safe_search/config/text/terms/pcmypage/ HTTP/1.1" 200 19795 "-" "Mozilla/5.0 (Linux; Android 6.0.1; Nexus 5X Build/MMB29P) AppleWebKit/537.36 (KHTML, like Gecko) Chrome/135.0.7049.95 Mobile Safari/537.36 (compatible; GoogleOther)"
66.249.73.129 - - [26/Apr/2025:08:57:13 -0400] "POST /get-message-notify HTTP/1.1" 200 19730 "https://it.techafri.com/index.php/zhHant/product/surugaya/21137501/shopdetail/16756690/shopdetail/4933490/recruit/pcmypage/toreka/figure_menu.html/shopdetail/7737390/shopdetail/36759090/pcmypage/safe_search/config/text/terms/pcmypage/" "Mozilla/5.0 (Linux; Android 6.0.1; Nexus 5X Build/MMB29P) AppleWebKit/537.36 (KHTML, like Gecko) Chrome/134.0.6998.165 Mobile Safari/537.36 (compatible; Googlebot/2.1; +http://www.google.com/bot.html)"
66.249.73.130 - - [26/Apr/2025:08:57:15 -0400] "GET /index.php/zhHant/product/surugaya/59570478/shopdetail/116539490/shopdetail/27788790/pcmypage/shopdetail/149599690/shopdetail/162667690/boyslove.html/shopdetail/116085690/recruit/shopdetail/158946890/shopdetail/36684090/pcmypage/shopdetail/141708190/shopdetail/13529290/feature/omiya_marui/index.html HTTP/1.1" 200 19915 "-" "Mozilla/5.0 (Linux; Android 6.0.1; Nexus 5X Build/MMB29P) AppleWebKit/537.36 (KHTML, like Gecko) Chrome/135.0.7049.95 Mobile Safari/537.36 (compatible; GoogleOther)"
66.249.73.129 - - [26/Apr/2025:08:57:18 -0400] "POST /get-message-notify HTTP/1.1" 200 19730 "https://it.techafri.com/index.php/zhHant/product/surugaya/59570478/shopdetail/116539490/shopdetail/27788790/pcmypage/shopdetail/149599690/shopdetail/162667690/boyslove.html/shopdetail/116085690/recruit/shopdetail/158946890/shopdetail/36684090/pcmypage/shopdetail/141708190/shopdetail/13529290/feature/omiya_marui/index.html" "Mozilla/5.0 (Linux; Android 6.0.1; Nexus 5X Build/MMB29P) AppleWebKit/537.36 (KHTML, like Gecko) Chrome/134.0.6998.165 Mobile Safari/537.36 (compatible; Googlebot/2.1; +http://www.google.com/bot.html)"
66.249.73.129 - - [26/Apr/2025:08:57:20 -0400] "GET /index.php/zhHant/product/surugaya/42199434/product_archives/shopdetail/14510290/kaden.html/safe_search/config/shopdetail/103149090/pcmypage/shopdetail/162704990/shopdetail/73248890/cargo/detail/toiawase/pcmypage/shopdetail/147790690/shopdetail/89568690/zhHant/product/surugaya/74806380/shopdetail/97720190/shopdetail/104586990/safe_search/config/events/shopdetail/163792090/pcmypage?callback=/product%2Fdetail%2F00159173 HTTP/1.1" 200 19940 "-" "Mozilla/5.0 (Linux; Android 6.0.1; Nexus 5X Build/MMB29P) AppleWebKit/537.36 (KHTML, like Gecko) Chrome/135.0.7049.95 Mobile Safari/537.36 (compatible; GoogleOther)"
66.249.73.129 - - [26/Apr/2025:08:57:27 -0400] "POST /get-message-notify HTTP/1.1" 200 19730 "https://it.techafri.com/index.php/zhHant/product/surugaya/42199434/product_archives/shopdetail/14510290/kaden.html/safe_search/config/shopdetail/103149090/pcmypage/shopdetail/162704990/shopdetail/73248890/cargo/detail/toiawase/pcmypage/shopdetail/147790690/shopdetail/89568690/zhHant/product/surugaya/74806380/shopdetail/97720190/shopdetail/104586990/safe_search/config/events/shopdetail/163792090/pcmypage?callback=/product%2Fdetail%2F00159173" "Mozilla/5.0 (Linux; Android 6.0.1; Nexus 5X Build/MMB29P) AppleWebKit/537.36 (KHTML, like Gecko) Chrome/134.0.6998.165 Mobile Safari/537.36 (compatible; Googlebot/2.1; +http://www.google.com/bot.html)"
51.222.253.3 - - [26/Apr/2025:08:59:46 -0400] "GET /online.php?shopdetail/169051790 HTTP/1.1" 200 0 "-" "Mozilla/5.0 (compatible; AhrefsBot/7.0; +http://ahrefs.com/robot/)"
66.249.73.130 - - [26/Apr/2025:09:01:02 -0400] "GET /index.php/zhHant/product/surugaya/25156689/feature/eposcard/index.html HTTP/1.1" 200 19501 "-" "Mozilla/5.0 (Linux; Android 6.0.1; Nexus 5X Build/MMB29P) AppleWebKit/537.36 (KHTML, like Gecko) Chrome/135.0.7049.95 Mobile Safari/537.36 (compatible; GoogleOther)"
66.249.73.129 - - [26/Apr/2025:09:01:04 -0400] "POST /get-message-notify HTTP/1.1" 200 19729 "https://it.techafri.com/index.php/zhHant/product/surugaya/25156689/feature/eposcard/index.html" "Mozilla/5.0 (Linux; Android 6.0.1; Nexus 5X Build/MMB29P) AppleWebKit/537.36 (KHTML, like Gecko) Chrome/134.0.6998.165 Mobile Safari/537.36 (compatible; Googlebot/2.1; +http://www.google.com/bot.html)"
185.191.171.16 - - [26/Apr/2025:09:02:14 -0400] "GET /events/2025-12-10/ HTTP/1.1" 200 0 "-" "Mozilla/5.0 (compatible; SemrushBot/7~bl; +http://www.semrush.com/bot.html)"
51.222.253.11 - - [26/Apr/2025:09:03:16 -0400] "GET /online.php?shopdetail/180570490 HTTP/1.1" 200 0 "-" "Mozilla/5.0 (compatible; AhrefsBot/7.0; +http://ahrefs.com/robot/)"
85.208.96.207 - - [26/Apr/2025:09:03:22 -0400] "GET /events/2026-02-23/ HTTP/1.1" 200 0 "-" "Mozilla/5.0 (compatible; SemrushBot/7~bl; +http://www.semrush.com/bot.html)"
85.208.96.209 - - [26/Apr/2025:09:03:31 -0400] "GET /events/2030-08-18/ HTTP/1.1" 200 0 "-" "Mozilla/5.0 (compatible; SemrushBot/7~bl; +http://www.semrush.com/bot.html)"
66.249.73.130 - - [26/Apr/2025:09:05:03 -0400] "GET /index.php/zhHant/product/surugaya/42199434/product_archives/shopdetail/14510290/kaden.html/safe_search/config/shopdetail/103149090/pcmypage/shopdetail/162704990/shopdetail/73248890/cargo/detail/toiawase/pcmypage/shopdetail/147790690/shopdetail/89568690/zhHant/product/surugaya/74806380/shopdetail/97720190/shopdetail/77585890/cargo/detail/shopdetail/121067390/shopdetail/8547890 HTTP/1.1" 200 19276 "-" "Mozilla/5.0 (Linux; Android 6.0.1; Nexus 5X Build/MMB29P) AppleWebKit/537.36 (KHTML, like Gecko) Chrome/135.0.7049.95 Mobile Safari/537.36 (compatible; GoogleOther)"
66.249.73.129 - - [26/Apr/2025:09:05:09 -0400] "POST /get-message-notify HTTP/1.1" 200 19730 "https://it.techafri.com/index.php/zhHant/product/surugaya/42199434/product_archives/shopdetail/14510290/kaden.html/safe_search/config/shopdetail/103149090/pcmypage/shopdetail/162704990/shopdetail/73248890/cargo/detail/toiawase/pcmypage/shopdetail/147790690/shopdetail/89568690/zhHant/product/surugaya/74806380/shopdetail/97720190/shopdetail/77585890/cargo/detail/shopdetail/121067390/shopdetail/8547890" "Mozilla/5.0 (Linux; Android 6.0.1; Nexus 5X Build/MMB29P) AppleWebKit/537.36 (KHTML, like Gecko) Chrome/134.0.6998.165 Mobile Safari/537.36 (compatible; Googlebot/2.1; +http://www.google.com/bot.html)"
185.191.171.8 - - [26/Apr/2025:09:05:30 -0400] "GET /events/2028-04-29/ HTTP/1.1" 200 0 "-" "Mozilla/5.0 (compatible; SemrushBot/7~bl; +http://www.semrush.com/bot.html)"
51.222.253.11 - - [26/Apr/2025:09:06:55 -0400] "GET /online.php?shopdetail/187361690 HTTP/1.1" 200 0 "-" "Mozilla/5.0 (compatible; AhrefsBot/7.0; +http://ahrefs.com/robot/)"
66.249.73.129 - - [26/Apr/2025:09:09:05 -0400] "GET /index.php/zhHant/product/surugaya/71786428/shopdetail/41737290/shopdetail/89296290/books.html/shopdetail/69979990/shopdetail/61881690/safe_search/config/shopdetail/142777390/shopdetail/152891790/cargo/detail/product_archives/pcmypage/shopdetail/164622790/shopdetail/98714890/feature/omiya_marui/index.html HTTP/1.1" 200 19342 "-" "Mozilla/5.0 (Linux; Android 6.0.1; Nexus 5X Build/MMB29P) AppleWebKit/537.36 (KHTML, like Gecko) Chrome/135.0.7049.95 Mobile Safari/537.36 (compatible; GoogleOther)"
66.249.73.129 - - [26/Apr/2025:09:09:08 -0400] "POST /get-message-notify HTTP/1.1" 200 19730 "https://it.techafri.com/index.php/zhHant/product/surugaya/71786428/shopdetail/41737290/shopdetail/89296290/books.html/shopdetail/69979990/shopdetail/61881690/safe_search/config/shopdetail/142777390/shopdetail/152891790/cargo/detail/product_archives/pcmypage/shopdetail/164622790/shopdetail/98714890/feature/omiya_marui/index.html" "Mozilla/5.0 (Linux; Android 6.0.1; Nexus 5X Build/MMB29P) AppleWebKit/537.36 (KHTML, like Gecko) Chrome/134.0.6998.165 Mobile Safari/537.36 (compatible; Googlebot/2.1; +http://www.google.com/bot.html)"
66.249.73.129 - - [26/Apr/2025:09:09:25 -0400] "GET /index.php/zhHant/product/surugaya/21137501/shopdetail/16756690/cargo/detail/toreka/goods_menu.html/shopdetail/147239190 HTTP/1.1" 200 18900 "-" "Mozilla/5.0 (Linux; Android 6.0.1; Nexus 5X Build/MMB29P) AppleWebKit/537.36 (KHTML, like Gecko) Chrome/135.0.7049.95 Mobile Safari/537.36 (compatible; GoogleOther)"
66.249.73.129 - - [26/Apr/2025:09:09:30 -0400] "POST /get-message-notify HTTP/1.1" 200 19729 "https://it.techafri.com/index.php/zhHant/product/surugaya/21137501/shopdetail/16756690/cargo/detail/toreka/goods_menu.html/shopdetail/147239190" "Mozilla/5.0 (Linux; Android 6.0.1; Nexus 5X Build/MMB29P) AppleWebKit/537.36 (KHTML, like Gecko) Chrome/134.0.6998.165 Mobile Safari/537.36 (compatible; Googlebot/2.1; +http://www.google.com/bot.html)"
185.191.171.16 - - [26/Apr/2025:09:09:46 -0400] "GET /events/2024-05-20/ HTTP/1.1" 200 0 "-" "Mozilla/5.0 (compatible; SemrushBot/7~bl; +http://www.semrush.com/bot.html)"
66.249.73.131 - - [26/Apr/2025:09:10:29 -0400] "GET /shopdetail/10919490 HTTP/1.1" 200 19868 "-" "Mozilla/5.0 (Linux; Android 6.0.1; Nexus 5X Build/MMB29P) AppleWebKit/537.36 (KHTML, like Gecko) Chrome/135.0.7049.114 Mobile Safari/537.36 (compatible; Googlebot/2.1; +http://www.google.com/bot.html)"
51.222.253.15 - - [26/Apr/2025:09:11:11 -0400] "GET /online.php?shopdetail/189906390 HTTP/1.1" 200 0 "-" "Mozilla/5.0 (compatible; AhrefsBot/7.0; +http://ahrefs.com/robot/)"
185.191.171.6 - - [26/Apr/2025:09:11:35 -0400] "GET /events/2028-02-12/ HTTP/1.1" 200 0 "-" "Mozilla/5.0 (compatible; SemrushBot/7~bl; +http://www.semrush.com/bot.html)"
66.249.73.129 - - [26/Apr/2025:09:11:53 -0400] "GET /index.php/zhHant/product/surugaya/71786428/shopdetail/41737290/shopdetail/89296290/books.html/shopdetail/69979990/shopdetail/61881690/safe_search/config/shopdetail/142777390/shopdetail/152891790/cargo/detail/product_archives/pcmypage/shopdetail/64021790/shopdetail/4624990/safe_search/config/shopdetail/8483090/shopdetail/11196790 HTTP/1.1" 200 20522 "-" "Mozilla/5.0 (Linux; Android 6.0.1; Nexus 5X Build/MMB29P) AppleWebKit/537.36 (KHTML, like Gecko) Chrome/135.0.7049.95 Mobile Safari/537.36 (compatible; GoogleOther)"
66.249.73.130 - - [26/Apr/2025:09:11:57 -0400] "POST /get-message-notify HTTP/1.1" 200 19729 "https://it.techafri.com/index.php/zhHant/product/surugaya/71786428/shopdetail/41737290/shopdetail/89296290/books.html/shopdetail/69979990/shopdetail/61881690/safe_search/config/shopdetail/142777390/shopdetail/152891790/cargo/detail/product_archives/pcmypage/shopdetail/64021790/shopdetail/4624990/safe_search/config/shopdetail/8483090/shopdetail/11196790" "Mozilla/5.0 (Linux; Android 6.0.1; Nexus 5X Build/MMB29P) AppleWebKit/537.36 (KHTML, like Gecko) Chrome/134.0.6998.165 Mobile Safari/537.36 (compatible; Googlebot/2.1; +http://www.google.com/bot.html)"
85.208.96.195 - - [26/Apr/2025:09:12:16 -0400] "GET /events/2026-11-05/ HTTP/1.1" 200 0 "-" "Mozilla/5.0 (compatible; SemrushBot/7~bl; +http://www.semrush.com/bot.html)"
185.191.171.3 - - [26/Apr/2025:09:12:39 -0400] "GET /events/2026-03-28/ HTTP/1.1" 200 0 "-" "Mozilla/5.0 (compatible; SemrushBot/7~bl; +http://www.semrush.com/bot.html)"
66.249.73.131 - - [26/Apr/2025:09:13:00 -0400] "GET /shopdetail/73858390 HTTP/1.1" 200 19097 "-" "Mozilla/5.0 (Linux; Android 6.0.1; Nexus 5X Build/MMB29P) AppleWebKit/537.36 (KHTML, like Gecko) Chrome/135.0.7049.114 Mobile Safari/537.36 (compatible; Googlebot/2.1; +http://www.google.com/bot.html)"
66.249.73.130 - - [26/Apr/2025:09:13:06 -0400] "GET /index.php/zhHant/product/surugaya/21137501/shopdetail/112531490/shopdetail/156755190/pcmypage/shopdetail/34373690/shopdetail/1952790/kaden.html/shopdetail/100520490/toiawase/shopdetail/61079890 HTTP/1.1" 200 20391 "-" "Mozilla/5.0 (Linux; Android 6.0.1; Nexus 5X Build/MMB29P) AppleWebKit/537.36 (KHTML, like Gecko) Chrome/135.0.7049.95 Mobile Safari/537.36 (compatible; GoogleOther)"
66.249.73.130 - - [26/Apr/2025:09:13:09 -0400] "POST /get-message-notify HTTP/1.1" 200 19730 "https://it.techafri.com/index.php/zhHant/product/surugaya/21137501/shopdetail/112531490/shopdetail/156755190/pcmypage/shopdetail/34373690/shopdetail/1952790/kaden.html/shopdetail/100520490/toiawase/shopdetail/61079890" "Mozilla/5.0 (Linux; Android 6.0.1; Nexus 5X Build/MMB29P) AppleWebKit/537.36 (KHTML, like Gecko) Chrome/134.0.6998.165 Mobile Safari/537.36 (compatible; Googlebot/2.1; +http://www.google.com/bot.html)"
66.249.73.130 - - [26/Apr/2025:09:14:09 -0400] "GET /shopdetail/104954590 HTTP/1.1" 200 19309 "-" "Mozilla/5.0 (Linux; Android 6.0.1; Nexus 5X Build/MMB29P) AppleWebKit/537.36 (KHTML, like Gecko) Chrome/135.0.7049.114 Mobile Safari/537.36 (compatible; Googlebot/2.1; +http://www.google.com/bot.html)"
66.249.73.130 - - [26/Apr/2025:09:14:27 -0400] "GET /shopdetail/152308390 HTTP/1.1" 200 18495 "-" "Mozilla/5.0 (Linux; Android 6.0.1; Nexus 5X Build/MMB29P) AppleWebKit/537.36 (KHTML, like Gecko) Chrome/135.0.7049.114 Mobile Safari/537.36 (compatible; Googlebot/2.1; +http://www.google.com/bot.html)"
185.191.171.9 - - [26/Apr/2025:09:15:18 -0400] "GET /events/2025-12-03/ HTTP/1.1" 200 0 "-" "Mozilla/5.0 (compatible; SemrushBot/7~bl; +http://www.semrush.com/bot.html)"
51.222.253.5 - - [26/Apr/2025:09:15:30 -0400] "GET /online.php?shopdetail/245615890 HTTP/1.1" 200 0 "-" "Mozilla/5.0 (compatible; AhrefsBot/7.0; +http://ahrefs.com/robot/)"
66.249.73.131 - - [26/Apr/2025:09:17:38 -0400] "GET /index.php/zhHant/product/surugaya/21137501/shopdetail/16756690/shopdetail/4933490/recruit/pcsp.html/shopdetail/1627090/shopdetail/139228790 HTTP/1.1" 200 19556 "-" "Mozilla/5.0 (Linux; Android 6.0.1; Nexus 5X Build/MMB29P) AppleWebKit/537.36 (KHTML, like Gecko) Chrome/135.0.7049.95 Mobile Safari/537.36 (compatible; GoogleOther)"
66.249.73.129 - - [26/Apr/2025:09:17:44 -0400] "POST /get-message-notify HTTP/1.1" 200 19730 "https://it.techafri.com/index.php/zhHant/product/surugaya/21137501/shopdetail/16756690/shopdetail/4933490/recruit/pcsp.html/shopdetail/1627090/shopdetail/139228790" "Mozilla/5.0 (Linux; Android 6.0.1; Nexus 5X Build/MMB29P) AppleWebKit/537.36 (KHTML, like Gecko) Chrome/134.0.6998.165 Mobile Safari/537.36 (compatible; Googlebot/2.1; +http://www.google.com/bot.html)"
51.222.253.3 - - [26/Apr/2025:09:19:33 -0400] "GET /online.php?shopdetail/278378490 HTTP/1.1" 200 0 "-" "Mozilla/5.0 (compatible; AhrefsBot/7.0; +http://ahrefs.com/robot/)"
66.249.73.130 - - [26/Apr/2025:09:21:27 -0400] "GET /shopdetail/68248590 HTTP/1.1" 200 19121 "-" "Mozilla/5.0 (Linux; Android 6.0.1; Nexus 5X Build/MMB29P) AppleWebKit/537.36 (KHTML, like Gecko) Chrome/135.0.7049.114 Mobile Safari/537.36 (compatible; Googlebot/2.1; +http://www.google.com/bot.html)"
66.249.73.130 - - [26/Apr/2025:09:21:39 -0400] "GET /index.php/zhHant/product/surugaya/71786428/shopdetail/41737290/shopdetail/89296290/books.html/shopdetail/69979990/shopdetail/61881690/safe_search/config/shopdetail/142777390/shopdetail/152891790/cargo/detail/product_archives/shopdetail/111177690/shopdetail/107826490/pcmypage/shopdetail/93766790/shopdetail/141624190/events/ HTTP/1.1" 200 20100 "-" "Mozilla/5.0 (Linux; Android 6.0.1; Nexus 5X Build/MMB29P) AppleWebKit/537.36 (KHTML, like Gecko) Chrome/135.0.7049.95 Mobile Safari/537.36 (compatible; GoogleOther)"
66.249.73.129 - - [26/Apr/2025:09:21:44 -0400] "POST /get-message-notify HTTP/1.1" 200 19730 "https://it.techafri.com/index.php/zhHant/product/surugaya/71786428/shopdetail/41737290/shopdetail/89296290/books.html/shopdetail/69979990/shopdetail/61881690/safe_search/config/shopdetail/142777390/shopdetail/152891790/cargo/detail/product_archives/shopdetail/111177690/shopdetail/107826490/pcmypage/shopdetail/93766790/shopdetail/141624190/events/" "Mozilla/5.0 (Linux; Android 6.0.1; Nexus 5X Build/MMB29P) AppleWebKit/537.36 (KHTML, like Gecko) Chrome/134.0.6998.165 Mobile Safari/537.36 (compatible; Googlebot/2.1; +http://www.google.com/bot.html)"
185.191.171.11 - - [26/Apr/2025:09:23:52 -0400] "GET /events/2028-04-25/ HTTP/1.1" 200 0 "-" "Mozilla/5.0 (compatible; SemrushBot/7~bl; +http://www.semrush.com/bot.html)"
51.222.253.17 - - [26/Apr/2025:09:24:01 -0400] "GET /online.php?shopdetail/280492590 HTTP/1.1" 200 0 "-" "Mozilla/5.0 (compatible; AhrefsBot/7.0; +http://ahrefs.com/robot/)"
52.167.144.174 - - [26/Apr/2025:09:24:41 -0400] "GET / HTTP/1.1" 200 18816 "-" "Mozilla/5.0 AppleWebKit/537.36 (KHTML, like Gecko; compatible; bingbot/2.0; +http://www.bing.com/bingbot.htm) Chrome/116.0.1938.76 Safari/537.36"
52.167.144.220 - - [26/Apr/2025:09:25:04 -0400] "GET /get-message-notify HTTP/1.1" 200 19730 "-" "Mozilla/5.0 AppleWebKit/537.36 (KHTML, like Gecko; compatible; bingbot/2.0; +http://www.bing.com/bingbot.htm) Chrome/116.0.1938.76 Safari/537.36"
185.191.171.2 - - [26/Apr/2025:09:25:12 -0400] "GET /events/2026-06-25/ HTTP/1.1" 200 0 "-" "Mozilla/5.0 (compatible; SemrushBot/7~bl; +http://www.semrush.com/bot.html)"
66.249.73.132 - - [26/Apr/2025:09:25:42 -0400] "GET /index.php/zhHant/product/surugaya/21137501/shopdetail/112531490/shopdetail/156755190/pcmypage/shopdetail/162604890/pcsp.html/shopdetail/121882690/text/terms/man/customer_guide/cargo/detail/shopdetail/18082890/kaden.html HTTP/1.1" 200 20271 "-" "Mozilla/5.0 (Linux; Android 6.0.1; Nexus 5X Build/MMB29P) AppleWebKit/537.36 (KHTML, like Gecko) Chrome/135.0.7049.95 Mobile Safari/537.36 (compatible; GoogleOther)"
66.249.73.130 - - [26/Apr/2025:09:25:58 -0400] "GET /shopdetail/86103090 HTTP/1.1" 200 20456 "-" "Mozilla/5.0 (Linux; Android 6.0.1; Nexus 5X Build/MMB29P) AppleWebKit/537.36 (KHTML, like Gecko) Chrome/135.0.7049.114 Mobile Safari/537.36 (compatible; Googlebot/2.1; +http://www.google.com/bot.html)"
