66.249.73.130 - - [26/Apr/2025:13:46:42 -0400] "POST /get-message-notify HTTP/1.1" 200 19730 "https://it.techafri.com/index.php/zhHant/product/surugaya/59570478/pcsp.html/shopdetail/119195590/product_archives/shopdetail/38695490/shopdetail/108093190/man/customer_guide/toiawase/pcmypage/shopdetail/130676490/shopdetail/62895190/text/terms/shopdetail/68758790/cargo/detail/shopdetail/144649990/man/customer_guide/shopdetail/143724390/feature/honten/index.html" "Mozilla/5.0 (Linux; Android 6.0.1; Nexus 5X Build/MMB29P) AppleWebKit/537.36 (KHTML, like Gecko) Chrome/134.0.6998.165 Mobile Safari/537.36 (compatible; Googlebot/2.1; +http://www.google.com/bot.html)"
66.249.73.132 - - [26/Apr/2025:13:47:10 -0400] "GET /shopdetail/24024090 HTTP/1.1" 200 19156 "-" "Mozilla/5.0 (Linux; Android 6.0.1; Nexus 5X Build/MMB29P) AppleWebKit/537.36 (KHTML, like Gecko) Chrome/135.0.7049.114 Mobile Safari/537.36 (compatible; Googlebot/2.1; +http://www.google.com/bot.html)"
85.208.96.198 - - [26/Apr/2025:13:47:16 -0400] "GET /events/2024-01-04/ HTTP/1.1" 200 0 "-" "Mozilla/5.0 (compatible; SemrushBot/7~bl; +http://www.semrush.com/bot.html)"
66.249.73.132 - - [26/Apr/2025:13:48:06 -0400] "GET /shopdetail/3364490 HTTP/1.1" 200 19412 "-" "Mozilla/5.0 (Linux; Android 6.0.1; Nexus 5X Build/MMB29P) AppleWebKit/537.36 (KHTML, like Gecko) Chrome/135.0.7049.114 Mobile Safari/537.36 (compatible; Googlebot/2.1; +http://www.google.com/bot.html)"
85.208.96.200 - - [26/Apr/2025:13:48:24 -0400] "GET /events/2024-06-02/ HTTP/1.1" 200 0 "-" "Mozilla/5.0 (compatible; SemrushBot/7~bl; +http://www.semrush.com/bot.html)"
66.249.73.131 - - [26/Apr/2025:13:48:40 -0400] "GET /index.php/zhHant/product/surugaya/59570478/pcsp.html/shopdetail/119195590/product_archives/shopdetail/38695490/shopdetail/108093190/man/customer_guide/toiawase/pcmypage/shopdetail/130676490/shopdetail/62895190/text/terms/shopdetail/68758790/cargo/detail/shopdetail/144649990/man/customer_guide/shopdetail/143724390/shopdetail/91352090 HTTP/1.1" 200 20240 "-" "Mozilla/5.0 (Linux; Android 6.0.1; Nexus 5X Build/MMB29P) AppleWebKit/537.36 (KHTML, like Gecko) Chrome/135.0.7049.95 Mobile Safari/537.36 (compatible; GoogleOther)"
66.249.73.131 - - [26/Apr/2025:13:48:42 -0400] "POST /get-message-notify HTTP/1.1" 200 19730 "https://it.techafri.com/index.php/zhHant/product/surugaya/59570478/pcsp.html/shopdetail/119195590/product_archives/shopdetail/38695490/shopdetail/108093190/man/customer_guide/toiawase/pcmypage/shopdetail/130676490/shopdetail/62895190/text/terms/shopdetail/68758790/cargo/detail/shopdetail/144649990/man/customer_guide/shopdetail/143724390/shopdetail/91352090" "Mozilla/5.0 (Linux; Android 6.0.1; Nexus 5X Build/MMB29P) AppleWebKit/537.36 (KHTML, like Gecko) Chrome/134.0.6998.165 Mobile Safari/537.36 (compatible; Googlebot/2.1; +http://www.google.com/bot.html)"
85.208.96.197 - - [26/Apr/2025:13:48:49 -0400] "GET /events/2026-12-25/ HTTP/1.1" 200 0 "-" "Mozilla/5.0 (compatible; SemrushBot/7~bl; +http://www.semrush.com/bot.html)"
66.249.73.132 - - [26/Apr/2025:13:49:41 -0400] "GET /index.php/zhHant/product/surugaya/59570478/pcsp.html/shopdetail/119195590/product_archives/shopdetail/38695490/shopdetail/108093190/man/customer_guide/toiawase/pcmypage/shopdetail/130676490/shopdetail/62895190/text/terms/shopdetail/68758790/cargo/detail/shopdetail/144649990/man/customer_guide/shopdetail/143724390/shopdetail/120375990 HTTP/1.1" 200 19295 "-" "Mozilla/5.0 (Linux; Android 6.0.1; Nexus 5X Build/MMB29P) AppleWebKit/537.36 (KHTML, like Gecko) Chrome/135.0.7049.95 Mobile Safari/537.36 (compatible; GoogleOther)"
66.249.73.130 - - [26/Apr/2025:13:49:44 -0400] "POST /get-message-notify HTTP/1.1" 200 19730 "https://it.techafri.com/index.php/zhHant/product/surugaya/59570478/pcsp.html/shopdetail/119195590/product_archives/shopdetail/38695490/shopdetail/108093190/man/customer_guide/toiawase/pcmypage/shopdetail/130676490/shopdetail/62895190/text/terms/shopdetail/68758790/cargo/detail/shopdetail/144649990/man/customer_guide/shopdetail/143724390/shopdetail/120375990" "Mozilla/5.0 (Linux; Android 6.0.1; Nexus 5X Build/MMB29P) AppleWebKit/537.36 (KHTML, like Gecko) Chrome/134.0.6998.165 Mobile Safari/537.36 (compatible; Googlebot/2.1; +http://www.google.com/bot.html)"
66.249.70.71 - - [26/Apr/2025:13:51:42 -0400] "GET /index.php/zhHant/product/surugaya/21137501/shopdetail/16756690/shopdetail/4933490/recruit/cargo/detail/shopdetail/94133990/shopdetail/34189690 HTTP/1.1" 200 19145 "-" "Mozilla/5.0 (Linux; Android 6.0.1; Nexus 5X Build/MMB29P) AppleWebKit/537.36 (KHTML, like Gecko) Chrome/135.0.7049.95 Mobile Safari/537.36 (compatible; GoogleOther)"
66.249.73.131 - - [26/Apr/2025:13:51:44 -0400] "POST /get-message-notify HTTP/1.1" 200 19730 "https://it.techafri.com/index.php/zhHant/product/surugaya/21137501/shopdetail/16756690/shopdetail/4933490/recruit/cargo/detail/shopdetail/94133990/shopdetail/34189690" "Mozilla/5.0 (Linux; Android 6.0.1; Nexus 5X Build/MMB29P) AppleWebKit/537.36 (KHTML, like Gecko) Chrome/134.0.6998.165 Mobile Safari/537.36 (compatible; Googlebot/2.1; +http://www.google.com/bot.html)"
85.208.96.210 - - [26/Apr/2025:13:52:00 -0400] "GET /events/2030-06-18/ HTTP/1.1" 200 0 "-" "Mozilla/5.0 (compatible; SemrushBot/7~bl; +http://www.semrush.com/bot.html)"
85.208.96.198 - - [26/Apr/2025:13:52:31 -0400] "GET /events/2026-08-30/ HTTP/1.1" 200 0 "-" "Mozilla/5.0 (compatible; SemrushBot/7~bl; +http://www.semrush.com/bot.html)"
66.249.73.132 - - [26/Apr/2025:13:52:32 -0400] "GET /shopdetail/66742290 HTTP/1.1" 200 18732 "-" "Mozilla/5.0 (Linux; Android 6.0.1; Nexus 5X Build/MMB29P) AppleWebKit/537.36 (KHTML, like Gecko) Chrome/135.0.7049.114 Mobile Safari/537.36 (compatible; Googlebot/2.1; +http://www.google.com/bot.html)"
66.249.73.129 - - [26/Apr/2025:13:53:33 -0400] "GET /shopdetail/26610490 HTTP/1.1" 200 19904 "-" "Mozilla/5.0 (Linux; Android 6.0.1; Nexus 5X Build/MMB29P) AppleWebKit/537.36 (KHTML, like Gecko) Chrome/135.0.7049.114 Mobile Safari/537.36 (compatible; Googlebot/2.1; +http://www.google.com/bot.html)"
66.249.73.129 - - [26/Apr/2025:13:57:44 -0400] "GET /index.php/zhHant/product/surugaya/71786428/shopdetail/41737290/shopdetail/89296290/books.html/shopdetail/69979990/shopdetail/61881690/safe_search/config/shopdetail/142777390/shopdetail/152891790/cargo/detail/product_archives/shopdetail/111177690/shopdetail/107826490/events/shopdetail/133928490/shopdetail/146927590 HTTP/1.1" 200 19529 "-" "Mozilla/5.0 (Linux; Android 6.0.1; Nexus 5X Build/MMB29P) AppleWebKit/537.36 (KHTML, like Gecko) Chrome/135.0.7049.95 Mobile Safari/537.36 (compatible; GoogleOther)"
66.249.73.130 - - [26/Apr/2025:13:57:47 -0400] "POST /get-message-notify HTTP/1.1" 200 19730 "https://it.techafri.com/index.php/zhHant/product/surugaya/71786428/shopdetail/41737290/shopdetail/89296290/books.html/shopdetail/69979990/shopdetail/61881690/safe_search/config/shopdetail/142777390/shopdetail/152891790/cargo/detail/product_archives/shopdetail/111177690/shopdetail/107826490/events/shopdetail/133928490/shopdetail/146927590" "Mozilla/5.0 (Linux; Android 6.0.1; Nexus 5X Build/MMB29P) AppleWebKit/537.36 (KHTML, like Gecko) Chrome/134.0.6998.165 Mobile Safari/537.36 (compatible; Googlebot/2.1; +http://www.google.com/bot.html)"
66.249.73.129 - - [26/Apr/2025:13:58:00 -0400] "GET /shopdetail/65140590 HTTP/1.1" 200 20053 "-" "Mozilla/5.0 (Linux; Android 6.0.1; Nexus 5X Build/MMB29P) AppleWebKit/537.36 (KHTML, like Gecko) Chrome/135.0.7049.114 Mobile Safari/537.36 (compatible; Googlebot/2.1; +http://www.google.com/bot.html)"
66.249.73.131 - - [26/Apr/2025:13:57:16 -0400] "GET /shopdetail/71636190 HTTP/1.1" 200 20524 "-" "Mozilla/5.0 (Linux; Android 6.0.1; Nexus 5X Build/MMB29P) AppleWebKit/537.36 (KHTML, like Gecko) Chrome/135.0.7049.114 Mobile Safari/537.36 (compatible; Googlebot/2.1; +http://www.google.com/bot.html)"
66.249.73.129 - - [26/Apr/2025:13:57:16 -0400] "GET /shopdetail/125986890 HTTP/1.1" 200 19902 "-" "Mozilla/5.0 (Linux; Android 6.0.1; Nexus 5X Build/MMB29P) AppleWebKit/537.36 (KHTML, like Gecko) Chrome/135.0.7049.114 Mobile Safari/537.36 (compatible; Googlebot/2.1; +http://www.google.com/bot.html)"
66.249.73.130 - - [26/Apr/2025:13:53:57 -0400] "GET /shopdetail/151993790 HTTP/1.1" 200 19564 "-" "Mozilla/5.0 (Linux; Android 6.0.1; Nexus 5X Build/MMB29P) AppleWebKit/537.36 (KHTML, like Gecko) Chrome/135.0.7049.114 Mobile Safari/537.36 (compatible; Googlebot/2.1; +http://www.google.com/bot.html)"
66.249.73.130 - - [26/Apr/2025:13:54:14 -0400] "GET /shopdetail/21547990 HTTP/1.1" 200 18756 "-" "Mozilla/5.0 (Linux; Android 6.0.1; Nexus 5X Build/MMB29P) AppleWebKit/537.36 (KHTML, like Gecko) Chrome/135.0.7049.114 Mobile Safari/537.36 (compatible; Googlebot/2.1; +http://www.google.com/bot.html)"
66.249.73.130 - - [26/Apr/2025:13:54:21 -0400] "GET /shopdetail/80216190 HTTP/1.1" 200 19223 "-" "Mozilla/5.0 (Linux; Android 6.0.1; Nexus 5X Build/MMB29P) AppleWebKit/537.36 (KHTML, like Gecko) Chrome/135.0.7049.114 Mobile Safari/537.36 (compatible; Googlebot/2.1; +http://www.google.com/bot.html)"
66.249.73.131 - - [26/Apr/2025:13:55:20 -0400] "GET /pcmypage?callback=/product%2Fdetail%2F82520002 HTTP/1.1" 200 18860 "-" "Mozilla/5.0 (Linux; Android 6.0.1; Nexus 5X Build/MMB29P) AppleWebKit/537.36 (KHTML, like Gecko) Chrome/135.0.7049.95 Mobile Safari/537.36 (compatible; Googlebot/2.1; +http://www.google.com/bot.html)"
66.249.73.131 - - [26/Apr/2025:13:55:21 -0400] "GET /shopdetail/155178990 HTTP/1.1" 200 18785 "-" "Mozilla/5.0 (Linux; Android 6.0.1; Nexus 5X Build/MMB29P) AppleWebKit/537.36 (KHTML, like Gecko) Chrome/135.0.7049.114 Mobile Safari/537.36 (compatible; Googlebot/2.1; +http://www.google.com/bot.html)"
85.208.96.210 - - [26/Apr/2025:13:56:27 -0400] "GET /events/2028-07-29/ HTTP/1.1" 200 0 "-" "Mozilla/5.0 (compatible; SemrushBot/7~bl; +http://www.semrush.com/bot.html)"
66.249.73.129 - - [26/Apr/2025:13:58:23 -0400] "GET /shopdetail/71962890 HTTP/1.1" 200 18800 "-" "Mozilla/5.0 (Linux; Android 6.0.1; Nexus 5X Build/MMB29P) AppleWebKit/537.36 (KHTML, like Gecko) Chrome/135.0.7049.114 Mobile Safari/537.36 (compatible; Googlebot/2.1; +http://www.google.com/bot.html)"
66.249.73.129 - - [26/Apr/2025:13:59:00 -0400] "GET /shopdetail/57220090 HTTP/1.1" 200 19094 "-" "Mozilla/5.0 (Linux; Android 6.0.1; Nexus 5X Build/MMB29P) AppleWebKit/537.36 (KHTML, like Gecko) Chrome/135.0.7049.114 Mobile Safari/537.36 (compatible; Googlebot/2.1; +http://www.google.com/bot.html)"
85.208.96.205 - - [26/Apr/2025:13:59:11 -0400] "GET /events/2027-04-22/ HTTP/1.1" 200 0 "-" "Mozilla/5.0 (compatible; SemrushBot/7~bl; +http://www.semrush.com/bot.html)"
66.249.73.129 - - [26/Apr/2025:13:59:58 -0400] "GET /shopdetail/138296690 HTTP/1.1" 200 19287 "-" "Mozilla/5.0 (Linux; Android 6.0.1; Nexus 5X Build/MMB29P) AppleWebKit/537.36 (KHTML, like Gecko) Chrome/135.0.7049.114 Mobile Safari/537.36 (compatible; Googlebot/2.1; +http://www.google.com/bot.html)"
66.249.73.130 - - [26/Apr/2025:14:00:17 -0400] "GET /shopdetail/46199990 HTTP/1.1" 200 18962 "-" "Mozilla/5.0 (Linux; Android 6.0.1; Nexus 5X Build/MMB29P) AppleWebKit/537.36 (KHTML, like Gecko) Chrome/135.0.7049.114 Mobile Safari/537.36 (compatible; Googlebot/2.1; +http://www.google.com/bot.html)"
66.249.73.129 - - [26/Apr/2025:14:00:45 -0400] "GET /index.php/zhHant/product/surugaya/21137501/shopdetail/16756690/shopdetail/4933490/man/kaitori/kantan.html/shopdetail/88471190/hobby.html HTTP/1.1" 200 20699 "-" "Mozilla/5.0 (Linux; Android 6.0.1; Nexus 5X Build/MMB29P) AppleWebKit/537.36 (KHTML, like Gecko) Chrome/135.0.7049.95 Mobile Safari/537.36 (compatible; GoogleOther)"
66.249.73.130 - - [26/Apr/2025:14:00:47 -0400] "POST /get-message-notify HTTP/1.1" 200 19730 "https://it.techafri.com/index.php/zhHant/product/surugaya/21137501/shopdetail/16756690/shopdetail/4933490/man/kaitori/kantan.html/shopdetail/88471190/hobby.html" "Mozilla/5.0 (Linux; Android 6.0.1; Nexus 5X Build/MMB29P) AppleWebKit/537.36 (KHTML, like Gecko) Chrome/134.0.6998.165 Mobile Safari/537.36 (compatible; Googlebot/2.1; +http://www.google.com/bot.html)"
66.249.73.130 - - [26/Apr/2025:14:01:49 -0400] "GET /shopdetail/22020090 HTTP/1.1" 200 19703 "-" "Mozilla/5.0 (Linux; Android 6.0.1; Nexus 5X Build/MMB29P) AppleWebKit/537.36 (KHTML, like Gecko) Chrome/135.0.7049.114 Mobile Safari/537.36 (compatible; Googlebot/2.1; +http://www.google.com/bot.html)"
66.249.73.131 - - [26/Apr/2025:14:02:47 -0400] "GET /shopdetail/98491890 HTTP/1.1" 200 19874 "-" "Mozilla/5.0 (Linux; Android 6.0.1; Nexus 5X Build/MMB29P) AppleWebKit/537.36 (KHTML, like Gecko) Chrome/135.0.7049.114 Mobile Safari/537.36 (compatible; Googlebot/2.1; +http://www.google.com/bot.html)"
66.249.73.132 - - [26/Apr/2025:14:05:41 -0400] "GET /index.php/zhHant/product/surugaya/59570478/pcsp.html/shopdetail/119195590/product_archives/shopdetail/38695490/shopdetail/108093190/man/customer_guide/toiawase/pcmypage/shopdetail/130676490/shopdetail/62895190/text/terms/shopdetail/68758790/cargo/detail/shopdetail/144649990/man/customer_guide/shopdetail/143724390/toreka/goods_menu.html HTTP/1.1" 200 20349 "-" "Mozilla/5.0 (Linux; Android 6.0.1; Nexus 5X Build/MMB29P) AppleWebKit/537.36 (KHTML, like Gecko) Chrome/135.0.7049.95 Mobile Safari/537.36 (compatible; GoogleOther)"
66.249.73.130 - - [26/Apr/2025:14:05:45 -0400] "POST /get-message-notify HTTP/1.1" 200 19730 "https://it.techafri.com/index.php/zhHant/product/surugaya/59570478/pcsp.html/shopdetail/119195590/product_archives/shopdetail/38695490/shopdetail/108093190/man/customer_guide/toiawase/pcmypage/shopdetail/130676490/shopdetail/62895190/text/terms/shopdetail/68758790/cargo/detail/shopdetail/144649990/man/customer_guide/shopdetail/143724390/toreka/goods_menu.html" "Mozilla/5.0 (Linux; Android 6.0.1; Nexus 5X Build/MMB29P) AppleWebKit/537.36 (KHTML, like Gecko) Chrome/134.0.6998.165 Mobile Safari/537.36 (compatible; Googlebot/2.1; +http://www.google.com/bot.html)"
185.191.171.10 - - [26/Apr/2025:14:08:02 -0400] "GET /events/2025-06-15/ HTTP/1.1" 200 0 "-" "Mozilla/5.0 (compatible; SemrushBot/7~bl; +http://www.semrush.com/bot.html)"
66.249.73.132 - - [26/Apr/2025:14:08:31 -0400] "GET /index.phpsshopdetail/137560690 HTTP/1.1" 200 19692 "-" "Mozilla/5.0 (Linux; Android 6.0.1; Nexus 5X Build/MMB29P) AppleWebKit/537.36 (KHTML, like Gecko) Chrome/135.0.7049.95 Mobile Safari/537.36 (compatible; Googlebot/2.1; +http://www.google.com/bot.html)"
185.191.171.12 - - [26/Apr/2025:14:10:16 -0400] "GET /events/2024-01-01/ HTTP/1.1" 200 0 "-" "Mozilla/5.0 (compatible; SemrushBot/7~bl; +http://www.semrush.com/bot.html)"
85.208.96.201 - - [26/Apr/2025:14:10:28 -0400] "GET /events/2029-09-13/ HTTP/1.1" 200 0 "-" "Mozilla/5.0 (compatible; SemrushBot/7~bl; +http://www.semrush.com/bot.html)"
66.249.73.131 - - [26/Apr/2025:14:12:16 -0400] "GET /shopdetail/133118790 HTTP/1.1" 200 19889 "-" "Mozilla/5.0 (Linux; Android 6.0.1; Nexus 5X Build/MMB29P) AppleWebKit/537.36 (KHTML, like Gecko) Chrome/135.0.7049.114 Mobile Safari/537.36 (compatible; Googlebot/2.1; +http://www.google.com/bot.html)"
66.249.73.131 - - [26/Apr/2025:14:12:21 -0400] "GET /shopdetail/141303590 HTTP/1.1" 200 19502 "-" "Mozilla/5.0 (Linux; Android 6.0.1; Nexus 5X Build/MMB29P) AppleWebKit/537.36 (KHTML, like Gecko) Chrome/135.0.7049.114 Mobile Safari/537.36 (compatible; Googlebot/2.1; +http://www.google.com/bot.html)"
66.249.73.130 - - [26/Apr/2025:14:14:17 -0400] "GET /shopdetail/93323990 HTTP/1.1" 200 19214 "-" "Mozilla/5.0 (Linux; Android 6.0.1; Nexus 5X Build/MMB29P) AppleWebKit/537.36 (KHTML, like Gecko) Chrome/135.0.7049.114 Mobile Safari/537.36 (compatible; Googlebot/2.1; +http://www.google.com/bot.html)"
185.191.171.11 - - [26/Apr/2025:14:14:21 -0400] "GET /events/2027-01-12/ HTTP/1.1" 200 0 "-" "Mozilla/5.0 (compatible; SemrushBot/7~bl; +http://www.semrush.com/bot.html)"
66.249.73.132 - - [26/Apr/2025:14:15:05 -0400] "GET /shopdetail/80129290 HTTP/1.1" 200 19913 "-" "Mozilla/5.0 (Linux; Android 6.0.1; Nexus 5X Build/MMB29P) AppleWebKit/537.36 (KHTML, like Gecko) Chrome/135.0.7049.114 Mobile Safari/537.36 (compatible; Googlebot/2.1; +http://www.google.com/bot.html)"
66.249.73.130 - - [26/Apr/2025:14:17:31 -0400] "GET /index.php/zhHant/product/surugaya/42199434/product_archives/shopdetail/14510290/kaden.html/shopdetail/75176790/shopdetail/151250990/text/terms/shopdetail/137785990/pcmypage/shopdetail/121695890/shopdetail/11567890/cargo/detail/shopdetail/91012590/pcmypage/shopdetail/154228790/shopdetail/131997090/product/edit/18236094/shopdetail/74773790/recruit/shopdetail/43751290/shopdetail/43002590/man/kaitori/ansin.html HTTP/1.1" 200 20407 "-" "Mozilla/5.0 (Linux; Android 6.0.1; Nexus 5X Build/MMB29P) AppleWebKit/537.36 (KHTML, like Gecko) Chrome/135.0.7049.95 Mobile Safari/537.36 (compatible; GoogleOther)"
66.249.73.130 - - [26/Apr/2025:14:17:34 -0400] "POST /get-message-notify HTTP/1.1" 200 19730 "https://it.techafri.com/index.php/zhHant/product/surugaya/42199434/product_archives/shopdetail/14510290/kaden.html/shopdetail/75176790/shopdetail/151250990/text/terms/shopdetail/137785990/pcmypage/shopdetail/121695890/shopdetail/11567890/cargo/detail/shopdetail/91012590/pcmypage/shopdetail/154228790/shopdetail/131997090/product/edit/18236094/shopdetail/74773790/recruit/shopdetail/43751290/shopdetail/43002590/man/kaitori/ansin.html" "Mozilla/5.0 (Linux; Android 6.0.1; Nexus 5X Build/MMB29P) AppleWebKit/537.36 (KHTML, like Gecko) Chrome/134.0.6998.165 Mobile Safari/537.36 (compatible; Googlebot/2.1; +http://www.google.com/bot.html)"
185.191.171.6 - - [26/Apr/2025:14:19:45 -0400] "GET /events/2030-06-25/ HTTP/1.1" 200 0 "-" "Mozilla/5.0 (compatible; SemrushBot/7~bl; +http://www.semrush.com/bot.html)"
66.249.73.130 - - [26/Apr/2025:14:19:58 -0400] "GET /shopdetail/86225890 HTTP/1.1" 200 18902 "-" "Mozilla/5.0 (Linux; Android 6.0.1; Nexus 5X Build/MMB29P) AppleWebKit/537.36 (KHTML, like Gecko) Chrome/135.0.7049.114 Mobile Safari/537.36 (compatible; Googlebot/2.1; +http://www.google.com/bot.html)"
66.249.73.130 - - [26/Apr/2025:14:22:35 -0400] "GET /index.php/zhHant/product/surugaya/21137501/shopdetail/16756690/shopdetail/4933490/kaden.html/shopdetail/21735490/shopdetail/7573690 HTTP/1.1" 200 19394 "-" "Mozilla/5.0 (Linux; Android 6.0.1; Nexus 5X Build/MMB29P) AppleWebKit/537.36 (KHTML, like Gecko) Chrome/135.0.7049.95 Mobile Safari/537.36 (compatible; GoogleOther)"
66.249.73.130 - - [26/Apr/2025:14:22:38 -0400] "POST /get-message-notify HTTP/1.1" 200 19730 "https://it.techafri.com/index.php/zhHant/product/surugaya/21137501/shopdetail/16756690/shopdetail/4933490/kaden.html/shopdetail/21735490/shopdetail/7573690" "Mozilla/5.0 (Linux; Android 6.0.1; Nexus 5X Build/MMB29P) AppleWebKit/537.36 (KHTML, like Gecko) Chrome/134.0.6998.165 Mobile Safari/537.36 (compatible; Googlebot/2.1; +http://www.google.com/bot.html)"
66.249.73.130 - - [26/Apr/2025:14:23:09 -0400] "GET /shopdetail/76397190 HTTP/1.1" 200 19328 "-" "Mozilla/5.0 (Linux; Android 6.0.1; Nexus 5X Build/MMB29P) AppleWebKit/537.36 (KHTML, like Gecko) Chrome/135.0.7049.114 Mobile Safari/537.36 (compatible; Googlebot/2.1; +http://www.google.com/bot.html)"
185.191.171.8 - - [26/Apr/2025:14:25:18 -0400] "GET /robots.txt HTTP/1.1" 304 0 "-" "Mozilla/5.0 (compatible; SemrushBot/7~bl; +http://www.semrush.com/bot.html)"
85.208.96.210 - - [26/Apr/2025:14:25:21 -0400] "GET /events/2031-01-10/ HTTP/1.1" 200 0 "-" "Mozilla/5.0 (compatible; SemrushBot/7~bl; +http://www.semrush.com/bot.html)"
66.249.73.129 - - [26/Apr/2025:14:25:37 -0400] "GET /index.php/zhHant/product/surugaya/71786428/shopdetail/41737290/shopdetail/89296290/books.html/shopdetail/69979990/shopdetail/61881690/safe_search/config/shopdetail/142777390/shopdetail/152891790/cargo/detail/product_archives/shopdetail/111177690/shopdetail/107826490/events/shopdetail/133928490/shopdetail/141581290 HTTP/1.1" 200 19590 "-" "Mozilla/5.0 (Linux; Android 6.0.1; Nexus 5X Build/MMB29P) AppleWebKit/537.36 (KHTML, like Gecko) Chrome/135.0.7049.95 Mobile Safari/537.36 (compatible; GoogleOther)"
85.208.96.197 - - [26/Apr/2025:14:25:43 -0400] "GET /events/month/2023-09/ HTTP/1.1" 200 0 "-" "Mozilla/5.0 (compatible; SemrushBot/7~bl; +http://www.semrush.com/bot.html)"
66.249.73.129 - - [26/Apr/2025:14:25:43 -0400] "POST /get-message-notify HTTP/1.1" 200 19730 "https://it.techafri.com/index.php/zhHant/product/surugaya/71786428/shopdetail/41737290/shopdetail/89296290/books.html/shopdetail/69979990/shopdetail/61881690/safe_search/config/shopdetail/142777390/shopdetail/152891790/cargo/detail/product_archives/shopdetail/111177690/shopdetail/107826490/events/shopdetail/133928490/shopdetail/141581290" "Mozilla/5.0 (Linux; Android 6.0.1; Nexus 5X Build/MMB29P) AppleWebKit/537.36 (KHTML, like Gecko) Chrome/134.0.6998.165 Mobile Safari/537.36 (compatible; Googlebot/2.1; +http://www.google.com/bot.html)"
66.249.73.130 - - [26/Apr/2025:14:25:44 -0400] "GET /index.php/zhHant/product/surugaya/21137501/shopdetail/112531490/shopdetail/156755190/pcmypage/shopdetail/162604890/pcsp.html/shopdetail/121882690/text/terms/man/customer_guide/cargo/detail/shopdetail/78438690/shopdetail/60700590 HTTP/1.1" 200 19589 "-" "Mozilla/5.0 (Linux; Android 6.0.1; Nexus 5X Build/MMB29P) AppleWebKit/537.36 (KHTML, like Gecko) Chrome/135.0.7049.95 Mobile Safari/537.36 (compatible; GoogleOther)"
85.208.96.211 - - [26/Apr/2025:14:25:46 -0400] "GET /events/2023-03-01/ HTTP/1.1" 200 0 "-" "Mozilla/5.0 (compatible; SemrushBot/7~bl; +http://www.semrush.com/bot.html)"
66.249.73.129 - - [26/Apr/2025:14:25:47 -0400] "POST /get-message-notify HTTP/1.1" 200 19730 "https://it.techafri.com/index.php/zhHant/product/surugaya/21137501/shopdetail/112531490/shopdetail/156755190/pcmypage/shopdetail/162604890/pcsp.html/shopdetail/121882690/text/terms/man/customer_guide/cargo/detail/shopdetail/78438690/shopdetail/60700590" "Mozilla/5.0 (Linux; Android 6.0.1; Nexus 5X Build/MMB29P) AppleWebKit/537.36 (KHTML, like Gecko) Chrome/134.0.6998.165 Mobile Safari/537.36 (compatible; Googlebot/2.1; +http://www.google.com/bot.html)"
85.208.96.198 - - [26/Apr/2025:14:26:25 -0400] "GET /events/2031-07-29/ HTTP/1.1" 200 0 "-" "Mozilla/5.0 (compatible; SemrushBot/7~bl; +http://www.semrush.com/bot.html)"
66.249.73.130 - - [26/Apr/2025:14:27:45 -0400] "GET /index.php/zhHant/product/surugaya/21137501/shopdetail/16756690/shopdetail/4933490/kaden.html/shopdetail/21735490/shopdetail/152606590 HTTP/1.1" 200 19497 "-" "Mozilla/5.0 (Linux; Android 6.0.1; Nexus 5X Build/MMB29P) AppleWebKit/537.36 (KHTML, like Gecko) Chrome/135.0.7049.95 Mobile Safari/537.36 (compatible; GoogleOther)"
66.249.73.131 - - [26/Apr/2025:14:27:48 -0400] "POST /get-message-notify HTTP/1.1" 200 19730 "https://it.techafri.com/index.php/zhHant/product/surugaya/21137501/shopdetail/16756690/shopdetail/4933490/kaden.html/shopdetail/21735490/shopdetail/152606590" "Mozilla/5.0 (Linux; Android 6.0.1; Nexus 5X Build/MMB29P) AppleWebKit/537.36 (KHTML, like Gecko) Chrome/134.0.6998.165 Mobile Safari/537.36 (compatible; Googlebot/2.1; +http://www.google.com/bot.html)"
66.249.73.129 - - [26/Apr/2025:14:27:51 -0400] "GET /index.php/zhHant/product/surugaya/21137501/shopdetail/16756690/shopdetail/4933490/kaden.html/shopdetail/21735490/toiawase HTTP/1.1" 200 19400 "-" "Mozilla/5.0 (Linux; Android 6.0.1; Nexus 5X Build/MMB29P) AppleWebKit/537.36 (KHTML, like Gecko) Chrome/135.0.7049.95 Mobile Safari/537.36 (compatible; GoogleOther)"
66.249.73.129 - - [26/Apr/2025:14:27:54 -0400] "POST /get-message-notify HTTP/1.1" 200 19730 "https://it.techafri.com/index.php/zhHant/product/surugaya/21137501/shopdetail/16756690/shopdetail/4933490/kaden.html/shopdetail/21735490/toiawase" "Mozilla/5.0 (Linux; Android 6.0.1; Nexus 5X Build/MMB29P) AppleWebKit/537.36 (KHTML, like Gecko) Chrome/134.0.6998.165 Mobile Safari/537.36 (compatible; Googlebot/2.1; +http://www.google.com/bot.html)"
85.208.96.209 - - [26/Apr/2025:14:29:47 -0400] "GET /events/2028-10-27/ HTTP/1.1" 200 0 "-" "Mozilla/5.0 (compatible; SemrushBot/7~bl; +http://www.semrush.com/bot.html)"
85.208.96.208 - - [26/Apr/2025:14:30:30 -0400] "GET /events/2031-01-13/ HTTP/1.1" 200 0 "-" "Mozilla/5.0 (compatible; SemrushBot/7~bl; +http://www.semrush.com/bot.html)"
66.249.73.131 - - [26/Apr/2025:14:32:05 -0400] "GET /robots.txt HTTP/1.1" 304 0 "-" "Mozilla/5.0 (compatible; Googlebot/2.1; +http://www.google.com/bot.html)"
66.249.73.131 - - [26/Apr/2025:14:32:05 -0400] "GET /shopdetail/860990 HTTP/1.1" 200 19999 "-" "Mozilla/5.0 (Linux; Android 6.0.1; Nexus 5X Build/MMB29P) AppleWebKit/537.36 (KHTML, like Gecko) Chrome/135.0.7049.114 Mobile Safari/537.36 (compatible; Googlebot/2.1; +http://www.google.com/bot.html)"
66.249.73.129 - - [26/Apr/2025:14:32:09 -0400] "GET /shopdetail/34790390 HTTP/1.1" 200 19071 "-" "Mozilla/5.0 (Linux; Android 6.0.1; Nexus 5X Build/MMB29P) AppleWebKit/537.36 (KHTML, like Gecko) Chrome/135.0.7049.114 Mobile Safari/537.36 (compatible; Googlebot/2.1; +http://www.google.com/bot.html)"
85.208.96.209 - - [26/Apr/2025:14:33:03 -0400] "GET /events/2030-10-17/ HTTP/1.1" 200 0 "-" "Mozilla/5.0 (compatible; SemrushBot/7~bl; +http://www.semrush.com/bot.html)"
66.249.73.130 - - [26/Apr/2025:14:33:09 -0400] "GET /shopdetail/83331190 HTTP/1.1" 200 19561 "-" "Mozilla/5.0 (Linux; Android 6.0.1; Nexus 5X Build/MMB29P) AppleWebKit/537.36 (KHTML, like Gecko) Chrome/135.0.7049.114 Mobile Safari/537.36 (compatible; Googlebot/2.1; +http://www.google.com/bot.html)"
85.208.96.201 - - [26/Apr/2025:14:33:12 -0400] "GET /events/2026-09-03/ HTTP/1.1" 200 0 "-" "Mozilla/5.0 (compatible; SemrushBot/7~bl; +http://www.semrush.com/bot.html)"
85.208.96.208 - - [26/Apr/2025:14:33:24 -0400] "GET /events/2023-08-16/ HTTP/1.1" 200 0 "-" "Mozilla/5.0 (compatible; SemrushBot/7~bl; +http://www.semrush.com/bot.html)"
66.249.73.129 - - [26/Apr/2025:14:33:27 -0400] "GET /shopdetail/102710890 HTTP/1.1" 200 19730 "-" "Mozilla/5.0 (Linux; Android 6.0.1; Nexus 5X Build/MMB29P) AppleWebKit/537.36 (KHTML, like Gecko) Chrome/135.0.7049.114 Mobile Safari/537.36 (compatible; Googlebot/2.1; +http://www.google.com/bot.html)"
66.249.73.129 - - [26/Apr/2025:14:33:53 -0400] "GET /index.php/zhHant/product/surugaya/71786428/shopdetail/41737290/shopdetail/89296290/books.html/shopdetail/69979990/shopdetail/61881690/safe_search/config/shopdetail/142777390/shopdetail/152891790/cargo/detail/product_archives/shopdetail/111177690/shopdetail/107826490/events/shopdetail/133928490/shopdetail/88662590 HTTP/1.1" 200 20380 "-" "Mozilla/5.0 (Linux; Android 6.0.1; Nexus 5X Build/MMB29P) AppleWebKit/537.36 (KHTML, like Gecko) Chrome/135.0.7049.95 Mobile Safari/537.36 (compatible; GoogleOther)"
66.249.73.129 - - [26/Apr/2025:14:33:56 -0400] "POST /get-message-notify HTTP/1.1" 200 19729 "https://it.techafri.com/index.php/zhHant/product/surugaya/71786428/shopdetail/41737290/shopdetail/89296290/books.html/shopdetail/69979990/shopdetail/61881690/safe_search/config/shopdetail/142777390/shopdetail/152891790/cargo/detail/product_archives/shopdetail/111177690/shopdetail/107826490/events/shopdetail/133928490/shopdetail/88662590" "Mozilla/5.0 (Linux; Android 6.0.1; Nexus 5X Build/MMB29P) AppleWebKit/537.36 (KHTML, like Gecko) Chrome/134.0.6998.165 Mobile Safari/537.36 (compatible; Googlebot/2.1; +http://www.google.com/bot.html)"
85.208.96.195 - - [26/Apr/2025:14:34:45 -0400] "GET /events/2025-08-30/ HTTP/1.1" 200 0 "-" "Mozilla/5.0 (compatible; SemrushBot/7~bl; +http://www.semrush.com/bot.html)"
185.191.171.7 - - [26/Apr/2025:14:35:12 -0400] "GET /events/2027-10-03/ HTTP/1.1" 200 0 "-" "Mozilla/5.0 (compatible; SemrushBot/7~bl; +http://www.semrush.com/bot.html)"
66.249.73.130 - - [26/Apr/2025:14:35:25 -0400] "GET /shopdetail/49941690 HTTP/1.1" 200 19174 "-" "Mozilla/5.0 (Linux; Android 6.0.1; Nexus 5X Build/MMB29P) AppleWebKit/537.36 (KHTML, like Gecko) Chrome/135.0.7049.114 Mobile Safari/537.36 (compatible; Googlebot/2.1; +http://www.google.com/bot.html)"
66.249.73.129 - - [26/Apr/2025:14:36:34 -0400] "GET /shopdetail/33360990 HTTP/1.1" 200 20320 "-" "Mozilla/5.0 (Linux; Android 6.0.1; Nexus 5X Build/MMB29P) AppleWebKit/537.36 (KHTML, like Gecko) Chrome/135.0.7049.114 Mobile Safari/537.36 (compatible; Googlebot/2.1; +http://www.google.com/bot.html)"
66.249.73.129 - - [26/Apr/2025:14:36:54 -0400] "GET /index.php/zhHant/product/surugaya/21137501/shopdetail/16756690/shopdetail/4933490/kaden.html/shopdetail/21735490/shopdetail/104953690 HTTP/1.1" 200 22671 "-" "Mozilla/5.0 (Linux; Android 6.0.1; Nexus 5X Build/MMB29P) AppleWebKit/537.36 (KHTML, like Gecko) Chrome/135.0.7049.95 Mobile Safari/537.36 (compatible; GoogleOther)"
66.249.73.130 - - [26/Apr/2025:14:36:57 -0400] "POST /get-message-notify HTTP/1.1" 200 19730 "https://it.techafri.com/index.php/zhHant/product/surugaya/21137501/shopdetail/16756690/shopdetail/4933490/kaden.html/shopdetail/21735490/shopdetail/104953690" "Mozilla/5.0 (Linux; Android 6.0.1; Nexus 5X Build/MMB29P) AppleWebKit/537.36 (KHTML, like Gecko) Chrome/134.0.6998.165 Mobile Safari/537.36 (compatible; Googlebot/2.1; +http://www.google.com/bot.html)"
85.208.96.203 - - [26/Apr/2025:14:37:28 -0400] "GET /events/2023-03-10/ HTTP/1.1" 200 0 "-" "Mozilla/5.0 (compatible; SemrushBot/7~bl; +http://www.semrush.com/bot.html)"
66.249.73.129 - - [26/Apr/2025:14:38:15 -0400] "GET /shopdetail/130043690 HTTP/1.1" 200 20441 "-" "Mozilla/5.0 (Linux; Android 6.0.1; Nexus 5X Build/MMB29P) AppleWebKit/537.36 (KHTML, like Gecko) Chrome/135.0.7049.114 Mobile Safari/537.36 (compatible; Googlebot/2.1; +http://www.google.com/bot.html)"
85.208.96.196 - - [26/Apr/2025:14:38:59 -0400] "GET /events/2027-10-01/ HTTP/1.1" 200 0 "-" "Mozilla/5.0 (compatible; SemrushBot/7~bl; +http://www.semrush.com/bot.html)"
66.249.73.131 - - [26/Apr/2025:14:39:28 -0400] "GET /shopdetail/141952390 HTTP/1.1" 200 19516 "-" "Mozilla/5.0 (Linux; Android 6.0.1; Nexus 5X Build/MMB29P) AppleWebKit/537.36 (KHTML, like Gecko) Chrome/135.0.7049.114 Mobile Safari/537.36 (compatible; Googlebot/2.1; +http://www.google.com/bot.html)"
66.249.73.130 - - [26/Apr/2025:14:39:41 -0400] "GET /index.php/zhHant/product/surugaya/21137501/shopdetail/16756690/shopdetail/4933490/kaden.html/shopdetail/21735490/shopdetail/144056390 HTTP/1.1" 200 19754 "-" "Mozilla/5.0 (Linux; Android 6.0.1; Nexus 5X Build/MMB29P) AppleWebKit/537.36 (KHTML, like Gecko) Chrome/135.0.7049.95 Mobile Safari/537.36 (compatible; GoogleOther)"
66.249.73.129 - - [26/Apr/2025:14:39:47 -0400] "POST /get-message-notify HTTP/1.1" 200 19729 "https://it.techafri.com/index.php/zhHant/product/surugaya/21137501/shopdetail/16756690/shopdetail/4933490/kaden.html/shopdetail/21735490/shopdetail/144056390" "Mozilla/5.0 (Linux; Android 6.0.1; Nexus 5X Build/MMB29P) AppleWebKit/537.36 (KHTML, like Gecko) Chrome/134.0.6998.165 Mobile Safari/537.36 (compatible; Googlebot/2.1; +http://www.google.com/bot.html)"
66.249.73.129 - - [26/Apr/2025:14:40:00 -0400] "GET /shopdetail/43637190 HTTP/1.1" 200 19232 "-" "Mozilla/5.0 (Linux; Android 6.0.1; Nexus 5X Build/MMB29P) AppleWebKit/537.36 (KHTML, like Gecko) Chrome/135.0.7049.114 Mobile Safari/537.36 (compatible; Googlebot/2.1; +http://www.google.com/bot.html)"
85.208.96.202 - - [26/Apr/2025:14:41:50 -0400] "GET /events/2031-08-01/ HTTP/1.1" 200 0 "-" "Mozilla/5.0 (compatible; SemrushBot/7~bl; +http://www.semrush.com/bot.html)"
66.249.73.130 - - [26/Apr/2025:14:42:18 -0400] "GET /shopdetail/160808090 HTTP/1.1" 200 19553 "-" "Mozilla/5.0 (Linux; Android 6.0.1; Nexus 5X Build/MMB29P) AppleWebKit/537.36 (KHTML, like Gecko) Chrome/135.0.7049.114 Mobile Safari/537.36 (compatible; Googlebot/2.1; +http://www.google.com/bot.html)"
66.249.73.131 - - [26/Apr/2025:14:42:21 -0400] "GET /shopdetail/4854990 HTTP/1.1" 200 19341 "-" "Mozilla/5.0 (Linux; Android 6.0.1; Nexus 5X Build/MMB29P) AppleWebKit/537.36 (KHTML, like Gecko) Chrome/135.0.7049.114 Mobile Safari/537.36 (compatible; Googlebot/2.1; +http://www.google.com/bot.html)"
51.222.253.13 - - [26/Apr/2025:14:43:18 -0400] "GET /robots.txt HTTP/1.1" 304 0 "-" "Mozilla/5.0 (compatible; AhrefsBot/7.0; +http://ahrefs.com/robot/)"
51.222.253.18 - - [26/Apr/2025:14:43:19 -0400] "GET /product/minimal-sideboard/ HTTP/1.1" 200 0 "-" "Mozilla/5.0 (compatible; AhrefsBot/7.0; +http://ahrefs.com/robot/)"
185.191.171.3 - - [26/Apr/2025:14:43:22 -0400] "GET /events/2025-02-26/ HTTP/1.1" 200 0 "-" "Mozilla/5.0 (compatible; SemrushBot/7~bl; +http://www.semrush.com/bot.html)"
85.208.96.205 - - [26/Apr/2025:14:43:56 -0400] "GET /events/2027-07-11/ HTTP/1.1" 200 0 "-" "Mozilla/5.0 (compatible; SemrushBot/7~bl; +http://www.semrush.com/bot.html)"
66.249.73.131 - - [26/Apr/2025:14:44:09 -0400] "GET /shopdetail/24433890 HTTP/1.1" 200 18958 "-" "Mozilla/5.0 (Linux; Android 6.0.1; Nexus 5X Build/MMB29P) AppleWebKit/537.36 (KHTML, like Gecko) Chrome/135.0.7049.114 Mobile Safari/537.36 (compatible; Googlebot/2.1; +http://www.google.com/bot.html)"
85.208.96.196 - - [26/Apr/2025:14:44:19 -0400] "GET /events/2024-04-19/ HTTP/1.1" 200 0 "-" "Mozilla/5.0 (compatible; SemrushBot/7~bl; +http://www.semrush.com/bot.html)"
66.249.73.130 - - [26/Apr/2025:14:44:47 -0400] "GET /shopdetail/90538790 HTTP/1.1" 200 19835 "-" "Mozilla/5.0 (Linux; Android 6.0.1; Nexus 5X Build/MMB29P) AppleWebKit/537.36 (KHTML, like Gecko) Chrome/135.0.7049.114 Mobile Safari/537.36 (compatible; Googlebot/2.1; +http://www.google.com/bot.html)"
66.249.73.130 - - [26/Apr/2025:14:44:57 -0400] "GET /shopdetail/78908390 HTTP/1.1" 200 20371 "-" "Mozilla/5.0 (Linux; Android 6.0.1; Nexus 5X Build/MMB29P) AppleWebKit/537.36 (KHTML, like Gecko) Chrome/135.0.7049.114 Mobile Safari/537.36 (compatible; Googlebot/2.1; +http://www.google.com/bot.html)"
66.249.73.132 - - [26/Apr/2025:14:45:10 -0400] "GET /shopdetail/108232590 HTTP/1.1" 200 19533 "-" "Mozilla/5.0 (Linux; Android 6.0.1; Nexus 5X Build/MMB29P) AppleWebKit/537.36 (KHTML, like Gecko) Chrome/135.0.7049.114 Mobile Safari/537.36 (compatible; Googlebot/2.1; +http://www.google.com/bot.html)"
185.191.171.16 - - [26/Apr/2025:14:46:01 -0400] "GET /events/2028-01-16/ HTTP/1.1" 200 0 "-" "Mozilla/5.0 (compatible; SemrushBot/7~bl; +http://www.semrush.com/bot.html)"
85.208.96.204 - - [26/Apr/2025:14:46:12 -0400] "GET /events/2030-04-10/ HTTP/1.1" 200 0 "-" "Mozilla/5.0 (compatible; SemrushBot/7~bl; +http://www.semrush.com/bot.html)"
185.191.171.8 - - [26/Apr/2025:14:46:57 -0400] "GET /events/2031-05-30/ HTTP/1.1" 200 0 "-" "Mozilla/5.0 (compatible; SemrushBot/7~bl; +http://www.semrush.com/bot.html)"
66.249.73.130 - - [26/Apr/2025:14:47:01 -0400] "GET /shopdetail/54584690 HTTP/1.1" 200 19523 "-" "Mozilla/5.0 (Linux; Android 6.0.1; Nexus 5X Build/MMB29P) AppleWebKit/537.36 (KHTML, like Gecko) Chrome/135.0.7049.114 Mobile Safari/537.36 (compatible; Googlebot/2.1; +http://www.google.com/bot.html)"
185.191.171.8 - - [26/Apr/2025:14:47:45 -0400] "GET /events/2029-08-16/ HTTP/1.1" 200 0 "-" "Mozilla/5.0 (compatible; SemrushBot/7~bl; +http://www.semrush.com/bot.html)"
185.191.171.1 - - [26/Apr/2025:14:47:55 -0400] "GET /events/2027-05-26/ HTTP/1.1" 200 0 "-" "Mozilla/5.0 (compatible; SemrushBot/7~bl; +http://www.semrush.com/bot.html)"
185.191.171.18 - - [26/Apr/2025:14:48:33 -0400] "GET /events/2023-06-09/ HTTP/1.1" 200 0 "-" "Mozilla/5.0 (compatible; SemrushBot/7~bl; +http://www.semrush.com/bot.html)"
185.191.171.8 - - [26/Apr/2025:14:51:33 -0400] "GET /events/2027-03-09/ HTTP/1.1" 200 0 "-" "Mozilla/5.0 (compatible; SemrushBot/7~bl; +http://www.semrush.com/bot.html)"
185.191.171.2 - - [26/Apr/2025:14:52:53 -0400] "GET /events/2029-06-07/ HTTP/1.1" 200 0 "-" "Mozilla/5.0 (compatible; SemrushBot/7~bl; +http://www.semrush.com/bot.html)"
66.249.73.129 - - [26/Apr/2025:14:53:47 -0400] "GET /shopdetail/110177590 HTTP/1.1" 200 19305 "-" "Mozilla/5.0 (Linux; Android 6.0.1; Nexus 5X Build/MMB29P) AppleWebKit/537.36 (KHTML, like Gecko) Chrome/135.0.7049.114 Mobile Safari/537.36 (compatible; Googlebot/2.1; +http://www.google.com/bot.html)"
54.193.42.176 - - [26/Apr/2025:14:54:18 -0400] "GET / HTTP/1.1" 200 0 "-" "Mozilla/5.0 (X11; Linux x86_64) AppleWebKit/537.36 (KHTML, like Gecko) Chrome/51.0.2704.103 Safari/537.36"
66.249.73.129 - - [26/Apr/2025:14:54:43 -0400] "GET /index.php/zhHant/product/surugaya/42199434/product_archives/shopdetail/14510290/kaden.html/shopdetail/75176790/shopdetail/151250990/text/terms/shopdetail/137785990/pcmypage/shopdetail/121695890/shopdetail/11567890/cargo/detail/shopdetail/91012590/pcmypage/shopdetail/154228790/shopdetail/131997090/product/edit/18236094/shopdetail/74773790/recruit/shopdetail/43751290/shopdetail/43002590/pcmypage HTTP/1.1" 200 22938 "-" "Mozilla/5.0 (Linux; Android 6.0.1; Nexus 5X Build/MMB29P) AppleWebKit/537.36 (KHTML, like Gecko) Chrome/135.0.7049.95 Mobile Safari/537.36 (compatible; GoogleOther)"
66.249.73.130 - - [26/Apr/2025:14:54:46 -0400] "POST /get-message-notify HTTP/1.1" 200 19731 "https://it.techafri.com/index.php/zhHant/product/surugaya/42199434/product_archives/shopdetail/14510290/kaden.html/shopdetail/75176790/shopdetail/151250990/text/terms/shopdetail/137785990/pcmypage/shopdetail/121695890/shopdetail/11567890/cargo/detail/shopdetail/91012590/pcmypage/shopdetail/154228790/shopdetail/131997090/product/edit/18236094/shopdetail/74773790/recruit/shopdetail/43751290/shopdetail/43002590/pcmypage" "Mozilla/5.0 (Linux; Android 6.0.1; Nexus 5X Build/MMB29P) AppleWebKit/537.36 (KHTML, like Gecko) Chrome/134.0.6998.165 Mobile Safari/537.36 (compatible; Googlebot/2.1; +http://www.google.com/bot.html)"
85.208.96.198 - - [26/Apr/2025:14:55:02 -0400] "GET /events/2027-09-11/ HTTP/1.1" 200 0 "-" "Mozilla/5.0 (compatible; SemrushBot/7~bl; +http://www.semrush.com/bot.html)"
66.249.73.129 - - [26/Apr/2025:14:55:48 -0400] "GET /index.php/zhHant/product/surugaya/59570478/pcsp.html/shopdetail/119195590/product_archives/shopdetail/38695490/shopdetail/108093190/man/customer_guide/toiawase/pcmypage/shopdetail/130676490/shopdetail/62895190/text/terms/shopdetail/68758790/cargo/detail/shopdetail/144649990/man/customer_guide/shopdetail/143724390/pcmypage?callback=product%2Fdetail%2F29246950 HTTP/1.1" 200 20107 "-" "Mozilla/5.0 (Linux; Android 6.0.1; Nexus 5X Build/MMB29P) AppleWebKit/537.36 (KHTML, like Gecko) Chrome/135.0.7049.95 Mobile Safari/537.36 (compatible; GoogleOther)"
66.249.73.130 - - [26/Apr/2025:14:55:50 -0400] "POST /get-message-notify HTTP/1.1" 200 19730 "https://it.techafri.com/index.php/zhHant/product/surugaya/59570478/pcsp.html/shopdetail/119195590/product_archives/shopdetail/38695490/shopdetail/108093190/man/customer_guide/toiawase/pcmypage/shopdetail/130676490/shopdetail/62895190/text/terms/shopdetail/68758790/cargo/detail/shopdetail/144649990/man/customer_guide/shopdetail/143724390/pcmypage?callback=product%2Fdetail%2F29246950" "Mozilla/5.0 (Linux; Android 6.0.1; Nexus 5X Build/MMB29P) AppleWebKit/537.36 (KHTML, like Gecko) Chrome/134.0.6998.165 Mobile Safari/537.36 (compatible; Googlebot/2.1; +http://www.google.com/bot.html)"
66.249.73.130 - - [26/Apr/2025:14:55:53 -0400] "GET /index.php/zhHant/product/surugaya/21137501/shopdetail/16756690/shopdetail/4933490/kaden.html/hobby.html HTTP/1.1" 200 19128 "-" "Mozilla/5.0 (Linux; Android 6.0.1; Nexus 5X Build/MMB29P) AppleWebKit/537.36 (KHTML, like Gecko) Chrome/135.0.7049.95 Mobile Safari/537.36 (compatible; GoogleOther)"
66.249.73.129 - - [26/Apr/2025:14:55:54 -0400] "POST /get-message-notify HTTP/1.1" 200 19730 "https://it.techafri.com/index.php/zhHant/product/surugaya/21137501/shopdetail/16756690/shopdetail/4933490/kaden.html/hobby.html" "Mozilla/5.0 (Linux; Android 6.0.1; Nexus 5X Build/MMB29P) AppleWebKit/537.36 (KHTML, like Gecko) Chrome/134.0.6998.165 Mobile Safari/537.36 (compatible; Googlebot/2.1; +http://www.google.com/bot.html)"
66.249.73.129 - - [26/Apr/2025:14:55:57 -0400] "GET /index.php/zhHant/product/surugaya/71786428/shopdetail/41737290/shopdetail/89296290/books.html/shopdetail/69979990/shopdetail/61881690/safe_search/config/shopdetail/142777390/shopdetail/152891790/cargo/detail/shopdetail/133451890/shopdetail/96931290/product_archives/shopdetail/51796490/feature/campaign/index.html HTTP/1.1" 200 20098 "-" "Mozilla/5.0 (Linux; Android 6.0.1; Nexus 5X Build/MMB29P) AppleWebKit/537.36 (KHTML, like Gecko) Chrome/135.0.7049.95 Mobile Safari/537.36 (compatible; GoogleOther)"
66.249.73.129 - - [26/Apr/2025:14:56:00 -0400] "POST /get-message-notify HTTP/1.1" 200 19730 "https://it.techafri.com/index.php/zhHant/product/surugaya/71786428/shopdetail/41737290/shopdetail/89296290/books.html/shopdetail/69979990/shopdetail/61881690/safe_search/config/shopdetail/142777390/shopdetail/152891790/cargo/detail/shopdetail/133451890/shopdetail/96931290/product_archives/shopdetail/51796490/feature/campaign/index.html" "Mozilla/5.0 (Linux; Android 6.0.1; Nexus 5X Build/MMB29P) AppleWebKit/537.36 (KHTML, like Gecko) Chrome/134.0.6998.165 Mobile Safari/537.36 (compatible; Googlebot/2.1; +http://www.google.com/bot.html)"
66.249.73.129 - - [26/Apr/2025:14:56:01 -0400] "GET /shopdetail/152655690 HTTP/1.1" 200 19656 "-" "Mozilla/5.0 (Linux; Android 6.0.1; Nexus 5X Build/MMB29P) AppleWebKit/537.36 (KHTML, like Gecko) Chrome/135.0.7049.114 Mobile Safari/537.36 (compatible; Googlebot/2.1; +http://www.google.com/bot.html)"
66.249.73.129 - - [26/Apr/2025:14:56:28 -0400] "GET /shopdetail/32856590 HTTP/1.1" 200 18988 "-" "Mozilla/5.0 (Linux; Android 6.0.1; Nexus 5X Build/MMB29P) AppleWebKit/537.36 (KHTML, like Gecko) Chrome/135.0.7049.114 Mobile Safari/537.36 (compatible; Googlebot/2.1; +http://www.google.com/bot.html)"
66.249.73.130 - - [26/Apr/2025:14:57:00 -0400] "GET /shopdetail/77270490 HTTP/1.1" 200 19089 "-" "Mozilla/5.0 (Linux; Android 6.0.1; Nexus 5X Build/MMB29P) AppleWebKit/537.36 (KHTML, like Gecko) Chrome/135.0.7049.114 Mobile Safari/537.36 (compatible; Googlebot/2.1; +http://www.google.com/bot.html)"
185.191.171.14 - - [26/Apr/2025:14:57:02 -0400] "GET /events/2027-08-28/ HTTP/1.1" 200 0 "-" "Mozilla/5.0 (compatible; SemrushBot/7~bl; +http://www.semrush.com/bot.html)"
66.249.73.130 - - [26/Apr/2025:14:57:10 -0400] "GET /shopdetail/22837690 HTTP/1.1" 200 19303 "-" "Mozilla/5.0 (Linux; Android 6.0.1; Nexus 5X Build/MMB29P) AppleWebKit/537.36 (KHTML, like Gecko) Chrome/135.0.7049.114 Mobile Safari/537.36 (compatible; Googlebot/2.1; +http://www.google.com/bot.html)"
66.249.73.129 - - [26/Apr/2025:14:57:26 -0400] "GET /shopdetail/158893290 HTTP/1.1" 200 20498 "-" "Mozilla/5.0 (Linux; Android 6.0.1; Nexus 5X Build/MMB29P) AppleWebKit/537.36 (KHTML, like Gecko) Chrome/135.0.7049.114 Mobile Safari/537.36 (compatible; Googlebot/2.1; +http://www.google.com/bot.html)"
66.249.73.129 - - [26/Apr/2025:14:57:58 -0400] "GET /index.php/zhHant/product/surugaya/71786428/shopdetail/41737290/shopdetail/89296290/books.html/shopdetail/69979990/shopdetail/61881690/safe_search/config/shopdetail/142777390/shopdetail/152891790/cargo/detail/product_archives/shopdetail/136305890/pcmypage?callback=/product%2Fdetail%2F31034875 HTTP/1.1" 200 19296 "-" "Mozilla/5.0 (Linux; Android 6.0.1; Nexus 5X Build/MMB29P) AppleWebKit/537.36 (KHTML, like Gecko) Chrome/135.0.7049.95 Mobile Safari/537.36 (compatible; GoogleOther)"
66.249.73.129 - - [26/Apr/2025:14:58:01 -0400] "POST /get-message-notify HTTP/1.1" 200 19730 "https://it.techafri.com/index.php/zhHant/product/surugaya/71786428/shopdetail/41737290/shopdetail/89296290/books.html/shopdetail/69979990/shopdetail/61881690/safe_search/config/shopdetail/142777390/shopdetail/152891790/cargo/detail/product_archives/shopdetail/136305890/pcmypage?callback=/product%2Fdetail%2F31034875" "Mozilla/5.0 (Linux; Android 6.0.1; Nexus 5X Build/MMB29P) AppleWebKit/537.36 (KHTML, like Gecko) Chrome/134.0.6998.165 Mobile Safari/537.36 (compatible; Googlebot/2.1; +http://www.google.com/bot.html)"
66.249.73.129 - - [26/Apr/2025:14:58:05 -0400] "GET /shopdetail/45649990 HTTP/1.1" 200 19070 "-" "Mozilla/5.0 (Linux; Android 6.0.1; Nexus 5X Build/MMB29P) AppleWebKit/537.36 (KHTML, like Gecko) Chrome/135.0.7049.114 Mobile Safari/537.36 (compatible; Googlebot/2.1; +http://www.google.com/bot.html)"
85.208.96.212 - - [26/Apr/2025:14:58:17 -0400] "GET /events/2026-02-24/ HTTP/1.1" 200 0 "-" "Mozilla/5.0 (compatible; SemrushBot/7~bl; +http://www.semrush.com/bot.html)"
66.249.73.129 - - [26/Apr/2025:14:58:28 -0400] "GET /shopdetail/5040790 HTTP/1.1" 200 18976 "-" "Mozilla/5.0 (Linux; Android 6.0.1; Nexus 5X Build/MMB29P) AppleWebKit/537.36 (KHTML, like Gecko) Chrome/135.0.7049.114 Mobile Safari/537.36 (compatible; Googlebot/2.1; +http://www.google.com/bot.html)"
66.249.73.129 - - [26/Apr/2025:14:58:59 -0400] "GET /index.php/zhHant/product/surugaya/42199434/product_archives/shopdetail/14510290/kaden.html/shopdetail/75176790/shopdetail/151250990/text/terms/shopdetail/137785990/pcmypage/shopdetail/121695890/shopdetail/11567890/cargo/detail/shopdetail/91012590/pcmypage/shopdetail/154228790/shopdetail/131997090/product/edit/18236094/shopdetail/74773790/recruit/shopdetail/43751290/shopdetail/43002590/safe_search/config?return_url=%2Fproduct%2Fdetail%2F49860441 HTTP/1.1" 200 20383 "-" "Mozilla/5.0 (Linux; Android 6.0.1; Nexus 5X Build/MMB29P) AppleWebKit/537.36 (KHTML, like Gecko) Chrome/135.0.7049.95 Mobile Safari/537.36 (compatible; GoogleOther)"
66.249.73.129 - - [26/Apr/2025:14:59:00 -0400] "GET /shopdetail/59320290 HTTP/1.1" 200 20093 "-" "Mozilla/5.0 (Linux; Android 6.0.1; Nexus 5X Build/MMB29P) AppleWebKit/537.36 (KHTML, like Gecko) Chrome/135.0.7049.114 Mobile Safari/537.36 (compatible; Googlebot/2.1; +http://www.google.com/bot.html)"
66.249.73.129 - - [26/Apr/2025:14:59:02 -0400] "POST /get-message-notify HTTP/1.1" 200 19730 "https://it.techafri.com/index.php/zhHant/product/surugaya/42199434/product_archives/shopdetail/14510290/kaden.html/shopdetail/75176790/shopdetail/151250990/text/terms/shopdetail/137785990/pcmypage/shopdetail/121695890/shopdetail/11567890/cargo/detail/shopdetail/91012590/pcmypage/shopdetail/154228790/shopdetail/131997090/product/edit/18236094/shopdetail/74773790/recruit/shopdetail/43751290/shopdetail/43002590/safe_search/config?return_url=%2Fproduct%2Fdetail%2F49860441" "Mozilla/5.0 (Linux; Android 6.0.1; Nexus 5X Build/MMB29P) AppleWebKit/537.36 (KHTML, like Gecko) Chrome/134.0.6998.165 Mobile Safari/537.36 (compatible; Googlebot/2.1; +http://www.google.com/bot.html)"
66.249.73.129 - - [26/Apr/2025:14:59:04 -0400] "GET /index.phpsshopdetail/143277090 HTTP/1.1" 200 19140 "-" "Mozilla/5.0 (Linux; Android 6.0.1; Nexus 5X Build/MMB29P) AppleWebKit/537.36 (KHTML, like Gecko) Chrome/135.0.7049.95 Mobile Safari/537.36 (compatible; GoogleOther)"
66.249.73.129 - - [26/Apr/2025:14:59:07 -0400] "POST /get-message-notify HTTP/1.1" 200 19730 "https://it.techafri.com/index.phpsshopdetail/143277090" "Mozilla/5.0 (Linux; Android 6.0.1; Nexus 5X Build/MMB29P) AppleWebKit/537.36 (KHTML, like Gecko) Chrome/134.0.6998.165 Mobile Safari/537.36 (compatible; Googlebot/2.1; +http://www.google.com/bot.html)"
66.249.73.129 - - [26/Apr/2025:14:59:10 -0400] "GET /index.php/zhHant/product/surugaya/71786428/shopdetail/41737290/shopdetail/89296290/books.html/shopdetail/69979990/shopdetail/61881690/safe_search/config/shopdetail/142777390/shopdetail/152891790/cargo/detail/shopdetail/133451890/shopdetail/130535490/recruit/shopdetail/88046090/shopdetail/163686590 HTTP/1.1" 200 19804 "-" "Mozilla/5.0 (Linux; Android 6.0.1; Nexus 5X Build/MMB29P) AppleWebKit/537.36 (KHTML, like Gecko) Chrome/135.0.7049.95 Mobile Safari/537.36 (compatible; GoogleOther)"
66.249.73.129 - - [26/Apr/2025:14:59:12 -0400] "POST /get-message-notify HTTP/1.1" 200 19730 "https://it.techafri.com/index.php/zhHant/product/surugaya/71786428/shopdetail/41737290/shopdetail/89296290/books.html/shopdetail/69979990/shopdetail/61881690/safe_search/config/shopdetail/142777390/shopdetail/152891790/cargo/detail/shopdetail/133451890/shopdetail/130535490/recruit/shopdetail/88046090/shopdetail/163686590" "Mozilla/5.0 (Linux; Android 6.0.1; Nexus 5X Build/MMB29P) AppleWebKit/537.36 (KHTML, like Gecko) Chrome/134.0.6998.165 Mobile Safari/537.36 (compatible; Googlebot/2.1; +http://www.google.com/bot.html)"
66.249.73.129 - - [26/Apr/2025:14:59:15 -0400] "GET /pcmypage?callback=product/review/96759774 HTTP/1.1" 200 19070 "-" "Mozilla/5.0 (Linux; Android 6.0.1; Nexus 5X Build/MMB29P) AppleWebKit/537.36 (KHTML, like Gecko) Chrome/135.0.7049.95 Mobile Safari/537.36 (compatible; GoogleOther)"
66.249.73.129 - - [26/Apr/2025:14:59:17 -0400] "POST /get-message-notify HTTP/1.1" 200 19730 "https://it.techafri.com/pcmypage?callback=product/review/96759774" "Mozilla/5.0 (Linux; Android 6.0.1; Nexus 5X Build/MMB29P) AppleWebKit/537.36 (KHTML, like Gecko) Chrome/134.0.6998.165 Mobile Safari/537.36 (compatible; Googlebot/2.1; +http://www.google.com/bot.html)"
66.249.73.129 - - [26/Apr/2025:14:59:20 -0400] "GET /index.php/zhHant/product/surugaya/42199434/product_archives/shopdetail/14510290/kaden.html/shopdetail/75176790/shopdetail/151250990/text/terms/shopdetail/137785990/pcmypage/shopdetail/121695890/shopdetail/11567890/cargo/detail/shopdetail/91012590/pcmypage/shopdetail/154228790/shopdetail/131997090/product/edit/18236094/shopdetail/74773790/recruit/shopdetail/43751290/shopdetail/43002590/kaden.html HTTP/1.1" 200 19865 "-" "Mozilla/5.0 (Linux; Android 6.0.1; Nexus 5X Build/MMB29P) AppleWebKit/537.36 (KHTML, like Gecko) Chrome/135.0.7049.95 Mobile Safari/537.36 (compatible; GoogleOther)"
66.249.73.129 - - [26/Apr/2025:14:59:22 -0400] "POST /get-message-notify HTTP/1.1" 200 19730 "https://it.techafri.com/index.php/zhHant/product/surugaya/42199434/product_archives/shopdetail/14510290/kaden.html/shopdetail/75176790/shopdetail/151250990/text/terms/shopdetail/137785990/pcmypage/shopdetail/121695890/shopdetail/11567890/cargo/detail/shopdetail/91012590/pcmypage/shopdetail/154228790/shopdetail/131997090/product/edit/18236094/shopdetail/74773790/recruit/shopdetail/43751290/shopdetail/43002590/kaden.html" "Mozilla/5.0 (Linux; Android 6.0.1; Nexus 5X Build/MMB29P) AppleWebKit/537.36 (KHTML, like Gecko) Chrome/134.0.6998.165 Mobile Safari/537.36 (compatible; Googlebot/2.1; +http://www.google.com/bot.html)"
