2602:fa59:5:a34::1 - - [26/Apr/2025:16:25:53 -0400] "GET /wp-admin/network/index.php HTTP/1.1" 503 856 "-" "Mozlila/5.0 (Linux; Android 7.0; SM-G892A Bulid/NRD90M; wv) AppleWebKit/537.36 (KHTML, like Gecko) Version/4.0 Chrome/60.0.3112.107 Moblie Safari/537.36"
66.249.73.131 - - [26/Apr/2025:16:26:05 -0400] "GET /shopdetail/89124590 HTTP/1.1" 503 856 "-" "Mozilla/5.0 (Linux; Android 6.0.1; Nexus 5X Build/MMB29P) AppleWebKit/537.36 (KHTML, like Gecko) Chrome/135.0.7049.114 Mobile Safari/537.36 (compatible; Googlebot/2.1; +http://www.google.com/bot.html)"
2602:fa59:5:a34::1 - - [26/Apr/2025:16:26:15 -0400] "GET /wp-admin/js/index.php HTTP/1.1" 503 856 "-" "Mozlila/5.0 (Linux; Android 7.0; SM-G892A Bulid/NRD90M; wv) AppleWebKit/537.36 (KHTML, like Gecko) Version/4.0 Chrome/60.0.3112.107 Moblie Safari/537.36"
2602:fa59:5:a34::1 - - [26/Apr/2025:16:26:31 -0400] "GET /wp-admin/images/index.php HTTP/1.1" 503 856 "-" "Mozlila/5.0 (Linux; Android 7.0; SM-G892A Bulid/NRD90M; wv) AppleWebKit/537.36 (KHTML, like Gecko) Version/4.0 Chrome/60.0.3112.107 Moblie Safari/537.36"
66.249.73.130 - - [26/Apr/2025:16:26:33 -0400] "GET /index.php/zhHant/product/surugaya/42199434/product_archives/shopdetail/14510290/kaden.html/safe_search/config/shopdetail/103149090/pcmypage/shopdetail/162704990/shopdetail/73248890/cargo/detail/toiawase/pcmypage/shopdetail/147790690/shopdetail/89568690/zhHant/product/surugaya/74806380/shopdetail/97720190/shopdetail/77585890/cargo/detail/shopdetail/121067390/feature/idol/gradol.html HTTP/1.1" 503 856 "-" "Mozilla/5.0 (Linux; Android 6.0.1; Nexus 5X Build/MMB29P) AppleWebKit/537.36 (KHTML, like Gecko) Chrome/135.0.7049.95 Mobile Safari/537.36 (compatible; GoogleOther)"
85.208.96.205 - - [26/Apr/2025:16:26:56 -0400] "GET /robots.txt HTTP/1.1" 304 0 "-" "Mozilla/5.0 (compatible; SemrushBot/7~bl; +http://www.semrush.com/bot.html)"
185.191.171.15 - - [26/Apr/2025:16:26:56 -0400] "GET /events/2023-09-23/ HTTP/1.1" 503 856 "-" "Mozilla/5.0 (compatible; SemrushBot/7~bl; +http://www.semrush.com/bot.html)"
2602:fa59:5:a34::1 - - [26/Apr/2025:16:27:14 -0400] "GET /wp-admin/css/index.php HTTP/1.1" 503 856 "-" "Mozlila/5.0 (Linux; Android 7.0; SM-G892A Bulid/NRD90M; wv) AppleWebKit/537.36 (KHTML, like Gecko) Version/4.0 Chrome/60.0.3112.107 Moblie Safari/537.36"
185.191.171.8 - - [26/Apr/2025:16:27:24 -0400] "GET /events/2025-03-16/ HTTP/1.1" 503 856 "-" "Mozilla/5.0 (compatible; SemrushBot/7~bl; +http://www.semrush.com/bot.html)"
2602:fa59:5:a34::1 - - [26/Apr/2025:16:27:29 -0400] "GET /wp-includes/SimplePie/Content/Type/index.php HTTP/1.1" 503 856 "-" "Mozlila/5.0 (Linux; Android 7.0; SM-G892A Bulid/NRD90M; wv) AppleWebKit/537.36 (KHTML, like Gecko) Version/4.0 Chrome/60.0.3112.107 Moblie Safari/537.36"
2602:fa59:5:a34::1 - - [26/Apr/2025:16:27:45 -0400] "GET /wp-includes/Requests/Auth/index.php HTTP/1.1" 503 856 "-" "Mozlila/5.0 (Linux; Android 7.0; SM-G892A Bulid/NRD90M; wv) AppleWebKit/537.36 (KHTML, like Gecko) Version/4.0 Chrome/60.0.3112.107 Moblie Safari/537.36"
185.191.171.15 - - [26/Apr/2025:16:27:48 -0400] "GET /events/2028-11-23/ HTTP/1.1" 503 856 "-" "Mozilla/5.0 (compatible; SemrushBot/7~bl; +http://www.semrush.com/bot.html)"
2602:fa59:5:a34::1 - - [26/Apr/2025:16:27:59 -0400] "GET /wp-admin/css/colors/index.php HTTP/1.1" 503 856 "-" "Mozlila/5.0 (Linux; Android 7.0; SM-G892A Bulid/NRD90M; wv) AppleWebKit/537.36 (KHTML, like Gecko) Version/4.0 Chrome/60.0.3112.107 Moblie Safari/537.36"
85.208.96.208 - - [26/Apr/2025:16:28:16 -0400] "GET /events/2024-11-17/ HTTP/1.1" 503 856 "-" "Mozilla/5.0 (compatible; SemrushBot/7~bl; +http://www.semrush.com/bot.html)"
2602:fa59:5:a34::1 - - [26/Apr/2025:16:28:21 -0400] "GET /wp-content/languages/index.php HTTP/1.1" 503 856 "-" "Mozlila/5.0 (Linux; Android 7.0; SM-G892A Bulid/NRD90M; wv) AppleWebKit/537.36 (KHTML, like Gecko) Version/4.0 Chrome/60.0.3112.107 Moblie Safari/537.36"
185.191.171.14 - - [26/Apr/2025:16:28:32 -0400] "GET /events/2026-09-19/ HTTP/1.1" 503 856 "-" "Mozilla/5.0 (compatible; SemrushBot/7~bl; +http://www.semrush.com/bot.html)"
66.249.73.131 - - [26/Apr/2025:16:29:09 -0400] "GET /shopdetail/28348890 HTTP/1.1" 503 856 "-" "Mozilla/5.0 (Linux; Android 6.0.1; Nexus 5X Build/MMB29P) AppleWebKit/537.36 (KHTML, like Gecko) Chrome/135.0.7049.114 Mobile Safari/537.36 (compatible; Googlebot/2.1; +http://www.google.com/bot.html)"
2602:fa59:5:a34::1 - - [26/Apr/2025:16:29:13 -0400] "GET /wp-content/upgrade/index.php HTTP/1.1" 503 856 "-" "Mozlila/5.0 (Linux; Android 7.0; SM-G892A Bulid/NRD90M; wv) AppleWebKit/537.36 (KHTML, like Gecko) Version/4.0 Chrome/60.0.3112.107 Moblie Safari/537.36"
66.249.73.130 - - [26/Apr/2025:16:29:36 -0400] "GET /index.php/zhHant/product/surugaya/21137501/shopdetail/16756690/shopdetail/4933490/kaden.html/shopdetail/66383990/shopdetail/120313290 HTTP/1.1" 503 856 "-" "Mozilla/5.0 (Linux; Android 6.0.1; Nexus 5X Build/MMB29P) AppleWebKit/537.36 (KHTML, like Gecko) Chrome/135.0.7049.95 Mobile Safari/537.36 (compatible; GoogleOther)"
66.249.73.129 - - [26/Apr/2025:16:29:38 -0400] "GET /index.php/zhHant/product/surugaya/21137501/shopdetail/16756690/shopdetail/4933490/kaden.html/shopdetail/53125290 HTTP/1.1" 503 856 "-" "Mozilla/5.0 (Linux; Android 6.0.1; Nexus 5X Build/MMB29P) AppleWebKit/537.36 (KHTML, like Gecko) Chrome/135.0.7049.95 Mobile Safari/537.36 (compatible; GoogleOther)"
2602:fa59:5:a34::1 - - [26/Apr/2025:16:29:41 -0400] "GET /wp-content/IXR/index.php HTTP/1.1" 503 856 "-" "Mozlila/5.0 (Linux; Android 7.0; SM-G892A Bulid/NRD90M; wv) AppleWebKit/537.36 (KHTML, like Gecko) Version/4.0 Chrome/60.0.3112.107 Moblie Safari/537.36"
185.191.171.12 - - [26/Apr/2025:16:31:02 -0400] "GET /events/2024-04-18/ HTTP/1.1" 503 856 "-" "Mozilla/5.0 (compatible; SemrushBot/7~bl; +http://www.semrush.com/bot.html)"
85.208.96.208 - - [26/Apr/2025:16:31:17 -0400] "GET /events/2026-10-21/ HTTP/1.1" 503 856 "-" "Mozilla/5.0 (compatible; SemrushBot/7~bl; +http://www.semrush.com/bot.html)"
195.191.219.131 - - [26/Apr/2025:16:32:07 -0400] "GET /robots.txt HTTP/1.1" 200 123 "-" "Mozilla/5.0 (compatible; MJ12bot/v2.0.0; http://mj12bot.com/)"
195.191.219.131 - - [26/Apr/2025:16:32:08 -0400] "GET / HTTP/1.1" 503 856 "-" "Mozilla/5.0 (compatible; MJ12bot/v2.0.0; http://mj12bot.com/)"
66.249.73.130 - - [26/Apr/2025:16:33:39 -0400] "GET /index.php/zhHant/product/surugaya/59570478/pcsp.html/shopdetail/119195590/product_archives/shopdetail/38695490/shopdetail/108093190/man/customer_guide/toiawase/pcmypage/shopdetail/130676490/shopdetail/62895190/text/terms/shopdetail/68758790/cargo/detail/shopdetail/134799190/shopdetail/133475890 HTTP/1.1" 503 856 "-" "Mozilla/5.0 (Linux; Android 6.0.1; Nexus 5X Build/MMB29P) AppleWebKit/537.36 (KHTML, like Gecko) Chrome/135.0.7049.95 Mobile Safari/537.36 (compatible; GoogleOther)"
85.208.96.212 - - [26/Apr/2025:16:33:59 -0400] "GET /events/2031-06-01/ HTTP/1.1" 503 856 "-" "Mozilla/5.0 (compatible; SemrushBot/7~bl; +http://www.semrush.com/bot.html)"
66.249.73.132 - - [26/Apr/2025:16:34:39 -0400] "GET /index.php/zhHant/product/surugaya/21137501/shopdetail/112531490/shopdetail/156755190/pcmypage/shopdetail/34373690/shopdetail/1952790/kaden.html/shopdetail/100520490/toiawase/shopdetail/61079890/shopdetail/62406590 HTTP/1.1" 503 856 "-" "Mozilla/5.0 (Linux; Android 6.0.1; Nexus 5X Build/MMB29P) AppleWebKit/537.36 (KHTML, like Gecko) Chrome/135.0.7049.95 Mobile Safari/537.36 (compatible; GoogleOther)"
66.249.73.130 - - [26/Apr/2025:16:34:41 -0400] "GET /index.php/zhHant/product/surugaya/42199434/product_archives/shopdetail/14510290/kaden.html/shopdetail/75176790/shopdetail/151250990/text/terms/shopdetail/137785990/pcmypage/shopdetail/121695890/shopdetail/11567890/cargo/detail/shopdetail/91012590/pcmypage/shopdetail/154228790/shopdetail/131997090/product/edit/18236094/shopdetail/74773790/recruit/shopdetail/82599890/shopdetail/89231990/pcmypage/shopdetail/126373090/shopdetail/143468490 HTTP/1.1" 503 856 "-" "Mozilla/5.0 (Linux; Android 6.0.1; Nexus 5X Build/MMB29P) AppleWebKit/537.36 (KHTML, like Gecko) Chrome/135.0.7049.95 Mobile Safari/537.36 (compatible; GoogleOther)"
66.249.73.130 - - [26/Apr/2025:16:35:41 -0400] "GET /index.php/zhHant/product/surugaya/21137501/shopdetail/16756690/shopdetail/4933490/recruit/cargo/detail/shopdetail/152075190/shopdetail/165325190 HTTP/1.1" 503 856 "-" "Mozilla/5.0 (Linux; Android 6.0.1; Nexus 5X Build/MMB29P) AppleWebKit/537.36 (KHTML, like Gecko) Chrome/135.0.7049.95 Mobile Safari/537.36 (compatible; GoogleOther)"
66.249.73.131 - - [26/Apr/2025:16:36:10 -0400] "GET /shopdetail/149417690 HTTP/1.1" 503 856 "-" "Mozilla/5.0 (Linux; Android 6.0.1; Nexus 5X Build/MMB29P) AppleWebKit/537.36 (KHTML, like Gecko) Chrome/135.0.7049.114 Mobile Safari/537.36 (compatible; Googlebot/2.1; +http://www.google.com/bot.html)"
66.249.73.131 - - [26/Apr/2025:16:36:42 -0400] "GET /index.php/zhHant/product/surugaya/21137501/shopdetail/16756690/cargo/detail/shopdetail/82852790/hobby/nuigurumi/nuigurumi.html HTTP/1.1" 503 856 "-" "Mozilla/5.0 (Linux; Android 6.0.1; Nexus 5X Build/MMB29P) AppleWebKit/537.36 (KHTML, like Gecko) Chrome/135.0.7049.95 Mobile Safari/537.36 (compatible; GoogleOther)"
85.208.96.197 - - [26/Apr/2025:16:36:55 -0400] "GET /events/2025-10-09/ HTTP/1.1" 503 856 "-" "Mozilla/5.0 (compatible; SemrushBot/7~bl; +http://www.semrush.com/bot.html)"
85.208.96.197 - - [26/Apr/2025:16:38:45 -0400] "GET /events/2031-01-09/ HTTP/1.1" 503 856 "-" "Mozilla/5.0 (compatible; SemrushBot/7~bl; +http://www.semrush.com/bot.html)"
66.249.73.131 - - [26/Apr/2025:16:39:18 -0400] "GET /shopdetail/92908190 HTTP/1.1" 503 856 "-" "Mozilla/5.0 (Linux; Android 6.0.1; Nexus 5X Build/MMB29P) AppleWebKit/537.36 (KHTML, like Gecko) Chrome/135.0.7049.114 Mobile Safari/537.36 (compatible; Googlebot/2.1; +http://www.google.com/bot.html)"
185.191.171.9 - - [26/Apr/2025:16:39:20 -0400] "GET /events/2027-06-22/ HTTP/1.1" 503 856 "-" "Mozilla/5.0 (compatible; SemrushBot/7~bl; +http://www.semrush.com/bot.html)"
66.249.73.130 - - [26/Apr/2025:16:39:30 -0400] "GET /index.php/pcmypage?callback=product/review/06490986 HTTP/1.1" 503 856 "-" "Mozilla/5.0 (Linux; Android 6.0.1; Nexus 5X Build/MMB29P) AppleWebKit/537.36 (KHTML, like Gecko) Chrome/135.0.7049.95 Mobile Safari/537.36 (compatible; Googlebot/2.1; +http://www.google.com/bot.html)"
66.249.73.131 - - [26/Apr/2025:16:40:29 -0400] "GET /index.php/zhHant/product/surugaya/21137501/shopdetail/16756690/cargo/detail/shopdetail/95384490/hobby/nuigurumi/nuigurumi.html/shopdetail/5120190/shopdetail/151747490 HTTP/1.1" 503 856 "-" "Mozilla/5.0 (Linux; Android 6.0.1; Nexus 5X Build/MMB29P) AppleWebKit/537.36 (KHTML, like Gecko) Chrome/135.0.7049.95 Mobile Safari/537.36 (compatible; GoogleOther)"
66.249.73.131 - - [26/Apr/2025:16:43:27 -0400] "GET /shopdetail/157419790 HTTP/1.1" 503 856 "-" "Mozilla/5.0 (Linux; Android 6.0.1; Nexus 5X Build/MMB29P) AppleWebKit/537.36 (KHTML, like Gecko) Chrome/135.0.7049.114 Mobile Safari/537.36 (compatible; Googlebot/2.1; +http://www.google.com/bot.html)"
66.249.73.130 - - [26/Apr/2025:16:43:29 -0400] "GET /index.php/zhHant/product/surugaya/71786428/shopdetail/41737290/shopdetail/89296290/books.html/shopdetail/69979990/shopdetail/61881690/safe_search/config/shopdetail/142777390/shopdetail/152891790/cargo/detail/product_archives/pcmypage/shopdetail/64021790/pcmypage/shopdetail/115007490 HTTP/1.1" 503 856 "-" "Mozilla/5.0 (Linux; Android 6.0.1; Nexus 5X Build/MMB29P) AppleWebKit/537.36 (KHTML, like Gecko) Chrome/135.0.7049.95 Mobile Safari/537.36 (compatible; GoogleOther)"
66.249.73.131 - - [26/Apr/2025:16:44:49 -0400] "GET /shopdetail/2263290 HTTP/1.1" 503 856 "-" "Mozilla/5.0 (Linux; Android 6.0.1; Nexus 5X Build/MMB29P) AppleWebKit/537.36 (KHTML, like Gecko) Chrome/135.0.7049.114 Mobile Safari/537.36 (compatible; Googlebot/2.1; +http://www.google.com/bot.html)"
66.249.73.130 - - [26/Apr/2025:16:45:32 -0400] "GET /index.php/zhHant/product/surugaya/21137501/shopdetail/112531490/shopdetail/156755190/pcmypage/shopdetail/162604890/pcsp.html/shopdetail/121882690/text/terms/man/customer_guide/shopdetail/108170590/shopdetail/161734890/product_archives/text/terms/shopdetail/77466690/recruit/shopdetail/163714190/shopdetail/146237290 HTTP/1.1" 503 856 "-" "Mozilla/5.0 (Linux; Android 6.0.1; Nexus 5X Build/MMB29P) AppleWebKit/537.36 (KHTML, like Gecko) Chrome/135.0.7049.95 Mobile Safari/537.36 (compatible; GoogleOther)"
185.191.171.4 - - [26/Apr/2025:16:46:07 -0400] "GET /events/2025-01-01/ HTTP/1.1" 503 856 "-" "Mozilla/5.0 (compatible; SemrushBot/7~bl; +http://www.semrush.com/bot.html)"
66.249.73.129 - - [26/Apr/2025:16:46:32 -0400] "GET /index.php/zhHant/product/surugaya/21137501/shopdetail/16756690/cargo/detail/shopdetail/95384490/shopdetail/132013190 HTTP/1.1" 503 856 "-" "Mozilla/5.0 (Linux; Android 6.0.1; Nexus 5X Build/MMB29P) AppleWebKit/537.36 (KHTML, like Gecko) Chrome/135.0.7049.95 Mobile Safari/537.36 (compatible; GoogleOther)"
66.249.73.130 - - [26/Apr/2025:16:46:58 -0400] "GET /shopdetail/66750090 HTTP/1.1" 503 856 "-" "Mozilla/5.0 (Linux; Android 6.0.1; Nexus 5X Build/MMB29P) AppleWebKit/537.36 (KHTML, like Gecko) Chrome/135.0.7049.114 Mobile Safari/537.36 (compatible; Googlebot/2.1; +http://www.google.com/bot.html)"
85.208.96.206 - - [26/Apr/2025:16:47:39 -0400] "GET /events/2024-03-29/ HTTP/1.1" 503 856 "-" "Mozilla/5.0 (compatible; SemrushBot/7~bl; +http://www.semrush.com/bot.html)"
66.249.73.131 - - [26/Apr/2025:16:49:33 -0400] "GET /index.php/zhHant/product/surugaya/59570478/shopdetail/116539490/shopdetail/27788790/pcmypage/shopdetail/149599690/shopdetail/162667690/boyslove.html/shopdetail/116085690/recruit/shopdetail/158946890/shopdetail/36684090/pcmypage/shopdetail/141708190/shopdetail/30422290/vintagegame.html HTTP/1.1" 503 856 "-" "Mozilla/5.0 (Linux; Android 6.0.1; Nexus 5X Build/MMB29P) AppleWebKit/537.36 (KHTML, like Gecko) Chrome/135.0.7049.95 Mobile Safari/537.36 (compatible; GoogleOther)"
85.208.96.206 - - [26/Apr/2025:16:50:45 -0400] "GET /events/2024-11-07/ HTTP/1.1" 503 856 "-" "Mozilla/5.0 (compatible; SemrushBot/7~bl; +http://www.semrush.com/bot.html)"
66.249.73.131 - - [26/Apr/2025:16:51:16 -0400] "GET /shopdetail/67520290 HTTP/1.1" 503 856 "-" "Mozilla/5.0 (Linux; Android 6.0.1; Nexus 5X Build/MMB29P) AppleWebKit/537.36 (KHTML, like Gecko) Chrome/135.0.7049.114 Mobile Safari/537.36 (compatible; Googlebot/2.1; +http://www.google.com/bot.html)"
43.153.85.46 - - [26/Apr/2025:16:51:41 -0400] "GET / HTTP/1.1" 503 856 "http://it.techafri.com" "Mozilla/5.0 (iPhone; CPU iPhone OS 13_2_3 like Mac OS X) AppleWebKit/605.1.15 (KHTML, like Gecko) Version/13.0.3 Mobile/15E148 Safari/604.1"
66.249.73.130 - - [26/Apr/2025:16:53:14 -0400] "GET /shopdetail/84365190 HTTP/1.1" 503 856 "-" "Mozilla/5.0 (Linux; Android 6.0.1; Nexus 5X Build/MMB29P) AppleWebKit/537.36 (KHTML, like Gecko) Chrome/135.0.7049.114 Mobile Safari/537.36 (compatible; Googlebot/2.1; +http://www.google.com/bot.html)"
66.249.73.129 - - [26/Apr/2025:16:53:33 -0400] "GET /index.php/zhHant/product/surugaya/59570478/pcsp.html/shopdetail/119195590/product_archives/shopdetail/38695490/shopdetail/108093190/man/customer_guide/toiawase/pcmypage/shopdetail/130676490/shopdetail/62895190/text/terms/shopdetail/68758790/cargo/detail/shopdetail/144649990/shopdetail/150710190 HTTP/1.1" 503 856 "-" "Mozilla/5.0 (Linux; Android 6.0.1; Nexus 5X Build/MMB29P) AppleWebKit/537.36 (KHTML, like Gecko) Chrome/135.0.7049.95 Mobile Safari/537.36 (compatible; GoogleOther)"
66.249.73.129 - - [26/Apr/2025:16:53:58 -0400] "GET /shopdetail/129554690 HTTP/1.1" 503 856 "-" "Mozilla/5.0 (Linux; Android 6.0.1; Nexus 5X Build/MMB29P) AppleWebKit/537.36 (KHTML, like Gecko) Chrome/135.0.7049.114 Mobile Safari/537.36 (compatible; Googlebot/2.1; +http://www.google.com/bot.html)"
185.191.171.17 - - [26/Apr/2025:16:53:59 -0400] "GET /events/2032-04-29/ HTTP/1.1" 503 856 "-" "Mozilla/5.0 (compatible; SemrushBot/7~bl; +http://www.semrush.com/bot.html)"
66.249.73.130 - - [26/Apr/2025:16:54:23 -0400] "GET /shopdetail/129876690 HTTP/1.1" 503 856 "-" "Mozilla/5.0 (Linux; Android 6.0.1; Nexus 5X Build/MMB29P) AppleWebKit/537.36 (KHTML, like Gecko) Chrome/135.0.7049.114 Mobile Safari/537.36 (compatible; Googlebot/2.1; +http://www.google.com/bot.html)"
66.249.73.129 - - [26/Apr/2025:16:54:27 -0400] "GET /shopdetail/124040990 HTTP/1.1" 503 856 "-" "Mozilla/5.0 (Linux; Android 6.0.1; Nexus 5X Build/MMB29P) AppleWebKit/537.36 (KHTML, like Gecko) Chrome/135.0.7049.114 Mobile Safari/537.36 (compatible; Googlebot/2.1; +http://www.google.com/bot.html)"
66.249.73.131 - - [26/Apr/2025:16:56:34 -0400] "GET /index.php/zhHant/product/surugaya/59570478/pcsp.html/shopdetail/119195590/product_archives/shopdetail/38695490/shopdetail/108093190/man/customer_guide/toiawase/pcmypage/shopdetail/130676490/shopdetail/62895190/text/terms/shopdetail/68758790/cargo/detail/shopdetail/3795690/shopdetail/6041890 HTTP/1.1" 503 856 "-" "Mozilla/5.0 (Linux; Android 6.0.1; Nexus 5X Build/MMB29P) AppleWebKit/537.36 (KHTML, like Gecko) Chrome/135.0.7049.95 Mobile Safari/537.36 (compatible; GoogleOther)"
66.249.73.130 - - [26/Apr/2025:16:58:00 -0400] "GET /shopdetail/162523190 HTTP/1.1" 503 856 "-" "Mozilla/5.0 (Linux; Android 6.0.1; Nexus 5X Build/MMB29P) AppleWebKit/537.36 (KHTML, like Gecko) Chrome/135.0.7049.114 Mobile Safari/537.36 (compatible; Googlebot/2.1; +http://www.google.com/bot.html)"
66.249.73.130 - - [26/Apr/2025:16:58:01 -0400] "GET /shopdetail/157627690 HTTP/1.1" 503 856 "-" "Mozilla/5.0 (Linux; Android 6.0.1; Nexus 5X Build/MMB29P) AppleWebKit/537.36 (KHTML, like Gecko) Chrome/135.0.7049.114 Mobile Safari/537.36 (compatible; Googlebot/2.1; +http://www.google.com/bot.html)"
66.249.73.130 - - [26/Apr/2025:16:58:06 -0400] "GET /shopdetail/59422290 HTTP/1.1" 503 856 "-" "Mozilla/5.0 (Linux; Android 6.0.1; Nexus 5X Build/MMB29P) AppleWebKit/537.36 (KHTML, like Gecko) Chrome/135.0.7049.114 Mobile Safari/537.36 (compatible; Googlebot/2.1; +http://www.google.com/bot.html)"
85.208.96.196 - - [26/Apr/2025:16:59:19 -0400] "GET /events/2026-07-13/ HTTP/1.1" 503 856 "-" "Mozilla/5.0 (compatible; SemrushBot/7~bl; +http://www.semrush.com/bot.html)"
66.249.73.131 - - [26/Apr/2025:16:59:34 -0400] "GET /index.php/zhHant/product/surugaya/21137501/shopdetail/16756690/shopdetail/4933490/recruit/pcmypage/oreka/plamodel_menu.html/shopdetail/156245190 HTTP/1.1" 503 856 "-" "Mozilla/5.0 (Linux; Android 6.0.1; Nexus 5X Build/MMB29P) AppleWebKit/537.36 (KHTML, like Gecko) Chrome/135.0.7049.95 Mobile Safari/537.36 (compatible; GoogleOther)"
185.191.171.13 - - [26/Apr/2025:17:00:20 -0400] "GET /events/2032-02-23/ HTTP/1.1" 503 856 "-" "Mozilla/5.0 (compatible; SemrushBot/7~bl; +http://www.semrush.com/bot.html)"
85.208.96.209 - - [26/Apr/2025:17:00:31 -0400] "GET /events/2026-05-27/ HTTP/1.1" 503 856 "-" "Mozilla/5.0 (compatible; SemrushBot/7~bl; +http://www.semrush.com/bot.html)"
66.249.73.131 - - [26/Apr/2025:17:00:37 -0400] "GET /index.php/zhHant/product/surugaya/21137501/shopdetail/16756690/shopdetail/4933490/kaden.html/shopdetail/66383990/shopdetail/22508090 HTTP/1.1" 503 856 "-" "Mozilla/5.0 (Linux; Android 6.0.1; Nexus 5X Build/MMB29P) AppleWebKit/537.36 (KHTML, like Gecko) Chrome/135.0.7049.95 Mobile Safari/537.36 (compatible; GoogleOther)"
66.249.73.129 - - [26/Apr/2025:17:00:39 -0400] "GET /index.php/zhHant/product/surugaya/21137501/shopdetail/16756690/shopdetail/4933490/recruit/cargo/detail/hobby.html/shopdetail/30211290/shopdetail/21406790/pcmypage?callback=product/review/50306798 HTTP/1.1" 503 856 "-" "Mozilla/5.0 (Linux; Android 6.0.1; Nexus 5X Build/MMB29P) AppleWebKit/537.36 (KHTML, like Gecko) Chrome/135.0.7049.95 Mobile Safari/537.36 (compatible; GoogleOther)"
85.208.96.196 - - [26/Apr/2025:17:00:42 -0400] "GET /events/2030-03-05/ HTTP/1.1" 503 856 "-" "Mozilla/5.0 (compatible; SemrushBot/7~bl; +http://www.semrush.com/bot.html)"
66.249.73.129 - - [26/Apr/2025:17:02:06 -0400] "GET /shopdetail/117631490 HTTP/1.1" 503 856 "-" "Mozilla/5.0 (Linux; Android 6.0.1; Nexus 5X Build/MMB29P) AppleWebKit/537.36 (KHTML, like Gecko) Chrome/135.0.7049.114 Mobile Safari/537.36 (compatible; Googlebot/2.1; +http://www.google.com/bot.html)"
66.249.73.129 - - [26/Apr/2025:17:02:14 -0400] "GET /shopdetail/17298590 HTTP/1.1" 503 856 "-" "Mozilla/5.0 (Linux; Android 6.0.1; Nexus 5X Build/MMB29P) AppleWebKit/537.36 (KHTML, like Gecko) Chrome/135.0.7049.114 Mobile Safari/537.36 (compatible; Googlebot/2.1; +http://www.google.com/bot.html)"
66.249.73.129 - - [26/Apr/2025:17:02:39 -0400] "GET /index.php/zhHant/product/surugaya/95421945/shopdetail/45313490/shopdetail/134459990 HTTP/1.1" 503 856 "-" "Mozilla/5.0 (Linux; Android 6.0.1; Nexus 5X Build/MMB29P) AppleWebKit/537.36 (KHTML, like Gecko) Chrome/135.0.7049.95 Mobile Safari/537.36 (compatible; GoogleOther)"
51.222.253.16 - - [26/Apr/2025:17:02:57 -0400] "GET /online.php?shopdetail/119326490 HTTP/1.1" 503 856 "-" "Mozilla/5.0 (compatible; AhrefsBot/7.0; +http://ahrefs.com/robot/)"
185.191.171.7 - - [26/Apr/2025:17:03:13 -0400] "GET /events/2024-01-18/ HTTP/1.1" 503 856 "-" "Mozilla/5.0 (compatible; SemrushBot/7~bl; +http://www.semrush.com/bot.html)"
185.191.171.10 - - [26/Apr/2025:17:03:17 -0400] "GET /events/2027-05-23/ HTTP/1.1" 503 856 "-" "Mozilla/5.0 (compatible; SemrushBot/7~bl; +http://www.semrush.com/bot.html)"
185.191.171.9 - - [26/Apr/2025:17:04:06 -0400] "GET /events/2023-05-07/ HTTP/1.1" 503 856 "-" "Mozilla/5.0 (compatible; SemrushBot/7~bl; +http://www.semrush.com/bot.html)"
66.249.73.130 - - [26/Apr/2025:17:04:44 -0400] "GET /index.php/zhHant/product/surugaya/21137501/shopdetail/16756690/shopdetail/4933490/kaden.html/shopdetail/66383990/pcsp.html HTTP/1.1" 503 856 "-" "Mozilla/5.0 (Linux; Android 6.0.1; Nexus 5X Build/MMB29P) AppleWebKit/537.36 (KHTML, like Gecko) Chrome/135.0.7049.95 Mobile Safari/537.36 (compatible; GoogleOther)"
66.249.73.130 - - [26/Apr/2025:17:05:47 -0400] "GET /index.php/zhHant/product/surugaya/21137501/shopdetail/16756690/shopdetail/4933490/kaden.html/shopdetail/66383990/books.html HTTP/1.1" 503 856 "-" "Mozilla/5.0 (Linux; Android 6.0.1; Nexus 5X Build/MMB29P) AppleWebKit/537.36 (KHTML, like Gecko) Chrome/135.0.7049.95 Mobile Safari/537.36 (compatible; GoogleOther)"
66.249.73.131 - - [26/Apr/2025:17:05:49 -0400] "GET /index.php/zhHant/product/surugaya/42199434/product_archives/shopdetail/14510290/kaden.html/shopdetail/75176790/shopdetail/151250990/text/terms/shopdetail/137785990/pcmypage/shopdetail/121695890/shopdetail/11567890/cargo/detail/shopdetail/91012590/pcmypage/shopdetail/154228790/shopdetail/131997090/product/edit/18236094/shopdetail/74773790/recruit/shopdetail/82599890/shopdetail/89231990/pcmypage/pcsp.html HTTP/1.1" 503 856 "-" "Mozilla/5.0 (Linux; Android 6.0.1; Nexus 5X Build/MMB29P) AppleWebKit/537.36 (KHTML, like Gecko) Chrome/135.0.7049.95 Mobile Safari/537.36 (compatible; GoogleOther)"
51.222.253.3 - - [26/Apr/2025:17:06:02 -0400] "GET /online.php?shopdetail/136198690 HTTP/1.1" 503 856 "-" "Mozilla/5.0 (compatible; AhrefsBot/7.0; +http://ahrefs.com/robot/)"
66.249.73.130 - - [26/Apr/2025:17:06:49 -0400] "GET /index.php/zhHant/product/surugaya/21137501/shopdetail/16756690/shopdetail/4933490/recruit/pcmypage/toreka/toreka_single.html/safe_search/config?return_url=%2Fproduct%2Fdetail%2F35497177 HTTP/1.1" 503 856 "-" "Mozilla/5.0 (Linux; Android 6.0.1; Nexus 5X Build/MMB29P) AppleWebKit/537.36 (KHTML, like Gecko) Chrome/135.0.7049.95 Mobile Safari/537.36 (compatible; GoogleOther)"
85.208.96.195 - - [26/Apr/2025:17:06:56 -0400] "GET /events/2025-10-02/ HTTP/1.1" 503 856 "-" "Mozilla/5.0 (compatible; SemrushBot/7~bl; +http://www.semrush.com/bot.html)"
85.208.96.207 - - [26/Apr/2025:17:07:06 -0400] "GET /events/2031-01-26/ HTTP/1.1" 503 856 "-" "Mozilla/5.0 (compatible; SemrushBot/7~bl; +http://www.semrush.com/bot.html)"
85.208.96.203 - - [26/Apr/2025:17:07:38 -0400] "GET /events/2029-08-30/ HTTP/1.1" 503 856 "-" "Mozilla/5.0 (compatible; SemrushBot/7~bl; +http://www.semrush.com/bot.html)"
85.208.96.209 - - [26/Apr/2025:17:08:03 -0400] "GET /events/2026-06-15/ HTTP/1.1" 503 856 "-" "Mozilla/5.0 (compatible; SemrushBot/7~bl; +http://www.semrush.com/bot.html)"
66.249.73.130 - - [26/Apr/2025:17:10:11 -0400] "GET /shopdetail/82175390 HTTP/1.1" 503 856 "-" "Mozilla/5.0 (Linux; Android 6.0.1; Nexus 5X Build/MMB29P) AppleWebKit/537.36 (KHTML, like Gecko) Chrome/135.0.7049.114 Mobile Safari/537.36 (compatible; Googlebot/2.1; +http://www.google.com/bot.html)"
51.222.253.2 - - [26/Apr/2025:17:12:45 -0400] "GET /online.php?shopdetail/161745290 HTTP/1.1" 503 856 "-" "Mozilla/5.0 (compatible; AhrefsBot/7.0; +http://ahrefs.com/robot/)"
85.208.96.203 - - [26/Apr/2025:17:12:57 -0400] "GET /events/month/2031-12/ HTTP/1.1" 503 856 "-" "Mozilla/5.0 (compatible; SemrushBot/7~bl; +http://www.semrush.com/bot.html)"
66.249.73.131 - - [26/Apr/2025:17:13:27 -0400] "GET /shopdetail/26543590 HTTP/1.1" 503 856 "-" "Mozilla/5.0 (Linux; Android 6.0.1; Nexus 5X Build/MMB29P) AppleWebKit/537.36 (KHTML, like Gecko) Chrome/135.0.7049.114 Mobile Safari/537.36 (compatible; Googlebot/2.1; +http://www.google.com/bot.html)"
85.208.96.206 - - [26/Apr/2025:17:13:47 -0400] "GET /events/month/2030-03/ HTTP/1.1" 503 856 "-" "Mozilla/5.0 (compatible; SemrushBot/7~bl; +http://www.semrush.com/bot.html)"
66.249.73.129 - - [26/Apr/2025:17:13:48 -0400] "GET /shopdetail/86537790 HTTP/1.1" 503 856 "-" "Mozilla/5.0 (Linux; Android 6.0.1; Nexus 5X Build/MMB29P) AppleWebKit/537.36 (KHTML, like Gecko) Chrome/135.0.7049.114 Mobile Safari/537.36 (compatible; Googlebot/2.1; +http://www.google.com/bot.html)"
66.249.73.130 - - [26/Apr/2025:17:15:32 -0400] "GET /index.php/zhHant/product/surugaya/71786428/shopdetail/41737290/shopdetail/89296290/books.html/shopdetail/69979990/shopdetail/61881690/safe_search/config/shopdetail/142777390/shopdetail/152891790/cargo/detail/shopdetail/133451890/shopdetail/96931290/product_archives/shopdetail/34540690/shopdetail/32262590 HTTP/1.1" 503 856 "-" "Mozilla/5.0 (Linux; Android 6.0.1; Nexus 5X Build/MMB29P) AppleWebKit/537.36 (KHTML, like Gecko) Chrome/135.0.7049.95 Mobile Safari/537.36 (compatible; GoogleOther)"
185.191.171.8 - - [26/Apr/2025:17:17:21 -0400] "GET /events/2023-03-09/ HTTP/1.1" 503 856 "-" "Mozilla/5.0 (compatible; SemrushBot/7~bl; +http://www.semrush.com/bot.html)"
66.249.73.129 - - [26/Apr/2025:17:17:48 -0400] "GET /shopdetail/42409190 HTTP/1.1" 503 856 "-" "Mozilla/5.0 (Linux; Android 6.0.1; Nexus 5X Build/MMB29P) AppleWebKit/537.36 (KHTML, like Gecko) Chrome/135.0.7049.114 Mobile Safari/537.36 (compatible; Googlebot/2.1; +http://www.google.com/bot.html)"
66.249.73.131 - - [26/Apr/2025:17:18:37 -0400] "GET /index.php/zhHant/product/surugaya/71786428/shopdetail/41737290/shopdetail/89296290/books.html/shopdetail/69979990/shopdetail/61881690/safe_search/config/shopdetail/142777390/shopdetail/152891790/cargo/detail/product_archives/pcmypage/shopdetail/35327690/shopdetail/35343790/oreka/plamodel_menu.html HTTP/1.1" 503 856 "-" "Mozilla/5.0 (Linux; Android 6.0.1; Nexus 5X Build/MMB29P) AppleWebKit/537.36 (KHTML, like Gecko) Chrome/135.0.7049.95 Mobile Safari/537.36 (compatible; GoogleOther)"
185.191.171.14 - - [26/Apr/2025:17:18:55 -0400] "GET /events/2027-10-20/ HTTP/1.1" 503 856 "-" "Mozilla/5.0 (compatible; SemrushBot/7~bl; +http://www.semrush.com/bot.html)"
40.77.167.48 - - [26/Apr/2025:17:19:05 -0400] "GET /sitemap.xml HTTP/1.1" 503 856 "-" "Mozilla/5.0 AppleWebKit/537.36 (KHTML, like Gecko; compatible; bingbot/2.0; +http://www.bing.com/bingbot.htm) Chrome/116.0.1938.76 Safari/537.36"
66.249.73.129 - - [26/Apr/2025:17:20:39 -0400] "GET /index.php/zhHant/product/surugaya/59570478/pcsp.html/shopdetail/119195590/product_archives/shopdetail/38695490/shopdetail/108093190/man/customer_guide/toiawase/pcmypage/shopdetail/130676490/shopdetail/62895190/text/terms/shopdetail/68758790/cargo/detail/shopdetail/144649990/shopdetail/97666890 HTTP/1.1" 503 856 "-" "Mozilla/5.0 (Linux; Android 6.0.1; Nexus 5X Build/MMB29P) AppleWebKit/537.36 (KHTML, like Gecko) Chrome/135.0.7049.95 Mobile Safari/537.36 (compatible; GoogleOther)"
66.249.73.131 - - [26/Apr/2025:17:20:42 -0400] "GET /index.php/zhHant/product/surugaya/21137501/shopdetail/112531490/shopdetail/156755190/pcmypage/shopdetail/34373690/shopdetail/1952790/kaden.html/shopdetail/100520490/toiawase/shopdetail/61079890/shopdetail/151913690 HTTP/1.1" 503 856 "-" "Mozilla/5.0 (Linux; Android 6.0.1; Nexus 5X Build/MMB29P) AppleWebKit/537.36 (KHTML, like Gecko) Chrome/135.0.7049.95 Mobile Safari/537.36 (compatible; GoogleOther)"
85.208.96.203 - - [26/Apr/2025:17:20:43 -0400] "GET /events/month/2023-07/ HTTP/1.1" 503 856 "-" "Mozilla/5.0 (compatible; SemrushBot/7~bl; +http://www.semrush.com/bot.html)"
185.191.171.17 - - [26/Apr/2025:17:21:06 -0400] "GET /events/month/2025-07/ HTTP/1.1" 503 856 "-" "Mozilla/5.0 (compatible; SemrushBot/7~bl; +http://www.semrush.com/bot.html)"
85.208.96.206 - - [26/Apr/2025:17:22:58 -0400] "GET /events/2029-03-17/ HTTP/1.1" 503 856 "-" "Mozilla/5.0 (compatible; SemrushBot/7~bl; +http://www.semrush.com/bot.html)"
51.222.253.13 - - [26/Apr/2025:17:23:41 -0400] "GET /online.php?shopdetail/247525190 HTTP/1.1" 503 856 "-" "Mozilla/5.0 (compatible; AhrefsBot/7.0; +http://ahrefs.com/robot/)"
66.249.73.130 - - [26/Apr/2025:17:23:42 -0400] "GET /index.php/zhHant/product/surugaya/71786428/shopdetail/41737290/shopdetail/89296290/books.html/shopdetail/69979990/shopdetail/61881690/safe_search/config/shopdetail/142777390/shopdetail/152891790/cargo/detail/shopdetail/37107090/events/shopdetail/69022290/pcmypage//shopdetail/127101990 HTTP/1.1" 503 856 "-" "Mozilla/5.0 (Linux; Android 6.0.1; Nexus 5X Build/MMB29P) AppleWebKit/537.36 (KHTML, like Gecko) Chrome/135.0.7049.95 Mobile Safari/537.36 (compatible; GoogleOther)"
185.191.171.1 - - [26/Apr/2025:17:24:57 -0400] "GET /events/2028-02-09/ HTTP/1.1" 503 856 "-" "Mozilla/5.0 (compatible; SemrushBot/7~bl; +http://www.semrush.com/bot.html)"
185.191.171.15 - - [26/Apr/2025:17:25:49 -0400] "GET /events/2025-05-25/ HTTP/1.1" 503 856 "-" "Mozilla/5.0 (compatible; SemrushBot/7~bl; +http://www.semrush.com/bot.html)"
66.249.73.131 - - [26/Apr/2025:17:26:45 -0400] "GET /index.php/zhHant/product/surugaya/21137501/shopdetail/112531490/shopdetail/156755190/pcmypage/shopdetail/162604890/pcsp.html/shopdetail/121882690/text/terms/man/customer_guide/shopdetail/108170590/shopdetail/161734890/product_archives/text/terms/shopdetail/77466690/recruit/shopdetail/163714190/shopdetail/158835790 HTTP/1.1" 503 856 "-" "Mozilla/5.0 (Linux; Android 6.0.1; Nexus 5X Build/MMB29P) AppleWebKit/537.36 (KHTML, like Gecko) Chrome/135.0.7049.95 Mobile Safari/537.36 (compatible; GoogleOther)"
66.249.73.130 - - [26/Apr/2025:17:26:47 -0400] "GET /index.php/zhHant/product/surugaya/71786428/shopdetail/41737290/shopdetail/89296290/books.html/shopdetail/69979990/shopdetail/61881690/safe_search/config/shopdetail/142777390/shopdetail/152891790/cargo/detail/product_archives/shopdetail/111177690/shopdetail/107826490/pcmypage/shopdetail/93766790/shopdetail/159802690/text/terms HTTP/1.1" 503 856 "-" "Mozilla/5.0 (Linux; Android 6.0.1; Nexus 5X Build/MMB29P) AppleWebKit/537.36 (KHTML, like Gecko) Chrome/135.0.7049.95 Mobile Safari/537.36 (compatible; GoogleOther)"
66.249.73.131 - - [26/Apr/2025:17:26:49 -0400] "GET /index.php/zhHant/product/surugaya/21137501/shopdetail/112531490/shopdetail/156755190/pcmypage/shopdetail/34373690/shopdetail/1952790/kaden.html/shopdetail/100520490/shopdetail/66665090/man/customer_guide/shopdetail/97100790/toreka/toreka_single.html HTTP/1.1" 503 856 "-" "Mozilla/5.0 (Linux; Android 6.0.1; Nexus 5X Build/MMB29P) AppleWebKit/537.36 (KHTML, like Gecko) Chrome/135.0.7049.95 Mobile Safari/537.36 (compatible; GoogleOther)"
185.191.171.15 - - [26/Apr/2025:17:27:09 -0400] "GET /events/2030-11-20/ HTTP/1.1" 503 856 "-" "Mozilla/5.0 (compatible; SemrushBot/7~bl; +http://www.semrush.com/bot.html)"
85.208.96.212 - - [26/Apr/2025:17:28:28 -0400] "GET /events/2024-08-05/ HTTP/1.1" 503 856 "-" "Mozilla/5.0 (compatible; SemrushBot/7~bl; +http://www.semrush.com/bot.html)"
66.249.73.132 - - [26/Apr/2025:17:28:47 -0400] "GET /shopdetail/65494690 HTTP/1.1" 503 856 "-" "Mozilla/5.0 (Linux; Android 6.0.1; Nexus 5X Build/MMB29P) AppleWebKit/537.36 (KHTML, like Gecko) Chrome/135.0.7049.114 Mobile Safari/537.36 (compatible; Googlebot/2.1; +http://www.google.com/bot.html)"
66.249.73.131 - - [26/Apr/2025:17:28:59 -0400] "GET /shopdetail/97196490 HTTP/1.1" 503 856 "-" "Mozilla/5.0 (Linux; Android 6.0.1; Nexus 5X Build/MMB29P) AppleWebKit/537.36 (KHTML, like Gecko) Chrome/135.0.7049.114 Mobile Safari/537.36 (compatible; Googlebot/2.1; +http://www.google.com/bot.html)"
66.249.73.131 - - [26/Apr/2025:17:29:00 -0400] "GET /shopdetail/51664190 HTTP/1.1" 503 856 "-" "Mozilla/5.0 (Linux; Android 6.0.1; Nexus 5X Build/MMB29P) AppleWebKit/537.36 (KHTML, like Gecko) Chrome/135.0.7049.114 Mobile Safari/537.36 (compatible; Googlebot/2.1; +http://www.google.com/bot.html)"
85.208.96.201 - - [26/Apr/2025:17:29:21 -0400] "GET /events/2024-12-19/ HTTP/1.1" 503 856 "-" "Mozilla/5.0 (compatible; SemrushBot/7~bl; +http://www.semrush.com/bot.html)"
185.191.171.12 - - [26/Apr/2025:17:29:25 -0400] "GET /events/2032-05-25/ HTTP/1.1" 503 856 "-" "Mozilla/5.0 (compatible; SemrushBot/7~bl; +http://www.semrush.com/bot.html)"
185.191.171.9 - - [26/Apr/2025:17:29:44 -0400] "GET /events/2030-01-21/ HTTP/1.1" 503 856 "-" "Mozilla/5.0 (compatible; SemrushBot/7~bl; +http://www.semrush.com/bot.html)"
66.249.73.130 - - [26/Apr/2025:17:29:49 -0400] "GET /index.php/zhHant/product/surugaya/59570478/pcsp.html/shopdetail/119195590/product_archives/shopdetail/38695490/shopdetail/108093190/man/customer_guide/toiawase/pcmypage/shopdetail/130676490/shopdetail/62895190/text/terms/shopdetail/68758790/cargo/detail/shopdetail/131616690/shopdetail/122703590/pcmypage/pcmypage HTTP/1.1" 503 856 "-" "Mozilla/5.0 (Linux; Android 6.0.1; Nexus 5X Build/MMB29P) AppleWebKit/537.36 (KHTML, like Gecko) Chrome/135.0.7049.95 Mobile Safari/537.36 (compatible; GoogleOther)"
66.249.73.131 - - [26/Apr/2025:17:30:00 -0400] "GET /shopdetail/3135790 HTTP/1.1" 503 856 "-" "Mozilla/5.0 (Linux; Android 6.0.1; Nexus 5X Build/MMB29P) AppleWebKit/537.36 (KHTML, like Gecko) Chrome/135.0.7049.114 Mobile Safari/537.36 (compatible; Googlebot/2.1; +http://www.google.com/bot.html)"
66.249.73.130 - - [26/Apr/2025:17:30:59 -0400] "GET /shopdetail/65851590 HTTP/1.1" 503 856 "-" "Mozilla/5.0 (Linux; Android 6.0.1; Nexus 5X Build/MMB29P) AppleWebKit/537.36 (KHTML, like Gecko) Chrome/135.0.7049.114 Mobile Safari/537.36 (compatible; Googlebot/2.1; +http://www.google.com/bot.html)"
66.249.73.130 - - [26/Apr/2025:17:32:01 -0400] "GET /shopdetail/29014190 HTTP/1.1" 503 856 "-" "Mozilla/5.0 (Linux; Android 6.0.1; Nexus 5X Build/MMB29P) AppleWebKit/537.36 (KHTML, like Gecko) Chrome/135.0.7049.114 Mobile Safari/537.36 (compatible; Googlebot/2.1; +http://www.google.com/bot.html)"
185.191.171.16 - - [26/Apr/2025:17:32:42 -0400] "GET /events/2026-06-05/ HTTP/1.1" 503 856 "-" "Mozilla/5.0 (compatible; SemrushBot/7~bl; +http://www.semrush.com/bot.html)"
66.249.73.129 - - [26/Apr/2025:17:32:52 -0400] "GET /index.php/zhHant/product/surugaya/21137501/shopdetail/16756690/shopdetail/4933490/recruit/pcmypage/toreka/figure_menu.html/shopdetail/7737390/shopdetail/165715590/feature/campaign/index.html HTTP/1.1" 503 856 "-" "Mozilla/5.0 (Linux; Android 6.0.1; Nexus 5X Build/MMB29P) AppleWebKit/537.36 (KHTML, like Gecko) Chrome/135.0.7049.95 Mobile Safari/537.36 (compatible; GoogleOther)"
185.191.171.16 - - [26/Apr/2025:17:33:14 -0400] "GET /events/2023-08-29/ HTTP/1.1" 503 856 "-" "Mozilla/5.0 (compatible; SemrushBot/7~bl; +http://www.semrush.com/bot.html)"
185.191.171.10 - - [26/Apr/2025:17:35:27 -0400] "GET /events/2027-07-02/ HTTP/1.1" 503 856 "-" "Mozilla/5.0 (compatible; SemrushBot/7~bl; +http://www.semrush.com/bot.html)"
66.249.73.131 - - [26/Apr/2025:17:35:54 -0400] "GET /index.php/zhHant/product/surugaya/59570478/pcsp.html/shopdetail/119195590/product_archives/shopdetail/38695490/shopdetail/108093190/man/customer_guide/toiawase/pcmypage/shopdetail/130676490/shopdetail/62895190/text/terms/shopdetail/68758790/cargo/detail/shopdetail/44372890/shopdetail/49347590/pcmypage/shopdetail/77450190 HTTP/1.1" 503 856 "-" "Mozilla/5.0 (Linux; Android 6.0.1; Nexus 5X Build/MMB29P) AppleWebKit/537.36 (KHTML, like Gecko) Chrome/135.0.7049.95 Mobile Safari/537.36 (compatible; GoogleOther)"
185.191.171.11 - - [26/Apr/2025:17:36:08 -0400] "GET /events/2027-05-09/ HTTP/1.1" 503 856 "-" "Mozilla/5.0 (compatible; SemrushBot/7~bl; +http://www.semrush.com/bot.html)"
185.191.171.16 - - [26/Apr/2025:17:37:02 -0400] "GET /events/2027-02-22/ HTTP/1.1" 503 856 "-" "Mozilla/5.0 (compatible; SemrushBot/7~bl; +http://www.semrush.com/bot.html)"
66.249.73.129 - - [26/Apr/2025:17:37:33 -0400] "GET /index.php/zhHant/product/surugaya/42199434/product_archives/shopdetail/14510290/kaden.html/safe_search/config/shopdetail/103149090/pcmypage/shopdetail/162704990/shopdetail/73248890/cargo/detail/toiawase/pcmypage/shopdetail/147790690/shopdetail/89568690/zhHant/product/surugaya/74806380/shopdetail/97720190/shopdetail/77585890/cargo/detail/shopdetail/121067390/shopdetail/8547890/feature/akihabara_main/index.html HTTP/1.1" 503 856 "-" "Mozilla/5.0 (Linux; Android 6.0.1; Nexus 5X Build/MMB29P) AppleWebKit/537.36 (KHTML, like Gecko) Chrome/135.0.7049.95 Mobile Safari/537.36 (compatible; GoogleOther)"
185.191.171.19 - - [26/Apr/2025:17:38:12 -0400] "GET /events/2029-10-01/ HTTP/1.1" 503 856 "-" "Mozilla/5.0 (compatible; SemrushBot/7~bl; +http://www.semrush.com/bot.html)"
85.208.96.205 - - [26/Apr/2025:17:38:39 -0400] "GET /events/month/2032-11/ HTTP/1.1" 503 856 "-" "Mozilla/5.0 (compatible; SemrushBot/7~bl; +http://www.semrush.com/bot.html)"
85.208.96.201 - - [26/Apr/2025:17:39:26 -0400] "GET /events/2029-02-17/ HTTP/1.1" 503 856 "-" "Mozilla/5.0 (compatible; SemrushBot/7~bl; +http://www.semrush.com/bot.html)"
66.249.73.131 - - [26/Apr/2025:17:39:33 -0400] "GET /index.php/zhHant/product/surugaya/42199434/product_archives/shopdetail/14510290/kaden.html/safe_search/config/shopdetail/103149090/pcmypage/shopdetail/162704990/shopdetail/73248890/cargo/detail/toiawase/pcmypage/shopdetail/147790690/shopdetail/89568690/zhHant/product/surugaya/74806380/shopdetail/66456490/shopdetail/160876890/text/terms/shopdetail/125476190/shopdetail/12105390/safe_search/config?return_url=%2Fproduct%2Fdetail%2F92460135 HTTP/1.1" 503 856 "-" "Mozilla/5.0 (Linux; Android 6.0.1; Nexus 5X Build/MMB29P) AppleWebKit/537.36 (KHTML, like Gecko) Chrome/135.0.7049.95 Mobile Safari/537.36 (compatible; GoogleOther)"
66.249.73.129 - - [26/Apr/2025:17:39:36 -0400] "GET /index.php/zhHant/product/surugaya/59570478/pcsp.html/shopdetail/119195590/product_archives/shopdetail/38695490/shopdetail/108093190/man/customer_guide/toiawase/pcmypage/shopdetail/130676490/shopdetail/62895190/text/terms/shopdetail/68758790/cargo/detail/shopdetail/76348590/shopdetail/147115890 HTTP/1.1" 503 856 "-" "Mozilla/5.0 (Linux; Android 6.0.1; Nexus 5X Build/MMB29P) AppleWebKit/537.36 (KHTML, like Gecko) Chrome/135.0.7049.95 Mobile Safari/537.36 (compatible; GoogleOther)"
66.249.73.131 - - [26/Apr/2025:17:40:25 -0400] "GET /shopdetail/65503890 HTTP/1.1" 503 856 "-" "Mozilla/5.0 (Linux; Android 6.0.1; Nexus 5X Build/MMB29P) AppleWebKit/537.36 (KHTML, like Gecko) Chrome/135.0.7049.114 Mobile Safari/537.36 (compatible; Googlebot/2.1; +http://www.google.com/bot.html)"
85.208.96.207 - - [26/Apr/2025:17:42:18 -0400] "GET /events/2027-12-16/ HTTP/1.1" 503 856 "-" "Mozilla/5.0 (compatible; SemrushBot/7~bl; +http://www.semrush.com/bot.html)"
66.249.73.132 - - [26/Apr/2025:17:42:38 -0400] "GET /index.php/zhHant/product/surugaya/59570478/pcsp.html/shopdetail/119195590/product_archives/shopdetail/38695490/shopdetail/108093190/man/customer_guide/toiawase/pcmypage/shopdetail/130676490/shopdetail/62895190/text/terms/shopdetail/68758790/cargo/detail/shopdetail/151620890/shopdetail/105410590 HTTP/1.1" 503 856 "-" "Mozilla/5.0 (Linux; Android 6.0.1; Nexus 5X Build/MMB29P) AppleWebKit/537.36 (KHTML, like Gecko) Chrome/135.0.7049.95 Mobile Safari/537.36 (compatible; GoogleOther)"
185.191.171.9 - - [26/Apr/2025:17:43:20 -0400] "GET /events/2028-01-15/ HTTP/1.1" 503 856 "-" "Mozilla/5.0 (compatible; SemrushBot/7~bl; +http://www.semrush.com/bot.html)"
66.249.73.131 - - [26/Apr/2025:17:43:39 -0400] "GET /index.php/zhHant/product/surugaya/21137501/shopdetail/112531490/shopdetail/156755190/pcmypage/shopdetail/34373690/shopdetail/1952790/kaden.html/shopdetail/100520490/toiawase/shopdetail/61079890/shopdetail/74080390 HTTP/1.1" 503 856 "-" "Mozilla/5.0 (Linux; Android 6.0.1; Nexus 5X Build/MMB29P) AppleWebKit/537.36 (KHTML, like Gecko) Chrome/135.0.7049.95 Mobile Safari/537.36 (compatible; GoogleOther)"
185.191.171.12 - - [26/Apr/2025:17:43:39 -0400] "GET /events/2027-01-13/ HTTP/1.1" 503 856 "-" "Mozilla/5.0 (compatible; SemrushBot/7~bl; +http://www.semrush.com/bot.html)"
66.249.73.131 - - [26/Apr/2025:17:44:39 -0400] "GET /index.php/zhHant/product/surugaya/59570478/pcsp.html/shopdetail/119195590/product_archives/shopdetail/38695490/shopdetail/108093190/man/customer_guide/toiawase/pcmypage/shopdetail/130676490/shopdetail/62895190/text/terms/shopdetail/68758790/cargo/detail/shopdetail/131616690/shopdetail/122703590/pcmypage/oreka/plamodel_menu.html HTTP/1.1" 503 856 "-" "Mozilla/5.0 (Linux; Android 6.0.1; Nexus 5X Build/MMB29P) AppleWebKit/537.36 (KHTML, like Gecko) Chrome/135.0.7049.95 Mobile Safari/537.36 (compatible; GoogleOther)"
66.249.73.131 - - [26/Apr/2025:17:44:41 -0400] "GET /index.php/zhHant/product/surugaya/21137501/shopdetail/16756690/shopdetail/4933490/recruit/cargo/detail/shopdetail/55213690/pcmypage/shopdetail/16165390/events/shopdetail/144361890/shopdetail/87558390/kaden.html HTTP/1.1" 503 856 "-" "Mozilla/5.0 (Linux; Android 6.0.1; Nexus 5X Build/MMB29P) AppleWebKit/537.36 (KHTML, like Gecko) Chrome/135.0.7049.95 Mobile Safari/537.36 (compatible; GoogleOther)"
185.191.171.9 - - [26/Apr/2025:17:47:40 -0400] "GET /events/2023-04-06/ HTTP/1.1" 503 856 "-" "Mozilla/5.0 (compatible; SemrushBot/7~bl; +http://www.semrush.com/bot.html)"
66.249.73.132 - - [26/Apr/2025:17:47:44 -0400] "GET /index.php/zhHant/product/surugaya/59570478/pcsp.html/shopdetail/119195590/product_archives/shopdetail/38695490/shopdetail/108093190/man/customer_guide/toiawase/pcmypage/shopdetail/130676490/shopdetail/62895190/text/terms/shopdetail/68758790/cargo/detail/shopdetail/3795690/affiliate HTTP/1.1" 503 856 "-" "Mozilla/5.0 (Linux; Android 6.0.1; Nexus 5X Build/MMB29P) AppleWebKit/537.36 (KHTML, like Gecko) Chrome/135.0.7049.95 Mobile Safari/537.36 (compatible; GoogleOther)"
66.249.73.131 - - [26/Apr/2025:17:49:58 -0400] "GET /shopdetail/31192190 HTTP/1.1" 503 856 "-" "Mozilla/5.0 (Linux; Android 6.0.1; Nexus 5X Build/MMB29P) AppleWebKit/537.36 (KHTML, like Gecko) Chrome/135.0.7049.114 Mobile Safari/537.36 (compatible; Googlebot/2.1; +http://www.google.com/bot.html)"
85.208.96.200 - - [26/Apr/2025:17:50:35 -0400] "GET /events/2029-10-11/ HTTP/1.1" 503 856 "-" "Mozilla/5.0 (compatible; SemrushBot/7~bl; +http://www.semrush.com/bot.html)"
66.249.73.131 - - [26/Apr/2025:17:50:44 -0400] "GET /index.php/zhHant/product/surugaya/21137501/shopdetail/16756690/cargo/detail/shopdetail/95384490/dozin.html HTTP/1.1" 503 856 "-" "Mozilla/5.0 (Linux; Android 6.0.1; Nexus 5X Build/MMB29P) AppleWebKit/537.36 (KHTML, like Gecko) Chrome/135.0.7049.95 Mobile Safari/537.36 (compatible; GoogleOther)"
66.249.73.130 - - [26/Apr/2025:17:50:57 -0400] "GET /shopdetail/98041190 HTTP/1.1" 503 856 "-" "Mozilla/5.0 (Linux; Android 6.0.1; Nexus 5X Build/MMB29P) AppleWebKit/537.36 (KHTML, like Gecko) Chrome/135.0.7049.114 Mobile Safari/537.36 (compatible; Googlebot/2.1; +http://www.google.com/bot.html)"
66.249.73.131 - - [26/Apr/2025:17:50:59 -0400] "GET /shopdetail/67449490 HTTP/1.1" 503 856 "-" "Mozilla/5.0 (Linux; Android 6.0.1; Nexus 5X Build/MMB29P) AppleWebKit/537.36 (KHTML, like Gecko) Chrome/135.0.7049.114 Mobile Safari/537.36 (compatible; Googlebot/2.1; +http://www.google.com/bot.html)"
66.249.73.130 - - [26/Apr/2025:17:51:45 -0400] "GET /index.php/zhHant/product/surugaya/21137501/shopdetail/16756690/shopdetail/4933490/recruit/oreka/plamodel_menu.html/shopdetail/128680790 HTTP/1.1" 503 856 "-" "Mozilla/5.0 (Linux; Android 6.0.1; Nexus 5X Build/MMB29P) AppleWebKit/537.36 (KHTML, like Gecko) Chrome/135.0.7049.95 Mobile Safari/537.36 (compatible; GoogleOther)"
185.191.171.15 - - [26/Apr/2025:17:52:53 -0400] "GET /events/2030-04-19/ HTTP/1.1" 503 856 "-" "Mozilla/5.0 (compatible; SemrushBot/7~bl; +http://www.semrush.com/bot.html)"
185.191.171.15 - - [26/Apr/2025:17:53:14 -0400] "GET /events/2026-03-23/ HTTP/1.1" 503 856 "-" "Mozilla/5.0 (compatible; SemrushBot/7~bl; +http://www.semrush.com/bot.html)"
66.249.73.132 - - [26/Apr/2025:17:53:45 -0400] "GET /index.php/zhHant/product/surugaya/25156689/shopdetail/15780390 HTTP/1.1" 503 856 "-" "Mozilla/5.0 (Linux; Android 6.0.1; Nexus 5X Build/MMB29P) AppleWebKit/537.36 (KHTML, like Gecko) Chrome/135.0.7049.95 Mobile Safari/537.36 (compatible; GoogleOther)"
51.222.253.10 - - [26/Apr/2025:17:53:56 -0400] "GET /online.php?shopdetail/270966890 HTTP/1.1" 503 856 "-" "Mozilla/5.0 (compatible; AhrefsBot/7.0; +http://ahrefs.com/robot/)"
66.249.73.131 - - [26/Apr/2025:17:54:15 -0400] "GET /shopdetail/144031990 HTTP/1.1" 503 856 "-" "Mozilla/5.0 (Linux; Android 6.0.1; Nexus 5X Build/MMB29P) AppleWebKit/537.36 (KHTML, like Gecko) Chrome/135.0.7049.114 Mobile Safari/537.36 (compatible; Googlebot/2.1; +http://www.google.com/bot.html)"
66.249.73.132 - - [26/Apr/2025:17:56:46 -0400] "GET /index.php/zhHant/product/surugaya/21137501/shopdetail/112531490/shopdetail/156755190/pcmypage/shopdetail/34373690/shopdetail/1952790/kaden.html/shopdetail/100520490/shopdetail/66665090/man/customer_guide/cargo/detail/shopdetail/64081890 HTTP/1.1" 503 856 "-" "Mozilla/5.0 (Linux; Android 6.0.1; Nexus 5X Build/MMB29P) AppleWebKit/537.36 (KHTML, like Gecko) Chrome/135.0.7049.95 Mobile Safari/537.36 (compatible; GoogleOther)"
66.249.73.131 - - [26/Apr/2025:17:57:00 -0400] "GET /shopdetail/110202690 HTTP/1.1" 503 856 "-" "Mozilla/5.0 (Linux; Android 6.0.1; Nexus 5X Build/MMB29P) AppleWebKit/537.36 (KHTML, like Gecko) Chrome/135.0.7049.114 Mobile Safari/537.36 (compatible; Googlebot/2.1; +http://www.google.com/bot.html)"
66.249.73.130 - - [26/Apr/2025:17:57:21 -0400] "GET /shopdetail/51445290 HTTP/1.1" 503 856 "-" "Mozilla/5.0 (Linux; Android 6.0.1; Nexus 5X Build/MMB29P) AppleWebKit/537.36 (KHTML, like Gecko) Chrome/135.0.7049.114 Mobile Safari/537.36 (compatible; Googlebot/2.1; +http://www.google.com/bot.html)"
185.191.171.12 - - [26/Apr/2025:17:59:23 -0400] "GET /events/2031-09-22/ HTTP/1.1" 503 856 "-" "Mozilla/5.0 (compatible; SemrushBot/7~bl; +http://www.semrush.com/bot.html)"
185.191.171.19 - - [26/Apr/2025:17:59:44 -0400] "GET /events/2031-08-16/ HTTP/1.1" 503 856 "-" "Mozilla/5.0 (compatible; SemrushBot/7~bl; +http://www.semrush.com/bot.html)"
66.249.73.130 - - [26/Apr/2025:17:59:46 -0400] "GET /index.php/zhHant/product/surugaya/21137501/shopdetail/16756690/shopdetail/4933490/kaden.html/shopdetail/101655690 HTTP/1.1" 503 856 "-" "Mozilla/5.0 (Linux; Android 6.0.1; Nexus 5X Build/MMB29P) AppleWebKit/537.36 (KHTML, like Gecko) Chrome/135.0.7049.95 Mobile Safari/537.36 (compatible; GoogleOther)"
66.249.73.131 - - [26/Apr/2025:18:00:11 -0400] "GET /shopdetail/13997990 HTTP/1.1" 503 856 "-" "Mozilla/5.0 (Linux; Android 6.0.1; Nexus 5X Build/MMB29P) AppleWebKit/537.36 (KHTML, like Gecko) Chrome/135.0.7049.114 Mobile Safari/537.36 (compatible; Googlebot/2.1; +http://www.google.com/bot.html)"
185.191.171.19 - - [26/Apr/2025:18:01:44 -0400] "GET /events/2026-12-12/ HTTP/1.1" 503 856 "-" "Mozilla/5.0 (compatible; SemrushBot/7~bl; +http://www.semrush.com/bot.html)"
66.249.73.131 - - [26/Apr/2025:18:02:46 -0400] "GET /index.php/zhHant/product/surugaya/71786428/shopdetail/41737290/shopdetail/89296290/books.html/shopdetail/69979990/shopdetail/61881690/safe_search/config/shopdetail/142777390/shopdetail/152891790/cargo/detail/product_archives/shopdetail/111177690/shopdetail/107826490/events//shopdetail/74700790 HTTP/1.1" 503 856 "-" "Mozilla/5.0 (Linux; Android 6.0.1; Nexus 5X Build/MMB29P) AppleWebKit/537.36 (KHTML, like Gecko) Chrome/135.0.7049.95 Mobile Safari/537.36 (compatible; GoogleOther)"
85.208.96.202 - - [26/Apr/2025:18:03:06 -0400] "GET /events/2023-12-29/ HTTP/1.1" 503 856 "-" "Mozilla/5.0 (compatible; SemrushBot/7~bl; +http://www.semrush.com/bot.html)"
185.191.171.4 - - [26/Apr/2025:18:03:56 -0400] "GET /events/2030-03-25/ HTTP/1.1" 503 856 "-" "Mozilla/5.0 (compatible; SemrushBot/7~bl; +http://www.semrush.com/bot.html)"
66.249.73.130 - - [26/Apr/2025:18:05:09 -0400] "GET /shopdetail/156138990 HTTP/1.1" 503 856 "-" "Mozilla/5.0 (Linux; Android 6.0.1; Nexus 5X Build/MMB29P) AppleWebKit/537.36 (KHTML, like Gecko) Chrome/135.0.7049.114 Mobile Safari/537.36 (compatible; Googlebot/2.1; +http://www.google.com/bot.html)"
66.249.73.130 - - [26/Apr/2025:18:05:16 -0400] "GET /shopdetail/117590590 HTTP/1.1" 503 856 "-" "Mozilla/5.0 (Linux; Android 6.0.1; Nexus 5X Build/MMB29P) AppleWebKit/537.36 (KHTML, like Gecko) Chrome/135.0.7049.114 Mobile Safari/537.36 (compatible; Googlebot/2.1; +http://www.google.com/bot.html)"
66.249.73.130 - - [26/Apr/2025:18:05:49 -0400] "GET /index.php/zhHant/product/surugaya/59570478/pcsp.html/shopdetail/119195590/product_archives/shopdetail/38695490/shopdetail/108093190/man/customer_guide/toiawase/pcmypage/shopdetail/130676490/shopdetail/62895190/text/terms/shopdetail/68758790/cargo/detail/shopdetail/87849190/man/customer_guide HTTP/1.1" 503 856 "-" "Mozilla/5.0 (Linux; Android 6.0.1; Nexus 5X Build/MMB29P) AppleWebKit/537.36 (KHTML, like Gecko) Chrome/135.0.7049.95 Mobile Safari/537.36 (compatible; GoogleOther)"
