66.249.73.132 - - [26/Apr/2025:09:26:43 -0400] "GET /index.php/zhHant/product/surugaya/71786428/shopdetail/41737290/shopdetail/89296290/books.html/shopdetail/69979990/shopdetail/61881690/safe_search/config/shopdetail/142777390/shopdetail/152891790/cargo/detail/product_archives/pcmypage/shopdetail/77906790/shopdetail/3859090/boyslove.html HTTP/1.1" 200 19412 "-" "Mozilla/5.0 (Linux; Android 6.0.1; Nexus 5X Build/MMB29P) AppleWebKit/537.36 (KHTML, like Gecko) Chrome/135.0.7049.95 Mobile Safari/537.36 (compatible; GoogleOther)"
66.249.73.132 - - [26/Apr/2025:09:26:46 -0400] "POST /get-message-notify HTTP/1.1" 200 19731 "https://it.techafri.com/index.php/zhHant/product/surugaya/71786428/shopdetail/41737290/shopdetail/89296290/books.html/shopdetail/69979990/shopdetail/61881690/safe_search/config/shopdetail/142777390/shopdetail/152891790/cargo/detail/product_archives/pcmypage/shopdetail/77906790/shopdetail/3859090/boyslove.html" "Mozilla/5.0 (Linux; Android 6.0.1; Nexus 5X Build/MMB29P) AppleWebKit/537.36 (KHTML, like Gecko) Chrome/134.0.6998.165 Mobile Safari/537.36 (compatible; Googlebot/2.1; +http://www.google.com/bot.html)"
51.222.253.8 - - [26/Apr/2025:09:28:10 -0400] "GET /product/minimal-sideboard/?add-to-cart=5901 HTTP/1.1" 200 0 "-" "Mozilla/5.0 (compatible; AhrefsBot/7.0; +http://ahrefs.com/robot/)"
66.249.73.132 - - [26/Apr/2025:09:28:44 -0400] "GET /index.php/zhHant/product/surugaya/21137501/shopdetail/16756690/cargo/detail/toreka/goods_menu.html/shopdetail/157713790/shopdetail/117959390/affiliate/shopdetail/153147290/pcmypage?callback=/product%2Fdetail%2F06917212 HTTP/1.1" 200 19133 "-" "Mozilla/5.0 (Linux; Android 6.0.1; Nexus 5X Build/MMB29P) AppleWebKit/537.36 (KHTML, like Gecko) Chrome/135.0.7049.95 Mobile Safari/537.36 (compatible; GoogleOther)"
66.249.73.131 - - [26/Apr/2025:09:28:47 -0400] "POST /get-message-notify HTTP/1.1" 200 19731 "https://it.techafri.com/index.php/zhHant/product/surugaya/21137501/shopdetail/16756690/cargo/detail/toreka/goods_menu.html/shopdetail/157713790/shopdetail/117959390/affiliate/shopdetail/153147290/pcmypage?callback=/product%2Fdetail%2F06917212" "Mozilla/5.0 (Linux; Android 6.0.1; Nexus 5X Build/MMB29P) AppleWebKit/537.36 (KHTML, like Gecko) Chrome/134.0.6998.165 Mobile Safari/537.36 (compatible; Googlebot/2.1; +http://www.google.com/bot.html)"
66.249.73.130 - - [26/Apr/2025:09:28:48 -0400] "GET /shopdetail/131447590 HTTP/1.1" 200 19813 "-" "Mozilla/5.0 (Linux; Android 6.0.1; Nexus 5X Build/MMB29P) AppleWebKit/537.36 (KHTML, like Gecko) Chrome/135.0.7049.114 Mobile Safari/537.36 (compatible; Googlebot/2.1; +http://www.google.com/bot.html)"
66.249.73.130 - - [26/Apr/2025:09:29:45 -0400] "GET /index.php/zhHant/product/surugaya/21137501/shopdetail/16756690/shopdetail/4933490/recruit/cargo/detail/hobby.html/shopdetail/30211290/shopdetail/21406790 HTTP/1.1" 200 19251 "-" "Mozilla/5.0 (Linux; Android 6.0.1; Nexus 5X Build/MMB29P) AppleWebKit/537.36 (KHTML, like Gecko) Chrome/135.0.7049.95 Mobile Safari/537.36 (compatible; GoogleOther)"
66.249.73.131 - - [26/Apr/2025:09:29:47 -0400] "POST /get-message-notify HTTP/1.1" 200 19729 "https://it.techafri.com/index.php/zhHant/product/surugaya/21137501/shopdetail/16756690/shopdetail/4933490/recruit/cargo/detail/hobby.html/shopdetail/30211290/shopdetail/21406790" "Mozilla/5.0 (Linux; Android 6.0.1; Nexus 5X Build/MMB29P) AppleWebKit/537.36 (KHTML, like Gecko) Chrome/134.0.6998.165 Mobile Safari/537.36 (compatible; Googlebot/2.1; +http://www.google.com/bot.html)"
66.249.73.132 - - [26/Apr/2025:09:30:46 -0400] "GET /index.php/zhHant/product/surugaya/59570478/shopdetail/116539490/shopdetail/27788790/pcmypage/shopdetail/149599690/shopdetail/162667690/boyslove.html/shopdetail/116085690/recruit/shopdetail/27125790/shopdetail/12060990/safe_search/config/shopdetail/146872290/pcmypage HTTP/1.1" 200 19481 "-" "Mozilla/5.0 (Linux; Android 6.0.1; Nexus 5X Build/MMB29P) AppleWebKit/537.36 (KHTML, like Gecko) Chrome/135.0.7049.95 Mobile Safari/537.36 (compatible; GoogleOther)"
66.249.73.131 - - [26/Apr/2025:09:30:49 -0400] "POST /get-message-notify HTTP/1.1" 200 19729 "https://it.techafri.com/index.php/zhHant/product/surugaya/59570478/shopdetail/116539490/shopdetail/27788790/pcmypage/shopdetail/149599690/shopdetail/162667690/boyslove.html/shopdetail/116085690/recruit/shopdetail/27125790/shopdetail/12060990/safe_search/config/shopdetail/146872290/pcmypage" "Mozilla/5.0 (Linux; Android 6.0.1; Nexus 5X Build/MMB29P) AppleWebKit/537.36 (KHTML, like Gecko) Chrome/134.0.6998.165 Mobile Safari/537.36 (compatible; Googlebot/2.1; +http://www.google.com/bot.html)"
66.249.73.130 - - [26/Apr/2025:09:31:10 -0400] "GET /shopdetail/71687490 HTTP/1.1" 200 19430 "-" "Mozilla/5.0 (Linux; Android 6.0.1; Nexus 5X Build/MMB29P) AppleWebKit/537.36 (KHTML, like Gecko) Chrome/135.0.7049.114 Mobile Safari/537.36 (compatible; Googlebot/2.1; +http://www.google.com/bot.html)"
66.249.73.131 - - [26/Apr/2025:09:31:47 -0400] "GET /index.php/zhHant/product/surugaya/21137501/shopdetail/112531490/shopdetail/156755190/pcmypage/shopdetail/162604890/pcsp.html/shopdetail/121882690/text/terms/man/customer_guide/shopdetail/108170590/shopdetail/161734890/product_archives/text/terms/shopdetail/77466690/recruit/shopdetail/163714190/shopdetail/51615090 HTTP/1.1" 200 20808 "-" "Mozilla/5.0 (Linux; Android 6.0.1; Nexus 5X Build/MMB29P) AppleWebKit/537.36 (KHTML, like Gecko) Chrome/135.0.7049.95 Mobile Safari/537.36 (compatible; GoogleOther)"
66.249.73.130 - - [26/Apr/2025:09:31:53 -0400] "POST /get-message-notify HTTP/1.1" 200 19729 "https://it.techafri.com/index.php/zhHant/product/surugaya/21137501/shopdetail/112531490/shopdetail/156755190/pcmypage/shopdetail/162604890/pcsp.html/shopdetail/121882690/text/terms/man/customer_guide/shopdetail/108170590/shopdetail/161734890/product_archives/text/terms/shopdetail/77466690/recruit/shopdetail/163714190/shopdetail/51615090" "Mozilla/5.0 (Linux; Android 6.0.1; Nexus 5X Build/MMB29P) AppleWebKit/537.36 (KHTML, like Gecko) Chrome/134.0.6998.165 Mobile Safari/537.36 (compatible; Googlebot/2.1; +http://www.google.com/bot.html)"
51.222.253.7 - - [26/Apr/2025:09:32:23 -0400] "GET /online.php?shopdetail/136067690 HTTP/1.1" 200 0 "-" "Mozilla/5.0 (compatible; AhrefsBot/7.0; +http://ahrefs.com/robot/)"
185.191.171.13 - - [26/Apr/2025:09:32:37 -0400] "GET /events/2028-10-15/ HTTP/1.1" 200 0 "-" "Mozilla/5.0 (compatible; SemrushBot/7~bl; +http://www.semrush.com/bot.html)"
66.249.73.131 - - [26/Apr/2025:09:33:47 -0400] "GET /shopdetail/5426290 HTTP/1.1" 200 18819 "-" "Mozilla/5.0 (Linux; Android 6.0.1; Nexus 5X Build/MMB29P) AppleWebKit/537.36 (KHTML, like Gecko) Chrome/135.0.7049.114 Mobile Safari/537.36 (compatible; Googlebot/2.1; +http://www.google.com/bot.html)"
66.249.73.130 - - [26/Apr/2025:09:33:48 -0400] "GET /index.php/zhHant/product/surugaya/21137501/shopdetail/16756690/shopdetail/4933490/recruit/pcmypage/pcmypage/hobby/nuigurumi/nuigurumi.html HTTP/1.1" 200 19584 "-" "Mozilla/5.0 (Linux; Android 6.0.1; Nexus 5X Build/MMB29P) AppleWebKit/537.36 (KHTML, like Gecko) Chrome/135.0.7049.95 Mobile Safari/537.36 (compatible; GoogleOther)"
66.249.73.130 - - [26/Apr/2025:09:33:51 -0400] "POST /get-message-notify HTTP/1.1" 200 19729 "https://it.techafri.com/index.php/zhHant/product/surugaya/21137501/shopdetail/16756690/shopdetail/4933490/recruit/pcmypage/pcmypage/hobby/nuigurumi/nuigurumi.html" "Mozilla/5.0 (Linux; Android 6.0.1; Nexus 5X Build/MMB29P) AppleWebKit/537.36 (KHTML, like Gecko) Chrome/134.0.6998.165 Mobile Safari/537.36 (compatible; Googlebot/2.1; +http://www.google.com/bot.html)"
66.249.73.132 - - [26/Apr/2025:09:34:15 -0400] "GET /shopdetail/57602590 HTTP/1.1" 200 19041 "-" "Mozilla/5.0 (Linux; Android 6.0.1; Nexus 5X Build/MMB29P) AppleWebKit/537.36 (KHTML, like Gecko) Chrome/135.0.7049.114 Mobile Safari/537.36 (compatible; Googlebot/2.1; +http://www.google.com/bot.html)"
185.191.171.3 - - [26/Apr/2025:09:34:52 -0400] "GET /events/2025-02-08/ HTTP/1.1" 200 0 "-" "Mozilla/5.0 (compatible; SemrushBot/7~bl; +http://www.semrush.com/bot.html)"
185.191.171.19 - - [26/Apr/2025:09:35:12 -0400] "GET /events/2026-02-08/ HTTP/1.1" 200 0 "-" "Mozilla/5.0 (compatible; SemrushBot/7~bl; +http://www.semrush.com/bot.html)"
185.191.171.14 - - [26/Apr/2025:09:35:56 -0400] "GET /events/2027-01-18/ HTTP/1.1" 200 0 "-" "Mozilla/5.0 (compatible; SemrushBot/7~bl; +http://www.semrush.com/bot.html)"
51.222.253.1 - - [26/Apr/2025:09:36:03 -0400] "GET /online.php?shopdetail/162428190 HTTP/1.1" 200 0 "-" "Mozilla/5.0 (compatible; AhrefsBot/7.0; +http://ahrefs.com/robot/)"
66.249.73.129 - - [26/Apr/2025:09:37:28 -0400] "GET /index.php/zhHant/product/surugaya/71786428/shopdetail/41737290/shopdetail/89296290/books.html/shopdetail/69979990/shopdetail/61881690/safe_search/config/shopdetail/142777390/shopdetail/152891790/cargo/detail/product_archives/shopdetail/111177690/shopdetail/107826490/events//shopdetail/133928490 HTTP/1.1" 200 20070 "-" "Mozilla/5.0 (Linux; Android 6.0.1; Nexus 5X Build/MMB29P) AppleWebKit/537.36 (KHTML, like Gecko) Chrome/135.0.7049.95 Mobile Safari/537.36 (compatible; GoogleOther)"
66.249.73.130 - - [26/Apr/2025:09:37:32 -0400] "POST /get-message-notify HTTP/1.1" 200 19730 "https://it.techafri.com/index.php/zhHant/product/surugaya/71786428/shopdetail/41737290/shopdetail/89296290/books.html/shopdetail/69979990/shopdetail/61881690/safe_search/config/shopdetail/142777390/shopdetail/152891790/cargo/detail/product_archives/shopdetail/111177690/shopdetail/107826490/events//shopdetail/133928490" "Mozilla/5.0 (Linux; Android 6.0.1; Nexus 5X Build/MMB29P) AppleWebKit/537.36 (KHTML, like Gecko) Chrome/134.0.6998.165 Mobile Safari/537.36 (compatible; Googlebot/2.1; +http://www.google.com/bot.html)"
66.249.73.129 - - [26/Apr/2025:09:37:47 -0400] "GET /shopdetail/148434590 HTTP/1.1" 200 19012 "-" "Mozilla/5.0 (Linux; Android 6.0.1; Nexus 5X Build/MMB29P) AppleWebKit/537.36 (KHTML, like Gecko) Chrome/135.0.7049.114 Mobile Safari/537.36 (compatible; Googlebot/2.1; +http://www.google.com/bot.html)"
66.249.73.130 - - [26/Apr/2025:09:38:21 -0400] "GET /shopdetail/11421890 HTTP/1.1" 200 19079 "-" "Mozilla/5.0 (Linux; Android 6.0.1; Nexus 5X Build/MMB29P) AppleWebKit/537.36 (KHTML, like Gecko) Chrome/135.0.7049.114 Mobile Safari/537.36 (compatible; Googlebot/2.1; +http://www.google.com/bot.html)"
185.191.171.3 - - [26/Apr/2025:09:38:48 -0400] "GET /events/2028-01-31/ HTTP/1.1" 200 0 "-" "Mozilla/5.0 (compatible; SemrushBot/7~bl; +http://www.semrush.com/bot.html)"
51.222.253.20 - - [26/Apr/2025:09:38:53 -0400] "GET /online.php?shopdetail/254105590 HTTP/1.1" 200 0 "-" "Mozilla/5.0 (compatible; AhrefsBot/7.0; +http://ahrefs.com/robot/)"
66.249.73.129 - - [26/Apr/2025:09:39:00 -0400] "GET /shopdetail/137298090 HTTP/1.1" 200 18769 "-" "Mozilla/5.0 (Linux; Android 6.0.1; Nexus 5X Build/MMB29P) AppleWebKit/537.36 (KHTML, like Gecko) Chrome/135.0.7049.114 Mobile Safari/537.36 (compatible; Googlebot/2.1; +http://www.google.com/bot.html)"
66.249.73.131 - - [26/Apr/2025:09:40:16 -0400] "GET /shopdetail/163335790 HTTP/1.1" 200 19890 "-" "Mozilla/5.0 (Linux; Android 6.0.1; Nexus 5X Build/MMB29P) AppleWebKit/537.36 (KHTML, like Gecko) Chrome/135.0.7049.114 Mobile Safari/537.36 (compatible; Googlebot/2.1; +http://www.google.com/bot.html)"
66.249.73.129 - - [26/Apr/2025:09:41:29 -0400] "GET /index.php/zhHant/product/surugaya/21137501/shopdetail/16756690/shopdetail/4933490/recruit/cargo/detail/kaden.html/kaden.html HTTP/1.1" 200 20062 "-" "Mozilla/5.0 (Linux; Android 6.0.1; Nexus 5X Build/MMB29P) AppleWebKit/537.36 (KHTML, like Gecko) Chrome/135.0.7049.95 Mobile Safari/537.36 (compatible; GoogleOther)"
66.249.73.129 - - [26/Apr/2025:09:41:31 -0400] "POST /get-message-notify HTTP/1.1" 200 19730 "https://it.techafri.com/index.php/zhHant/product/surugaya/21137501/shopdetail/16756690/shopdetail/4933490/recruit/cargo/detail/kaden.html/kaden.html" "Mozilla/5.0 (Linux; Android 6.0.1; Nexus 5X Build/MMB29P) AppleWebKit/537.36 (KHTML, like Gecko) Chrome/134.0.6998.165 Mobile Safari/537.36 (compatible; Googlebot/2.1; +http://www.google.com/bot.html)"
185.191.171.5 - - [26/Apr/2025:09:42:08 -0400] "GET /events/2025-12-30/ HTTP/1.1" 200 0 "-" "Mozilla/5.0 (compatible; SemrushBot/7~bl; +http://www.semrush.com/bot.html)"
185.191.171.6 - - [26/Apr/2025:09:42:17 -0400] "GET /events/2030-08-07/ HTTP/1.1" 200 0 "-" "Mozilla/5.0 (compatible; SemrushBot/7~bl; +http://www.semrush.com/bot.html)"
51.222.253.17 - - [26/Apr/2025:09:42:20 -0400] "GET /online.php?shopdetail/285610990 HTTP/1.1" 200 0 "-" "Mozilla/5.0 (compatible; AhrefsBot/7.0; +http://ahrefs.com/robot/)"
85.208.96.196 - - [26/Apr/2025:09:44:16 -0400] "GET /events/2027-04-20/ HTTP/1.1" 200 0 "-" "Mozilla/5.0 (compatible; SemrushBot/7~bl; +http://www.semrush.com/bot.html)"
66.249.73.131 - - [26/Apr/2025:09:44:30 -0400] "GET /index.php/zhHant/product/surugaya/21137501/shopdetail/16756690/shopdetail/4933490/oreka/plamodel_menu.html/shopdetail/137062090/shopdetail/160481690/recruit/vintagegame.html HTTP/1.1" 200 19067 "-" "Mozilla/5.0 (Linux; Android 6.0.1; Nexus 5X Build/MMB29P) AppleWebKit/537.36 (KHTML, like Gecko) Chrome/135.0.7049.95 Mobile Safari/537.36 (compatible; GoogleOther)"
66.249.73.132 - - [26/Apr/2025:09:44:33 -0400] "POST /get-message-notify HTTP/1.1" 200 19730 "https://it.techafri.com/index.php/zhHant/product/surugaya/21137501/shopdetail/16756690/shopdetail/4933490/oreka/plamodel_menu.html/shopdetail/137062090/shopdetail/160481690/recruit/vintagegame.html" "Mozilla/5.0 (Linux; Android 6.0.1; Nexus 5X Build/MMB29P) AppleWebKit/537.36 (KHTML, like Gecko) Chrome/134.0.6998.165 Mobile Safari/537.36 (compatible; Googlebot/2.1; +http://www.google.com/bot.html)"
51.222.253.8 - - [26/Apr/2025:09:45:27 -0400] "GET /online.php?shopdetail/293457490 HTTP/1.1" 200 0 "-" "Mozilla/5.0 (compatible; AhrefsBot/7.0; +http://ahrefs.com/robot/)"
66.249.73.130 - - [26/Apr/2025:09:45:29 -0400] "GET /index.phpsshopdetail/132032790 HTTP/1.1" 200 19399 "-" "Mozilla/5.0 (Linux; Android 6.0.1; Nexus 5X Build/MMB29P) AppleWebKit/537.36 (KHTML, like Gecko) Chrome/135.0.7049.95 Mobile Safari/537.36 (compatible; Googlebot/2.1; +http://www.google.com/bot.html)"
66.249.73.131 - - [26/Apr/2025:09:45:31 -0400] "GET /index.php/zhHant/product/surugaya/21137501/shopdetail/16756690/shopdetail/4933490/kaden.html/shopdetail/66383990 HTTP/1.1" 200 19484 "-" "Mozilla/5.0 (Linux; Android 6.0.1; Nexus 5X Build/MMB29P) AppleWebKit/537.36 (KHTML, like Gecko) Chrome/135.0.7049.95 Mobile Safari/537.36 (compatible; GoogleOther)"
66.249.73.131 - - [26/Apr/2025:09:45:32 -0400] "POST /get-message-notify HTTP/1.1" 200 19731 "https://it.techafri.com/index.phpsshopdetail/132032790" "Mozilla/5.0 (Linux; Android 6.0.1; Nexus 5X Build/MMB29P) AppleWebKit/537.36 (KHTML, like Gecko) Chrome/134.0.6998.165 Mobile Safari/537.36 (compatible; Googlebot/2.1; +http://www.google.com/bot.html)"
66.249.73.131 - - [26/Apr/2025:09:45:33 -0400] "POST /get-message-notify HTTP/1.1" 200 19731 "https://it.techafri.com/index.php/zhHant/product/surugaya/21137501/shopdetail/16756690/shopdetail/4933490/kaden.html/shopdetail/66383990" "Mozilla/5.0 (Linux; Android 6.0.1; Nexus 5X Build/MMB29P) AppleWebKit/537.36 (KHTML, like Gecko) Chrome/134.0.6998.165 Mobile Safari/537.36 (compatible; Googlebot/2.1; +http://www.google.com/bot.html)"
66.249.73.132 - - [26/Apr/2025:09:46:32 -0400] "GET /index.php/zhHant/product/surugaya/21137501/shopdetail/112531490/shopdetail/156755190/pcmypage/shopdetail/162604890/pcsp.html/shopdetail/121882690/text/terms/man/customer_guide/shopdetail/108170590/shopdetail/161734890/affiliate/shopdetail/152349090/avsoft.html HTTP/1.1" 200 20340 "-" "Mozilla/5.0 (Linux; Android 6.0.1; Nexus 5X Build/MMB29P) AppleWebKit/537.36 (KHTML, like Gecko) Chrome/135.0.7049.95 Mobile Safari/537.36 (compatible; GoogleOther)"
66.249.73.132 - - [26/Apr/2025:09:46:35 -0400] "POST /get-message-notify HTTP/1.1" 200 19731 "https://it.techafri.com/index.php/zhHant/product/surugaya/21137501/shopdetail/112531490/shopdetail/156755190/pcmypage/shopdetail/162604890/pcsp.html/shopdetail/121882690/text/terms/man/customer_guide/shopdetail/108170590/shopdetail/161734890/affiliate/shopdetail/152349090/avsoft.html" "Mozilla/5.0 (Linux; Android 6.0.1; Nexus 5X Build/MMB29P) AppleWebKit/537.36 (KHTML, like Gecko) Chrome/134.0.6998.165 Mobile Safari/537.36 (compatible; Googlebot/2.1; +http://www.google.com/bot.html)"
51.222.253.7 - - [26/Apr/2025:09:48:35 -0400] "GET /online.php?shopdetail/309380290 HTTP/1.1" 200 0 "-" "Mozilla/5.0 (compatible; AhrefsBot/7.0; +http://ahrefs.com/robot/)"
185.191.171.17 - - [26/Apr/2025:09:49:48 -0400] "GET /events/2026-07-27/ HTTP/1.1" 200 0 "-" "Mozilla/5.0 (compatible; SemrushBot/7~bl; +http://www.semrush.com/bot.html)"
66.249.66.196 - - [26/Apr/2025:09:50:33 -0400] "GET /index.php/zhHant/product/surugaya/59570478/pcsp.html/shopdetail/119195590/product_archives/shopdetail/38695490/shopdetail/108093190/man/customer_guide/toiawase/pcmypage/shopdetail/130676490/shopdetail/62895190/text/terms/shopdetail/68758790/cargo/detail/shopdetail/87849190/shopdetail/4615390 HTTP/1.1" 200 19316 "-" "Mozilla/5.0 (Linux; Android 6.0.1; Nexus 5X Build/MMB29P) AppleWebKit/537.36 (KHTML, like Gecko) Chrome/135.0.7049.95 Mobile Safari/537.36 (compatible; GoogleOther)"
66.249.73.131 - - [26/Apr/2025:09:50:36 -0400] "POST /get-message-notify HTTP/1.1" 200 19729 "https://it.techafri.com/index.php/zhHant/product/surugaya/59570478/pcsp.html/shopdetail/119195590/product_archives/shopdetail/38695490/shopdetail/108093190/man/customer_guide/toiawase/pcmypage/shopdetail/130676490/shopdetail/62895190/text/terms/shopdetail/68758790/cargo/detail/shopdetail/87849190/shopdetail/4615390" "Mozilla/5.0 (Linux; Android 6.0.1; Nexus 5X Build/MMB29P) AppleWebKit/537.36 (KHTML, like Gecko) Chrome/134.0.6998.165 Mobile Safari/537.36 (compatible; Googlebot/2.1; +http://www.google.com/bot.html)"
185.191.171.11 - - [26/Apr/2025:09:52:04 -0400] "GET /events/2027-01-23/ HTTP/1.1" 200 0 "-" "Mozilla/5.0 (compatible; SemrushBot/7~bl; +http://www.semrush.com/bot.html)"
66.249.73.132 - - [26/Apr/2025:09:52:34 -0400] "GET /shopdetail/77698390 HTTP/1.1" 200 18777 "-" "Mozilla/5.0 (Linux; Android 6.0.1; Nexus 5X Build/MMB29P) AppleWebKit/537.36 (KHTML, like Gecko) Chrome/135.0.7049.95 Mobile Safari/537.36 (compatible; GoogleOther)"
66.249.73.130 - - [26/Apr/2025:09:52:37 -0400] "POST /get-message-notify HTTP/1.1" 200 19730 "https://it.techafri.com/shopdetail/77698390" "Mozilla/5.0 (Linux; Android 6.0.1; Nexus 5X Build/MMB29P) AppleWebKit/537.36 (KHTML, like Gecko) Chrome/134.0.6998.165 Mobile Safari/537.36 (compatible; Googlebot/2.1; +http://www.google.com/bot.html)"
66.249.73.131 - - [26/Apr/2025:09:52:38 -0400] "GET /index.php/zhHant/product/surugaya/21137501/shopdetail/16756690/shopdetail/4933490/oreka/plamodel_menu.html/shopdetail/137062090/shopdetail/160481690/recruit/shopdetail/64163790 HTTP/1.1" 200 19175 "-" "Mozilla/5.0 (Linux; Android 6.0.1; Nexus 5X Build/MMB29P) AppleWebKit/537.36 (KHTML, like Gecko) Chrome/135.0.7049.95 Mobile Safari/537.36 (compatible; GoogleOther)"
66.249.73.131 - - [26/Apr/2025:09:52:42 -0400] "POST /get-message-notify HTTP/1.1" 200 19730 "https://it.techafri.com/index.php/zhHant/product/surugaya/21137501/shopdetail/16756690/shopdetail/4933490/oreka/plamodel_menu.html/shopdetail/137062090/shopdetail/160481690/recruit/shopdetail/64163790" "Mozilla/5.0 (Linux; Android 6.0.1; Nexus 5X Build/MMB29P) AppleWebKit/537.36 (KHTML, like Gecko) Chrome/134.0.6998.165 Mobile Safari/537.36 (compatible; Googlebot/2.1; +http://www.google.com/bot.html)"
85.208.96.193 - - [26/Apr/2025:09:52:45 -0400] "GET /events/2027-03-22/ HTTP/1.1" 200 0 "-" "Mozilla/5.0 (compatible; SemrushBot/7~bl; +http://www.semrush.com/bot.html)"
51.222.253.4 - - [26/Apr/2025:09:53:05 -0400] "GET /online.php?shopdetail/325711990 HTTP/1.1" 200 0 "-" "Mozilla/5.0 (compatible; AhrefsBot/7.0; +http://ahrefs.com/robot/)"
66.249.73.130 - - [26/Apr/2025:09:55:39 -0400] "GET /index.php/zhHant/product/surugaya/59570478/pcsp.html/shopdetail/119195590/product_archives/shopdetail/38695490/shopdetail/108093190/man/customer_guide/toiawase/pcmypage/shopdetail/130676490/shopdetail/62895190/text/terms/shopdetail/68758790/cargo/detail/shopdetail/86509890/feature/campaign/index.html HTTP/1.1" 200 20988 "-" "Mozilla/5.0 (Linux; Android 6.0.1; Nexus 5X Build/MMB29P) AppleWebKit/537.36 (KHTML, like Gecko) Chrome/135.0.7049.95 Mobile Safari/537.36 (compatible; GoogleOther)"
185.191.171.17 - - [26/Apr/2025:09:55:40 -0400] "GET /events/2027-07-13/ HTTP/1.1" 200 0 "-" "Mozilla/5.0 (compatible; SemrushBot/7~bl; +http://www.semrush.com/bot.html)"
66.249.73.130 - - [26/Apr/2025:09:55:42 -0400] "POST /get-message-notify HTTP/1.1" 200 19730 "https://it.techafri.com/index.php/zhHant/product/surugaya/59570478/pcsp.html/shopdetail/119195590/product_archives/shopdetail/38695490/shopdetail/108093190/man/customer_guide/toiawase/pcmypage/shopdetail/130676490/shopdetail/62895190/text/terms/shopdetail/68758790/cargo/detail/shopdetail/86509890/feature/campaign/index.html" "Mozilla/5.0 (Linux; Android 6.0.1; Nexus 5X Build/MMB29P) AppleWebKit/537.36 (KHTML, like Gecko) Chrome/134.0.6998.165 Mobile Safari/537.36 (compatible; Googlebot/2.1; +http://www.google.com/bot.html)"
51.222.253.3 - - [26/Apr/2025:09:57:29 -0400] "GET /online.php?shopdetail/344434390 HTTP/1.1" 200 0 "-" "Mozilla/5.0 (compatible; AhrefsBot/7.0; +http://ahrefs.com/robot/)"
66.249.73.131 - - [26/Apr/2025:09:59:40 -0400] "GET /index.php/zhHant/product/surugaya/59570478/shopdetail/116539490/shopdetail/27788790/pcmypage/shopdetail/149599690/shopdetail/162667690/boyslove.html/shopdetail/116085690/recruit/shopdetail/27125790/shopdetail/12060990/safe_search/config/shopdetail/132502090/pcmypage/pcmypage/shopdetail/88127990 HTTP/1.1" 200 19435 "-" "Mozilla/5.0 (Linux; Android 6.0.1; Nexus 5X Build/MMB29P) AppleWebKit/537.36 (KHTML, like Gecko) Chrome/135.0.7049.95 Mobile Safari/537.36 (compatible; GoogleOther)"
66.249.73.130 - - [26/Apr/2025:09:59:43 -0400] "POST /get-message-notify HTTP/1.1" 200 19729 "https://it.techafri.com/index.php/zhHant/product/surugaya/59570478/shopdetail/116539490/shopdetail/27788790/pcmypage/shopdetail/149599690/shopdetail/162667690/boyslove.html/shopdetail/116085690/recruit/shopdetail/27125790/shopdetail/12060990/safe_search/config/shopdetail/132502090/pcmypage/pcmypage/shopdetail/88127990" "Mozilla/5.0 (Linux; Android 6.0.1; Nexus 5X Build/MMB29P) AppleWebKit/537.36 (KHTML, like Gecko) Chrome/134.0.6998.165 Mobile Safari/537.36 (compatible; Googlebot/2.1; +http://www.google.com/bot.html)"
66.249.73.130 - - [26/Apr/2025:09:59:45 -0400] "GET /index.php/zhHant/product/surugaya/71786428/shopdetail/41737290/shopdetail/89296290/books.html/shopdetail/69979990/shopdetail/61881690/safe_search/config/shopdetail/142777390/shopdetail/152891790/cargo/detail/product_archives/shopdetail/161559390/shopdetail/11630090/product_archives HTTP/1.1" 200 19754 "-" "Mozilla/5.0 (Linux; Android 6.0.1; Nexus 5X Build/MMB29P) AppleWebKit/537.36 (KHTML, like Gecko) Chrome/135.0.7049.95 Mobile Safari/537.36 (compatible; GoogleOther)"
66.249.73.130 - - [26/Apr/2025:09:59:47 -0400] "POST /get-message-notify HTTP/1.1" 200 19729 "https://it.techafri.com/index.php/zhHant/product/surugaya/71786428/shopdetail/41737290/shopdetail/89296290/books.html/shopdetail/69979990/shopdetail/61881690/safe_search/config/shopdetail/142777390/shopdetail/152891790/cargo/detail/product_archives/shopdetail/161559390/shopdetail/11630090/product_archives" "Mozilla/5.0 (Linux; Android 6.0.1; Nexus 5X Build/MMB29P) AppleWebKit/537.36 (KHTML, like Gecko) Chrome/134.0.6998.165 Mobile Safari/537.36 (compatible; Googlebot/2.1; +http://www.google.com/bot.html)"
66.249.73.130 - - [26/Apr/2025:10:01:05 -0400] "GET /shopdetail/83049490 HTTP/1.1" 200 19100 "-" "Mozilla/5.0 (Linux; Android 6.0.1; Nexus 5X Build/MMB29P) AppleWebKit/537.36 (KHTML, like Gecko) Chrome/135.0.7049.114 Mobile Safari/537.36 (compatible; Googlebot/2.1; +http://www.google.com/bot.html)"
66.249.73.130 - - [26/Apr/2025:10:01:33 -0400] "GET /shopdetail/86351390 HTTP/1.1" 200 18442 "-" "Mozilla/5.0 (Linux; Android 6.0.1; Nexus 5X Build/MMB29P) AppleWebKit/537.36 (KHTML, like Gecko) Chrome/135.0.7049.114 Mobile Safari/537.36 (compatible; Googlebot/2.1; +http://www.google.com/bot.html)"
51.222.253.10 - - [26/Apr/2025:10:01:46 -0400] "GET /online.php?shopdetail/356469090 HTTP/1.1" 200 0 "-" "Mozilla/5.0 (compatible; AhrefsBot/7.0; +http://ahrefs.com/robot/)"
85.208.96.210 - - [26/Apr/2025:10:02:53 -0400] "GET /events/2028-04-19/ HTTP/1.1" 200 0 "-" "Mozilla/5.0 (compatible; SemrushBot/7~bl; +http://www.semrush.com/bot.html)"
66.249.73.131 - - [26/Apr/2025:10:03:06 -0400] "GET /shopdetail/160113590 HTTP/1.1" 200 19076 "-" "Mozilla/5.0 (Linux; Android 6.0.1; Nexus 5X Build/MMB29P) AppleWebKit/537.36 (KHTML, like Gecko) Chrome/135.0.7049.114 Mobile Safari/537.36 (compatible; Googlebot/2.1; +http://www.google.com/bot.html)"
66.249.73.129 - - [26/Apr/2025:10:03:17 -0400] "GET /shopdetail/105114090 HTTP/1.1" 200 21820 "-" "Mozilla/5.0 (Linux; Android 6.0.1; Nexus 5X Build/MMB29P) AppleWebKit/537.36 (KHTML, like Gecko) Chrome/135.0.7049.114 Mobile Safari/537.36 (compatible; Googlebot/2.1; +http://www.google.com/bot.html)"
66.249.73.130 - - [26/Apr/2025:10:04:46 -0400] "GET /index.php/zhHant/product/surugaya/59570478/pcsp.html/shopdetail/119195590/product_archives/shopdetail/38695490/shopdetail/108093190/man/customer_guide/toiawase/pcmypage/shopdetail/130676490/shopdetail/62895190/text/terms/shopdetail/68758790/cargo/detail/shopdetail/86509890/shopdetail/69247790 HTTP/1.1" 200 19495 "-" "Mozilla/5.0 (Linux; Android 6.0.1; Nexus 5X Build/MMB29P) AppleWebKit/537.36 (KHTML, like Gecko) Chrome/135.0.7049.95 Mobile Safari/537.36 (compatible; GoogleOther)"
66.249.73.130 - - [26/Apr/2025:10:04:48 -0400] "POST /get-message-notify HTTP/1.1" 200 19730 "https://it.techafri.com/index.php/zhHant/product/surugaya/59570478/pcsp.html/shopdetail/119195590/product_archives/shopdetail/38695490/shopdetail/108093190/man/customer_guide/toiawase/pcmypage/shopdetail/130676490/shopdetail/62895190/text/terms/shopdetail/68758790/cargo/detail/shopdetail/86509890/shopdetail/69247790" "Mozilla/5.0 (Linux; Android 6.0.1; Nexus 5X Build/MMB29P) AppleWebKit/537.36 (KHTML, like Gecko) Chrome/134.0.6998.165 Mobile Safari/537.36 (compatible; Googlebot/2.1; +http://www.google.com/bot.html)"
66.249.73.130 - - [26/Apr/2025:10:04:51 -0400] "GET /index.php/zhHant/product/surugaya/42199434/product_archives/shopdetail/14510290/kaden.html/shopdetail/75176790/shopdetail/151250990/text/terms/shopdetail/137785990/pcmypage/shopdetail/121695890/shopdetail/11567890/cargo/detail/shopdetail/91012590/pcmypage/shopdetail/154228790/shopdetail/131997090/product/edit/18236094/shopdetail/74773790/recruit/shopdetail/82599890/cargo/detail/shopdetail/117272590 HTTP/1.1" 200 20237 "-" "Mozilla/5.0 (Linux; Android 6.0.1; Nexus 5X Build/MMB29P) AppleWebKit/537.36 (KHTML, like Gecko) Chrome/135.0.7049.95 Mobile Safari/537.36 (compatible; GoogleOther)"
66.249.73.129 - - [26/Apr/2025:10:04:54 -0400] "POST /get-message-notify HTTP/1.1" 200 19730 "https://it.techafri.com/index.php/zhHant/product/surugaya/42199434/product_archives/shopdetail/14510290/kaden.html/shopdetail/75176790/shopdetail/151250990/text/terms/shopdetail/137785990/pcmypage/shopdetail/121695890/shopdetail/11567890/cargo/detail/shopdetail/91012590/pcmypage/shopdetail/154228790/shopdetail/131997090/product/edit/18236094/shopdetail/74773790/recruit/shopdetail/82599890/cargo/detail/shopdetail/117272590" "Mozilla/5.0 (Linux; Android 6.0.1; Nexus 5X Build/MMB29P) AppleWebKit/537.36 (KHTML, like Gecko) Chrome/134.0.6998.165 Mobile Safari/537.36 (compatible; Googlebot/2.1; +http://www.google.com/bot.html)"
66.249.73.131 - - [26/Apr/2025:10:05:00 -0400] "GET /shopdetail/150159890 HTTP/1.1" 200 18495 "-" "Mozilla/5.0 (Linux; Android 6.0.1; Nexus 5X Build/MMB29P) AppleWebKit/537.36 (KHTML, like Gecko) Chrome/135.0.7049.114 Mobile Safari/537.36 (compatible; Googlebot/2.1; +http://www.google.com/bot.html)"
66.249.73.129 - - [26/Apr/2025:10:05:14 -0400] "GET /shopdetail/130137590 HTTP/1.1" 200 20203 "-" "Mozilla/5.0 (Linux; Android 6.0.1; Nexus 5X Build/MMB29P) AppleWebKit/537.36 (KHTML, like Gecko) Chrome/135.0.7049.114 Mobile Safari/537.36 (compatible; Googlebot/2.1; +http://www.google.com/bot.html)"
51.222.253.7 - - [26/Apr/2025:10:06:18 -0400] "GET /online.php?shopdetail/360319190 HTTP/1.1" 200 0 "-" "Mozilla/5.0 (compatible; AhrefsBot/7.0; +http://ahrefs.com/robot/)"
185.191.171.19 - - [26/Apr/2025:10:06:52 -0400] "GET /events/2031-03-30/ HTTP/1.1" 200 0 "-" "Mozilla/5.0 (compatible; SemrushBot/7~bl; +http://www.semrush.com/bot.html)"
185.191.171.6 - - [26/Apr/2025:10:09:16 -0400] "GET /events/2029-06-29/ HTTP/1.1" 200 0 "-" "Mozilla/5.0 (compatible; SemrushBot/7~bl; +http://www.semrush.com/bot.html)"
66.249.73.130 - - [26/Apr/2025:10:09:34 -0400] "GET /index.php/zhHant/product/surugaya/59570478/pcsp.html/shopdetail/119195590/product_archives/shopdetail/38695490/shopdetail/108093190/man/customer_guide/toiawase/pcmypage/shopdetail/130676490/shopdetail/62895190/text/terms/shopdetail/68758790/cargo/detail/shopdetail/121181690/safe_search/config/shopdetail/52044090 HTTP/1.1" 200 20863 "-" "Mozilla/5.0 (Linux; Android 6.0.1; Nexus 5X Build/MMB29P) AppleWebKit/537.36 (KHTML, like Gecko) Chrome/135.0.7049.95 Mobile Safari/537.36 (compatible; GoogleOther)"
66.249.73.131 - - [26/Apr/2025:10:09:37 -0400] "POST /get-message-notify HTTP/1.1" 200 19729 "https://it.techafri.com/index.php/zhHant/product/surugaya/59570478/pcsp.html/shopdetail/119195590/product_archives/shopdetail/38695490/shopdetail/108093190/man/customer_guide/toiawase/pcmypage/shopdetail/130676490/shopdetail/62895190/text/terms/shopdetail/68758790/cargo/detail/shopdetail/121181690/safe_search/config/shopdetail/52044090" "Mozilla/5.0 (Linux; Android 6.0.1; Nexus 5X Build/MMB29P) AppleWebKit/537.36 (KHTML, like Gecko) Chrome/134.0.6998.165 Mobile Safari/537.36 (compatible; Googlebot/2.1; +http://www.google.com/bot.html)"
66.249.73.129 - - [26/Apr/2025:10:10:24 -0400] "GET /shopdetail/129008090 HTTP/1.1" 200 20650 "-" "Mozilla/5.0 (Linux; Android 6.0.1; Nexus 5X Build/MMB29P) AppleWebKit/537.36 (KHTML, like Gecko) Chrome/135.0.7049.114 Mobile Safari/537.36 (compatible; Googlebot/2.1; +http://www.google.com/bot.html)"
51.222.253.7 - - [26/Apr/2025:10:10:40 -0400] "GET /online.php?shopdetail/363661190 HTTP/1.1" 200 0 "-" "Mozilla/5.0 (compatible; AhrefsBot/7.0; +http://ahrefs.com/robot/)"
66.249.73.131 - - [26/Apr/2025:10:14:06 -0400] "GET /shopdetail/12680490 HTTP/1.1" 200 19388 "-" "Mozilla/5.0 (Linux; Android 6.0.1; Nexus 5X Build/MMB29P) AppleWebKit/537.36 (KHTML, like Gecko) Chrome/135.0.7049.114 Mobile Safari/537.36 (compatible; Googlebot/2.1; +http://www.google.com/bot.html)"
66.249.73.131 - - [26/Apr/2025:10:14:35 -0400] "GET /index.php/zhHant/product/surugaya/21137501/shopdetail/16756690/shopdetail/4933490/recruit/pcmypage/toreka/figure_menu.html/shopdetail/7737390/shopdetail/165715590/books.html HTTP/1.1" 200 19594 "-" "Mozilla/5.0 (Linux; Android 6.0.1; Nexus 5X Build/MMB29P) AppleWebKit/537.36 (KHTML, like Gecko) Chrome/135.0.7049.95 Mobile Safari/537.36 (compatible; GoogleOther)"
66.249.73.131 - - [26/Apr/2025:10:14:37 -0400] "POST /get-message-notify HTTP/1.1" 200 19730 "https://it.techafri.com/index.php/zhHant/product/surugaya/21137501/shopdetail/16756690/shopdetail/4933490/recruit/pcmypage/toreka/figure_menu.html/shopdetail/7737390/shopdetail/165715590/books.html" "Mozilla/5.0 (Linux; Android 6.0.1; Nexus 5X Build/MMB29P) AppleWebKit/537.36 (KHTML, like Gecko) Chrome/134.0.6998.165 Mobile Safari/537.36 (compatible; Googlebot/2.1; +http://www.google.com/bot.html)"
66.249.73.130 - - [26/Apr/2025:10:15:09 -0400] "GET /shopdetail/55139390 HTTP/1.1" 200 19484 "-" "Mozilla/5.0 (Linux; Android 6.0.1; Nexus 5X Build/MMB29P) AppleWebKit/537.36 (KHTML, like Gecko) Chrome/135.0.7049.114 Mobile Safari/537.36 (compatible; Googlebot/2.1; +http://www.google.com/bot.html)"
51.222.253.9 - - [26/Apr/2025:10:15:16 -0400] "GET /online.php?shopdetail/373980390 HTTP/1.1" 200 0 "-" "Mozilla/5.0 (compatible; AhrefsBot/7.0; +http://ahrefs.com/robot/)"
66.249.73.132 - - [26/Apr/2025:10:17:00 -0400] "GET /shopdetail/95297890 HTTP/1.1" 200 18786 "-" "Mozilla/5.0 (Linux; Android 6.0.1; Nexus 5X Build/MMB29P) AppleWebKit/537.36 (KHTML, like Gecko) Chrome/135.0.7049.114 Mobile Safari/537.36 (compatible; Googlebot/2.1; +http://www.google.com/bot.html)"
85.208.96.194 - - [26/Apr/2025:10:17:02 -0400] "GET /robots.txt HTTP/1.1" 304 0 "-" "Mozilla/5.0 (compatible; SemrushBot/7~bl; +http://www.semrush.com/bot.html)"
85.208.96.194 - - [26/Apr/2025:10:17:02 -0400] "GET /events/2030-01-14/ HTTP/1.1" 200 0 "-" "Mozilla/5.0 (compatible; SemrushBot/7~bl; +http://www.semrush.com/bot.html)"
66.249.73.131 - - [26/Apr/2025:10:17:09 -0400] "GET /shopdetail/81491590 HTTP/1.1" 200 19081 "-" "Mozilla/5.0 (Linux; Android 6.0.1; Nexus 5X Build/MMB29P) AppleWebKit/537.36 (KHTML, like Gecko) Chrome/135.0.7049.114 Mobile Safari/537.36 (compatible; Googlebot/2.1; +http://www.google.com/bot.html)"
66.249.73.130 - - [26/Apr/2025:10:17:17 -0400] "GET /shopdetail/128683390 HTTP/1.1" 200 20239 "-" "Mozilla/5.0 (Linux; Android 6.0.1; Nexus 5X Build/MMB29P) AppleWebKit/537.36 (KHTML, like Gecko) Chrome/135.0.7049.114 Mobile Safari/537.36 (compatible; Googlebot/2.1; +http://www.google.com/bot.html)"
185.191.171.17 - - [26/Apr/2025:10:17:28 -0400] "GET /events/2028-09-24/ HTTP/1.1" 200 0 "-" "Mozilla/5.0 (compatible; SemrushBot/7~bl; +http://www.semrush.com/bot.html)"
66.249.73.130 - - [26/Apr/2025:10:17:48 -0400] "GET /shopdetail/68562390 HTTP/1.1" 200 19856 "-" "Mozilla/5.0 (Linux; Android 6.0.1; Nexus 5X Build/MMB29P) AppleWebKit/537.36 (KHTML, like Gecko) Chrome/135.0.7049.114 Mobile Safari/537.36 (compatible; Googlebot/2.1; +http://www.google.com/bot.html)"
66.249.73.130 - - [26/Apr/2025:10:18:18 -0400] "GET /shopdetail/1600590 HTTP/1.1" 200 18959 "-" "Mozilla/5.0 (Linux; Android 6.0.1; Nexus 5X Build/MMB29P) AppleWebKit/537.36 (KHTML, like Gecko) Chrome/135.0.7049.114 Mobile Safari/537.36 (compatible; Googlebot/2.1; +http://www.google.com/bot.html)"
66.249.73.130 - - [26/Apr/2025:10:18:38 -0400] "GET /index.php/zhHant/product/surugaya/59570478/pcsp.html/shopdetail/119195590/product_archives/shopdetail/38695490/shopdetail/108093190/man/customer_guide/toiawase/pcmypage/shopdetail/130676490/shopdetail/62895190/text/terms/shopdetail/68758790/cargo/detail/shopdetail/131616690/shopdetail/145835090/oreka/plamodel_menu.html HTTP/1.1" 200 20141 "-" "Mozilla/5.0 (Linux; Android 6.0.1; Nexus 5X Build/MMB29P) AppleWebKit/537.36 (KHTML, like Gecko) Chrome/135.0.7049.95 Mobile Safari/537.36 (compatible; GoogleOther)"
66.249.73.130 - - [26/Apr/2025:10:18:40 -0400] "POST /get-message-notify HTTP/1.1" 200 19730 "https://it.techafri.com/index.php/zhHant/product/surugaya/59570478/pcsp.html/shopdetail/119195590/product_archives/shopdetail/38695490/shopdetail/108093190/man/customer_guide/toiawase/pcmypage/shopdetail/130676490/shopdetail/62895190/text/terms/shopdetail/68758790/cargo/detail/shopdetail/131616690/shopdetail/145835090/oreka/plamodel_menu.html" "Mozilla/5.0 (Linux; Android 6.0.1; Nexus 5X Build/MMB29P) AppleWebKit/537.36 (KHTML, like Gecko) Chrome/134.0.6998.165 Mobile Safari/537.36 (compatible; Googlebot/2.1; +http://www.google.com/bot.html)"
185.191.171.15 - - [26/Apr/2025:10:18:55 -0400] "GET /events/2031-08-25/ HTTP/1.1" 200 0 "-" "Mozilla/5.0 (compatible; SemrushBot/7~bl; +http://www.semrush.com/bot.html)"
66.249.73.132 - - [26/Apr/2025:10:19:21 -0400] "GET /robots.txt HTTP/1.1" 304 0 "-" "Mozilla/5.0 (compatible; Googlebot/2.1; +http://www.google.com/bot.html)"
66.249.73.131 - - [26/Apr/2025:10:19:21 -0400] "GET /shopdetail/92635390 HTTP/1.1" 200 18825 "-" "Mozilla/5.0 (Linux; Android 6.0.1; Nexus 5X Build/MMB29P) AppleWebKit/537.36 (KHTML, like Gecko) Chrome/135.0.7049.114 Mobile Safari/537.36 (compatible; Googlebot/2.1; +http://www.google.com/bot.html)"
51.222.253.10 - - [26/Apr/2025:10:19:38 -0400] "GET /online.php?shopdetail/80422190 HTTP/1.1" 200 0 "-" "Mozilla/5.0 (compatible; AhrefsBot/7.0; +http://ahrefs.com/robot/)"
66.249.73.129 - - [26/Apr/2025:10:19:39 -0400] "GET /index.php/zhHant/product/surugaya/21137501/shopdetail/16756690/shopdetail/4933490/oreka/plamodel_menu.html/shopdetail/137062090/shopdetail/160481690/recruit/shopdetail/88488790 HTTP/1.1" 200 19398 "-" "Mozilla/5.0 (Linux; Android 6.0.1; Nexus 5X Build/MMB29P) AppleWebKit/537.36 (KHTML, like Gecko) Chrome/135.0.7049.95 Mobile Safari/537.36 (compatible; GoogleOther)"
66.249.73.129 - - [26/Apr/2025:10:19:43 -0400] "POST /get-message-notify HTTP/1.1" 200 19730 "https://it.techafri.com/index.php/zhHant/product/surugaya/21137501/shopdetail/16756690/shopdetail/4933490/oreka/plamodel_menu.html/shopdetail/137062090/shopdetail/160481690/recruit/shopdetail/88488790" "Mozilla/5.0 (Linux; Android 6.0.1; Nexus 5X Build/MMB29P) AppleWebKit/537.36 (KHTML, like Gecko) Chrome/134.0.6998.165 Mobile Safari/537.36 (compatible; Googlebot/2.1; +http://www.google.com/bot.html)"
185.191.171.8 - - [26/Apr/2025:10:21:55 -0400] "GET /events/2023-12-08/ HTTP/1.1" 200 0 "-" "Mozilla/5.0 (compatible; SemrushBot/7~bl; +http://www.semrush.com/bot.html)"
144.91.119.115 - - [26/Apr/2025:10:21:56 -0400] "GET /wp-content/plugins/HelloDollyV2/hello_dolly_v2.php HTTP/1.1" 200 279 "www.google.com" "Mozilla/5.0 (Linux; Android 7.0; SM-G892A Build/NRD90M; wv) AppleWebKit/537.36 (KHTML, like Gecko) Version/4.0 Chrome/60.0.3112.107 Mobile Safari/537.36"
66.249.73.129 - - [26/Apr/2025:10:22:00 -0400] "GET /shopdetail/16518190 HTTP/1.1" 200 18863 "-" "Mozilla/5.0 (Linux; Android 6.0.1; Nexus 5X Build/MMB29P) AppleWebKit/537.36 (KHTML, like Gecko) Chrome/135.0.7049.114 Mobile Safari/537.36 (compatible; Googlebot/2.1; +http://www.google.com/bot.html)"
66.249.73.130 - - [26/Apr/2025:10:22:01 -0400] "GET /shopdetail/99471090 HTTP/1.1" 200 20145 "-" "Mozilla/5.0 (Linux; Android 6.0.1; Nexus 5X Build/MMB29P) AppleWebKit/537.36 (KHTML, like Gecko) Chrome/135.0.7049.114 Mobile Safari/537.36 (compatible; Googlebot/2.1; +http://www.google.com/bot.html)"
144.91.119.115 - - [26/Apr/2025:10:22:07 -0400] "GET /wp-content/themes/hello_dolly_v2.php HTTP/1.1" 200 302 "www.google.com" "Mozilla/5.0 (Linux; Android 7.0; SM-G892A Build/NRD90M; wv) AppleWebKit/537.36 (KHTML, like Gecko) Version/4.0 Chrome/60.0.3112.107 Mobile Safari/537.36"
144.91.119.115 - - [26/Apr/2025:10:22:11 -0400] "GET /wp-content/plugins/WordPressCore/include.php HTTP/1.1" 200 275 "www.google.com" "Mozilla/5.0 (Linux; Android 7.0; SM-G892A Build/NRD90M; wv) AppleWebKit/537.36 (KHTML, like Gecko) Version/4.0 Chrome/60.0.3112.107 Mobile Safari/537.36"
144.91.119.115 - - [26/Apr/2025:10:22:16 -0400] "GET /wp-content/themes/include.php HTTP/1.1" 200 231 "www.google.com" "Mozilla/5.0 (Linux; Android 7.0; SM-G892A Build/NRD90M; wv) AppleWebKit/537.36 (KHTML, like Gecko) Version/4.0 Chrome/60.0.3112.107 Mobile Safari/537.36"
66.249.73.129 - - [26/Apr/2025:10:22:40 -0400] "GET /index.php/zhHant/product/surugaya/21137501/shopdetail/16756690/shopdetail/4933490/recruit/shopdetail/58553690/books.html/shopdetail/155956290/shopdetail/35862790/pcmypage/shopdetail/119980290 HTTP/1.1" 200 19219 "-" "Mozilla/5.0 (Linux; Android 6.0.1; Nexus 5X Build/MMB29P) AppleWebKit/537.36 (KHTML, like Gecko) Chrome/135.0.7049.95 Mobile Safari/537.36 (compatible; GoogleOther)"
52.167.144.177 - - [26/Apr/2025:10:22:41 -0400] "GET /feature/utsunomiya/index.html HTTP/1.1" 200 18911 "-" "Mozilla/5.0 AppleWebKit/537.36 (KHTML, like Gecko; compatible; bingbot/2.0; +http://www.bing.com/bingbot.htm) Chrome/116.0.1938.76 Safari/537.36"
66.249.73.129 - - [26/Apr/2025:10:22:43 -0400] "POST /get-message-notify HTTP/1.1" 200 19730 "https://it.techafri.com/index.php/zhHant/product/surugaya/21137501/shopdetail/16756690/shopdetail/4933490/recruit/shopdetail/58553690/books.html/shopdetail/155956290/shopdetail/35862790/pcmypage/shopdetail/119980290" "Mozilla/5.0 (Linux; Android 6.0.1; Nexus 5X Build/MMB29P) AppleWebKit/537.36 (KHTML, like Gecko) Chrome/134.0.6998.165 Mobile Safari/537.36 (compatible; Googlebot/2.1; +http://www.google.com/bot.html)"
66.249.73.129 - - [26/Apr/2025:10:23:41 -0400] "GET /index.php/zhHant/product/surugaya/42199434/product_archives/shopdetail/14510290/kaden.html/shopdetail/75176790/shopdetail/151250990/text/terms/shopdetail/137785990/pcmypage/shopdetail/121695890/shopdetail/11567890/cargo/detail/shopdetail/91012590/pcmypage/shopdetail/154228790/shopdetail/131997090/product/edit/18236094/shopdetail/74773790/recruit/shopdetail/82599890/shopdetail/89231990/pcmypage/shopdetail/126373090 HTTP/1.1" 200 20386 "-" "Mozilla/5.0 (Linux; Android 6.0.1; Nexus 5X Build/MMB29P) AppleWebKit/537.36 (KHTML, like Gecko) Chrome/135.0.7049.95 Mobile Safari/537.36 (compatible; GoogleOther)"
66.249.73.129 - - [26/Apr/2025:10:23:44 -0400] "POST /get-message-notify HTTP/1.1" 200 19730 "https://it.techafri.com/index.php/zhHant/product/surugaya/42199434/product_archives/shopdetail/14510290/kaden.html/shopdetail/75176790/shopdetail/151250990/text/terms/shopdetail/137785990/pcmypage/shopdetail/121695890/shopdetail/11567890/cargo/detail/shopdetail/91012590/pcmypage/shopdetail/154228790/shopdetail/131997090/product/edit/18236094/shopdetail/74773790/recruit/shopdetail/82599890/shopdetail/89231990/pcmypage/shopdetail/126373090" "Mozilla/5.0 (Linux; Android 6.0.1; Nexus 5X Build/MMB29P) AppleWebKit/537.36 (KHTML, like Gecko) Chrome/134.0.6998.165 Mobile Safari/537.36 (compatible; Googlebot/2.1; +http://www.google.com/bot.html)"
66.249.73.131 - - [26/Apr/2025:10:24:05 -0400] "GET /shopdetail/11835890 HTTP/1.1" 200 20848 "-" "Mozilla/5.0 (Linux; Android 6.0.1; Nexus 5X Build/MMB29P) AppleWebKit/537.36 (KHTML, like Gecko) Chrome/135.0.7049.114 Mobile Safari/537.36 (compatible; Googlebot/2.1; +http://www.google.com/bot.html)"
51.222.253.2 - - [26/Apr/2025:10:24:23 -0400] "GET /online.php?shopdetail/90319990 HTTP/1.1" 200 0 "-" "Mozilla/5.0 (compatible; AhrefsBot/7.0; +http://ahrefs.com/robot/)"
66.249.73.131 - - [26/Apr/2025:10:24:59 -0400] "GET /shopdetail/20323190 HTTP/1.1" 200 19430 "-" "Mozilla/5.0 (Linux; Android 6.0.1; Nexus 5X Build/MMB29P) AppleWebKit/537.36 (KHTML, like Gecko) Chrome/135.0.7049.114 Mobile Safari/537.36 (compatible; Googlebot/2.1; +http://www.google.com/bot.html)"
185.191.171.13 - - [26/Apr/2025:10:25:21 -0400] "GET /events/2030-07-09/ HTTP/1.1" 200 0 "-" "Mozilla/5.0 (compatible; SemrushBot/7~bl; +http://www.semrush.com/bot.html)"
66.249.73.130 - - [26/Apr/2025:10:25:24 -0400] "GET /shopdetail/18454390 HTTP/1.1" 200 19703 "-" "Mozilla/5.0 (Linux; Android 6.0.1; Nexus 5X Build/MMB29P) AppleWebKit/537.36 (KHTML, like Gecko) Chrome/135.0.7049.114 Mobile Safari/537.36 (compatible; Googlebot/2.1; +http://www.google.com/bot.html)"
185.191.171.11 - - [26/Apr/2025:10:26:16 -0400] "GET /events/2028-06-15/ HTTP/1.1" 200 0 "-" "Mozilla/5.0 (compatible; SemrushBot/7~bl; +http://www.semrush.com/bot.html)"
185.191.171.15 - - [26/Apr/2025:10:28:25 -0400] "GET /events/2026-08-09/ HTTP/1.1" 200 0 "-" "Mozilla/5.0 (compatible; SemrushBot/7~bl; +http://www.semrush.com/bot.html)"
51.222.253.17 - - [26/Apr/2025:10:29:03 -0400] "GET /online.php?shopdetail/99062690 HTTP/1.1" 200 0 "-" "Mozilla/5.0 (compatible; AhrefsBot/7.0; +http://ahrefs.com/robot/)"
66.249.73.132 - - [26/Apr/2025:10:29:18 -0400] "GET /shopdetail/37040890 HTTP/1.1" 200 21117 "-" "Mozilla/5.0 (Linux; Android 6.0.1; Nexus 5X Build/MMB29P) AppleWebKit/537.36 (KHTML, like Gecko) Chrome/135.0.7049.114 Mobile Safari/537.36 (compatible; Googlebot/2.1; +http://www.google.com/bot.html)"
185.191.171.17 - - [26/Apr/2025:10:29:40 -0400] "GET /events/2032-06-28/ HTTP/1.1" 200 0 "-" "Mozilla/5.0 (compatible; SemrushBot/7~bl; +http://www.semrush.com/bot.html)"
66.249.73.131 - - [26/Apr/2025:10:31:09 -0400] "GET /shopdetail/28059790 HTTP/1.1" 200 18889 "-" "Mozilla/5.0 (Linux; Android 6.0.1; Nexus 5X Build/MMB29P) AppleWebKit/537.36 (KHTML, like Gecko) Chrome/135.0.7049.114 Mobile Safari/537.36 (compatible; Googlebot/2.1; +http://www.google.com/bot.html)"
185.191.171.7 - - [26/Apr/2025:10:31:33 -0400] "GET /events/2023-09-07/ HTTP/1.1" 200 0 "-" "Mozilla/5.0 (compatible; SemrushBot/7~bl; +http://www.semrush.com/bot.html)"
66.249.73.130 - - [26/Apr/2025:10:31:48 -0400] "GET /shopdetail/90920890 HTTP/1.1" 200 19146 "-" "Mozilla/5.0 (Linux; Android 6.0.1; Nexus 5X Build/MMB29P) AppleWebKit/537.36 (KHTML, like Gecko) Chrome/135.0.7049.114 Mobile Safari/537.36 (compatible; Googlebot/2.1; +http://www.google.com/bot.html)"
66.249.73.131 - - [26/Apr/2025:10:32:47 -0400] "GET /shopdetail/20138090 HTTP/1.1" 200 19016 "-" "Mozilla/5.0 (Linux; Android 6.0.1; Nexus 5X Build/MMB29P) AppleWebKit/537.36 (KHTML, like Gecko) Chrome/135.0.7049.114 Mobile Safari/537.36 (compatible; Googlebot/2.1; +http://www.google.com/bot.html)"
66.249.73.131 - - [26/Apr/2025:10:32:58 -0400] "GET /shopdetail/148943890 HTTP/1.1" 200 18676 "-" "Mozilla/5.0 (Linux; Android 6.0.1; Nexus 5X Build/MMB29P) AppleWebKit/537.36 (KHTML, like Gecko) Chrome/135.0.7049.114 Mobile Safari/537.36 (compatible; Googlebot/2.1; +http://www.google.com/bot.html)"
51.222.253.5 - - [26/Apr/2025:10:33:45 -0400] "GET /shopdetail/114236390 HTTP/1.1" 200 0 "-" "Mozilla/5.0 (compatible; AhrefsBot/7.0; +http://ahrefs.com/robot/)"
66.249.73.131 - - [26/Apr/2025:10:34:02 -0400] "GET /shopdetail/160964690 HTTP/1.1" 200 20767 "-" "Mozilla/5.0 (Linux; Android 6.0.1; Nexus 5X Build/MMB29P) AppleWebKit/537.36 (KHTML, like Gecko) Chrome/135.0.7049.114 Mobile Safari/537.36 (compatible; Googlebot/2.1; +http://www.google.com/bot.html)"
66.249.73.130 - - [26/Apr/2025:10:34:20 -0400] "GET /shopdetail/40710290 HTTP/1.1" 200 20014 "-" "Mozilla/5.0 (Linux; Android 6.0.1; Nexus 5X Build/MMB29P) AppleWebKit/537.36 (KHTML, like Gecko) Chrome/135.0.7049.114 Mobile Safari/537.36 (compatible; Googlebot/2.1; +http://www.google.com/bot.html)"
85.208.96.200 - - [26/Apr/2025:10:34:34 -0400] "GET /events/2032-02-26/ HTTP/1.1" 200 0 "-" "Mozilla/5.0 (compatible; SemrushBot/7~bl; +http://www.semrush.com/bot.html)"
185.191.171.18 - - [26/Apr/2025:10:34:57 -0400] "GET /events/2026-08-21/ HTTP/1.1" 200 0 "-" "Mozilla/5.0 (compatible; SemrushBot/7~bl; +http://www.semrush.com/bot.html)"
85.208.96.206 - - [26/Apr/2025:10:35:46 -0400] "GET /events/2029-10-15/ HTTP/1.1" 200 0 "-" "Mozilla/5.0 (compatible; SemrushBot/7~bl; +http://www.semrush.com/bot.html)"
66.249.73.130 - - [26/Apr/2025:10:35:45 -0400] "GET /index.php/zhHant/product/surugaya/21137501/shopdetail/16756690/shopdetail/4933490/recruit/shopdetail/99491590/shopdetail/54946090 HTTP/1.1" 200 19308 "-" "Mozilla/5.0 (Linux; Android 6.0.1; Nexus 5X Build/MMB29P) AppleWebKit/537.36 (KHTML, like Gecko) Chrome/135.0.7049.95 Mobile Safari/537.36 (compatible; GoogleOther)"
66.249.73.130 - - [26/Apr/2025:10:35:48 -0400] "POST /get-message-notify HTTP/1.1" 200 19730 "https://it.techafri.com/index.php/zhHant/product/surugaya/21137501/shopdetail/16756690/shopdetail/4933490/recruit/shopdetail/99491590/shopdetail/54946090" "Mozilla/5.0 (Linux; Android 6.0.1; Nexus 5X Build/MMB29P) AppleWebKit/537.36 (KHTML, like Gecko) Chrome/134.0.6998.165 Mobile Safari/537.36 (compatible; Googlebot/2.1; +http://www.google.com/bot.html)"
85.208.96.210 - - [26/Apr/2025:10:38:04 -0400] "GET /events/2030-07-06/ HTTP/1.1" 200 0 "-" "Mozilla/5.0 (compatible; SemrushBot/7~bl; +http://www.semrush.com/bot.html)"
51.222.253.19 - - [26/Apr/2025:10:38:23 -0400] "GET /shopdetail/121139490 HTTP/1.1" 200 0 "-" "Mozilla/5.0 (compatible; AhrefsBot/7.0; +http://ahrefs.com/robot/)"
66.249.73.129 - - [26/Apr/2025:10:39:24 -0400] "GET /shopdetail/104511290 HTTP/1.1" 200 18993 "-" "Mozilla/5.0 (Linux; Android 6.0.1; Nexus 5X Build/MMB29P) AppleWebKit/537.36 (KHTML, like Gecko) Chrome/135.0.7049.114 Mobile Safari/537.36 (compatible; Googlebot/2.1; +http://www.google.com/bot.html)"
51.222.253.5 - - [26/Apr/2025:10:42:28 -0400] "GET /shopdetail/136659790 HTTP/1.1" 200 0 "-" "Mozilla/5.0 (compatible; AhrefsBot/7.0; +http://ahrefs.com/robot/)"
85.208.96.204 - - [26/Apr/2025:10:44:16 -0400] "GET /events/2029-02-26/ HTTP/1.1" 200 0 "-" "Mozilla/5.0 (compatible; SemrushBot/7~bl; +http://www.semrush.com/bot.html)"
85.208.96.198 - - [26/Apr/2025:10:45:30 -0400] "GET /events/2023-09-08/ HTTP/1.1" 200 0 "-" "Mozilla/5.0 (compatible; SemrushBot/7~bl; +http://www.semrush.com/bot.html)"
85.208.96.203 - - [26/Apr/2025:10:45:34 -0400] "GET /events/2023-11-13/ HTTP/1.1" 200 0 "-" "Mozilla/5.0 (compatible; SemrushBot/7~bl; +http://www.semrush.com/bot.html)"
66.249.73.131 - - [26/Apr/2025:10:46:22 -0400] "GET /shopdetail/53614690 HTTP/1.1" 200 19236 "-" "Mozilla/5.0 (Linux; Android 6.0.1; Nexus 5X Build/MMB29P) AppleWebKit/537.36 (KHTML, like Gecko) Chrome/135.0.7049.114 Mobile Safari/537.36 (compatible; Googlebot/2.1; +http://www.google.com/bot.html)"
66.249.73.131 - - [26/Apr/2025:10:47:10 -0400] "GET /shopdetail/18719990 HTTP/1.1" 200 19147 "-" "Mozilla/5.0 (Linux; Android 6.0.1; Nexus 5X Build/MMB29P) AppleWebKit/537.36 (KHTML, like Gecko) Chrome/135.0.7049.114 Mobile Safari/537.36 (compatible; Googlebot/2.1; +http://www.google.com/bot.html)"
51.222.253.13 - - [26/Apr/2025:10:47:28 -0400] "GET /shopdetail/143265690 HTTP/1.1" 200 0 "-" "Mozilla/5.0 (compatible; AhrefsBot/7.0; +http://ahrefs.com/robot/)"
66.249.73.129 - - [26/Apr/2025:10:47:28 -0400] "GET /shopdetail/61092390 HTTP/1.1" 200 19102 "-" "Mozilla/5.0 (Linux; Android 6.0.1; Nexus 5X Build/MMB29P) AppleWebKit/537.36 (KHTML, like Gecko) Chrome/135.0.7049.114 Mobile Safari/537.36 (compatible; Googlebot/2.1; +http://www.google.com/bot.html)"
