51.222.253.17 - - [26/Apr/2025:12:55:53 -0400] "GET /listing/3-years-nigeria-smm-website-for-sale-2000-monthly-gross-income HTTP/1.1" 200 7299 "-" "Mozilla/5.0 (compatible; AhrefsBot/7.0; +http://ahrefs.com/robot/)"
66.249.73.233 - - [26/Apr/2025:12:56:09 -0400] "GET /251137725.shtml HTTP/1.1" 404 3778 "-" "Mozilla/5.0 (Linux; Android 6.0.1; Nexus 5X Build/MMB29P) AppleWebKit/537.36 (KHTML, like Gecko) Chrome/135.0.7049.114 Mobile Safari/537.36 (compatible; Googlebot/2.1; +http://www.google.com/bot.html)"
66.249.73.234 - - [26/Apr/2025:12:56:29 -0400] "GET /378739624.shtml HTTP/1.1" 404 3777 "-" "Mozilla/5.0 (Linux; Android 6.0.1; Nexus 5X Build/MMB29P) AppleWebKit/537.36 (KHTML, like Gecko) Chrome/135.0.7049.114 Mobile Safari/537.36 (compatible; Googlebot/2.1; +http://www.google.com/bot.html)"
66.249.73.234 - - [26/Apr/2025:12:57:07 -0400] "GET /storage/products/images/2e1DV9Ws7cThcontq6rtRkip57f3jGrC1Db4MHyJ.jpg HTTP/1.1" 200 398376 "-" "Googlebot-Image/1.0"
66.249.73.234 - - [26/Apr/2025:12:59:57 -0400] "GET /215013113.shtml HTTP/1.1" 404 3771 "-" "Mozilla/5.0 (Linux; Android 6.0.1; Nexus 5X Build/MMB29P) AppleWebKit/537.36 (KHTML, like Gecko) Chrome/135.0.7049.114 Mobile Safari/537.36 (compatible; Googlebot/2.1; +http://www.google.com/bot.html)"
31.7.70.254 - - [26/Apr/2025:13:02:52 -0400] "GET /wp-login.php HTTP/1.1" 404 3759 "http://flipbz.org" "Mozilla/5.0 (Windows NT 10.0; Win64; x64; rv:128.0) Gecko/20100101 Firefox/128.0"
51.222.253.15 - - [26/Apr/2025:13:02:56 -0400] "GET /listing/hotel-booking HTTP/1.1" 200 6640 "-" "Mozilla/5.0 (compatible; AhrefsBot/7.0; +http://ahrefs.com/robot/)"
66.249.73.227 - - [26/Apr/2025:13:03:05 -0400] "GET /225642647.shtml HTTP/1.1" 404 3776 "-" "Mozilla/5.0 (Linux; Android 6.0.1; Nexus 5X Build/MMB29P) AppleWebKit/537.36 (KHTML, like Gecko) Chrome/135.0.7049.95 Mobile Safari/537.36 (compatible; Googlebot/2.1; +http://www.google.com/bot.html)"
66.249.73.226 - - [26/Apr/2025:13:03:43 -0400] "GET /15328655.shtml HTTP/1.1" 404 3772 "-" "Mozilla/5.0 (Linux; Android 6.0.1; Nexus 5X Build/MMB29P) AppleWebKit/537.36 (KHTML, like Gecko) Chrome/135.0.7049.95 Mobile Safari/537.36 (compatible; GoogleOther)"
85.208.96.202 - - [26/Apr/2025:13:05:50 -0400] "GET /robots.txt HTTP/1.1" 304 0 "-" "Mozilla/5.0 (compatible; SemrushBot/7~bl; +http://www.semrush.com/bot.html)"
185.191.171.11 - - [26/Apr/2025:13:05:51 -0400] "GET /common-mistakes-to-avoid-when-selling-a-website-or-app HTTP/1.1" 200 10847 "-" "Mozilla/5.0 (compatible; SemrushBot/7~bl; +http://www.semrush.com/bot.html)"
18.117.11.129 - - [26/Apr/2025:13:07:28 -0400] "GET /contact-listing-seller/2 HTTP/1.1" 302 163 "-" "Mozilla/5.0 AppleWebKit/537.36 (KHTML, like Gecko; compatible; ClaudeBot/1.0; +claudebot@anthropic.com)"
18.117.11.129 - - [26/Apr/2025:13:07:29 -0400] "GET /login HTTP/1.1" 200 4673 "https://flipbz.org/contact-listing-seller/2" "Mozilla/5.0 AppleWebKit/537.36 (KHTML, like Gecko; compatible; ClaudeBot/1.0; +claudebot@anthropic.com)"
66.249.73.226 - - [26/Apr/2025:13:07:47 -0400] "GET /381409025.shtml HTTP/1.1" 404 3777 "-" "Mozilla/5.0 (Linux; Android 6.0.1; Nexus 5X Build/MMB29P) AppleWebKit/537.36 (KHTML, like Gecko) Chrome/135.0.7049.114 Mobile Safari/537.36 (compatible; Googlebot/2.1; +http://www.google.com/bot.html)"
66.249.73.225 - - [26/Apr/2025:13:08:03 -0400] "GET /88526529.shtml HTTP/1.1" 404 3774 "-" "Mozilla/5.0 (Linux; Android 6.0.1; Nexus 5X Build/MMB29P) AppleWebKit/537.36 (KHTML, like Gecko) Chrome/135.0.7049.95 Mobile Safari/537.36 (compatible; Googlebot/2.1; +http://www.google.com/bot.html)"
66.249.73.226 - - [26/Apr/2025:13:08:17 -0400] "GET /155571274.shtml HTTP/1.1" 404 3777 "-" "Mozilla/5.0 (Linux; Android 6.0.1; Nexus 5X Build/MMB29P) AppleWebKit/537.36 (KHTML, like Gecko) Chrome/135.0.7049.95 Mobile Safari/537.36 (compatible; GoogleOther)"
66.249.73.225 - - [26/Apr/2025:13:08:27 -0400] "GET /166676999.shtml HTTP/1.1" 404 3776 "-" "Mozilla/5.0 (compatible; Googlebot/2.1; +http://www.google.com/bot.html)"
66.249.73.225 - - [26/Apr/2025:13:08:27 -0400] "GET /166676999.shtml HTTP/1.1" 404 3775 "-" "Mozilla/5.0 (Linux; Android 6.0.1; Nexus 5X Build/MMB29P) AppleWebKit/537.36 (KHTML, like Gecko) Chrome/135.0.7049.95 Mobile Safari/537.36 (compatible; Googlebot/2.1; +http://www.google.com/bot.html)"
107.172.243.11 - - [26/Apr/2025:13:09:53 -0400] "GET /wp-login.php HTTP/1.1" 404 3758 "http://flipbz.org" "Mozilla/5.0 (Windows NT 10.0; Win64; x64) AppleWebKit/537.36 (KHTML, like Gecko) Chrome/126.0.0.0 Safari/537.36 Edg/126.0.0.0"
51.222.253.2 - - [26/Apr/2025:13:09:53 -0400] "GET /listing/myizup-game HTTP/1.1" 200 8104 "-" "Mozilla/5.0 (compatible; AhrefsBot/7.0; +http://ahrefs.com/robot/)"
66.249.73.227 - - [26/Apr/2025:13:10:00 -0400] "GET /288909927.shtml HTTP/1.1" 404 3777 "-" "Mozilla/5.0 (Linux; Android 6.0.1; Nexus 5X Build/MMB29P) AppleWebKit/537.36 (KHTML, like Gecko) Chrome/135.0.7049.114 Mobile Safari/537.36 (compatible; Googlebot/2.1; +http://www.google.com/bot.html)"
167.71.69.173 - - [26/Apr/2025:13:12:17 -0400] "GET /wp-login.php HTTP/1.1" 404 3764 "http://flipbz.org/wp-login.php" "Mozilla/5.0 (X11; Fedora; Linux x86_64; rv:94.0) Gecko/20100101 Firefox/95.0"
167.71.69.173 - - [26/Apr/2025:13:12:18 -0400] "GET /wp-login.php HTTP/1.1" 404 3764 "-" "Mozilla/5.0 (X11; Fedora; Linux x86_64; rv:94.0) Gecko/20100101 Firefox/95.0"
167.71.69.173 - - [26/Apr/2025:13:12:19 -0400] "POST /wp-login.php HTTP/1.1" 405 56793 "-" "Mozilla/5.0 (X11; Fedora; Linux x86_64; rv:94.0) Gecko/20100101 Firefox/95.0"
66.249.73.227 - - [26/Apr/2025:13:12:24 -0400] "GET /154553730.shtml HTTP/1.1" 404 3780 "-" "Mozilla/5.0 (Linux; Android 6.0.1; Nexus 5X Build/MMB29P) AppleWebKit/537.36 (KHTML, like Gecko) Chrome/135.0.7049.114 Mobile Safari/537.36 (compatible; Googlebot/2.1; +http://www.google.com/bot.html)"
66.249.73.226 - - [26/Apr/2025:13:12:58 -0400] "GET /141029067.shtml HTTP/1.1" 404 3783 "-" "Mozilla/5.0 (Linux; Android 6.0.1; Nexus 5X Build/MMB29P) AppleWebKit/537.36 (KHTML, like Gecko) Chrome/135.0.7049.95 Mobile Safari/537.36 (compatible; Googlebot/2.1; +http://www.google.com/bot.html)"
66.249.73.226 - - [26/Apr/2025:13:13:18 -0400] "GET /20628309.shtml HTTP/1.1" 404 3772 "-" "Mozilla/5.0 (Linux; Android 6.0.1; Nexus 5X Build/MMB29P) AppleWebKit/537.36 (KHTML, like Gecko) Chrome/135.0.7049.114 Mobile Safari/537.36 (compatible; Googlebot/2.1; +http://www.google.com/bot.html)"
66.249.73.226 - - [26/Apr/2025:13:13:46 -0400] "GET /172885133.shtml HTTP/1.1" 404 3775 "-" "Mozilla/5.0 (Linux; Android 6.0.1; Nexus 5X Build/MMB29P) AppleWebKit/537.36 (KHTML, like Gecko) Chrome/135.0.7049.95 Mobile Safari/537.36 (compatible; Googlebot/2.1; +http://www.google.com/bot.html)"
66.249.73.227 - - [26/Apr/2025:13:16:28 -0400] "GET /203258336.shtml HTTP/1.1" 404 3775 "-" "Mozilla/5.0 (compatible; Googlebot/2.1; +http://www.google.com/bot.html)"
66.249.73.226 - - [26/Apr/2025:13:16:29 -0400] "GET /203258336.shtml HTTP/1.1" 404 3775 "-" "Mozilla/5.0 (Linux; Android 6.0.1; Nexus 5X Build/MMB29P) AppleWebKit/537.36 (KHTML, like Gecko) Chrome/135.0.7049.95 Mobile Safari/537.36 (compatible; Googlebot/2.1; +http://www.google.com/bot.html)"
66.249.73.225 - - [26/Apr/2025:13:16:51 -0400] "GET /752790.shtml HTTP/1.1" 404 3764 "-" "Mozilla/5.0 (Linux; Android 6.0.1; Nexus 5X Build/MMB29P) AppleWebKit/537.36 (KHTML, like Gecko) Chrome/135.0.7049.95 Mobile Safari/537.36 (compatible; GoogleOther)"
198.54.114.67 - - [26/Apr/2025:13:16:57 -0400] "GET /wp-login.php HTTP/1.1" 404 3760 "http://flipbz.org" "Mozilla/5.0 (Windows NT 10.0; Win64; x64) AppleWebKit/537.36 (KHTML, like Gecko) Chrome/112.0.5615.138 Safari/537.36 Edg/112.0.1722.68"
51.222.253.6 - - [26/Apr/2025:13:17:08 -0400] "GET /products?page=2 HTTP/1.1" 200 5036 "-" "Mozilla/5.0 (compatible; AhrefsBot/7.0; +http://ahrefs.com/robot/)"
66.249.73.226 - - [26/Apr/2025:13:18:22 -0400] "GET /zhHant/product/surugaya/26367874?campaign_uid=f64d716db5e979ed2f947dbaf4296895b951ae7f HTTP/1.1" 404 3779 "-" "Mozilla/5.0 (Linux; Android 6.0.1; Nexus 5X Build/MMB29P) AppleWebKit/537.36 (KHTML, like Gecko) Chrome/135.0.7049.95 Mobile Safari/537.36 (compatible; GoogleOther)"
3.145.58.30 - - [26/Apr/2025:13:19:47 -0400] "GET /broker/listing-request/4 HTTP/1.1" 302 163 "-" "Mozilla/5.0 AppleWebKit/537.36 (KHTML, like Gecko; compatible; ClaudeBot/1.0; +claudebot@anthropic.com)"
3.145.58.30 - - [26/Apr/2025:13:19:47 -0400] "GET /broker/listing-request/2 HTTP/1.1" 302 163 "-" "Mozilla/5.0 AppleWebKit/537.36 (KHTML, like Gecko; compatible; ClaudeBot/1.0; +claudebot@anthropic.com)"
3.145.58.30 - - [26/Apr/2025:13:19:48 -0400] "GET /login HTTP/1.1" 200 4670 "https://flipbz.org/broker/listing-request/2" "Mozilla/5.0 AppleWebKit/537.36 (KHTML, like Gecko; compatible; ClaudeBot/1.0; +claudebot@anthropic.com)"
3.145.58.30 - - [26/Apr/2025:13:19:48 -0400] "GET /login HTTP/1.1" 200 4671 "https://flipbz.org/broker/listing-request/4" "Mozilla/5.0 AppleWebKit/537.36 (KHTML, like Gecko; compatible; ClaudeBot/1.0; +claudebot@anthropic.com)"
47.128.26.56 - - [26/Apr/2025:13:22:02 -0400] "GET /listing/3-years-nigeria-smm-website-for-sale-2000-monthly-gross-income HTTP/1.1" 200 7206 "-" "Mozilla/5.0 (compatible; Bytespider; spider-feedback@bytedance.com) AppleWebKit/537.36 (KHTML, like Gecko) Chrome/70.0.0.0 Safari/537.36"
47.128.26.56 - - [26/Apr/2025:13:22:03 -0400] "GET /images/1743077434_Payments%202023.png HTTP/1.1" 200 222904 "https://flipbz.org/listing/3-years-nigeria-smm-website-for-sale-2000-monthly-gross-income" "Mozilla/5.0 (compatible; Bytespider; spider-feedback@bytedance.com) AppleWebKit/537.36 (KHTML, like Gecko) Chrome/70.0.0.0 Safari/537.36"
47.128.26.56 - - [26/Apr/2025:13:22:04 -0400] "GET /images/1743077434_Payments%202024.png HTTP/1.1" 200 201022 "https://flipbz.org/listing/3-years-nigeria-smm-website-for-sale-2000-monthly-gross-income" "Mozilla/5.0 (compatible; Bytespider; spider-feedback@bytedance.com) AppleWebKit/537.36 (KHTML, like Gecko) Chrome/70.0.0.0 Safari/537.36"
51.222.253.19 - - [26/Apr/2025:13:23:02 -0400] "GET /how-to-utilize-virtual-teams-for-maximum-productivity HTTP/1.1" 200 9839 "-" "Mozilla/5.0 (compatible; AhrefsBot/7.0; +http://ahrefs.com/robot/)"
31.7.70.254 - - [26/Apr/2025:13:23:59 -0400] "GET /wp-login.php HTTP/1.1" 404 3765 "http://flipbz.org" "Mozilla/5.0 (Macintosh; Intel Mac OS X 10_15_7; rv:128.0) Gecko/20100101 Firefox/128.0"
66.249.73.234 - - [26/Apr/2025:13:25:01 -0400] "GET /99324541.shtml HTTP/1.1" 404 3774 "-" "Mozilla/5.0 (Linux; Android 6.0.1; Nexus 5X Build/MMB29P) AppleWebKit/537.36 (KHTML, like Gecko) Chrome/135.0.7049.114 Mobile Safari/537.36 (compatible; Googlebot/2.1; +http://www.google.com/bot.html)"
66.249.73.234 - - [26/Apr/2025:13:25:26 -0400] "GET /95780920.shtml HTTP/1.1" 404 3773 "-" "Mozilla/5.0 (Linux; Android 6.0.1; Nexus 5X Build/MMB29P) AppleWebKit/537.36 (KHTML, like Gecko) Chrome/135.0.7049.95 Mobile Safari/537.36 (compatible; GoogleOther)"
66.249.73.233 - - [26/Apr/2025:13:25:47 -0400] "GET /1318288.shtml HTTP/1.1" 404 3763 "-" "Mozilla/5.0 (Linux; Android 6.0.1; Nexus 5X Build/MMB29P) AppleWebKit/537.36 (KHTML, like Gecko) Chrome/135.0.7049.114 Mobile Safari/537.36 (compatible; Googlebot/2.1; +http://www.google.com/bot.html)"
66.249.73.233 - - [26/Apr/2025:13:28:04 -0400] "GET /63088310.shtml HTTP/1.1" 404 3775 "-" "Mozilla/5.0 (Linux; Android 6.0.1; Nexus 5X Build/MMB29P) AppleWebKit/537.36 (KHTML, like Gecko) Chrome/135.0.7049.95 Mobile Safari/537.36 (compatible; Googlebot/2.1; +http://www.google.com/bot.html)"
66.249.73.233 - - [26/Apr/2025:13:28:23 -0400] "GET /204650331.shtml HTTP/1.1" 404 3777 "-" "Mozilla/5.0 (Linux; Android 6.0.1; Nexus 5X Build/MMB29P) AppleWebKit/537.36 (KHTML, like Gecko) Chrome/135.0.7049.114 Mobile Safari/537.36 (compatible; Googlebot/2.1; +http://www.google.com/bot.html)"
51.222.253.3 - - [26/Apr/2025:13:29:55 -0400] "GET /listing/fintech-app HTTP/1.1" 200 6782 "-" "Mozilla/5.0 (compatible; AhrefsBot/7.0; +http://ahrefs.com/robot/)"
2600:3c00::f03c:93ff:fe5a:c926 - - [26/Apr/2025:13:31:02 -0400] "GET /wp-login.php HTTP/1.1" 404 3764 "http://flipbz.org" "Mozilla/5.0 (Windows NT 10.0; Win64; x64; rv:125.0.1) Gecko/20100101 Firefox/125.0.1"
66.249.73.225 - - [26/Apr/2025:13:32:24 -0400] "GET /238900417.shtml HTTP/1.1" 404 3776 "-" "Mozilla/5.0 (Linux; Android 6.0.1; Nexus 5X Build/MMB29P) AppleWebKit/537.36 (KHTML, like Gecko) Chrome/135.0.7049.114 Mobile Safari/537.36 (compatible; Googlebot/2.1; +http://www.google.com/bot.html)"
66.249.73.227 - - [26/Apr/2025:13:34:00 -0400] "GET /pcmypage?callback=product/review/22464993 HTTP/1.1" 404 3768 "-" "Mozilla/5.0 (Linux; Android 6.0.1; Nexus 5X Build/MMB29P) AppleWebKit/537.36 (KHTML, like Gecko) Chrome/135.0.7049.95 Mobile Safari/537.36 (compatible; GoogleOther)"
3.14.251.87 - - [26/Apr/2025:13:34:36 -0400] "GET /contact-listing-seller/4 HTTP/1.1" 302 163 "-" "Mozilla/5.0 AppleWebKit/537.36 (KHTML, like Gecko; compatible; ClaudeBot/1.0; +claudebot@anthropic.com)"
3.14.251.87 - - [26/Apr/2025:13:34:36 -0400] "GET /login HTTP/1.1" 200 4666 "https://flipbz.org/contact-listing-seller/4" "Mozilla/5.0 AppleWebKit/537.36 (KHTML, like Gecko; compatible; ClaudeBot/1.0; +claudebot@anthropic.com)"
51.222.253.6 - - [26/Apr/2025:13:36:45 -0400] "GET /the-importance-of-diversity-and-inclusion-in-business HTTP/1.1" 200 9306 "-" "Mozilla/5.0 (compatible; AhrefsBot/7.0; +http://ahrefs.com/robot/)"
66.249.73.225 - - [26/Apr/2025:13:37:21 -0400] "GET /19272260.shtml HTTP/1.1" 404 3774 "-" "Mozilla/5.0 (Linux; Android 6.0.1; Nexus 5X Build/MMB29P) AppleWebKit/537.36 (KHTML, like Gecko) Chrome/135.0.7049.95 Mobile Safari/537.36 (compatible; Googlebot/2.1; +http://www.google.com/bot.html)"
2001:1bb0:e000:1e::4f2 - - [26/Apr/2025:13:37:56 -0400] "GET /wp-login.php HTTP/1.1" 404 3764 "http://flipbz.org" "Mozilla/5.0 (Macintosh; Intel Mac OS X 14_6) AppleWebKit/605.1.15 (KHTML, like Gecko) Version/17.5 Safari/605.1.15"
66.249.73.235 - - [26/Apr/2025:13:38:20 -0400] "GET /47641098.shtml HTTP/1.1" 404 3776 "-" "Mozilla/5.0 (compatible; Googlebot/2.1; +http://www.google.com/bot.html)"
66.249.73.233 - - [26/Apr/2025:13:40:52 -0400] "GET /zhHant/product/surugaya/50315468?campaign_uid=f64d716db5e979ed2f947dbaf4296895b951ae7f HTTP/1.1" 404 3780 "-" "Mozilla/5.0 (Linux; Android 6.0.1; Nexus 5X Build/MMB29P) AppleWebKit/537.36 (KHTML, like Gecko) Chrome/135.0.7049.95 Mobile Safari/537.36 (compatible; GoogleOther)"
98.80.130.239 - - [26/Apr/2025:13:40:55 -0400] "GET /technology-solution HTTP/1.1" 200 5125 "-" "Mozilla/5.0 AppleWebKit/537.36 (KHTML, like Gecko; compatible; Amazonbot/0.1; +https://developer.amazon.com/support/amazonbot) Chrome/119.0.6045.214 Safari/537.36"
51.222.253.13 - - [26/Apr/2025:13:42:34 -0400] "GET /products?page=3 HTTP/1.1" 200 5040 "-" "Mozilla/5.0 (compatible; AhrefsBot/7.0; +http://ahrefs.com/robot/)"
105.113.41.154 - - [26/Apr/2025:13:43:02 -0400] "GET /businesslistings HTTP/1.1" 200 6432 "-" "Mozilla/5.0 (Linux; Android 10; K) AppleWebKit/537.36 (KHTML, like Gecko) Chrome/133.0.0.0 Mobile Safari/537.36"
66.249.73.235 - - [26/Apr/2025:13:43:39 -0400] "GET /266699669.shtml HTTP/1.1" 404 3775 "-" "Mozilla/5.0 (compatible; Googlebot/2.1; +http://www.google.com/bot.html)"
67.223.118.151 - - [26/Apr/2025:13:44:53 -0400] "GET /wp-login.php HTTP/1.1" 404 3762 "http://flipbz.org" "Mozilla/5.0 (Windows NT 10.0; Win64; x64) AppleWebKit/537.36 (KHTML, like Gecko) Chrome/116.0.5845.96 Safari/537.36 Edg/116.0.1938.62"
66.249.73.233 - - [26/Apr/2025:13:46:21 -0400] "GET /332555845.shtml HTTP/1.1" 404 3778 "-" "Mozilla/5.0 (Linux; Android 6.0.1; Nexus 5X Build/MMB29P) AppleWebKit/537.36 (KHTML, like Gecko) Chrome/135.0.7049.114 Mobile Safari/537.36 (compatible; Googlebot/2.1; +http://www.google.com/bot.html)"
51.222.253.1 - - [26/Apr/2025:13:49:09 -0400] "GET /all-invest-in-business HTTP/1.1" 200 5024 "-" "Mozilla/5.0 (compatible; AhrefsBot/7.0; +http://ahrefs.com/robot/)"
66.249.73.235 - - [26/Apr/2025:13:49:18 -0400] "GET /203067594.shtml HTTP/1.1" 404 3779 "-" "Mozilla/5.0 (compatible; Googlebot/2.1; +http://www.google.com/bot.html)"
66.249.73.233 - - [26/Apr/2025:13:49:34 -0400] "GET /140307759.shtml HTTP/1.1" 404 3776 "-" "Mozilla/5.0 (Linux; Android 6.0.1; Nexus 5X Build/MMB29P) AppleWebKit/537.36 (KHTML, like Gecko) Chrome/135.0.7049.95 Mobile Safari/537.36 (compatible; GoogleOther)"
13.58.170.28 - - [26/Apr/2025:13:50:55 -0400] "GET /direct-buy-listings/2 HTTP/1.1" 302 163 "-" "Mozilla/5.0 AppleWebKit/537.36 (KHTML, like Gecko; compatible; ClaudeBot/1.0; +claudebot@anthropic.com)"
13.58.170.28 - - [26/Apr/2025:13:50:55 -0400] "GET /login HTTP/1.1" 200 4668 "https://flipbz.org/direct-buy-listings/2" "Mozilla/5.0 AppleWebKit/537.36 (KHTML, like Gecko; compatible; ClaudeBot/1.0; +claudebot@anthropic.com)"
66.249.73.233 - - [26/Apr/2025:13:51:15 -0400] "GET /139502737.shtml HTTP/1.1" 404 3777 "-" "Mozilla/5.0 (Linux; Android 6.0.1; Nexus 5X Build/MMB29P) AppleWebKit/537.36 (KHTML, like Gecko) Chrome/135.0.7049.114 Mobile Safari/537.36 (compatible; Googlebot/2.1; +http://www.google.com/bot.html)"
66.249.73.234 - - [26/Apr/2025:13:51:18 -0400] "GET /354812942.shtml HTTP/1.1" 404 3778 "-" "Mozilla/5.0 (Linux; Android 6.0.1; Nexus 5X Build/MMB29P) AppleWebKit/537.36 (KHTML, like Gecko) Chrome/135.0.7049.114 Mobile Safari/537.36 (compatible; Googlebot/2.1; +http://www.google.com/bot.html)"
31.193.2.236 - - [26/Apr/2025:13:51:59 -0400] "GET /wp-login.php HTTP/1.1" 404 3758 "http://flipbz.org" "Mozilla/5.0 (Macintosh; Intel Mac OS X 14_6) AppleWebKit/605.1.15 (KHTML, like Gecko) Version/17.5 Safari/605.1.15"
105.113.41.154 - - [26/Apr/2025:13:52:03 -0400] "GET /businesslistings HTTP/1.1" 200 6432 "-" "Mozilla/5.0 (Linux; Android 10; K) AppleWebKit/537.36 (KHTML, like Gecko) Chrome/133.0.0.0 Mobile Safari/537.36"
105.113.41.154 - - [26/Apr/2025:13:52:33 -0400] "GET /businessupdate HTTP/1.1" 200 8123 "-" "Mozilla/5.0 (Linux; Android 10; K) AppleWebKit/537.36 (KHTML, like Gecko) Chrome/133.0.0.0 Mobile Safari/537.36"
66.249.73.234 - - [26/Apr/2025:13:53:07 -0400] "GET /265502917.shtml HTTP/1.1" 404 3781 "-" "Mozilla/5.0 (Linux; Android 6.0.1; Nexus 5X Build/MMB29P) AppleWebKit/537.36 (KHTML, like Gecko) Chrome/135.0.7049.95 Mobile Safari/537.36 (compatible; GoogleOther)"
66.249.73.233 - - [26/Apr/2025:13:53:44 -0400] "GET /17683082.shtml HTTP/1.1" 404 3774 "-" "Mozilla/5.0 (Linux; Android 6.0.1; Nexus 5X Build/MMB29P) AppleWebKit/537.36 (KHTML, like Gecko) Chrome/135.0.7049.95 Mobile Safari/537.36 (compatible; Googlebot/2.1; +http://www.google.com/bot.html)"
66.249.73.234 - - [26/Apr/2025:13:53:45 -0400] "GET /167706613.shtml HTTP/1.1" 404 3776 "-" "Mozilla/5.0 (compatible; Googlebot/2.1; +http://www.google.com/bot.html)"
169.60.172.117 - - [26/Apr/2025:13:57:59 -0400] "GET /businesslistings HTTP/1.1" 200 6433 "-" "Mozilla/5.0 (Windows NT 10.0; Win64; x64) AppleWebKit/537.36 (KHTML, like Gecko) Chrome/60.0.3112.113 Safari/537.36"
66.249.73.227 - - [26/Apr/2025:13:54:55 -0400] "GET /360222351.shtml HTTP/1.1" 404 3777 "-" "Mozilla/5.0 (Linux; Android 6.0.1; Nexus 5X Build/MMB29P) AppleWebKit/537.36 (KHTML, like Gecko) Chrome/135.0.7049.95 Mobile Safari/537.36 (compatible; Googlebot/2.1; +http://www.google.com/bot.html)"
66.249.73.225 - - [26/Apr/2025:13:54:56 -0400] "GET /360222351.shtml HTTP/1.1" 404 3778 "-" "Mozilla/5.0 (compatible; Googlebot/2.1; +http://www.google.com/bot.html)"
51.222.253.10 - - [26/Apr/2025:13:55:05 -0400] "GET /listing/investment-app HTTP/1.1" 200 6652 "-" "Mozilla/5.0 (compatible; AhrefsBot/7.0; +http://ahrefs.com/robot/)"
66.249.73.226 - - [26/Apr/2025:13:55:34 -0400] "GET /122274952.shtml HTTP/1.1" 404 3778 "-" "Mozilla/5.0 (compatible; Googlebot/2.1; +http://www.google.com/bot.html)"
66.249.73.227 - - [26/Apr/2025:13:58:24 -0400] "GET /326432715.shtml HTTP/1.1" 404 3776 "-" "Mozilla/5.0 (Linux; Android 6.0.1; Nexus 5X Build/MMB29P) AppleWebKit/537.36 (KHTML, like Gecko) Chrome/135.0.7049.95 Mobile Safari/537.36 (compatible; GoogleOther)"
66.249.73.225 - - [26/Apr/2025:13:58:29 -0400] "GET /286506230.shtml HTTP/1.1" 404 3777 "-" "Mozilla/5.0 (compatible; Googlebot/2.1; +http://www.google.com/bot.html)"
66.249.73.225 - - [26/Apr/2025:13:58:39 -0400] "GET /340867929.shtml HTTP/1.1" 404 3779 "-" "Mozilla/5.0 (Linux; Android 6.0.1; Nexus 5X Build/MMB29P) AppleWebKit/537.36 (KHTML, like Gecko) Chrome/135.0.7049.95 Mobile Safari/537.36 (compatible; Googlebot/2.1; +http://www.google.com/bot.html)"
139.59.16.194 - - [26/Apr/2025:13:59:18 -0400] "GET /wp-login.php HTTP/1.1" 404 3765 "http://flipbz.org" "Mozilla/5.0 (Macintosh; Intel Mac OS X 10_15_7) AppleWebKit/537.36 (KHTML, like Gecko) Chrome/116.0.5845.96 Safari/537.36"
66.249.73.225 - - [26/Apr/2025:14:01:00 -0400] "GET /82962799.shtml HTTP/1.1" 404 3772 "-" "Mozilla/5.0 (Linux; Android 6.0.1; Nexus 5X Build/MMB29P) AppleWebKit/537.36 (KHTML, like Gecko) Chrome/135.0.7049.114 Mobile Safari/537.36 (compatible; Googlebot/2.1; +http://www.google.com/bot.html)"
51.222.253.4 - - [26/Apr/2025:14:01:37 -0400] "GET /uid/2 HTTP/1.1" 200 4566 "-" "Mozilla/5.0 (compatible; AhrefsBot/7.0; +http://ahrefs.com/robot/)"
66.249.73.226 - - [26/Apr/2025:14:02:54 -0400] "GET /103216358.shtml HTTP/1.1" 404 3778 "-" "Mozilla/5.0 (compatible; Googlebot/2.1; +http://www.google.com/bot.html)"
66.249.73.227 - - [26/Apr/2025:14:04:41 -0400] "GET /188259758.shtml HTTP/1.1" 404 3781 "-" "Mozilla/5.0 (Linux; Android 6.0.1; Nexus 5X Build/MMB29P) AppleWebKit/537.36 (KHTML, like Gecko) Chrome/135.0.7049.95 Mobile Safari/537.36 (compatible; GoogleOther)"
2a0a:4cc0:80:16f:8856:bff:fef0:a91d - - [26/Apr/2025:14:06:41 -0400] "GET /wp-login.php HTTP/1.1" 404 3760 "http://flipbz.org" "Mozilla/5.0 (Windows NT 10.0; Win64; x64; rv:126.0) Gecko/20100101 Firefox/126.0"
66.249.73.226 - - [26/Apr/2025:14:07:26 -0400] "GET /357173682.shtml HTTP/1.1" 404 3777 "-" "Mozilla/5.0 (Linux; Android 6.0.1; Nexus 5X Build/MMB29P) AppleWebKit/537.36 (KHTML, like Gecko) Chrome/135.0.7049.95 Mobile Safari/537.36 (compatible; Googlebot/2.1; +http://www.google.com/bot.html)"
51.222.253.2 - - [26/Apr/2025:14:08:14 -0400] "GET /listing/website-and-travel HTTP/1.1" 200 6741 "-" "Mozilla/5.0 (compatible; AhrefsBot/7.0; +http://ahrefs.com/robot/)"
66.249.73.225 - - [26/Apr/2025:14:09:18 -0400] "GET /303467375.shtml HTTP/1.1" 404 3777 "-" "Mozilla/5.0 (Linux; Android 6.0.1; Nexus 5X Build/MMB29P) AppleWebKit/537.36 (KHTML, like Gecko) Chrome/135.0.7049.114 Mobile Safari/537.36 (compatible; Googlebot/2.1; +http://www.google.com/bot.html)"
66.249.73.225 - - [26/Apr/2025:14:10:15 -0400] "GET /140318999.shtml HTTP/1.1" 404 3775 "-" "Mozilla/5.0 (Linux; Android 6.0.1; Nexus 5X Build/MMB29P) AppleWebKit/537.36 (KHTML, like Gecko) Chrome/135.0.7049.95 Mobile Safari/537.36 (compatible; Googlebot/2.1; +http://www.google.com/bot.html)"
186.64.114.150 - - [26/Apr/2025:14:10:44 -0400] "GET /wp-login.php HTTP/1.1" 404 3761 "http://flipbz.org/wp-login.php" "Mozilla/5.0 (X11; Fedora; Linux x86_64; rv:94.0) Gecko/20100101 Firefox/95.0"
186.64.114.150 - - [26/Apr/2025:14:10:45 -0400] "GET /wp-login.php HTTP/1.1" 404 3761 "-" "Mozilla/5.0 (X11; Fedora; Linux x86_64; rv:94.0) Gecko/20100101 Firefox/95.0"
186.64.114.150 - - [26/Apr/2025:14:10:45 -0400] "POST /wp-login.php HTTP/1.1" 405 56826 "-" "Mozilla/5.0 (X11; Fedora; Linux x86_64; rv:94.0) Gecko/20100101 Firefox/95.0"
66.249.73.226 - - [26/Apr/2025:14:10:57 -0400] "GET /225235421.shtml HTTP/1.1" 404 3780 "-" "Mozilla/5.0 (Linux; Android 6.0.1; Nexus 5X Build/MMB29P) AppleWebKit/537.36 (KHTML, like Gecko) Chrome/135.0.7049.95 Mobile Safari/537.36 (compatible; GoogleOther)"
66.249.73.226 - - [26/Apr/2025:14:12:07 -0400] "GET /278743592.shtml HTTP/1.1" 404 3776 "-" "Mozilla/5.0 (Linux; Android 6.0.1; Nexus 5X Build/MMB29P) AppleWebKit/537.36 (KHTML, like Gecko) Chrome/135.0.7049.95 Mobile Safari/537.36 (compatible; Googlebot/2.1; +http://www.google.com/bot.html)"
66.249.73.235 - - [26/Apr/2025:14:13:24 -0400] "GET /240198027.shtml HTTP/1.1" 404 3775 "-" "Mozilla/5.0 (Linux; Android 6.0.1; Nexus 5X Build/MMB29P) AppleWebKit/537.36 (KHTML, like Gecko) Chrome/135.0.7049.95 Mobile Safari/537.36 (compatible; Googlebot/2.1; +http://www.google.com/bot.html)"
66.249.73.233 - - [26/Apr/2025:14:14:00 -0400] "GET /350144386.shtml HTTP/1.1" 404 3777 "-" "Mozilla/5.0 (Linux; Android 6.0.1; Nexus 5X Build/MMB29P) AppleWebKit/537.36 (KHTML, like Gecko) Chrome/135.0.7049.95 Mobile Safari/537.36 (compatible; Googlebot/2.1; +http://www.google.com/bot.html)"
66.249.73.233 - - [26/Apr/2025:14:14:14 -0400] "GET /205287061.shtml HTTP/1.1" 404 3775 "-" "Mozilla/5.0 (Linux; Android 6.0.1; Nexus 5X Build/MMB29P) AppleWebKit/537.36 (KHTML, like Gecko) Chrome/135.0.7049.95 Mobile Safari/537.36 (compatible; GoogleOther)"
51.222.253.17 - - [26/Apr/2025:14:14:24 -0400] "GET /contact-us HTTP/1.1" 200 4533 "-" "Mozilla/5.0 (compatible; AhrefsBot/7.0; +http://ahrefs.com/robot/)"
164.92.175.159 - - [26/Apr/2025:14:14:24 -0400] "GET /wp-login.php HTTP/1.1" 404 3764 "http://flipbz.org" "Mozilla/5.0 (Windows NT 10.0; Win64; x64) AppleWebKit/537.36 (KHTML, like Gecko) Chrome/116.0.5845.96 Safari/537.36"
66.249.73.235 - - [26/Apr/2025:14:16:21 -0400] "GET /90920582.shtml HTTP/1.1" 404 3776 "-" "Mozilla/5.0 (Linux; Android 6.0.1; Nexus 5X Build/MMB29P) AppleWebKit/537.36 (KHTML, like Gecko) Chrome/135.0.7049.95 Mobile Safari/537.36 (compatible; Googlebot/2.1; +http://www.google.com/bot.html)"
66.249.73.233 - - [26/Apr/2025:14:16:28 -0400] "GET /pcmypage?callback=product%2Fdetail%2F06441103 HTTP/1.1" 404 3766 "-" "Mozilla/5.0 (Linux; Android 6.0.1; Nexus 5X Build/MMB29P) AppleWebKit/537.36 (KHTML, like Gecko) Chrome/135.0.7049.95 Mobile Safari/537.36 (compatible; GoogleOther)"
66.249.73.234 - - [26/Apr/2025:14:18:57 -0400] "GET /114802229.shtml HTTP/1.1" 404 3776 "-" "Mozilla/5.0 (Linux; Android 6.0.1; Nexus 5X Build/MMB29P) AppleWebKit/537.36 (KHTML, like Gecko) Chrome/135.0.7049.95 Mobile Safari/537.36 (compatible; Googlebot/2.1; +http://www.google.com/bot.html)"
66.249.73.233 - - [26/Apr/2025:14:19:16 -0400] "GET /382776273.shtml HTTP/1.1" 404 3780 "-" "Mozilla/5.0 (Linux; Android 6.0.1; Nexus 5X Build/MMB29P) AppleWebKit/537.36 (KHTML, like Gecko) Chrome/135.0.7049.114 Mobile Safari/537.36 (compatible; Googlebot/2.1; +http://www.google.com/bot.html)"
66.249.73.234 - - [26/Apr/2025:14:19:31 -0400] "GET /295015087.shtml HTTP/1.1" 404 3780 "-" "Mozilla/5.0 (Linux; Android 6.0.1; Nexus 5X Build/MMB29P) AppleWebKit/537.36 (KHTML, like Gecko) Chrome/135.0.7049.95 Mobile Safari/537.36 (compatible; GoogleOther)"
66.249.73.235 - - [26/Apr/2025:14:21:11 -0400] "GET /88810531.shtml HTTP/1.1" 404 3773 "-" "Mozilla/5.0 (Linux; Android 6.0.1; Nexus 5X Build/MMB29P) AppleWebKit/537.36 (KHTML, like Gecko) Chrome/135.0.7049.114 Mobile Safari/537.36 (compatible; Googlebot/2.1; +http://www.google.com/bot.html)"
51.222.253.8 - - [26/Apr/2025:14:21:12 -0400] "GET /listing/trading-blog HTTP/1.1" 200 6554 "-" "Mozilla/5.0 (compatible; AhrefsBot/7.0; +http://ahrefs.com/robot/)"
188.166.237.78 - - [26/Apr/2025:14:21:58 -0400] "GET /wp-login.php HTTP/1.1" 404 3763 "http://flipbz.org" "Mozilla/5.0 (Windows NT 11.0; Win64; x64) AppleWebKit/537.36 (KHTML, like Gecko) Chrome/126.0.0.0 Safari/537.36"
66.249.73.233 - - [26/Apr/2025:14:22:14 -0400] "GET /161212631.shtml HTTP/1.1" 404 3775 "-" "Mozilla/5.0 (Linux; Android 6.0.1; Nexus 5X Build/MMB29P) AppleWebKit/537.36 (KHTML, like Gecko) Chrome/135.0.7049.114 Mobile Safari/537.36 (compatible; Googlebot/2.1; +http://www.google.com/bot.html)"
66.249.73.235 - - [26/Apr/2025:14:23:00 -0400] "GET /92806.shtml HTTP/1.1" 404 3747 "-" "Mozilla/5.0 (Linux; Android 6.0.1; Nexus 5X Build/MMB29P) AppleWebKit/537.36 (KHTML, like Gecko) Chrome/135.0.7049.114 Mobile Safari/537.36 (compatible; Googlebot/2.1; +http://www.google.com/bot.html)"
66.249.73.225 - - [26/Apr/2025:14:24:47 -0400] "GET /34598112.shtml HTTP/1.1" 404 3775 "-" "Mozilla/5.0 (Linux; Android 6.0.1; Nexus 5X Build/MMB29P) AppleWebKit/537.36 (KHTML, like Gecko) Chrome/135.0.7049.95 Mobile Safari/537.36 (compatible; GoogleOther)"
66.249.73.225 - - [26/Apr/2025:14:25:17 -0400] "GET /196767876.shtml HTTP/1.1" 404 3776 "-" "Mozilla/5.0 (compatible; Googlebot/2.1; +http://www.google.com/bot.html)"
66.249.73.225 - - [26/Apr/2025:14:26:48 -0400] "GET /135159938.shtml HTTP/1.1" 404 3781 "-" "Mozilla/5.0 (Linux; Android 6.0.1; Nexus 5X Build/MMB29P) AppleWebKit/537.36 (KHTML, like Gecko) Chrome/135.0.7049.114 Mobile Safari/537.36 (compatible; Googlebot/2.1; +http://www.google.com/bot.html)"
66.249.73.225 - - [26/Apr/2025:14:26:56 -0400] "GET /49433542.shtml HTTP/1.1" 404 3775 "-" "Mozilla/5.0 (Linux; Android 6.0.1; Nexus 5X Build/MMB29P) AppleWebKit/537.36 (KHTML, like Gecko) Chrome/135.0.7049.95 Mobile Safari/537.36 (compatible; Googlebot/2.1; +http://www.google.com/bot.html)"
66.249.73.227 - - [26/Apr/2025:14:27:01 -0400] "GET /223740359.shtml HTTP/1.1" 404 3779 "-" "Mozilla/5.0 (Linux; Android 6.0.1; Nexus 5X Build/MMB29P) AppleWebKit/537.36 (KHTML, like Gecko) Chrome/135.0.7049.114 Mobile Safari/537.36 (compatible; Googlebot/2.1; +http://www.google.com/bot.html)"
66.249.73.226 - - [26/Apr/2025:14:27:06 -0400] "GET /245979460.shtml HTTP/1.1" 404 3777 "-" "Mozilla/5.0 (Linux; Android 6.0.1; Nexus 5X Build/MMB29P) AppleWebKit/537.36 (KHTML, like Gecko) Chrome/135.0.7049.114 Mobile Safari/537.36 (compatible; Googlebot/2.1; +http://www.google.com/bot.html)"
51.222.253.10 - - [26/Apr/2025:14:27:50 -0400] "GET /products/43 HTTP/1.1" 200 4273 "-" "Mozilla/5.0 (compatible; AhrefsBot/7.0; +http://ahrefs.com/robot/)"
66.249.73.225 - - [26/Apr/2025:14:27:58 -0400] "GET /320048343.shtml HTTP/1.1" 404 3780 "-" "Mozilla/5.0 (Linux; Android 6.0.1; Nexus 5X Build/MMB29P) AppleWebKit/537.36 (KHTML, like Gecko) Chrome/135.0.7049.114 Mobile Safari/537.36 (compatible; Googlebot/2.1; +http://www.google.com/bot.html)"
66.249.73.226 - - [26/Apr/2025:14:28:57 -0400] "GET /286609991.shtml HTTP/1.1" 404 3778 "-" "Mozilla/5.0 (Linux; Android 6.0.1; Nexus 5X Build/MMB29P) AppleWebKit/537.36 (KHTML, like Gecko) Chrome/135.0.7049.114 Mobile Safari/537.36 (compatible; Googlebot/2.1; +http://www.google.com/bot.html)"
104.219.248.8 - - [26/Apr/2025:14:29:35 -0400] "GET /wp-login.php HTTP/1.1" 404 3764 "http://flipbz.org" "Mozilla/5.0 (Macintosh; Intel Mac OS X 14_4_1) AppleWebKit/605.1.15 (KHTML, like Gecko) Version/17.3.1 Safari/605.1.15"
66.249.73.226 - - [26/Apr/2025:14:30:40 -0400] "GET /292882899.shtml HTTP/1.1" 404 3775 "-" "Mozilla/5.0 (compatible; Googlebot/2.1; +http://www.google.com/bot.html)"
66.249.73.227 - - [26/Apr/2025:14:31:04 -0400] "GET /112261193.shtml HTTP/1.1" 404 3779 "-" "Mozilla/5.0 (Linux; Android 6.0.1; Nexus 5X Build/MMB29P) AppleWebKit/537.36 (KHTML, like Gecko) Chrome/135.0.7049.95 Mobile Safari/537.36 (compatible; GoogleOther)"
66.249.73.226 - - [26/Apr/2025:14:31:41 -0400] "GET /106553291.shtml HTTP/1.1" 404 3775 "-" "Mozilla/5.0 (compatible; Googlebot/2.1; +http://www.google.com/bot.html)"
66.249.73.225 - - [26/Apr/2025:14:32:18 -0400] "GET /73047992.shtml HTTP/1.1" 404 3771 "-" "Mozilla/5.0 (Linux; Android 6.0.1; Nexus 5X Build/MMB29P) AppleWebKit/537.36 (KHTML, like Gecko) Chrome/135.0.7049.114 Mobile Safari/537.36 (compatible; Googlebot/2.1; +http://www.google.com/bot.html)"
51.222.253.6 - - [26/Apr/2025:14:34:31 -0400] "GET /products/4 HTTP/1.1" 200 5323 "-" "Mozilla/5.0 (compatible; AhrefsBot/7.0; +http://ahrefs.com/robot/)"
104.194.133.108 - - [26/Apr/2025:14:35:15 -0400] "GET /.env HTTP/1.1" 403 1242 "-" "Mozilla/5.0 (Macintosh; Intel Mac OS X 10.15; rv:77.0) Gecko/20100101 Firefox/77.0"
104.194.133.108 - - [26/Apr/2025:14:35:16 -0400] "GET /wp-content/ HTTP/1.1" 301 795 "-" "Mozilla/5.0 (Macintosh; Intel Mac OS X 10.15; rv:77.0) Gecko/20100101 Firefox/77.0"
104.194.133.108 - - [26/Apr/2025:14:35:16 -0400] "GET /public/wp-content HTTP/1.1" 404 3770 "-" "Mozilla/5.0 (Macintosh; Intel Mac OS X 10.15; rv:77.0) Gecko/20100101 Firefox/77.0"
66.249.73.227 - - [26/Apr/2025:14:35:20 -0400] "GET /280019936.shtml HTTP/1.1" 404 3779 "-" "Mozilla/5.0 (Linux; Android 6.0.1; Nexus 5X Build/MMB29P) AppleWebKit/537.36 (KHTML, like Gecko) Chrome/135.0.7049.95 Mobile Safari/537.36 (compatible; GoogleOther)"
66.249.73.225 - - [26/Apr/2025:14:35:37 -0400] "GET /85257996.shtml HTTP/1.1" 404 3774 "-" "Mozilla/5.0 (compatible; Googlebot/2.1; +http://www.google.com/bot.html)"
66.249.73.233 - - [26/Apr/2025:14:36:12 -0400] "GET /66179470.shtml HTTP/1.1" 404 3775 "-" "Mozilla/5.0 (Linux; Android 6.0.1; Nexus 5X Build/MMB29P) AppleWebKit/537.36 (KHTML, like Gecko) Chrome/135.0.7049.95 Mobile Safari/537.36 (compatible; Googlebot/2.1; +http://www.google.com/bot.html)"
199.188.200.139 - - [26/Apr/2025:14:37:13 -0400] "GET /wp-login.php HTTP/1.1" 404 3758 "http://flipbz.org" "Mozilla/5.0 (Windows NT 10.0; Win64; x64; rv:126.0) Gecko/20100101 Firefox/126.0"
66.249.73.234 - - [26/Apr/2025:14:37:53 -0400] "GET /299179837.shtml HTTP/1.1" 404 3779 "-" "Mozilla/5.0 (compatible; Googlebot/2.1; +http://www.google.com/bot.html)"
66.249.73.235 - - [26/Apr/2025:14:39:00 -0400] "GET /306600991.shtml HTTP/1.1" 404 3777 "-" "Mozilla/5.0 (Linux; Android 6.0.1; Nexus 5X Build/MMB29P) AppleWebKit/537.36 (KHTML, like Gecko) Chrome/135.0.7049.114 Mobile Safari/537.36 (compatible; Googlebot/2.1; +http://www.google.com/bot.html)"
66.249.73.234 - - [26/Apr/2025:14:40:10 -0400] "GET /190923303.shtml HTTP/1.1" 404 3776 "-" "Mozilla/5.0 (Linux; Android 6.0.1; Nexus 5X Build/MMB29P) AppleWebKit/537.36 (KHTML, like Gecko) Chrome/135.0.7049.114 Mobile Safari/537.36 (compatible; Googlebot/2.1; +http://www.google.com/bot.html)"
66.249.73.234 - - [26/Apr/2025:14:40:23 -0400] "GET /209843870.shtml HTTP/1.1" 404 3777 "-" "Mozilla/5.0 (Linux; Android 6.0.1; Nexus 5X Build/MMB29P) AppleWebKit/537.36 (KHTML, like Gecko) Chrome/135.0.7049.114 Mobile Safari/537.36 (compatible; Googlebot/2.1; +http://www.google.com/bot.html)"
66.249.73.233 - - [26/Apr/2025:14:40:37 -0400] "GET /240589175.shtml HTTP/1.1" 404 3777 "-" "Mozilla/5.0 (Linux; Android 6.0.1; Nexus 5X Build/MMB29P) AppleWebKit/537.36 (KHTML, like Gecko) Chrome/135.0.7049.95 Mobile Safari/537.36 (compatible; GoogleOther)"
66.249.73.233 - - [26/Apr/2025:14:40:47 -0400] "GET /291498083.shtml HTTP/1.1" 404 3775 "-" "Mozilla/5.0 (Linux; Android 6.0.1; Nexus 5X Build/MMB29P) AppleWebKit/537.36 (KHTML, like Gecko) Chrome/135.0.7049.114 Mobile Safari/537.36 (compatible; Googlebot/2.1; +http://www.google.com/bot.html)"
66.249.73.235 - - [26/Apr/2025:14:41:16 -0400] "GET /114093191.shtml HTTP/1.1" 404 3779 "-" "Mozilla/5.0 (Linux; Android 6.0.1; Nexus 5X Build/MMB29P) AppleWebKit/537.36 (KHTML, like Gecko) Chrome/135.0.7049.114 Mobile Safari/537.36 (compatible; Googlebot/2.1; +http://www.google.com/bot.html)"
51.222.253.6 - - [26/Apr/2025:14:41:24 -0400] "GET /bmc HTTP/1.1" 200 6259 "-" "Mozilla/5.0 (compatible; AhrefsBot/7.0; +http://ahrefs.com/robot/)"
66.249.73.235 - - [26/Apr/2025:14:44:18 -0400] "GET /275004127.shtml HTTP/1.1" 404 3780 "-" "Mozilla/5.0 (Linux; Android 6.0.1; Nexus 5X Build/MMB29P) AppleWebKit/537.36 (KHTML, like Gecko) Chrome/135.0.7049.114 Mobile Safari/537.36 (compatible; Googlebot/2.1; +http://www.google.com/bot.html)"
68.65.123.228 - - [26/Apr/2025:14:44:45 -0400] "GET /wp-login.php HTTP/1.1" 404 3762 "http://flipbz.org" "Mozilla/5.0 (Macintosh; Intel Mac OS X 14_4_1) AppleWebKit/605.1.15 (KHTML, like Gecko) Version/17.3.1 Safari/605.1.15"
66.249.73.234 - - [26/Apr/2025:14:44:52 -0400] "GET /175408189.shtml HTTP/1.1" 404 3778 "-" "Mozilla/5.0 (Linux; Android 6.0.1; Nexus 5X Build/MMB29P) AppleWebKit/537.36 (KHTML, like Gecko) Chrome/135.0.7049.95 Mobile Safari/537.36 (compatible; Googlebot/2.1; +http://www.google.com/bot.html)"
66.249.73.235 - - [26/Apr/2025:14:45:40 -0400] "GET /181893220.shtml HTTP/1.1" 404 3779 "-" "Mozilla/5.0 (Linux; Android 6.0.1; Nexus 5X Build/MMB29P) AppleWebKit/537.36 (KHTML, like Gecko) Chrome/135.0.7049.95 Mobile Safari/537.36 (compatible; Googlebot/2.1; +http://www.google.com/bot.html)"
66.249.73.234 - - [26/Apr/2025:14:45:54 -0400] "GET /60736906.shtml HTTP/1.1" 404 3773 "-" "Mozilla/5.0 (Linux; Android 6.0.1; Nexus 5X Build/MMB29P) AppleWebKit/537.36 (KHTML, like Gecko) Chrome/135.0.7049.95 Mobile Safari/537.36 (compatible; GoogleOther)"
66.249.73.128 - - [26/Apr/2025:14:46:25 -0400] "GET /robots.txt HTTP/1.1" 304 0 "-" "Mozilla/5.0 (compatible; Googlebot/2.1; +http://www.google.com/bot.html)"
66.249.73.131 - - [26/Apr/2025:14:46:25 -0400] "GET /48961630.shtml HTTP/1.1" 404 3772 "-" "Mozilla/5.0 (Linux; Android 6.0.1; Nexus 5X Build/MMB29P) AppleWebKit/537.36 (KHTML, like Gecko) Chrome/135.0.7049.114 Mobile Safari/537.36 (compatible; Googlebot/2.1; +http://www.google.com/bot.html)"
66.249.73.225 - - [26/Apr/2025:14:47:22 -0400] "GET /44401456.shtml HTTP/1.1" 404 3771 "-" "Mozilla/5.0 (Linux; Android 6.0.1; Nexus 5X Build/MMB29P) AppleWebKit/537.36 (KHTML, like Gecko) Chrome/135.0.7049.114 Mobile Safari/537.36 (compatible; Googlebot/2.1; +http://www.google.com/bot.html)"
66.249.73.227 - - [26/Apr/2025:14:47:23 -0400] "GET /336915498.shtml HTTP/1.1" 404 3780 "-" "Mozilla/5.0 (Linux; Android 6.0.1; Nexus 5X Build/MMB29P) AppleWebKit/537.36 (KHTML, like Gecko) Chrome/135.0.7049.95 Mobile Safari/537.36 (compatible; Googlebot/2.1; +http://www.google.com/bot.html)"
66.249.73.226 - - [26/Apr/2025:14:47:28 -0400] "GET /20521713.shtml HTTP/1.1" 404 3776 "-" "Mozilla/5.0 (compatible; Googlebot/2.1; +http://www.google.com/bot.html)"
51.222.253.3 - - [26/Apr/2025:14:48:16 -0400] "GET /products?page=2 HTTP/1.1" 200 5034 "-" "Mozilla/5.0 (compatible; AhrefsBot/7.0; +http://ahrefs.com/robot/)"
85.208.96.206 - - [26/Apr/2025:14:49:23 -0400] "GET /?page=2 HTTP/1.1" 200 10558 "-" "Mozilla/5.0 (compatible; SemrushBot/7~bl; +http://www.semrush.com/bot.html)"
66.249.73.225 - - [26/Apr/2025:14:50:13 -0400] "GET /109773034.shtml HTTP/1.1" 404 3780 "-" "Mozilla/5.0 (compatible; Googlebot/2.1; +http://www.google.com/bot.html)"
66.249.73.226 - - [26/Apr/2025:14:51:10 -0400] "GET /295193993.shtml HTTP/1.1" 404 3778 "-" "Mozilla/5.0 (Linux; Android 6.0.1; Nexus 5X Build/MMB29P) AppleWebKit/537.36 (KHTML, like Gecko) Chrome/135.0.7049.95 Mobile Safari/537.36 (compatible; Googlebot/2.1; +http://www.google.com/bot.html)"
66.249.73.226 - - [26/Apr/2025:14:51:12 -0400] "GET /319797380.shtml HTTP/1.1" 404 3776 "-" "Mozilla/5.0 (Linux; Android 6.0.1; Nexus 5X Build/MMB29P) AppleWebKit/537.36 (KHTML, like Gecko) Chrome/135.0.7049.95 Mobile Safari/537.36 (compatible; GoogleOther)"
66.249.73.227 - - [26/Apr/2025:14:52:05 -0400] "GET /zhHant/product/surugaya/43218382?campaign_uid=f64d716db5e979ed2f947dbaf4296895b951ae7f HTTP/1.1" 404 3778 "-" "Mozilla/5.0 (Linux; Android 6.0.1; Nexus 5X Build/MMB29P) AppleWebKit/537.36 (KHTML, like Gecko) Chrome/135.0.7049.95 Mobile Safari/537.36 (compatible; GoogleOther)"
69.57.162.20 - - [26/Apr/2025:14:52:17 -0400] "GET /wp-login.php HTTP/1.1" 404 3759 "http://flipbz.org" "Mozilla/5.0 (Windows NT 10.0; Win64; x64) AppleWebKit/537.36 (KHTML, like Gecko) Chrome/116.0.5845.96 Safari/537.36 Edg/116.0.1938.62"
66.249.73.233 - - [26/Apr/2025:14:54:20 -0400] "GET /250980293.shtml HTTP/1.1" 404 3777 "-" "Mozilla/5.0 (compatible; Googlebot/2.1; +http://www.google.com/bot.html)"
51.222.253.7 - - [26/Apr/2025:14:54:53 -0400] "GET /products/47 HTTP/1.1" 200 4269 "-" "Mozilla/5.0 (compatible; AhrefsBot/7.0; +http://ahrefs.com/robot/)"
66.249.73.235 - - [26/Apr/2025:14:55:12 -0400] "GET /298225294.shtml HTTP/1.1" 404 3773 "-" "Mozilla/5.0 (Linux; Android 6.0.1; Nexus 5X Build/MMB29P) AppleWebKit/537.36 (KHTML, like Gecko) Chrome/135.0.7049.95 Mobile Safari/537.36 (compatible; Googlebot/2.1; +http://www.google.com/bot.html)"
66.249.73.233 - - [26/Apr/2025:14:55:16 -0400] "GET /298225294.shtml HTTP/1.1" 404 3780 "-" "Mozilla/5.0 (compatible; Googlebot/2.1; +http://www.google.com/bot.html)"
47.128.113.21 - - [26/Apr/2025:14:56:26 -0400] "GET /broker/listing-request/1 HTTP/1.1" 302 163 "-" "Mozilla/5.0 (Linux; Android 5.0) AppleWebKit/537.36 (KHTML, like Gecko) Mobile Safari/537.36 (compatible; Bytespider; spider-feedback@bytedance.com)"
47.128.113.21 - - [26/Apr/2025:14:56:26 -0400] "GET /login HTTP/1.1" 200 4675 "-" "Mozilla/5.0 (Linux; Android 5.0) AppleWebKit/537.36 (KHTML, like Gecko) Mobile Safari/537.36 (compatible; Bytespider; spider-feedback@bytedance.com)"
105.113.10.201 - - [26/Apr/2025:14:56:58 -0400] "GET /businesslistings HTTP/1.1" 200 6432 "-" "Mozilla/5.0 (Linux; Android 10; K) AppleWebKit/537.36 (KHTML, like Gecko) Chrome/133.0.0.0 Mobile Safari/537.36"
105.113.10.201 - - [26/Apr/2025:14:57:18 -0400] "GET /businessupdate HTTP/1.1" 200 8123 "-" "Mozilla/5.0 (Linux; Android 10; K) AppleWebKit/537.36 (KHTML, like Gecko) Chrome/133.0.0.0 Mobile Safari/537.36"
66.249.73.235 - - [26/Apr/2025:14:57:48 -0400] "GET /101119345.shtml HTTP/1.1" 404 3775 "-" "Mozilla/5.0 (Linux; Android 6.0.1; Nexus 5X Build/MMB29P) AppleWebKit/537.36 (KHTML, like Gecko) Chrome/135.0.7049.95 Mobile Safari/537.36 (compatible; GoogleOther)"
2a03:2880:f800:a:: - - [26/Apr/2025:14:59:04 -0400] "GET /naira-nears-n2000dollar-exchange-rate-at-black-market HTTP/1.1" 200 8603 "-" "meta-externalagent/1.1 (+https://developers.facebook.com/docs/sharing/webmasters/crawler)"
203.26.151.246 - - [26/Apr/2025:14:59:50 -0400] "GET /wp-login.php HTTP/1.1" 404 3759 "http://flipbz.org" "Mozilla/5.0 (Macintosh; Intel Mac OS X 10_15_7) AppleWebKit/537.36 (KHTML, like Gecko) Chrome/126.0.0.0 Safari/537.36"
66.249.73.227 - - [26/Apr/2025:15:01:17 -0400] "GET /204512103.shtml HTTP/1.1" 404 3780 "-" "Mozilla/5.0 (Linux; Android 6.0.1; Nexus 5X Build/MMB29P) AppleWebKit/537.36 (KHTML, like Gecko) Chrome/135.0.7049.114 Mobile Safari/537.36 (compatible; Googlebot/2.1; +http://www.google.com/bot.html)"
51.222.253.3 - - [26/Apr/2025:15:01:46 -0400] "GET /wealth-network HTTP/1.1" 200 7024 "-" "Mozilla/5.0 (compatible; AhrefsBot/7.0; +http://ahrefs.com/robot/)"
66.249.73.225 - - [26/Apr/2025:15:02:00 -0400] "GET /145393185.shtml HTTP/1.1" 404 3779 "-" "Mozilla/5.0 (Linux; Android 6.0.1; Nexus 5X Build/MMB29P) AppleWebKit/537.36 (KHTML, like Gecko) Chrome/135.0.7049.114 Mobile Safari/537.36 (compatible; Googlebot/2.1; +http://www.google.com/bot.html)"
66.249.73.226 - - [26/Apr/2025:15:02:16 -0400] "GET /116300527.shtml HTTP/1.1" 404 3778 "-" "Mozilla/5.0 (Linux; Android 6.0.1; Nexus 5X Build/MMB29P) AppleWebKit/537.36 (KHTML, like Gecko) Chrome/135.0.7049.95 Mobile Safari/537.36 (compatible; Googlebot/2.1; +http://www.google.com/bot.html)"
178.156.173.245 - - [26/Apr/2025:15:02:18 -0400] "GET / HTTP/1.1" 200 10872 "-" "Mozilla/5.0 (Windows NT 10.0; Win64; x64) AppleWebKit/537.36 (KHTML, like Gecko) Chrome/78.0.3904.108 Safari/537.36"
178.156.173.245 - - [26/Apr/2025:15:02:18 -0400] "GET //wp-includes/wlwmanifest.xml HTTP/1.1" 404 3766 "-" "Mozilla/5.0 (Windows NT 10.0; Win64; x64) AppleWebKit/537.36 (KHTML, like Gecko) Chrome/78.0.3904.108 Safari/537.36"
178.156.173.245 - - [26/Apr/2025:15:02:18 -0400] "GET //xmlrpc.php?rsd HTTP/1.1" 404 3776 "-" "Mozilla/5.0 (Windows NT 10.0; Win64; x64) AppleWebKit/537.36 (KHTML, like Gecko) Chrome/78.0.3904.108 Safari/537.36"
178.156.173.245 - - [26/Apr/2025:15:02:18 -0400] "GET / HTTP/1.1" 200 10872 "-" "Mozilla/5.0 (Windows NT 10.0; Win64; x64) AppleWebKit/537.36 (KHTML, like Gecko) Chrome/78.0.3904.108 Safari/537.36"
178.156.173.245 - - [26/Apr/2025:15:02:18 -0400] "GET //wp-login.php HTTP/1.1" 404 3758 "-" "Mozilla/5.0 (Windows NT 10.0; Win64; x64) AppleWebKit/537.36 (KHTML, like Gecko) Chrome/78.0.3904.108 Safari/537.36"
66.249.73.227 - - [26/Apr/2025:15:03:11 -0400] "GET /195014738.shtml HTTP/1.1" 404 3778 "-" "Mozilla/5.0 (compatible; Googlebot/2.1; +http://www.google.com/bot.html)"
66.249.73.225 - - [26/Apr/2025:15:04:00 -0400] "GET /231437685.shtml HTTP/1.1" 404 3779 "-" "Mozilla/5.0 (Linux; Android 6.0.1; Nexus 5X Build/MMB29P) AppleWebKit/537.36 (KHTML, like Gecko) Chrome/135.0.7049.114 Mobile Safari/537.36 (compatible; Googlebot/2.1; +http://www.google.com/bot.html)"
66.249.73.225 - - [26/Apr/2025:15:04:26 -0400] "GET /6900350.shtml HTTP/1.1" 404 3766 "-" "Mozilla/5.0 (Linux; Android 6.0.1; Nexus 5X Build/MMB29P) AppleWebKit/537.36 (KHTML, like Gecko) Chrome/135.0.7049.95 Mobile Safari/537.36 (compatible; GoogleOther)"
66.249.73.227 - - [26/Apr/2025:15:05:05 -0400] "GET /191428525.shtml HTTP/1.1" 404 3778 "-" "Mozilla/5.0 (Linux; Android 6.0.1; Nexus 5X Build/MMB29P) AppleWebKit/537.36 (KHTML, like Gecko) Chrome/135.0.7049.114 Mobile Safari/537.36 (compatible; Googlebot/2.1; +http://www.google.com/bot.html)"
162.0.235.223 - - [26/Apr/2025:15:07:19 -0400] "GET /wp-login.php HTTP/1.1" 404 3758 "http://flipbz.org" "Mozilla/5.0 (Macintosh; Intel Mac OS X 13_3) AppleWebKit/537.36 (KHTML, like Gecko) Chrome/126.0.0.0 Safari/537.36"
20.15.133.164 - - [26/Apr/2025:15:08:17 -0400] "GET /robots.txt HTTP/1.1" 304 0 "-" "Mozilla/5.0 AppleWebKit/537.36 (KHTML, like Gecko; compatible; bingbot/2.0; +http://www.bing.com/bingbot.htm) Chrome/116.0.1938.76 Safari/537.36"
51.222.253.13 - - [26/Apr/2025:15:08:25 -0400] "GET /listing/medical-app HTTP/1.1" 200 6730 "-" "Mozilla/5.0 (compatible; AhrefsBot/7.0; +http://ahrefs.com/robot/)"
66.249.73.226 - - [26/Apr/2025:15:11:04 -0400] "GET /298870390.shtml HTTP/1.1" 404 3779 "-" "Mozilla/5.0 (Linux; Android 6.0.1; Nexus 5X Build/MMB29P) AppleWebKit/537.36 (KHTML, like Gecko) Chrome/135.0.7049.95 Mobile Safari/537.36 (compatible; GoogleOther)"
34.220.118.171 - - [26/Apr/2025:15:12:21 -0400] "GET /images/logo.png HTTP/1.1" 304 0 "-" "Mozilla/5.0 (Windows NT 10.0; Win64; x64) AppleWebKit/537.36 (KHTML, like Gecko) Chrome/89.0.4389.114 Safari/537.36"
66.249.73.227 - - [26/Apr/2025:15:13:26 -0400] "GET /71497114.shtml HTTP/1.1" 404 3774 "-" "Mozilla/5.0 (Linux; Android 6.0.1; Nexus 5X Build/MMB29P) AppleWebKit/537.36 (KHTML, like Gecko) Chrome/135.0.7049.95 Mobile Safari/537.36 (compatible; Googlebot/2.1; +http://www.google.com/bot.html)"
51.222.253.18 - - [26/Apr/2025:15:14:12 -0400] "GET /business-fund HTTP/1.1" 200 5807 "-" "Mozilla/5.0 (compatible; AhrefsBot/7.0; +http://ahrefs.com/robot/)"
66.249.73.227 - - [26/Apr/2025:15:14:36 -0400] "GET /119763551.shtml HTTP/1.1" 404 3775 "-" "Mozilla/5.0 (Linux; Android 6.0.1; Nexus 5X Build/MMB29P) AppleWebKit/537.36 (KHTML, like Gecko) Chrome/135.0.7049.95 Mobile Safari/537.36 (compatible; Googlebot/2.1; +http://www.google.com/bot.html)"
198.186.130.214 - - [26/Apr/2025:15:14:45 -0400] "GET /wp-login.php HTTP/1.1" 404 3759 "http://flipbz.org" "Mozilla/5.0 (Macintosh; Intel Mac OS X 10_15_7; rv:129.0) Gecko/20100101 Firefox/129.0"
66.249.73.235 - - [26/Apr/2025:15:16:27 -0400] "GET /382627901.shtml HTTP/1.1" 404 3777 "-" "Mozilla/5.0 (Linux; Android 6.0.1; Nexus 5X Build/MMB29P) AppleWebKit/537.36 (KHTML, like Gecko) Chrome/135.0.7049.95 Mobile Safari/537.36 (compatible; Googlebot/2.1; +http://www.google.com/bot.html)"
66.249.73.233 - - [26/Apr/2025:15:18:05 -0400] "GET /321671987.shtml HTTP/1.1" 404 3775 "-" "Mozilla/5.0 (compatible; Googlebot/2.1; +http://www.google.com/bot.html)"
66.249.73.234 - - [26/Apr/2025:15:18:20 -0400] "GET /218309432.shtml HTTP/1.1" 404 3774 "-" "Mozilla/5.0 (Linux; Android 6.0.1; Nexus 5X Build/MMB29P) AppleWebKit/537.36 (KHTML, like Gecko) Chrome/135.0.7049.95 Mobile Safari/537.36 (compatible; Googlebot/2.1; +http://www.google.com/bot.html)"
66.249.73.234 - - [26/Apr/2025:15:18:21 -0400] "GET /218309432.shtml HTTP/1.1" 404 3774 "-" "Mozilla/5.0 (compatible; Googlebot/2.1; +http://www.google.com/bot.html)"
66.249.73.233 - - [26/Apr/2025:15:18:32 -0400] "GET /106637235.shtml HTTP/1.1" 404 3778 "-" "Mozilla/5.0 (compatible; Googlebot/2.1; +http://www.google.com/bot.html)"
66.249.73.233 - - [26/Apr/2025:15:18:42 -0400] "GET /227563811.shtml HTTP/1.1" 404 3777 "-" "Mozilla/5.0 (Linux; Android 6.0.1; Nexus 5X Build/MMB29P) AppleWebKit/537.36 (KHTML, like Gecko) Chrome/135.0.7049.95 Mobile Safari/537.36 (compatible; GoogleOther)"
66.249.73.233 - - [26/Apr/2025:15:18:59 -0400] "GET /221919788.shtml HTTP/1.1" 404 3775 "-" "Mozilla/5.0 (compatible; Googlebot/2.1; +http://www.google.com/bot.html)"
66.249.73.233 - - [26/Apr/2025:15:19:00 -0400] "GET /205873368.shtml HTTP/1.1" 404 3779 "-" "Mozilla/5.0 (Linux; Android 6.0.1; Nexus 5X Build/MMB29P) AppleWebKit/537.36 (KHTML, like Gecko) Chrome/135.0.7049.114 Mobile Safari/537.36 (compatible; Googlebot/2.1; +http://www.google.com/bot.html)"
66.249.73.233 - - [26/Apr/2025:15:19:06 -0400] "GET /pcmypage?callback=/product%2Fdetail%2F27219440 HTTP/1.1" 404 3768 "-" "Mozilla/5.0 (compatible; Googlebot/2.1; +http://www.google.com/bot.html)"
66.249.73.234 - - [26/Apr/2025:15:20:07 -0400] "GET /44623128.shtml HTTP/1.1" 404 3774 "-" "Mozilla/5.0 (Linux; Android 6.0.1; Nexus 5X Build/MMB29P) AppleWebKit/537.36 (KHTML, like Gecko) Chrome/135.0.7049.95 Mobile Safari/537.36 (compatible; Googlebot/2.1; +http://www.google.com/bot.html)"
66.249.73.233 - - [26/Apr/2025:15:20:32 -0400] "GET /378682031.shtml HTTP/1.1" 404 3778 "-" "Mozilla/5.0 (compatible; Googlebot/2.1; +http://www.google.com/bot.html)"
51.222.253.12 - - [26/Apr/2025:15:20:50 -0400] "GET /products?page=3 HTTP/1.1" 200 5039 "-" "Mozilla/5.0 (compatible; AhrefsBot/7.0; +http://ahrefs.com/robot/)"
78.155.192.110 - - [26/Apr/2025:15:22:10 -0400] "GET /wp-login.php HTTP/1.1" 503 856 "http://flipbz.org" "Mozilla/5.0 (Macintosh; Intel Mac OS X 10_15_7; rv:126.0) Gecko/20100101 Firefox/126.0"
66.249.73.233 - - [26/Apr/2025:15:23:24 -0400] "GET /62199198.shtml HTTP/1.1" 503 856 "-" "Mozilla/5.0 (Linux; Android 6.0.1; Nexus 5X Build/MMB29P) AppleWebKit/537.36 (KHTML, like Gecko) Chrome/135.0.7049.114 Mobile Safari/537.36 (compatible; Googlebot/2.1; +http://www.google.com/bot.html)"
