105.112.204.47 - - [26/Apr/2025:09:09:28 -0400] "GET /businessupdate HTTP/1.1" 200 9135 "-" "Mozilla/5.0 (Windows NT 10.0; Win64; x64) AppleWebKit/537.36 (KHTML, like Gecko) Chrome/135.0.0.0 Safari/537.36"
105.112.204.47 - - [26/Apr/2025:09:09:57 -0400] "GET /businessupdate HTTP/1.1" 200 9135 "-" "Mozilla/5.0 (Windows NT 10.0; Win64; x64) AppleWebKit/537.36 (KHTML, like Gecko) Chrome/135.0.0.0 Safari/537.36"
105.112.204.47 - - [26/Apr/2025:09:10:14 -0400] "GET /businessupdate HTTP/1.1" 200 8382 "-" "Mozilla/5.0 (Windows NT 10.0; Win64; x64) AppleWebKit/537.36 (KHTML, like Gecko) Chrome/135.0.0.0 Safari/537.36"
66.249.73.225 - - [26/Apr/2025:09:10:20 -0400] "GET /121248322.shtml HTTP/1.1" 404 3775 "-" "Mozilla/5.0 (compatible; Googlebot/2.1; +http://www.google.com/bot.html)"
66.249.73.225 - - [26/Apr/2025:09:10:25 -0400] "GET /90396148.shtml HTTP/1.1" 404 3775 "-" "Mozilla/5.0 (Linux; Android 6.0.1; Nexus 5X Build/MMB29P) AppleWebKit/537.36 (KHTML, like Gecko) Chrome/135.0.7049.95 Mobile Safari/537.36 (compatible; Googlebot/2.1; +http://www.google.com/bot.html)"
66.249.73.225 - - [26/Apr/2025:09:10:43 -0400] "GET /89225666.shtml HTTP/1.1" 404 3777 "-" "Mozilla/5.0 (compatible; Googlebot/2.1; +http://www.google.com/bot.html)"
66.249.73.225 - - [26/Apr/2025:09:10:57 -0400] "GET /170868964.shtml HTTP/1.1" 404 3777 "-" "Mozilla/5.0 (Linux; Android 6.0.1; Nexus 5X Build/MMB29P) AppleWebKit/537.36 (KHTML, like Gecko) Chrome/135.0.7049.95 Mobile Safari/537.36 (compatible; GoogleOther)"
105.112.204.47 - - [26/Apr/2025:09:11:06 -0400] "GET /businessupdate HTTP/1.1" 200 8189 "-" "Mozilla/5.0 (Windows NT 10.0; Win64; x64) AppleWebKit/537.36 (KHTML, like Gecko) Chrome/135.0.0.0 Safari/537.36"
66.249.73.227 - - [26/Apr/2025:09:12:07 -0400] "GET /net/item/detail/orig/photo4116789%E6%9C%88%E3%81%BB%E3%81%A9%E5%89%8D%E3%81%AB%E6%96%B037192695533_1/%3E%3Cimg643443191 HTTP/1.1" 404 3861 "-" "Googlebot-Image/1.0"
3.220.148.166 - - [26/Apr/2025:09:12:56 -0400] "GET /business-incorporation HTTP/1.1" 200 5073 "-" "Mozilla/5.0 AppleWebKit/537.36 (KHTML, like Gecko; compatible; Amazonbot/0.1; +https://developer.amazon.com/support/amazonbot) Chrome/119.0.6045.214 Safari/537.36"
66.249.73.226 - - [26/Apr/2025:09:13:01 -0400] "GET /372434318.shtml HTTP/1.1" 404 3774 "-" "Mozilla/5.0 (Linux; Android 6.0.1; Nexus 5X Build/MMB29P) AppleWebKit/537.36 (KHTML, like Gecko) Chrome/135.0.7049.114 Mobile Safari/537.36 (compatible; Googlebot/2.1; +http://www.google.com/bot.html)"
66.249.73.226 - - [26/Apr/2025:09:13:09 -0400] "GET /39971640.shtml HTTP/1.1" 404 3773 "-" "Mozilla/5.0 (Linux; Android 6.0.1; Nexus 5X Build/MMB29P) AppleWebKit/537.36 (KHTML, like Gecko) Chrome/135.0.7049.95 Mobile Safari/537.36 (compatible; GoogleOther)"
185.191.171.15 - - [26/Apr/2025:09:13:24 -0400] "GET /afdb-approves-100m-loan-for-youth-and-women-led-smes-under-nigerias-yeib HTTP/1.1" 200 9433 "-" "Mozilla/5.0 (compatible; SemrushBot/7~bl; +http://www.semrush.com/bot.html)"
66.249.73.129 - - [26/Apr/2025:09:17:00 -0400] "GET /robots.txt HTTP/1.1" 304 0 "-" "Mozilla/5.0 (compatible; Googlebot/2.1; +http://www.google.com/bot.html)"
66.249.73.130 - - [26/Apr/2025:09:17:01 -0400] "GET /162718951.shtml HTTP/1.1" 404 3779 "-" "Mozilla/5.0 (Linux; Android 6.0.1; Nexus 5X Build/MMB29P) AppleWebKit/537.36 (KHTML, like Gecko) Chrome/135.0.7049.114 Mobile Safari/537.36 (compatible; Googlebot/2.1; +http://www.google.com/bot.html)"
66.249.73.235 - - [26/Apr/2025:09:17:10 -0400] "GET /339594373.shtml HTTP/1.1" 404 3778 "-" "Mozilla/5.0 (Linux; Android 6.0.1; Nexus 5X Build/MMB29P) AppleWebKit/537.36 (KHTML, like Gecko) Chrome/135.0.7049.114 Mobile Safari/537.36 (compatible; Googlebot/2.1; +http://www.google.com/bot.html)"
66.249.73.234 - - [26/Apr/2025:09:17:12 -0400] "GET /271599901.shtml HTTP/1.1" 404 3781 "-" "Mozilla/5.0 (Linux; Android 6.0.1; Nexus 5X Build/MMB29P) AppleWebKit/537.36 (KHTML, like Gecko) Chrome/135.0.7049.95 Mobile Safari/537.36 (compatible; GoogleOther)"
66.249.73.234 - - [26/Apr/2025:09:17:14 -0400] "GET /167279606.shtml HTTP/1.1" 404 3775 "-" "Mozilla/5.0 (Linux; Android 6.0.1; Nexus 5X Build/MMB29P) AppleWebKit/537.36 (KHTML, like Gecko) Chrome/135.0.7049.114 Mobile Safari/537.36 (compatible; Googlebot/2.1; +http://www.google.com/bot.html)"
66.249.73.233 - - [26/Apr/2025:09:17:15 -0400] "GET /234322831.shtml HTTP/1.1" 404 3776 "-" "Mozilla/5.0 (compatible; Googlebot/2.1; +http://www.google.com/bot.html)"
66.249.73.233 - - [26/Apr/2025:09:19:10 -0400] "GET /368010014.shtml HTTP/1.1" 404 3781 "-" "Mozilla/5.0 (compatible; Googlebot/2.1; +http://www.google.com/bot.html)"
66.249.73.235 - - [26/Apr/2025:09:20:09 -0400] "GET /64098493.shtml HTTP/1.1" 404 3774 "-" "Mozilla/5.0 (Linux; Android 6.0.1; Nexus 5X Build/MMB29P) AppleWebKit/537.36 (KHTML, like Gecko) Chrome/135.0.7049.95 Mobile Safari/537.36 (compatible; Googlebot/2.1; +http://www.google.com/bot.html)"
66.249.73.233 - - [26/Apr/2025:09:20:56 -0400] "GET /209983192.shtml HTTP/1.1" 404 3777 "-" "Mozilla/5.0 (Linux; Android 6.0.1; Nexus 5X Build/MMB29P) AppleWebKit/537.36 (KHTML, like Gecko) Chrome/135.0.7049.95 Mobile Safari/537.36 (compatible; Googlebot/2.1; +http://www.google.com/bot.html)"
66.249.73.235 - - [26/Apr/2025:09:21:13 -0400] "GET /106344747.shtml HTTP/1.1" 404 3775 "-" "Mozilla/5.0 (Linux; Android 6.0.1; Nexus 5X Build/MMB29P) AppleWebKit/537.36 (KHTML, like Gecko) Chrome/135.0.7049.95 Mobile Safari/537.36 (compatible; GoogleOther)"
66.249.73.227 - - [26/Apr/2025:09:23:19 -0400] "GET /311325734.shtml HTTP/1.1" 404 3780 "-" "Mozilla/5.0 (compatible; Googlebot/2.1; +http://www.google.com/bot.html)"
66.249.73.226 - - [26/Apr/2025:09:24:25 -0400] "GET /108041773.shtml HTTP/1.1" 404 3779 "-" "Mozilla/5.0 (Linux; Android 6.0.1; Nexus 5X Build/MMB29P) AppleWebKit/537.36 (KHTML, like Gecko) Chrome/135.0.7049.95 Mobile Safari/537.36 (compatible; Googlebot/2.1; +http://www.google.com/bot.html)"
66.249.73.226 - - [26/Apr/2025:09:24:58 -0400] "GET / HTTP/1.1" 200 10870 "-" "Mozilla/5.0 (compatible; Googlebot/2.1; +http://www.google.com/bot.html)"
66.249.73.225 - - [26/Apr/2025:09:25:13 -0400] "GET /288392005.shtml HTTP/1.1" 404 3781 "-" "Mozilla/5.0 (Linux; Android 6.0.1; Nexus 5X Build/MMB29P) AppleWebKit/537.36 (KHTML, like Gecko) Chrome/135.0.7049.95 Mobile Safari/537.36 (compatible; GoogleOther)"
47.128.51.161 - - [26/Apr/2025:09:25:47 -0400] "GET /broker/online-business-request/2 HTTP/1.1" 302 163 "-" "Mozilla/5.0 (Linux; Android 5.0) AppleWebKit/537.36 (KHTML, like Gecko) Mobile Safari/537.36 (compatible; Bytespider; spider-feedback@bytedance.com)"
47.128.51.161 - - [26/Apr/2025:09:25:47 -0400] "GET /login HTTP/1.1" 200 4669 "-" "Mozilla/5.0 (Linux; Android 5.0) AppleWebKit/537.36 (KHTML, like Gecko) Mobile Safari/537.36 (compatible; Bytespider; spider-feedback@bytedance.com)"
66.249.73.225 - - [26/Apr/2025:09:26:01 -0400] "GET /304197033.shtml HTTP/1.1" 404 3777 "-" "Mozilla/5.0 (Linux; Android 6.0.1; Nexus 5X Build/MMB29P) AppleWebKit/537.36 (KHTML, like Gecko) Chrome/135.0.7049.114 Mobile Safari/537.36 (compatible; Googlebot/2.1; +http://www.google.com/bot.html)"
66.249.73.226 - - [26/Apr/2025:09:26:16 -0400] "GET /327544415.shtml HTTP/1.1" 404 3776 "-" "Mozilla/5.0 (Linux; Android 6.0.1; Nexus 5X Build/MMB29P) AppleWebKit/537.36 (KHTML, like Gecko) Chrome/135.0.7049.114 Mobile Safari/537.36 (compatible; Googlebot/2.1; +http://www.google.com/bot.html)"
66.249.73.227 - - [26/Apr/2025:09:27:01 -0400] "GET /125110613.shtml HTTP/1.1" 404 3775 "-" "Mozilla/5.0 (Linux; Android 6.0.1; Nexus 5X Build/MMB29P) AppleWebKit/537.36 (KHTML, like Gecko) Chrome/135.0.7049.114 Mobile Safari/537.36 (compatible; Googlebot/2.1; +http://www.google.com/bot.html)"
66.249.73.226 - - [26/Apr/2025:09:27:56 -0400] "GET /281066060.shtml HTTP/1.1" 404 3774 "-" "Mozilla/5.0 (compatible; Googlebot/2.1; +http://www.google.com/bot.html)"
66.249.73.225 - - [26/Apr/2025:09:29:41 -0400] "GET /314677068.shtml HTTP/1.1" 404 3779 "-" "Mozilla/5.0 (Linux; Android 6.0.1; Nexus 5X Build/MMB29P) AppleWebKit/537.36 (KHTML, like Gecko) Chrome/135.0.7049.95 Mobile Safari/537.36 (compatible; Googlebot/2.1; +http://www.google.com/bot.html)"
66.249.73.226 - - [26/Apr/2025:09:30:14 -0400] "GET /378665317.shtml HTTP/1.1" 404 3778 "-" "Mozilla/5.0 (Linux; Android 6.0.1; Nexus 5X Build/MMB29P) AppleWebKit/537.36 (KHTML, like Gecko) Chrome/135.0.7049.95 Mobile Safari/537.36 (compatible; GoogleOther)"
66.249.73.226 - - [26/Apr/2025:09:30:16 -0400] "GET /zhHant/product/surugaya/65545872?campaign_uid=f64d716db5e979ed2f947dbaf4296895b951ae7f HTTP/1.1" 404 3779 "-" "Mozilla/5.0 (Linux; Android 6.0.1; Nexus 5X Build/MMB29P) AppleWebKit/537.36 (KHTML, like Gecko) Chrome/135.0.7049.95 Mobile Safari/537.36 (compatible; GoogleOther)"
66.249.73.226 - - [26/Apr/2025:09:32:23 -0400] "GET /329979306.shtml HTTP/1.1" 404 3777 "-" "Mozilla/5.0 (compatible; Googlebot/2.1; +http://www.google.com/bot.html)"
66.249.73.227 - - [26/Apr/2025:09:32:24 -0400] "GET /329979306.shtml HTTP/1.1" 404 3777 "-" "Mozilla/5.0 (Linux; Android 6.0.1; Nexus 5X Build/MMB29P) AppleWebKit/537.36 (KHTML, like Gecko) Chrome/135.0.7049.95 Mobile Safari/537.36 (compatible; Googlebot/2.1; +http://www.google.com/bot.html)"
66.249.73.227 - - [26/Apr/2025:09:33:16 -0400] "GET /162054786.shtml HTTP/1.1" 404 3774 "-" "Mozilla/5.0 (Linux; Android 6.0.1; Nexus 5X Build/MMB29P) AppleWebKit/537.36 (KHTML, like Gecko) Chrome/135.0.7049.95 Mobile Safari/537.36 (compatible; GoogleOther)"
66.249.73.227 - - [26/Apr/2025:09:33:18 -0400] "GET /89658270.shtml HTTP/1.1" 404 3774 "-" "Mozilla/5.0 (compatible; Googlebot/2.1; +http://www.google.com/bot.html)"
66.249.73.235 - - [26/Apr/2025:09:34:59 -0400] "GET / HTTP/1.1" 200 10869 "-" "Mozilla/5.0 (compatible; Googlebot/2.1; +http://www.google.com/bot.html)"
66.249.73.234 - - [26/Apr/2025:09:36:40 -0400] "GET /60902771.shtml HTTP/1.1" 404 3776 "-" "Mozilla/5.0 (compatible; Googlebot/2.1; +http://www.google.com/bot.html)"
66.249.73.235 - - [26/Apr/2025:09:39:16 -0400] "GET /211599845.shtml HTTP/1.1" 404 3778 "-" "Mozilla/5.0 (Linux; Android 6.0.1; Nexus 5X Build/MMB29P) AppleWebKit/537.36 (KHTML, like Gecko) Chrome/135.0.7049.95 Mobile Safari/537.36 (compatible; GoogleOther)"
157.245.113.172 - - [26/Apr/2025:09:39:32 -0400] "GET //wp-includes/ID3/license.txt HTTP/1.1" 404 3765 "-" "Mozilla/5.0 (Windows NT 10.0; Win64; x64) AppleWebKit/537.36 (KHTML, like Gecko) Chrome/95.0.4638.69 Safari/537.36"
157.245.113.172 - - [26/Apr/2025:09:39:33 -0400] "GET //feed/ HTTP/1.1" 301 795 "-" "Mozilla/5.0 (Windows NT 10.0; Win64; x64) AppleWebKit/537.36 (KHTML, like Gecko) Chrome/95.0.4638.69 Safari/537.36"
157.245.113.172 - - [26/Apr/2025:09:39:33 -0400] "GET //blog/wp-includes/wlwmanifest.xml HTTP/1.1" 404 3783 "-" "Mozilla/5.0 (Windows NT 10.0; Win64; x64) AppleWebKit/537.36 (KHTML, like Gecko) Chrome/95.0.4638.69 Safari/537.36"
157.245.113.172 - - [26/Apr/2025:09:39:33 -0400] "GET //web/wp-includes/wlwmanifest.xml HTTP/1.1" 404 3782 "-" "Mozilla/5.0 (Windows NT 10.0; Win64; x64) AppleWebKit/537.36 (KHTML, like Gecko) Chrome/95.0.4638.69 Safari/537.36"
157.245.113.172 - - [26/Apr/2025:09:39:33 -0400] "GET //wordpress/wp-includes/wlwmanifest.xml HTTP/1.1" 404 3778 "-" "Mozilla/5.0 (Windows NT 10.0; Win64; x64) AppleWebKit/537.36 (KHTML, like Gecko) Chrome/95.0.4638.69 Safari/537.36"
157.245.113.172 - - [26/Apr/2025:09:39:33 -0400] "GET //wp/wp-includes/wlwmanifest.xml HTTP/1.1" 404 3774 "-" "Mozilla/5.0 (Windows NT 10.0; Win64; x64) AppleWebKit/537.36 (KHTML, like Gecko) Chrome/95.0.4638.69 Safari/537.36"
157.245.113.172 - - [26/Apr/2025:09:39:34 -0400] "GET //2020/wp-includes/wlwmanifest.xml HTTP/1.1" 404 3783 "-" "Mozilla/5.0 (Windows NT 10.0; Win64; x64) AppleWebKit/537.36 (KHTML, like Gecko) Chrome/95.0.4638.69 Safari/537.36"
157.245.113.172 - - [26/Apr/2025:09:39:34 -0400] "GET //2019/wp-includes/wlwmanifest.xml HTTP/1.1" 404 3784 "-" "Mozilla/5.0 (Windows NT 10.0; Win64; x64) AppleWebKit/537.36 (KHTML, like Gecko) Chrome/95.0.4638.69 Safari/537.36"
157.245.113.172 - - [26/Apr/2025:09:39:34 -0400] "GET //2021/wp-includes/wlwmanifest.xml HTTP/1.1" 404 3783 "-" "Mozilla/5.0 (Windows NT 10.0; Win64; x64) AppleWebKit/537.36 (KHTML, like Gecko) Chrome/95.0.4638.69 Safari/537.36"
157.245.113.172 - - [26/Apr/2025:09:39:34 -0400] "GET //shop/wp-includes/wlwmanifest.xml HTTP/1.1" 404 3783 "-" "Mozilla/5.0 (Windows NT 10.0; Win64; x64) AppleWebKit/537.36 (KHTML, like Gecko) Chrome/95.0.4638.69 Safari/537.36"
157.245.113.172 - - [26/Apr/2025:09:39:34 -0400] "GET //wp1/wp-includes/wlwmanifest.xml HTTP/1.1" 404 3783 "-" "Mozilla/5.0 (Windows NT 10.0; Win64; x64) AppleWebKit/537.36 (KHTML, like Gecko) Chrome/95.0.4638.69 Safari/537.36"
157.245.113.172 - - [26/Apr/2025:09:39:34 -0400] "GET //test/wp-includes/wlwmanifest.xml HTTP/1.1" 404 3783 "-" "Mozilla/5.0 (Windows NT 10.0; Win64; x64) AppleWebKit/537.36 (KHTML, like Gecko) Chrome/95.0.4638.69 Safari/537.36"
157.245.113.172 - - [26/Apr/2025:09:39:35 -0400] "GET //site/wp-includes/wlwmanifest.xml HTTP/1.1" 404 3783 "-" "Mozilla/5.0 (Windows NT 10.0; Win64; x64) AppleWebKit/537.36 (KHTML, like Gecko) Chrome/95.0.4638.69 Safari/537.36"
157.245.113.172 - - [26/Apr/2025:09:39:35 -0400] "GET //cms/wp-includes/wlwmanifest.xml HTTP/1.1" 404 3781 "-" "Mozilla/5.0 (Windows NT 10.0; Win64; x64) AppleWebKit/537.36 (KHTML, like Gecko) Chrome/95.0.4638.69 Safari/537.36"
66.249.73.225 - - [26/Apr/2025:09:40:38 -0400] "GET /120804659.shtml HTTP/1.1" 404 3777 "-" "Mozilla/5.0 (compatible; Googlebot/2.1; +http://www.google.com/bot.html)"
66.249.73.227 - - [26/Apr/2025:09:40:39 -0400] "GET /41123040.shtml HTTP/1.1" 404 3779 "-" "Mozilla/5.0 (compatible; Googlebot/2.1; +http://www.google.com/bot.html)"
66.249.73.227 - - [26/Apr/2025:09:41:24 -0400] "GET /6911724.shtml HTTP/1.1" 404 3768 "-" "Mozilla/5.0 (Linux; Android 6.0.1; Nexus 5X Build/MMB29P) AppleWebKit/537.36 (KHTML, like Gecko) Chrome/135.0.7049.114 Mobile Safari/537.36 (compatible; Googlebot/2.1; +http://www.google.com/bot.html)"
66.249.73.225 - - [26/Apr/2025:09:41:56 -0400] "GET /302574749.shtml HTTP/1.1" 404 3778 "-" "Mozilla/5.0 (Linux; Android 6.0.1; Nexus 5X Build/MMB29P) AppleWebKit/537.36 (KHTML, like Gecko) Chrome/135.0.7049.95 Mobile Safari/537.36 (compatible; GoogleOther)"
66.249.73.225 - - [26/Apr/2025:09:42:53 -0400] "GET /362504841.shtml HTTP/1.1" 404 3778 "-" "Mozilla/5.0 (compatible; Googlebot/2.1; +http://www.google.com/bot.html)"
43.166.128.187 - - [26/Apr/2025:09:43:31 -0400] "GET / HTTP/1.1" 200 10868 "http://flipbz.org" "Mozilla/5.0 (iPhone; CPU iPhone OS 13_2_3 like Mac OS X) AppleWebKit/605.1.15 (KHTML, like Gecko) Version/13.0.3 Mobile/15E148 Safari/604.1"
66.249.73.225 - - [26/Apr/2025:09:43:46 -0400] "GET /142210583.shtml HTTP/1.1" 404 3777 "-" "Mozilla/5.0 (Linux; Android 6.0.1; Nexus 5X Build/MMB29P) AppleWebKit/537.36 (KHTML, like Gecko) Chrome/135.0.7049.95 Mobile Safari/537.36 (compatible; Googlebot/2.1; +http://www.google.com/bot.html)"
66.249.73.225 - - [26/Apr/2025:09:44:57 -0400] "GET /40168373.shtml HTTP/1.1" 404 3774 "-" "Mozilla/5.0 (Linux; Android 6.0.1; Nexus 5X Build/MMB29P) AppleWebKit/537.36 (KHTML, like Gecko) Chrome/135.0.7049.95 Mobile Safari/537.36 (compatible; GoogleOther)"
66.249.73.225 - - [26/Apr/2025:09:45:24 -0400] "GET /25550219.shtml HTTP/1.1" 404 3776 "-" "Mozilla/5.0 (compatible; Googlebot/2.1; +http://www.google.com/bot.html)"
66.249.73.227 - - [26/Apr/2025:09:45:25 -0400] "GET /25550219.shtml HTTP/1.1" 404 3773 "-" "Mozilla/5.0 (Linux; Android 6.0.1; Nexus 5X Build/MMB29P) AppleWebKit/537.36 (KHTML, like Gecko) Chrome/135.0.7049.95 Mobile Safari/537.36 (compatible; Googlebot/2.1; +http://www.google.com/bot.html)"
66.249.73.235 - - [26/Apr/2025:09:46:17 -0400] "GET /313650686.shtml HTTP/1.1" 404 3778 "-" "Mozilla/5.0 (compatible; Googlebot/2.1; +http://www.google.com/bot.html)"
66.249.73.233 - - [26/Apr/2025:09:46:47 -0400] "GET /zhHant/product/surugaya/82208840?campaign_uid=f64d716db5e979ed2f947dbaf4296895b951ae7f HTTP/1.1" 404 3778 "-" "Mozilla/5.0 (Linux; Android 6.0.1; Nexus 5X Build/MMB29P) AppleWebKit/537.36 (KHTML, like Gecko) Chrome/135.0.7049.95 Mobile Safari/537.36 (compatible; GoogleOther)"
66.249.73.233 - - [26/Apr/2025:09:47:10 -0400] "GET /191001574.shtml HTTP/1.1" 404 3776 "-" "Mozilla/5.0 (Linux; Android 6.0.1; Nexus 5X Build/MMB29P) AppleWebKit/537.36 (KHTML, like Gecko) Chrome/135.0.7049.114 Mobile Safari/537.36 (compatible; Googlebot/2.1; +http://www.google.com/bot.html)"
51.222.253.3 - - [26/Apr/2025:09:47:17 -0400] "GET /robots.txt HTTP/1.1" 200 24 "-" "Mozilla/5.0 (compatible; AhrefsBot/7.0; +http://ahrefs.com/robot/)"
51.222.253.16 - - [26/Apr/2025:09:47:18 -0400] "GET / HTTP/1.1" 200 10870 "-" "Mozilla/5.0 (compatible; AhrefsBot/7.0; +http://ahrefs.com/robot/)"
66.249.73.234 - - [26/Apr/2025:09:47:22 -0400] "GET /76515801.shtml HTTP/1.1" 404 3775 "-" "Mozilla/5.0 (Linux; Android 6.0.1; Nexus 5X Build/MMB29P) AppleWebKit/537.36 (KHTML, like Gecko) Chrome/135.0.7049.114 Mobile Safari/537.36 (compatible; Googlebot/2.1; +http://www.google.com/bot.html)"
66.249.73.233 - - [26/Apr/2025:09:47:58 -0400] "GET /350953886.shtml HTTP/1.1" 404 3781 "-" "Mozilla/5.0 (compatible; Googlebot/2.1; +http://www.google.com/bot.html)"
66.249.73.233 - - [26/Apr/2025:09:48:01 -0400] "GET /259275211.shtml HTTP/1.1" 404 3774 "-" "Mozilla/5.0 (Linux; Android 6.0.1; Nexus 5X Build/MMB29P) AppleWebKit/537.36 (KHTML, like Gecko) Chrome/135.0.7049.114 Mobile Safari/537.36 (compatible; Googlebot/2.1; +http://www.google.com/bot.html)"
66.249.73.235 - - [26/Apr/2025:09:49:28 -0400] "GET /205010421.shtml HTTP/1.1" 404 3777 "-" "Mozilla/5.0 (Linux; Android 6.0.1; Nexus 5X Build/MMB29P) AppleWebKit/537.36 (KHTML, like Gecko) Chrome/135.0.7049.95 Mobile Safari/537.36 (compatible; Googlebot/2.1; +http://www.google.com/bot.html)"
184.73.167.217 - - [26/Apr/2025:09:51:17 -0400] "GET /software-solution HTTP/1.1" 200 5135 "-" "Mozilla/5.0 AppleWebKit/537.36 (KHTML, like Gecko; compatible; Amazonbot/0.1; +https://developer.amazon.com/support/amazonbot) Chrome/119.0.6045.214 Safari/537.36"
66.249.73.234 - - [26/Apr/2025:09:51:34 -0400] "GET /58456504.shtml HTTP/1.1" 404 3773 "-" "Mozilla/5.0 (compatible; Googlebot/2.1; +http://www.google.com/bot.html)"
2a03:2880:13ff:7:: - - [26/Apr/2025:09:52:08 -0400] "GET /bmc HTTP/1.1" 200 6275 "-" "facebookexternalhit/1.1 (+http://www.facebook.com/externalhit_uatext.php)"
2a03:2880:13ff:7:: - - [26/Apr/2025:09:52:08 -0400] "GET / HTTP/1.1" 200 10868 "-" "facebookexternalhit/1.1 (+http://www.facebook.com/externalhit_uatext.php)"
2a03:2880:13ff:5:: - - [26/Apr/2025:09:52:08 -0400] "GET /bmc HTTP/1.1" 200 6271 "-" "facebookexternalhit/1.1 (+http://www.facebook.com/externalhit_uatext.php)"
2a03:2880:f800:d:: - - [26/Apr/2025:09:52:23 -0400] "GET /9-lucrative-business-ideas-in-nigeria-that-require-relatively-low-capital HTTP/1.1" 200 8648 "-" "meta-externalagent/1.1 (+https://developers.facebook.com/docs/sharing/webmasters/crawler)"
66.249.73.233 - - [26/Apr/2025:09:53:16 -0400] "GET /249506316.shtml HTTP/1.1" 404 3779 "-" "Mozilla/5.0 (Linux; Android 6.0.1; Nexus 5X Build/MMB29P) AppleWebKit/537.36 (KHTML, like Gecko) Chrome/135.0.7049.114 Mobile Safari/537.36 (compatible; Googlebot/2.1; +http://www.google.com/bot.html)"
66.249.73.233 - - [26/Apr/2025:09:53:29 -0400] "GET /86457697.shtml HTTP/1.1" 404 3773 "-" "Mozilla/5.0 (Linux; Android 6.0.1; Nexus 5X Build/MMB29P) AppleWebKit/537.36 (KHTML, like Gecko) Chrome/135.0.7049.114 Mobile Safari/537.36 (compatible; Googlebot/2.1; +http://www.google.com/bot.html)"
66.249.73.234 - - [26/Apr/2025:09:54:09 -0400] "GET /213943350.shtml HTTP/1.1" 404 3779 "-" "Mozilla/5.0 (Linux; Android 6.0.1; Nexus 5X Build/MMB29P) AppleWebKit/537.36 (KHTML, like Gecko) Chrome/135.0.7049.114 Mobile Safari/537.36 (compatible; Googlebot/2.1; +http://www.google.com/bot.html)"
51.222.253.1 - - [26/Apr/2025:09:54:20 -0400] "GET /category/app-website HTTP/1.1" 200 7603 "-" "Mozilla/5.0 (compatible; AhrefsBot/7.0; +http://ahrefs.com/robot/)"
66.249.73.234 - - [26/Apr/2025:09:54:20 -0400] "GET /359703475.shtml HTTP/1.1" 404 3778 "-" "Mozilla/5.0 (compatible; Googlebot/2.1; +http://www.google.com/bot.html)"
66.249.73.234 - - [26/Apr/2025:09:54:23 -0400] "GET /186710642.shtml HTTP/1.1" 404 3778 "-" "Mozilla/5.0 (Linux; Android 6.0.1; Nexus 5X Build/MMB29P) AppleWebKit/537.36 (KHTML, like Gecko) Chrome/135.0.7049.95 Mobile Safari/537.36 (compatible; Googlebot/2.1; +http://www.google.com/bot.html)"
66.249.73.234 - - [26/Apr/2025:09:55:15 -0400] "GET /44420011.shtml HTTP/1.1" 404 3776 "-" "Mozilla/5.0 (Linux; Android 6.0.1; Nexus 5X Build/MMB29P) AppleWebKit/537.36 (KHTML, like Gecko) Chrome/135.0.7049.95 Mobile Safari/537.36 (compatible; Googlebot/2.1; +http://www.google.com/bot.html)"
66.249.73.234 - - [26/Apr/2025:09:56:09 -0400] "GET /16723120.shtml HTTP/1.1" 404 3774 "-" "Mozilla/5.0 (Linux; Android 6.0.1; Nexus 5X Build/MMB29P) AppleWebKit/537.36 (KHTML, like Gecko) Chrome/135.0.7049.114 Mobile Safari/537.36 (compatible; Googlebot/2.1; +http://www.google.com/bot.html)"
66.249.73.233 - - [26/Apr/2025:09:57:01 -0400] "GET /pcmypage?callback=product/review/78232339 HTTP/1.1" 404 3766 "-" "Mozilla/5.0 (Linux; Android 6.0.1; Nexus 5X Build/MMB29P) AppleWebKit/537.36 (KHTML, like Gecko) Chrome/135.0.7049.114 Mobile Safari/537.36 (compatible; Googlebot/2.1; +http://www.google.com/bot.html)"
66.249.73.234 - - [26/Apr/2025:09:57:09 -0400] "GET /165064174.shtml HTTP/1.1" 404 3783 "-" "Mozilla/5.0 (Linux; Android 6.0.1; Nexus 5X Build/MMB29P) AppleWebKit/537.36 (KHTML, like Gecko) Chrome/135.0.7049.95 Mobile Safari/537.36 (compatible; Googlebot/2.1; +http://www.google.com/bot.html)"
66.249.73.233 - - [26/Apr/2025:09:57:58 -0400] "GET /12297586.shtml HTTP/1.1" 404 3777 "-" "Mozilla/5.0 (Linux; Android 6.0.1; Nexus 5X Build/MMB29P) AppleWebKit/537.36 (KHTML, like Gecko) Chrome/135.0.7049.114 Mobile Safari/537.36 (compatible; Googlebot/2.1; +http://www.google.com/bot.html)"
54.36.148.198 - - [26/Apr/2025:09:59:21 -0400] "GET /robots.txt HTTP/1.1" 200 24 "-" "Mozilla/5.0 (compatible; AhrefsBot/7.0; +http://ahrefs.com/robot/)"
51.222.253.9 - - [26/Apr/2025:09:59:22 -0400] "GET /how-to-manage-and-overcome-business-failures HTTP/1.1" 200 9215 "-" "Mozilla/5.0 (compatible; AhrefsBot/7.0; +http://ahrefs.com/robot/)"
66.249.73.234 - - [26/Apr/2025:10:01:11 -0400] "GET /48370743.shtml HTTP/1.1" 404 3776 "-" "Mozilla/5.0 (Linux; Android 6.0.1; Nexus 5X Build/MMB29P) AppleWebKit/537.36 (KHTML, like Gecko) Chrome/135.0.7049.114 Mobile Safari/537.36 (compatible; Googlebot/2.1; +http://www.google.com/bot.html)"
66.249.73.233 - - [26/Apr/2025:10:01:23 -0400] "GET /9468605.shtml HTTP/1.1" 404 3762 "-" "Mozilla/5.0 (Linux; Android 6.0.1; Nexus 5X Build/MMB29P) AppleWebKit/537.36 (KHTML, like Gecko) Chrome/135.0.7049.114 Mobile Safari/537.36 (compatible; Googlebot/2.1; +http://www.google.com/bot.html)"
66.249.73.233 - - [26/Apr/2025:10:01:39 -0400] "GET /62812860.shtml HTTP/1.1" 404 3771 "-" "Mozilla/5.0 (compatible; Googlebot/2.1; +http://www.google.com/bot.html)"
2a03:2880:3ff:8:: - - [26/Apr/2025:10:03:09 -0400] "GET /robots.txt HTTP/1.1" 200 24 "-" "facebookexternalhit/1.1 (+http://www.facebook.com/externalhit_uatext.php)"
66.249.73.234 - - [26/Apr/2025:10:03:10 -0400] "GET /safe_search/config?return_url=%2Fproduct%2Fdetail%2F08143499 HTTP/1.1" 404 3757 "-" "Mozilla/5.0 (Linux; Android 6.0.1; Nexus 5X Build/MMB29P) AppleWebKit/537.36 (KHTML, like Gecko) Chrome/135.0.7049.114 Mobile Safari/537.36 (compatible; Googlebot/2.1; +http://www.google.com/bot.html)"
66.249.73.233 - - [26/Apr/2025:10:03:22 -0400] "GET /380400403.shtml HTTP/1.1" 404 3776 "-" "Mozilla/5.0 (Linux; Android 6.0.1; Nexus 5X Build/MMB29P) AppleWebKit/537.36 (KHTML, like Gecko) Chrome/135.0.7049.95 Mobile Safari/537.36 (compatible; GoogleOther)"
66.249.73.235 - - [26/Apr/2025:10:04:17 -0400] "GET /zhHant/product/surugaya/74159923?campaign_uid=f64d716db5e979ed2f947dbaf4296895b951ae7f HTTP/1.1" 404 3780 "-" "Mozilla/5.0 (Linux; Android 6.0.1; Nexus 5X Build/MMB29P) AppleWebKit/537.36 (KHTML, like Gecko) Chrome/135.0.7049.95 Mobile Safari/537.36 (compatible; GoogleOther)"
51.222.253.1 - - [26/Apr/2025:10:04:50 -0400] "GET /category/youtube-channel HTTP/1.1" 200 5954 "-" "Mozilla/5.0 (compatible; AhrefsBot/7.0; +http://ahrefs.com/robot/)"
51.222.253.19 - - [26/Apr/2025:10:09:53 -0400] "GET /all-invest-in-skill HTTP/1.1" 200 6143 "-" "Mozilla/5.0 (compatible; AhrefsBot/7.0; +http://ahrefs.com/robot/)"
66.249.73.225 - - [26/Apr/2025:10:10:21 -0400] "GET /137154135.shtml HTTP/1.1" 404 3778 "-" "Mozilla/5.0 (Linux; Android 6.0.1; Nexus 5X Build/MMB29P) AppleWebKit/537.36 (KHTML, like Gecko) Chrome/135.0.7049.95 Mobile Safari/537.36 (compatible; Googlebot/2.1; +http://www.google.com/bot.html)"
66.249.73.225 - - [26/Apr/2025:10:12:03 -0400] "GET /52060737.shtml HTTP/1.1" 404 3772 "-" "Mozilla/5.0 (Linux; Android 6.0.1; Nexus 5X Build/MMB29P) AppleWebKit/537.36 (KHTML, like Gecko) Chrome/135.0.7049.95 Mobile Safari/537.36 (compatible; Googlebot/2.1; +http://www.google.com/bot.html)"
66.249.73.225 - - [26/Apr/2025:10:12:38 -0400] "GET /299799107.shtml HTTP/1.1" 404 3778 "-" "Mozilla/5.0 (compatible; Googlebot/2.1; +http://www.google.com/bot.html)"
66.249.73.225 - - [26/Apr/2025:10:14:10 -0400] "GET /47803856.shtml HTTP/1.1" 404 3776 "-" "Mozilla/5.0 (Linux; Android 6.0.1; Nexus 5X Build/MMB29P) AppleWebKit/537.36 (KHTML, like Gecko) Chrome/135.0.7049.114 Mobile Safari/537.36 (compatible; Googlebot/2.1; +http://www.google.com/bot.html)"
66.249.73.225 - - [26/Apr/2025:10:14:14 -0400] "GET /97421207.shtml HTTP/1.1" 404 3778 "-" "Mozilla/5.0 (Linux; Android 6.0.1; Nexus 5X Build/MMB29P) AppleWebKit/537.36 (KHTML, like Gecko) Chrome/135.0.7049.114 Mobile Safari/537.36 (compatible; Googlebot/2.1; +http://www.google.com/bot.html)"
66.249.73.225 - - [26/Apr/2025:10:14:15 -0400] "GET /254203899.shtml HTTP/1.1" 404 3781 "-" "Mozilla/5.0 (compatible; Googlebot/2.1; +http://www.google.com/bot.html)"
66.249.73.225 - - [26/Apr/2025:10:14:15 -0400] "GET /254203899.shtml HTTP/1.1" 404 3776 "-" "Mozilla/5.0 (Linux; Android 6.0.1; Nexus 5X Build/MMB29P) AppleWebKit/537.36 (KHTML, like Gecko) Chrome/135.0.7049.95 Mobile Safari/537.36 (compatible; Googlebot/2.1; +http://www.google.com/bot.html)"
66.249.73.225 - - [26/Apr/2025:10:14:37 -0400] "GET /pcmypage?callback=product%2Fdetail%2F65545872 HTTP/1.1" 404 3769 "-" "Mozilla/5.0 (Linux; Android 6.0.1; Nexus 5X Build/MMB29P) AppleWebKit/537.36 (KHTML, like Gecko) Chrome/135.0.7049.95 Mobile Safari/537.36 (compatible; GoogleOther)"
51.222.253.1 - - [26/Apr/2025:10:14:50 -0400] "GET /business/sky-way-logistics HTTP/1.1" 200 6718 "-" "Mozilla/5.0 (compatible; AhrefsBot/7.0; +http://ahrefs.com/robot/)"
108.181.92.67 - - [26/Apr/2025:10:15:49 -0400] "GET /wp-login.php HTTP/1.1" 404 3762 "http://flipbz.org" "Mozilla/5.0 (Macintosh; Intel Mac OS X 14_4_1) AppleWebKit/605.1.15 (KHTML, like Gecko) Version/17.3.1 Safari/605.1.15"
198.44.171.92 - - [26/Apr/2025:10:17:14 -0400] "GET / HTTP/1.1" 200 10868 "-" "Mozilla/5.0 (Windows NT 10.0; Win64; x64) AppleWebKit/537.36 (KHTML, like Gecko) Chrome/80.0.3987.149 Safari/537.36"
198.44.171.92 - - [26/Apr/2025:10:17:15 -0400] "GET //wp-includes/wlwmanifest.xml HTTP/1.1" 404 3764 "-" "Mozilla/5.0 (Windows NT 10.0; Win64; x64) AppleWebKit/537.36 (KHTML, like Gecko) Chrome/80.0.3987.149 Safari/537.36"
198.44.171.92 - - [26/Apr/2025:10:17:15 -0400] "GET / HTTP/1.1" 200 10868 "-" "Mozilla/5.0 (Windows NT 10.0; Win64; x64) AppleWebKit/537.36 (KHTML, like Gecko) Chrome/80.0.3987.149 Safari/537.36"
198.44.171.92 - - [26/Apr/2025:10:17:15 -0400] "GET //?author=1 HTTP/1.1" 200 10868 "-" "Mozilla/5.0 (Windows NT 10.0; Win64; x64) AppleWebKit/537.36 (KHTML, like Gecko) Chrome/80.0.3987.149 Safari/537.36"
198.44.171.92 - - [26/Apr/2025:10:17:15 -0400] "GET //?author=2 HTTP/1.1" 200 10868 "-" "Mozilla/5.0 (Windows NT 10.0; Win64; x64) AppleWebKit/537.36 (KHTML, like Gecko) Chrome/80.0.3987.149 Safari/537.36"
198.44.171.92 - - [26/Apr/2025:10:17:16 -0400] "GET //wp-json/wp/v2/users/ HTTP/1.1" 301 795 "-" "Mozilla/5.0 (Windows NT 10.0; Win64; x64) AppleWebKit/537.36 (KHTML, like Gecko) Chrome/80.0.3987.149 Safari/537.36"
198.44.171.92 - - [26/Apr/2025:10:17:16 -0400] "GET //wp-json/oembed/1.0/embed?url=https://flipbz.org/ HTTP/1.1" 404 3789 "-" "Mozilla/5.0 (Windows NT 10.0; Win64; x64) AppleWebKit/537.36 (KHTML, like Gecko) Chrome/80.0.3987.149 Safari/537.36"
47.106.201.134 - - [26/Apr/2025:10:17:19 -0400] "GET /wp-login.php HTTP/1.1" 404 3760 "http://flipbz.org/wp-login.php" "Mozilla/5.0 (X11; Fedora; Linux x86_64; rv:94.0) Gecko/20100101 Firefox/95.0"
47.106.201.134 - - [26/Apr/2025:10:17:21 -0400] "GET /wp-login.php HTTP/1.1" 404 3760 "-" "Mozilla/5.0 (X11; Fedora; Linux x86_64; rv:94.0) Gecko/20100101 Firefox/95.0"
47.106.201.134 - - [26/Apr/2025:10:17:22 -0400] "POST /wp-login.php HTTP/1.1" 405 56770 "-" "Mozilla/5.0 (X11; Fedora; Linux x86_64; rv:94.0) Gecko/20100101 Firefox/95.0"
66.249.73.227 - - [26/Apr/2025:10:18:06 -0400] "GET /156137970.shtml HTTP/1.1" 404 3778 "-" "Mozilla/5.0 (Linux; Android 6.0.1; Nexus 5X Build/MMB29P) AppleWebKit/537.36 (KHTML, like Gecko) Chrome/135.0.7049.114 Mobile Safari/537.36 (compatible; Googlebot/2.1; +http://www.google.com/bot.html)"
66.249.73.226 - - [26/Apr/2025:10:18:16 -0400] "GET /122716341.shtml HTTP/1.1" 404 3775 "-" "Mozilla/5.0 (Linux; Android 6.0.1; Nexus 5X Build/MMB29P) AppleWebKit/537.36 (KHTML, like Gecko) Chrome/135.0.7049.114 Mobile Safari/537.36 (compatible; Googlebot/2.1; +http://www.google.com/bot.html)"
66.249.73.225 - - [26/Apr/2025:10:19:00 -0400] "GET /10577688.shtml HTTP/1.1" 404 3775 "-" "Mozilla/5.0 (Linux; Android 6.0.1; Nexus 5X Build/MMB29P) AppleWebKit/537.36 (KHTML, like Gecko) Chrome/135.0.7049.114 Mobile Safari/537.36 (compatible; Googlebot/2.1; +http://www.google.com/bot.html)"
66.249.73.225 - - [26/Apr/2025:10:19:15 -0400] "GET /253911888.shtml HTTP/1.1" 404 3778 "-" "Mozilla/5.0 (Linux; Android 6.0.1; Nexus 5X Build/MMB29P) AppleWebKit/537.36 (KHTML, like Gecko) Chrome/135.0.7049.114 Mobile Safari/537.36 (compatible; Googlebot/2.1; +http://www.google.com/bot.html)"
66.249.73.225 - - [26/Apr/2025:10:19:22 -0400] "GET /324078952.shtml HTTP/1.1" 404 3776 "-" "Mozilla/5.0 (Linux; Android 6.0.1; Nexus 5X Build/MMB29P) AppleWebKit/537.36 (KHTML, like Gecko) Chrome/135.0.7049.114 Mobile Safari/537.36 (compatible; Googlebot/2.1; +http://www.google.com/bot.html)"
51.222.253.11 - - [26/Apr/2025:10:19:32 -0400] "GET /declining-wealth-a-deep-dive-into-the-piggyvest-report-on-nigerian-income-trends HTTP/1.1" 200 10423 "-" "Mozilla/5.0 (compatible; AhrefsBot/7.0; +http://ahrefs.com/robot/)"
66.249.73.226 - - [26/Apr/2025:10:20:06 -0400] "GET /314282575.shtml HTTP/1.1" 404 3777 "-" "Mozilla/5.0 (Linux; Android 6.0.1; Nexus 5X Build/MMB29P) AppleWebKit/537.36 (KHTML, like Gecko) Chrome/135.0.7049.95 Mobile Safari/537.36 (compatible; Googlebot/2.1; +http://www.google.com/bot.html)"
66.249.73.225 - - [26/Apr/2025:10:20:32 -0400] "GET /161795331.shtml HTTP/1.1" 404 3775 "-" "Mozilla/5.0 (Linux; Android 6.0.1; Nexus 5X Build/MMB29P) AppleWebKit/537.36 (KHTML, like Gecko) Chrome/135.0.7049.114 Mobile Safari/537.36 (compatible; Googlebot/2.1; +http://www.google.com/bot.html)"
66.249.73.225 - - [26/Apr/2025:10:20:57 -0400] "GET /pcmypage?callback=product%2Fdetail%2F79310882 HTTP/1.1" 404 3768 "-" "Mozilla/5.0 (Linux; Android 6.0.1; Nexus 5X Build/MMB29P) AppleWebKit/537.36 (KHTML, like Gecko) Chrome/135.0.7049.114 Mobile Safari/537.36 (compatible; Googlebot/2.1; +http://www.google.com/bot.html)"
66.249.73.226 - - [26/Apr/2025:10:21:12 -0400] "GET /172544816.shtml HTTP/1.1" 404 3782 "-" "Mozilla/5.0 (Linux; Android 6.0.1; Nexus 5X Build/MMB29P) AppleWebKit/537.36 (KHTML, like Gecko) Chrome/135.0.7049.95 Mobile Safari/537.36 (compatible; Googlebot/2.1; +http://www.google.com/bot.html)"
66.249.73.225 - - [26/Apr/2025:10:21:46 -0400] "GET /zhHant/product/surugaya/53573641?campaign_uid=f64d716db5e979ed2f947dbaf4296895b951ae7f HTTP/1.1" 404 3780 "-" "Mozilla/5.0 (Linux; Android 6.0.1; Nexus 5X Build/MMB29P) AppleWebKit/537.36 (KHTML, like Gecko) Chrome/135.0.7049.95 Mobile Safari/537.36 (compatible; GoogleOther)"
185.222.163.90 - - [26/Apr/2025:10:22:59 -0400] "GET /wp-login.php HTTP/1.1" 404 3762 "http://flipbz.org" "Mozilla/5.0 (Windows NT 10.0; Win64; x64) AppleWebKit/537.36 (KHTML, like Gecko) Chrome/112.0.5615.138 Safari/537.36 Edg/112.0.1722.68"
66.249.73.235 - - [26/Apr/2025:10:23:58 -0400] "GET /253120643.shtml HTTP/1.1" 404 3776 "-" "Mozilla/5.0 (Linux; Android 6.0.1; Nexus 5X Build/MMB29P) AppleWebKit/537.36 (KHTML, like Gecko) Chrome/135.0.7049.114 Mobile Safari/537.36 (compatible; Googlebot/2.1; +http://www.google.com/bot.html)"
66.249.73.234 - - [26/Apr/2025:10:24:37 -0400] "GET /257682449.shtml HTTP/1.1" 404 3776 "-" "Mozilla/5.0 (compatible; Googlebot/2.1; +http://www.google.com/bot.html)"
51.222.253.12 - - [26/Apr/2025:10:24:54 -0400] "GET /despite-backlash-tinubu-insists-on-task-reform-bill HTTP/1.1" 200 8751 "-" "Mozilla/5.0 (compatible; AhrefsBot/7.0; +http://ahrefs.com/robot/)"
66.249.73.234 - - [26/Apr/2025:10:25:53 -0400] "GET /337518891.shtml HTTP/1.1" 404 3781 "-" "Mozilla/5.0 (Linux; Android 6.0.1; Nexus 5X Build/MMB29P) AppleWebKit/537.36 (KHTML, like Gecko) Chrome/135.0.7049.95 Mobile Safari/537.36 (compatible; GoogleOther)"
66.249.73.234 - - [26/Apr/2025:10:26:01 -0400] "GET /55221046.shtml HTTP/1.1" 404 3774 "-" "Mozilla/5.0 (Linux; Android 6.0.1; Nexus 5X Build/MMB29P) AppleWebKit/537.36 (KHTML, like Gecko) Chrome/135.0.7049.114 Mobile Safari/537.36 (compatible; Googlebot/2.1; +http://www.google.com/bot.html)"
66.249.73.128 - - [26/Apr/2025:10:27:06 -0400] "GET /register HTTP/1.1" 200 4968 "-" "Mozilla/5.0 (Linux; Android 6.0.1; Nexus 5X Build/MMB29P) AppleWebKit/537.36 (KHTML, like Gecko) Chrome/135.0.7049.95 Mobile Safari/537.36 (compatible; Googlebot/2.1; +http://www.google.com/bot.html)"
66.249.73.234 - - [26/Apr/2025:10:29:16 -0400] "GET /254710036.shtml HTTP/1.1" 404 3779 "-" "Mozilla/5.0 (compatible; Googlebot/2.1; +http://www.google.com/bot.html)"
51.222.253.5 - - [26/Apr/2025:10:29:40 -0400] "GET /9-lucrative-business-ideas-in-nigeria-that-require-relatively-low-capital HTTP/1.1" 200 8624 "-" "Mozilla/5.0 (compatible; AhrefsBot/7.0; +http://ahrefs.com/robot/)"
66.249.73.233 - - [26/Apr/2025:10:29:57 -0400] "GET /53675817.shtml HTTP/1.1" 404 3774 "-" "Mozilla/5.0 (Linux; Android 6.0.1; Nexus 5X Build/MMB29P) AppleWebKit/537.36 (KHTML, like Gecko) Chrome/135.0.7049.114 Mobile Safari/537.36 (compatible; Googlebot/2.1; +http://www.google.com/bot.html)"
103.179.190.244 - - [26/Apr/2025:10:30:12 -0400] "GET /wp-login.php HTTP/1.1" 404 3762 "http://flipbz.org" "Mozilla/5.0 (Macintosh; Intel Mac OS X 10.15; rv:126.0) Gecko/20100101 Firefox/126.0"
66.249.73.233 - - [26/Apr/2025:10:30:48 -0400] "GET /248110564.shtml HTTP/1.1" 404 3777 "-" "Mozilla/5.0 (Linux; Android 6.0.1; Nexus 5X Build/MMB29P) AppleWebKit/537.36 (KHTML, like Gecko) Chrome/135.0.7049.114 Mobile Safari/537.36 (compatible; Googlebot/2.1; +http://www.google.com/bot.html)"
66.249.73.233 - - [26/Apr/2025:10:30:58 -0400] "GET /142973553.shtml HTTP/1.1" 404 3776 "-" "Mozilla/5.0 (Linux; Android 6.0.1; Nexus 5X Build/MMB29P) AppleWebKit/537.36 (KHTML, like Gecko) Chrome/135.0.7049.114 Mobile Safari/537.36 (compatible; Googlebot/2.1; +http://www.google.com/bot.html)"
66.249.73.233 - - [26/Apr/2025:10:31:29 -0400] "GET /729160.shtml HTTP/1.1" 404 3766 "-" "Mozilla/5.0 (Linux; Android 6.0.1; Nexus 5X Build/MMB29P) AppleWebKit/537.36 (KHTML, like Gecko) Chrome/135.0.7049.114 Mobile Safari/537.36 (compatible; Googlebot/2.1; +http://www.google.com/bot.html)"
66.249.73.234 - - [26/Apr/2025:10:32:10 -0400] "GET /308514922.shtml HTTP/1.1" 404 3779 "-" "Mozilla/5.0 (Linux; Android 6.0.1; Nexus 5X Build/MMB29P) AppleWebKit/537.36 (KHTML, like Gecko) Chrome/135.0.7049.114 Mobile Safari/537.36 (compatible; Googlebot/2.1; +http://www.google.com/bot.html)"
66.249.73.233 - - [26/Apr/2025:10:32:47 -0400] "GET /147075489.shtml HTTP/1.1" 404 3777 "-" "Mozilla/5.0 (Linux; Android 6.0.1; Nexus 5X Build/MMB29P) AppleWebKit/537.36 (KHTML, like Gecko) Chrome/135.0.7049.114 Mobile Safari/537.36 (compatible; Googlebot/2.1; +http://www.google.com/bot.html)"
66.249.73.233 - - [26/Apr/2025:10:33:19 -0400] "GET / HTTP/1.1" 200 10867 "-" "Mozilla/5.0 (compatible; Googlebot/2.1; +http://www.google.com/bot.html)"
47.128.37.4 - - [26/Apr/2025:10:33:25 -0400] "GET /broker/youtube-channel-request/1 HTTP/1.1" 302 168 "-" "Mozilla/5.0 (Linux; Android 5.0) AppleWebKit/537.36 (KHTML, like Gecko) Mobile Safari/537.36 (compatible; Bytespider; spider-feedback@bytedance.com)"
47.128.37.4 - - [26/Apr/2025:10:33:25 -0400] "GET /login HTTP/1.1" 200 4691 "-" "Mozilla/5.0 (Linux; Android 5.0) AppleWebKit/537.36 (KHTML, like Gecko) Mobile Safari/537.36 (compatible; Bytespider; spider-feedback@bytedance.com)"
105.112.204.47 - - [26/Apr/2025:10:34:28 -0400] "GET / HTTP/1.1" 200 10893 "-" "Mozilla/5.0 (Windows NT 10.0; Win64; x64) AppleWebKit/537.36 (KHTML, like Gecko) Chrome/135.0.0.0 Safari/537.36"
105.112.204.47 - - [26/Apr/2025:10:34:30 -0400] "GET /businesslistings HTTP/1.1" 200 0 "-" "Mozilla/5.0 (Windows NT 10.0; Win64; x64) AppleWebKit/537.36 (KHTML, like Gecko) Chrome/135.0.0.0 Safari/537.36"
51.222.253.18 - - [26/Apr/2025:10:34:33 -0400] "GET /saas/trentra-ai HTTP/1.1" 200 5692 "-" "Mozilla/5.0 (compatible; AhrefsBot/7.0; +http://ahrefs.com/robot/)"
105.112.204.47 - - [26/Apr/2025:10:35:01 -0400] "GET /businesslistings HTTP/1.1" 200 8197 "-" "Mozilla/5.0 (Windows NT 10.0; Win64; x64) AppleWebKit/537.36 (KHTML, like Gecko) Chrome/135.0.0.0 Safari/537.36"
105.112.204.47 - - [26/Apr/2025:10:35:36 -0400] "GET /businesslistings HTTP/1.1" 500 61452 "-" "Mozilla/5.0 (Windows NT 10.0; Win64; x64) AppleWebKit/537.36 (KHTML, like Gecko) Chrome/135.0.0.0 Safari/537.36"
105.112.204.47 - - [26/Apr/2025:10:35:47 -0400] "GET /businesslistings HTTP/1.1" 500 61488 "-" "Mozilla/5.0 (Windows NT 10.0; Win64; x64) AppleWebKit/537.36 (KHTML, like Gecko) Chrome/135.0.0.0 Safari/537.36"
105.112.204.47 - - [26/Apr/2025:10:35:56 -0400] "GET /businesslistings HTTP/1.1" 200 8197 "-" "Mozilla/5.0 (Windows NT 10.0; Win64; x64) AppleWebKit/537.36 (KHTML, like Gecko) Chrome/135.0.0.0 Safari/537.36"
105.112.204.47 - - [26/Apr/2025:10:36:22 -0400] "GET /businesslistings HTTP/1.1" 200 4038 "-" "Mozilla/5.0 (Windows NT 10.0; Win64; x64) AppleWebKit/537.36 (KHTML, like Gecko) Chrome/135.0.0.0 Safari/537.36"
105.112.204.47 - - [26/Apr/2025:10:36:42 -0400] "GET /businesslistings HTTP/1.1" 200 3923 "-" "Mozilla/5.0 (Windows NT 10.0; Win64; x64) AppleWebKit/537.36 (KHTML, like Gecko) Chrome/135.0.0.0 Safari/537.36"
105.112.204.47 - - [26/Apr/2025:10:36:55 -0400] "GET /businesslistings HTTP/1.1" 200 3818 "-" "Mozilla/5.0 (Windows NT 10.0; Win64; x64) AppleWebKit/537.36 (KHTML, like Gecko) Chrome/135.0.0.0 Safari/537.36"
66.249.73.235 - - [26/Apr/2025:10:37:07 -0400] "GET /7595179.shtml HTTP/1.1" 404 3768 "-" "Mozilla/5.0 (Linux; Android 6.0.1; Nexus 5X Build/MMB29P) AppleWebKit/537.36 (KHTML, like Gecko) Chrome/135.0.7049.95 Mobile Safari/537.36 (compatible; GoogleOther)"
199.188.201.234 - - [26/Apr/2025:10:37:32 -0400] "GET /wp-login.php HTTP/1.1" 404 3760 "http://flipbz.org" "Mozilla/5.0 (Windows NT 10.0; Win64; x64; rv:125.0.1) Gecko/20100101 Firefox/125.0.1"
105.112.204.47 - - [26/Apr/2025:10:37:32 -0400] "GET /businesslistings HTTP/1.1" 200 3816 "-" "Mozilla/5.0 (Windows NT 10.0; Win64; x64) AppleWebKit/537.36 (KHTML, like Gecko) Chrome/135.0.0.0 Safari/537.36"
51.222.253.14 - - [26/Apr/2025:10:38:48 -0400] "GET /declining-wealth-a-deep-dive-into-the-piggyvest-report-on-nigerian-income-trends HTTP/1.1" 200 10350 "-" "Mozilla/5.0 (compatible; AhrefsBot/7.0; +http://ahrefs.com/robot/)"
66.249.73.234 - - [26/Apr/2025:10:39:21 -0400] "GET /zhHant/product/surugaya/06393182?campaign_uid=f64d716db5e979ed2f947dbaf4296895b951ae7f HTTP/1.1" 404 3779 "-" "Mozilla/5.0 (Linux; Android 6.0.1; Nexus 5X Build/MMB29P) AppleWebKit/537.36 (KHTML, like Gecko) Chrome/135.0.7049.95 Mobile Safari/537.36 (compatible; GoogleOther)"
66.249.73.233 - - [26/Apr/2025:10:42:27 -0400] "GET /96154254.shtml HTTP/1.1" 404 3778 "-" "Mozilla/5.0 (Linux; Android 6.0.1; Nexus 5X Build/MMB29P) AppleWebKit/537.36 (KHTML, like Gecko) Chrome/135.0.7049.114 Mobile Safari/537.36 (compatible; Googlebot/2.1; +http://www.google.com/bot.html)"
105.112.204.47 - - [26/Apr/2025:10:42:58 -0400] "GET /businesslistings HTTP/1.1" 200 5042 "-" "Mozilla/5.0 (Windows NT 10.0; Win64; x64) AppleWebKit/537.36 (KHTML, like Gecko) Chrome/135.0.0.0 Safari/537.36"
66.249.73.233 - - [26/Apr/2025:10:43:10 -0400] "GET /233434767.shtml HTTP/1.1" 404 3772 "-" "Mozilla/5.0 (Linux; Android 6.0.1; Nexus 5X Build/MMB29P) AppleWebKit/537.36 (KHTML, like Gecko) Chrome/135.0.7049.114 Mobile Safari/537.36 (compatible; Googlebot/2.1; +http://www.google.com/bot.html)"
51.222.253.10 - - [26/Apr/2025:10:43:30 -0400] "GET /bfd-coin-is-listing-on-oct-1st-how-to-be-eligible-for-the-airdrop HTTP/1.1" 200 8812 "-" "Mozilla/5.0 (compatible; AhrefsBot/7.0; +http://ahrefs.com/robot/)"
105.112.204.47 - - [26/Apr/2025:10:43:48 -0400] "GET /businesslistings HTTP/1.1" 200 5083 "-" "Mozilla/5.0 (Windows NT 10.0; Win64; x64) AppleWebKit/537.36 (KHTML, like Gecko) Chrome/135.0.0.0 Safari/537.36"
47.128.44.251 - - [26/Apr/2025:10:44:33 -0400] "GET /top-angel-investors-to-watch-in-2025 HTTP/1.1" 200 9651 "-" "Mozilla/5.0 (Linux; Android 5.0) AppleWebKit/537.36 (KHTML, like Gecko) Mobile Safari/537.36 (compatible; Bytespider; spider-feedback@bytedance.com)"
198.54.120.46 - - [26/Apr/2025:10:44:56 -0400] "GET /wp-login.php HTTP/1.1" 404 3758 "http://flipbz.org" "Mozilla/5.0 (Macintosh; Intel Mac OS X 14_4_1) AppleWebKit/605.1.15 (KHTML, like Gecko) Version/17.3.1 Safari/605.1.15"
105.112.204.47 - - [26/Apr/2025:10:45:06 -0400] "GET /businesslistings HTTP/1.1" 200 5083 "-" "Mozilla/5.0 (Windows NT 10.0; Win64; x64) AppleWebKit/537.36 (KHTML, like Gecko) Chrome/135.0.0.0 Safari/537.36"
3.94.199.128 - - [26/Apr/2025:10:45:17 -0400] "GET /business-property HTTP/1.1" 200 5076 "-" "Mozilla/5.0 AppleWebKit/537.36 (KHTML, like Gecko; compatible; Amazonbot/0.1; +https://developer.amazon.com/support/amazonbot) Chrome/119.0.6045.214 Safari/537.36"
66.249.73.235 - - [26/Apr/2025:10:47:38 -0400] "GET /125436759.shtml HTTP/1.1" 404 3779 "-" "Mozilla/5.0 (Linux; Android 6.0.1; Nexus 5X Build/MMB29P) AppleWebKit/537.36 (KHTML, like Gecko) Chrome/135.0.7049.95 Mobile Safari/537.36 (compatible; GoogleOther)"
66.249.73.233 - - [26/Apr/2025:10:47:47 -0400] "GET /304984772.shtml HTTP/1.1" 404 3778 "-" "Mozilla/5.0 (Linux; Android 6.0.1; Nexus 5X Build/MMB29P) AppleWebKit/537.36 (KHTML, like Gecko) Chrome/135.0.7049.114 Mobile Safari/537.36 (compatible; Googlebot/2.1; +http://www.google.com/bot.html)"
66.249.73.234 - - [26/Apr/2025:10:48:19 -0400] "GET /303442704.shtml HTTP/1.1" 404 3777 "-" "Mozilla/5.0 (Linux; Android 6.0.1; Nexus 5X Build/MMB29P) AppleWebKit/537.36 (KHTML, like Gecko) Chrome/135.0.7049.95 Mobile Safari/537.36 (compatible; Googlebot/2.1; +http://www.google.com/bot.html)"
51.222.253.17 - - [26/Apr/2025:10:48:24 -0400] "GET /despite-backlash-tinubu-insists-on-task-reform-bill HTTP/1.1" 200 8684 "-" "Mozilla/5.0 (compatible; AhrefsBot/7.0; +http://ahrefs.com/robot/)"
66.249.73.234 - - [26/Apr/2025:10:48:26 -0400] "GET /91918230.shtml HTTP/1.1" 404 3772 "-" "Mozilla/5.0 (Linux; Android 6.0.1; Nexus 5X Build/MMB29P) AppleWebKit/537.36 (KHTML, like Gecko) Chrome/135.0.7049.114 Mobile Safari/537.36 (compatible; Googlebot/2.1; +http://www.google.com/bot.html)"
66.249.73.233 - - [26/Apr/2025:10:48:58 -0400] "GET /27139608.shtml HTTP/1.1" 404 3773 "-" "Mozilla/5.0 (Linux; Android 6.0.1; Nexus 5X Build/MMB29P) AppleWebKit/537.36 (KHTML, like Gecko) Chrome/135.0.7049.114 Mobile Safari/537.36 (compatible; Googlebot/2.1; +http://www.google.com/bot.html)"
66.249.73.235 - - [26/Apr/2025:10:51:15 -0400] "GET /242662261.shtml HTTP/1.1" 404 3776 "-" "Mozilla/5.0 (compatible; Googlebot/2.1; +http://www.google.com/bot.html)"
66.249.73.233 - - [26/Apr/2025:10:51:52 -0400] "GET /367048569.shtml HTTP/1.1" 404 3780 "-" "Mozilla/5.0 (compatible; Googlebot/2.1; +http://www.google.com/bot.html)"
133.242.131.226 - - [26/Apr/2025:10:52:14 -0400] "GET /wp-login.php HTTP/1.1" 404 3763 "http://flipbz.org" "Mozilla/5.0 (Windows NT 10.0; Win64; x64; rv:125.0.1) Gecko/20100101 Firefox/125.0.1"
66.249.73.226 - - [26/Apr/2025:10:53:27 -0400] "GET /282127823.shtml HTTP/1.1" 404 3777 "-" "Mozilla/5.0 (Linux; Android 6.0.1; Nexus 5X Build/MMB29P) AppleWebKit/537.36 (KHTML, like Gecko) Chrome/135.0.7049.114 Mobile Safari/537.36 (compatible; Googlebot/2.1; +http://www.google.com/bot.html)"
66.249.73.226 - - [26/Apr/2025:10:53:40 -0400] "GET /161223450.shtml HTTP/1.1" 404 3781 "-" "Mozilla/5.0 (Linux; Android 6.0.1; Nexus 5X Build/MMB29P) AppleWebKit/537.36 (KHTML, like Gecko) Chrome/135.0.7049.95 Mobile Safari/537.36 (compatible; GoogleOther)"
51.222.253.4 - - [26/Apr/2025:10:53:42 -0400] "GET /category/domain-names HTTP/1.1" 200 6251 "-" "Mozilla/5.0 (compatible; AhrefsBot/7.0; +http://ahrefs.com/robot/)"
85.208.96.210 - - [26/Apr/2025:10:54:17 -0400] "GET /robots.txt HTTP/1.1" 304 0 "-" "Mozilla/5.0 (compatible; SemrushBot/7~bl; +http://www.semrush.com/bot.html)"
85.208.96.204 - - [26/Apr/2025:10:54:17 -0400] "GET /unlock-your-business-potential-with-flipbz HTTP/1.1" 200 8599 "-" "Mozilla/5.0 (compatible; SemrushBot/7~bl; +http://www.semrush.com/bot.html)"
66.249.73.226 - - [26/Apr/2025:10:55:41 -0400] "GET /pcmypage?callback=product/review/06441103 HTTP/1.1" 404 3771 "-" "Mozilla/5.0 (Linux; Android 6.0.1; Nexus 5X Build/MMB29P) AppleWebKit/537.36 (KHTML, like Gecko) Chrome/135.0.7049.95 Mobile Safari/537.36 (compatible; GoogleOther)"
66.249.73.227 - - [26/Apr/2025:10:56:58 -0400] "GET /106232063.shtml HTTP/1.1" 404 3774 "-" "Mozilla/5.0 (compatible; Googlebot/2.1; +http://www.google.com/bot.html)"
66.249.73.225 - - [26/Apr/2025:10:57:01 -0400] "GET /387732310.shtml HTTP/1.1" 404 3779 "-" "Mozilla/5.0 (Linux; Android 6.0.1; Nexus 5X Build/MMB29P) AppleWebKit/537.36 (KHTML, like Gecko) Chrome/135.0.7049.95 Mobile Safari/537.36 (compatible; Googlebot/2.1; +http://www.google.com/bot.html)"
66.249.73.226 - - [26/Apr/2025:10:58:41 -0400] "GET /266035373.shtml HTTP/1.1" 404 3782 "-" "Mozilla/5.0 (compatible; Googlebot/2.1; +http://www.google.com/bot.html)"
51.222.253.10 - - [26/Apr/2025:10:58:41 -0400] "GET /9-lucrative-business-ideas-in-nigeria-that-require-relatively-low-capital HTTP/1.1" 200 8713 "-" "Mozilla/5.0 (compatible; AhrefsBot/7.0; +http://ahrefs.com/robot/)"
164.92.175.159 - - [26/Apr/2025:10:59:33 -0400] "GET /wp-login.php HTTP/1.1" 404 3762 "http://flipbz.org" "Mozilla/5.0 (Macintosh; Intel Mac OS X 13_3) AppleWebKit/537.36 (KHTML, like Gecko) Chrome/126.0.0.0 Safari/537.36 Edg/126.0.0.0"
66.249.73.233 - - [26/Apr/2025:11:04:07 -0400] "GET /154153309.shtml HTTP/1.1" 404 3781 "-" "Mozilla/5.0 (compatible; Googlebot/2.1; +http://www.google.com/bot.html)"
66.249.73.234 - - [26/Apr/2025:11:04:10 -0400] "GET /328791287.shtml HTTP/1.1" 404 3782 "-" "Mozilla/5.0 (Linux; Android 6.0.1; Nexus 5X Build/MMB29P) AppleWebKit/537.36 (KHTML, like Gecko) Chrome/135.0.7049.114 Mobile Safari/537.36 (compatible; Googlebot/2.1; +http://www.google.com/bot.html)"
51.222.253.19 - - [26/Apr/2025:11:04:13 -0400] "GET /the-morning-mastery-method-design-your-perfect-routine-for-a-productive-and-fulfilling-day-in-2025 HTTP/1.1" 200 10305 "-" "Mozilla/5.0 (compatible; AhrefsBot/7.0; +http://ahrefs.com/robot/)"
152.53.225.138 - - [26/Apr/2025:11:04:34 -0400] "GET /wp-content/plugins/HelloDollyV2/hello_dolly_v2.php HTTP/1.1" 404 3778 "www.google.com" "Mozlila/5.0 (Linux; Android 7.0; SM-G892A Bulid/NRD90M; wv) AppleWebKit/537.36 (KHTML, like Gecko) Version/4.0 Chrome/60.0.3112.107 Moblie Safari/537.36"
66.249.73.234 - - [26/Apr/2025:11:04:46 -0400] "GET /91809189.shtml HTTP/1.1" 404 3774 "-" "Mozilla/5.0 (compatible; Googlebot/2.1; +http://www.google.com/bot.html)"
66.249.73.233 - - [26/Apr/2025:11:05:11 -0400] "GET /230795007.shtml HTTP/1.1" 404 3774 "-" "Mozilla/5.0 (Linux; Android 6.0.1; Nexus 5X Build/MMB29P) AppleWebKit/537.36 (KHTML, like Gecko) Chrome/135.0.7049.95 Mobile Safari/537.36 (compatible; Googlebot/2.1; +http://www.google.com/bot.html)"
66.249.73.233 - - [26/Apr/2025:11:05:26 -0400] "GET /254402751.shtml HTTP/1.1" 404 3777 "-" "Mozilla/5.0 (compatible; Googlebot/2.1; +http://www.google.com/bot.html)"
66.249.73.234 - - [26/Apr/2025:11:07:44 -0400] "GET /264811889.shtml HTTP/1.1" 404 3779 "-" "Mozilla/5.0 (Linux; Android 6.0.1; Nexus 5X Build/MMB29P) AppleWebKit/537.36 (KHTML, like Gecko) Chrome/135.0.7049.95 Mobile Safari/537.36 (compatible; Googlebot/2.1; +http://www.google.com/bot.html)"
66.249.73.233 - - [26/Apr/2025:11:07:46 -0400] "GET /264811889.shtml HTTP/1.1" 404 3781 "-" "Mozilla/5.0 (compatible; Googlebot/2.1; +http://www.google.com/bot.html)"
66.249.73.227 - - [26/Apr/2025:11:09:12 -0400] "GET /212770065.shtml HTTP/1.1" 404 3776 "-" "Mozilla/5.0 (Linux; Android 6.0.1; Nexus 5X Build/MMB29P) AppleWebKit/537.36 (KHTML, like Gecko) Chrome/135.0.7049.114 Mobile Safari/537.36 (compatible; Googlebot/2.1; +http://www.google.com/bot.html)"
105.112.204.47 - - [26/Apr/2025:11:09:13 -0400] "GET /businesslistings HTTP/1.1" 200 6274 "-" "Mozilla/5.0 (Windows NT 10.0; Win64; x64) AppleWebKit/537.36 (KHTML, like Gecko) Chrome/135.0.0.0 Safari/537.36"
51.222.253.10 - - [26/Apr/2025:11:09:18 -0400] "GET /navigating-the-yuletide-business-landscape-challenges-and-solutions-for-modern-enterprises HTTP/1.1" 200 10746 "-" "Mozilla/5.0 (compatible; AhrefsBot/7.0; +http://ahrefs.com/robot/)"
