D7net
Home
Console
Upload
information
Create File
Create Folder
About
Tools
:
/
home
/
probwael
/
access-logs
/
Filename :
flipbz.org.problemfix.org-ssl_log
back
Copy
66.249.73.233 - - [26/Apr/2025:08:08:40 -0400] "GET /zhHant/product/surugaya/46511591?campaign_uid=f64d716db5e979ed2f947dbaf4296895b951ae7f HTTP/1.1" 404 3779 "-" "Mozilla/5.0 (Linux; Android 6.0.1; Nexus 5X Build/MMB29P) AppleWebKit/537.36 (KHTML, like Gecko) Chrome/135.0.7049.95 Mobile Safari/537.36 (compatible; GoogleOther)"
66.249.73.225 - - [26/Apr/2025:08:08:59 -0400] "GET /5597301.shtml HTTP/1.1" 404 3763 "-" "Mozilla/5.0 (Linux; Android 6.0.1; Nexus 5X Build/MMB29P) AppleWebKit/537.36 (KHTML, like Gecko) Chrome/135.0.7049.95 Mobile Safari/537.36 (compatible; GoogleOther)"
66.249.73.225 - - [26/Apr/2025:08:09:01 -0400] "GET /49131751.shtml HTTP/1.1" 404 3775 "-" "Mozilla/5.0 (compatible; Googlebot/2.1; +http://www.google.com/bot.html)"
66.249.73.225 - - [26/Apr/2025:08:09:28 -0400] "GET /73343602.shtml HTTP/1.1" 404 3773 "-" "Mozilla/5.0 (compatible; Googlebot/2.1; +http://www.google.com/bot.html)"
105.112.201.232 - - [26/Apr/2025:08:09:34 -0400] "GET /businessupdate HTTP/1.1" 200 4972 "-" "Mozilla/5.0 (Windows NT 10.0; Win64; x64) AppleWebKit/537.36 (KHTML, like Gecko) Chrome/135.0.0.0 Safari/537.36"
3.214.176.44 - - [26/Apr/2025:08:11:43 -0400] "GET /business-branding HTTP/1.1" 200 5174 "-" "Mozilla/5.0 AppleWebKit/537.36 (KHTML, like Gecko; compatible; Amazonbot/0.1; +https://developer.amazon.com/support/amazonbot) Chrome/119.0.6045.214 Safari/537.36"
3.213.85.234 - - [26/Apr/2025:08:11:49 -0400] "GET /creative-training HTTP/1.1" 200 4465 "-" "Mozilla/5.0 AppleWebKit/537.36 (KHTML, like Gecko; compatible; Amazonbot/0.1; +https://developer.amazon.com/support/amazonbot) Chrome/119.0.6045.214 Safari/537.36"
34.194.226.74 - - [26/Apr/2025:08:11:53 -0400] "GET /listing/11 HTTP/1.1" 404 3764 "-" "Mozilla/5.0 AppleWebKit/537.36 (KHTML, like Gecko; compatible; Amazonbot/0.1; +https://developer.amazon.com/support/amazonbot) Chrome/119.0.6045.214 Safari/537.36"
66.249.73.227 - - [26/Apr/2025:08:11:56 -0400] "GET /244084816.shtml HTTP/1.1" 404 3779 "-" "Mozilla/5.0 (Linux; Android 6.0.1; Nexus 5X Build/MMB29P) AppleWebKit/537.36 (KHTML, like Gecko) Chrome/135.0.7049.95 Mobile Safari/537.36 (compatible; Googlebot/2.1; +http://www.google.com/bot.html)"
66.249.73.226 - - [26/Apr/2025:08:11:57 -0400] "GET /244084816.shtml HTTP/1.1" 404 3777 "-" "Mozilla/5.0 (compatible; Googlebot/2.1; +http://www.google.com/bot.html)"
66.249.73.225 - - [26/Apr/2025:08:13:53 -0400] "GET /4039484.shtml HTTP/1.1" 404 3765 "-" "Mozilla/5.0 (Linux; Android 6.0.1; Nexus 5X Build/MMB29P) AppleWebKit/537.36 (KHTML, like Gecko) Chrome/135.0.7049.95 Mobile Safari/537.36 (compatible; GoogleOther)"
66.249.73.225 - - [26/Apr/2025:08:13:57 -0400] "GET /42129790.shtml HTTP/1.1" 404 3775 "-" "Mozilla/5.0 (Linux; Android 6.0.1; Nexus 5X Build/MMB29P) AppleWebKit/537.36 (KHTML, like Gecko) Chrome/135.0.7049.114 Mobile Safari/537.36 (compatible; Googlebot/2.1; +http://www.google.com/bot.html)"
66.249.73.225 - - [26/Apr/2025:08:14:15 -0400] "GET /287154979.shtml HTTP/1.1" 404 3779 "-" "Mozilla/5.0 (Linux; Android 6.0.1; Nexus 5X Build/MMB29P) AppleWebKit/537.36 (KHTML, like Gecko) Chrome/135.0.7049.114 Mobile Safari/537.36 (compatible; Googlebot/2.1; +http://www.google.com/bot.html)"
66.249.73.226 - - [26/Apr/2025:08:16:09 -0400] "GET /300334489.shtml HTTP/1.1" 404 3777 "-" "Mozilla/5.0 (Linux; Android 6.0.1; Nexus 5X Build/MMB29P) AppleWebKit/537.36 (KHTML, like Gecko) Chrome/135.0.7049.95 Mobile Safari/537.36 (compatible; Googlebot/2.1; +http://www.google.com/bot.html)"
66.249.73.225 - - [26/Apr/2025:08:16:21 -0400] "GET /86827297.shtml HTTP/1.1" 404 3774 "-" "Mozilla/5.0 (Linux; Android 6.0.1; Nexus 5X Build/MMB29P) AppleWebKit/537.36 (KHTML, like Gecko) Chrome/135.0.7049.95 Mobile Safari/537.36 (compatible; Googlebot/2.1; +http://www.google.com/bot.html)"
66.249.73.226 - - [26/Apr/2025:08:16:22 -0400] "GET /86827297.shtml HTTP/1.1" 404 3771 "-" "Mozilla/5.0 (compatible; Googlebot/2.1; +http://www.google.com/bot.html)"
2602:ffe4:8:1001::5 - - [26/Apr/2025:08:16:27 -0400] "GET /storage/skill_images/xkkhNXU7YeKcdbLSPUQkHoWGAmGw6Hho1vug3a2M.jpg HTTP/1.1" 200 1659619 "-" "Mozilla/5.0 (Linux; Android 5.0) AppleWebKit/537.36 (KHTML, like Gecko) Mobile Safari/537.36 (compatible; Bytespider; spider-feedback@bytedance.com)"
66.249.73.225 - - [26/Apr/2025:08:16:55 -0400] "GET /293971211.shtml HTTP/1.1" 404 3778 "-" "Mozilla/5.0 (Linux; Android 6.0.1; Nexus 5X Build/MMB29P) AppleWebKit/537.36 (KHTML, like Gecko) Chrome/135.0.7049.95 Mobile Safari/537.36 (compatible; GoogleOther)"
66.249.73.225 - - [26/Apr/2025:08:16:57 -0400] "GET /350424593.shtml HTTP/1.1" 404 3777 "-" "Mozilla/5.0 (Linux; Android 6.0.1; Nexus 5X Build/MMB29P) AppleWebKit/537.36 (KHTML, like Gecko) Chrome/135.0.7049.95 Mobile Safari/537.36 (compatible; GoogleOther)"
66.249.73.226 - - [26/Apr/2025:08:17:02 -0400] "GET /221871311.shtml HTTP/1.1" 404 3777 "-" "Mozilla/5.0 (compatible; Googlebot/2.1; +http://www.google.com/bot.html)"
66.249.73.227 - - [26/Apr/2025:08:17:03 -0400] "GET /221871311.shtml HTTP/1.1" 404 3781 "-" "Mozilla/5.0 (Linux; Android 6.0.1; Nexus 5X Build/MMB29P) AppleWebKit/537.36 (KHTML, like Gecko) Chrome/135.0.7049.95 Mobile Safari/537.36 (compatible; Googlebot/2.1; +http://www.google.com/bot.html)"
66.249.73.226 - - [26/Apr/2025:08:17:10 -0400] "GET /179084717.shtml HTTP/1.1" 404 3775 "-" "Mozilla/5.0 (Linux; Android 6.0.1; Nexus 5X Build/MMB29P) AppleWebKit/537.36 (KHTML, like Gecko) Chrome/135.0.7049.95 Mobile Safari/537.36 (compatible; Googlebot/2.1; +http://www.google.com/bot.html)"
66.249.73.225 - - [26/Apr/2025:08:17:17 -0400] "GET /364028799.shtml HTTP/1.1" 404 3778 "-" "Mozilla/5.0 (compatible; Googlebot/2.1; +http://www.google.com/bot.html)"
105.112.201.232 - - [26/Apr/2025:08:17:21 -0400] "GET /businessupdate HTTP/1.1" 200 6054 "-" "Mozilla/5.0 (Windows NT 10.0; Win64; x64) AppleWebKit/537.36 (KHTML, like Gecko) Chrome/135.0.0.0 Safari/537.36"
101.42.117.179 - - [26/Apr/2025:08:17:56 -0400] "GET / HTTP/1.1" 200 10814 "http://www.flipbz.org" "Mozilla/5.0 (iPhone; CPU iPhone OS 13_2_3 like Mac OS X) AppleWebKit/605.1.15 (KHTML, like Gecko) Version/13.0.3 Mobile/15E148 Safari/604.1"
105.116.9.129 - - [26/Apr/2025:08:18:10 -0400] "GET /businessupdate HTTP/1.1" 200 6051 "-" "Mozilla/5.0 (Linux; Android 10; K) AppleWebKit/537.36 (KHTML, like Gecko) Chrome/133.0.0.0 Mobile Safari/537.36"
66.249.73.226 - - [26/Apr/2025:08:18:15 -0400] "GET /80908466.shtml HTTP/1.1" 404 3774 "-" "Mozilla/5.0 (Linux; Android 6.0.1; Nexus 5X Build/MMB29P) AppleWebKit/537.36 (KHTML, like Gecko) Chrome/135.0.7049.114 Mobile Safari/537.36 (compatible; Googlebot/2.1; +http://www.google.com/bot.html)"
105.112.201.232 - - [26/Apr/2025:08:18:30 -0400] "GET /businessupdate HTTP/1.1" 200 6051 "-" "Mozilla/5.0 (iPhone; CPU iPhone OS 16_7_10 like Mac OS X) AppleWebKit/605.1.15 (KHTML, like Gecko) CriOS/133.0.6943.84 Mobile/15E148 Safari/604.1"
66.249.73.225 - - [26/Apr/2025:08:18:44 -0400] "GET /284538428.shtml HTTP/1.1" 404 3785 "-" "Mozilla/5.0 (compatible; Googlebot/2.1; +http://www.google.com/bot.html)"
66.249.73.225 - - [26/Apr/2025:08:18:57 -0400] "GET /387629461.shtml HTTP/1.1" 404 3776 "-" "Mozilla/5.0 (Linux; Android 6.0.1; Nexus 5X Build/MMB29P) AppleWebKit/537.36 (KHTML, like Gecko) Chrome/135.0.7049.95 Mobile Safari/537.36 (compatible; GoogleOther)"
207.46.13.160 - - [26/Apr/2025:08:19:10 -0400] "GET /invest-in-business HTTP/1.1" 302 168 "-" "Mozilla/5.0 AppleWebKit/537.36 (KHTML, like Gecko; compatible; bingbot/2.0; +http://www.bing.com/bingbot.htm) Chrome/116.0.1938.76 Safari/537.36"
66.249.73.225 - - [26/Apr/2025:08:19:11 -0400] "GET /4071315.shtml HTTP/1.1" 404 3765 "-" "Mozilla/5.0 (Linux; Android 6.0.1; Nexus 5X Build/MMB29P) AppleWebKit/537.36 (KHTML, like Gecko) Chrome/135.0.7049.95 Mobile Safari/537.36 (compatible; Googlebot/2.1; +http://www.google.com/bot.html)"
66.249.73.234 - - [26/Apr/2025:08:20:10 -0400] "GET /210827988.shtml HTTP/1.1" 404 3776 "-" "Mozilla/5.0 (Linux; Android 6.0.1; Nexus 5X Build/MMB29P) AppleWebKit/537.36 (KHTML, like Gecko) Chrome/135.0.7049.95 Mobile Safari/537.36 (compatible; Googlebot/2.1; +http://www.google.com/bot.html)"
105.112.201.232 - - [26/Apr/2025:08:20:37 -0400] "GET /login HTTP/1.1" 200 4671 "https://flipbz.org/businessupdate" "Mozilla/5.0 (Windows NT 10.0; Win64; x64) AppleWebKit/537.36 (KHTML, like Gecko) Chrome/135.0.0.0 Safari/537.36"
105.112.201.232 - - [26/Apr/2025:08:20:42 -0400] "GET /auth/google HTTP/1.1" 302 361 "https://flipbz.org/login" "Mozilla/5.0 (Windows NT 10.0; Win64; x64) AppleWebKit/537.36 (KHTML, like Gecko) Chrome/135.0.0.0 Safari/537.36"
105.112.201.232 - - [26/Apr/2025:08:20:49 -0400] "GET /auth/google/callback?state=jWJO2CebEi1scLOjvV4ChuFDJieC0RHn6dgX7Jde&code=4%2F0Ab_5qllP_IYxvodwu28pkrST1n9M_DaHqtk8BvmQEMSunRqHD6xExTMJE8rP75IquCAuHw&scope=email+profile+https%3A%2F%2Fwww.googleapis.com%2Fauth%2Fuserinfo.profile+https%3A%2F%2Fwww.googleapis.com%2Fauth%2Fuserinfo.email+openid&authuser=0&prompt=consent HTTP/1.1" 302 168 "https://accounts.google.com/" "Mozilla/5.0 (Windows NT 10.0; Win64; x64) AppleWebKit/537.36 (KHTML, like Gecko) Chrome/135.0.0.0 Safari/537.36"
105.112.201.232 - - [26/Apr/2025:08:20:50 -0400] "GET /dashboard HTTP/1.1" 200 7950 "https://accounts.google.com/" "Mozilla/5.0 (Windows NT 10.0; Win64; x64) AppleWebKit/537.36 (KHTML, like Gecko) Chrome/135.0.0.0 Safari/537.36"
105.112.201.232 - - [26/Apr/2025:08:20:53 -0400] "GET /storage HTTP/1.1" 301 795 "https://flipbz.org/dashboard" "Mozilla/5.0 (Windows NT 10.0; Win64; x64) AppleWebKit/537.36 (KHTML, like Gecko) Chrome/135.0.0.0 Safari/537.36"
105.112.201.232 - - [26/Apr/2025:08:20:54 -0400] "GET /public/storage/ HTTP/1.1" 403 1242 "https://flipbz.org/dashboard" "Mozilla/5.0 (Windows NT 10.0; Win64; x64) AppleWebKit/537.36 (KHTML, like Gecko) Chrome/135.0.0.0 Safari/537.36"
66.249.73.233 - - [26/Apr/2025:08:20:57 -0400] "GET /318439988.shtml HTTP/1.1" 404 3778 "-" "Mozilla/5.0 (Linux; Android 6.0.1; Nexus 5X Build/MMB29P) AppleWebKit/537.36 (KHTML, like Gecko) Chrome/135.0.7049.95 Mobile Safari/537.36 (compatible; GoogleOther)"
105.112.201.232 - - [26/Apr/2025:08:21:04 -0400] "GET /invest-in-business-form HTTP/1.1" 200 5169 "https://flipbz.org/dashboard" "Mozilla/5.0 (Windows NT 10.0; Win64; x64) AppleWebKit/537.36 (KHTML, like Gecko) Chrome/135.0.0.0 Safari/537.36"
105.112.201.232 - - [26/Apr/2025:08:21:14 -0400] "GET /inbox HTTP/1.1" 200 4826 "https://flipbz.org/invest-in-business-form" "Mozilla/5.0 (Windows NT 10.0; Win64; x64) AppleWebKit/537.36 (KHTML, like Gecko) Chrome/135.0.0.0 Safari/537.36"
105.112.201.232 - - [26/Apr/2025:08:21:19 -0400] "GET / HTTP/1.1" 200 10893 "https://flipbz.org/inbox" "Mozilla/5.0 (Windows NT 10.0; Win64; x64) AppleWebKit/537.36 (KHTML, like Gecko) Chrome/135.0.0.0 Safari/537.36"
84.17.60.251 - - [26/Apr/2025:08:22:45 -0400] "GET / HTTP/1.1" 200 10860 "-" "Mozilla/5.0 (Windows NT 10.0; Win64; x64) AppleWebKit/537.36 (KHTML, like Gecko) Chrome/78.0.3904.108 Safari/537.36"
84.17.60.251 - - [26/Apr/2025:08:22:46 -0400] "GET //wp-includes/wlwmanifest.xml HTTP/1.1" 404 3761 "-" "Mozilla/5.0 (Windows NT 10.0; Win64; x64) AppleWebKit/537.36 (KHTML, like Gecko) Chrome/78.0.3904.108 Safari/537.36"
84.17.60.251 - - [26/Apr/2025:08:22:47 -0400] "GET / HTTP/1.1" 200 10860 "-" "Mozilla/5.0 (Windows NT 10.0; Win64; x64) AppleWebKit/537.36 (KHTML, like Gecko) Chrome/78.0.3904.108 Safari/537.36"
84.17.60.251 - - [26/Apr/2025:08:22:47 -0400] "GET //?author=1 HTTP/1.1" 200 10860 "-" "Mozilla/5.0 (Windows NT 10.0; Win64; x64) AppleWebKit/537.36 (KHTML, like Gecko) Chrome/78.0.3904.108 Safari/537.36"
84.17.60.251 - - [26/Apr/2025:08:22:48 -0400] "GET //?author=2 HTTP/1.1" 200 10860 "-" "Mozilla/5.0 (Windows NT 10.0; Win64; x64) AppleWebKit/537.36 (KHTML, like Gecko) Chrome/78.0.3904.108 Safari/537.36"
84.17.60.251 - - [26/Apr/2025:08:22:48 -0400] "GET //wp-json/wp/v2/users/ HTTP/1.1" 301 795 "-" "Mozilla/5.0 (Windows NT 10.0; Win64; x64) AppleWebKit/537.36 (KHTML, like Gecko) Chrome/78.0.3904.108 Safari/537.36"
84.17.60.251 - - [26/Apr/2025:08:22:49 -0400] "GET //wp-json/oembed/1.0/embed?url=https://flipbz.org/ HTTP/1.1" 404 3787 "-" "Mozilla/5.0 (Windows NT 10.0; Win64; x64) AppleWebKit/537.36 (KHTML, like Gecko) Chrome/78.0.3904.108 Safari/537.36"
66.249.73.235 - - [26/Apr/2025:08:22:58 -0400] "GET /376663698.shtml HTTP/1.1" 404 3774 "-" "Mozilla/5.0 (Linux; Android 6.0.1; Nexus 5X Build/MMB29P) AppleWebKit/537.36 (KHTML, like Gecko) Chrome/135.0.7049.95 Mobile Safari/537.36 (compatible; GoogleOther)"
66.249.73.234 - - [26/Apr/2025:08:23:10 -0400] "GET /109368125.shtml HTTP/1.1" 404 3778 "-" "Mozilla/5.0 (Linux; Android 6.0.1; Nexus 5X Build/MMB29P) AppleWebKit/537.36 (KHTML, like Gecko) Chrome/135.0.7049.95 Mobile Safari/537.36 (compatible; Googlebot/2.1; +http://www.google.com/bot.html)"
105.116.9.129 - - [26/Apr/2025:08:24:11 -0400] "GET /businessupdate HTTP/1.1" 200 6051 "-" "Mozilla/5.0 (Linux; Android 10; K) AppleWebKit/537.36 (KHTML, like Gecko) Chrome/133.0.0.0 Mobile Safari/537.36"
66.249.73.234 - - [26/Apr/2025:08:24:25 -0400] "GET /259957385.shtml HTTP/1.1" 404 3778 "-" "Mozilla/5.0 (compatible; Googlebot/2.1; +http://www.google.com/bot.html)"
66.249.73.234 - - [26/Apr/2025:08:24:26 -0400] "GET /259957385.shtml HTTP/1.1" 404 3778 "-" "Mozilla/5.0 (Linux; Android 6.0.1; Nexus 5X Build/MMB29P) AppleWebKit/537.36 (KHTML, like Gecko) Chrome/135.0.7049.95 Mobile Safari/537.36 (compatible; Googlebot/2.1; +http://www.google.com/bot.html)"
206.189.134.218 - - [26/Apr/2025:08:26:10 -0400] "GET / HTTP/1.1" 200 10870 "-" "Mozilla/5.0 (compatible)"
206.189.134.218 - - [26/Apr/2025:08:26:12 -0400] "GET /images/logo.png HTTP/1.1" 200 25275 "https://flipbz.org/" "Mozilla/5.0 (compatible)"
105.112.201.232 - - [26/Apr/2025:08:27:07 -0400] "GET /businessupdate HTTP/1.1" 200 7892 "-" "Mozilla/5.0 (Windows NT 10.0; Win64; x64) AppleWebKit/537.36 (KHTML, like Gecko) Chrome/135.0.0.0 Safari/537.36"
66.249.73.235 - - [26/Apr/2025:08:27:55 -0400] "GET /202718237.shtml HTTP/1.1" 404 3773 "-" "Mozilla/5.0 (Linux; Android 6.0.1; Nexus 5X Build/MMB29P) AppleWebKit/537.36 (KHTML, like Gecko) Chrome/135.0.7049.95 Mobile Safari/537.36 (compatible; GoogleOther)"
66.249.73.233 - - [26/Apr/2025:08:28:32 -0400] "GET /303080673.shtml HTTP/1.1" 404 3780 "-" "Mozilla/5.0 (Linux; Android 6.0.1; Nexus 5X Build/MMB29P) AppleWebKit/537.36 (KHTML, like Gecko) Chrome/135.0.7049.114 Mobile Safari/537.36 (compatible; Googlebot/2.1; +http://www.google.com/bot.html)"
52.168.149.57 - - [26/Apr/2025:08:31:13 -0400] "GET /lv.php HTTP/1.1" 404 3771 "-" "-"
52.168.149.57 - - [26/Apr/2025:08:31:14 -0400] "GET /wp-content/plugins/pwnd/pwnd.php HTTP/1.1" 404 3775 "-" "-"
52.168.149.57 - - [26/Apr/2025:08:31:15 -0400] "GET /wp-content/plugins/pwnd-1/pwnd.php HTTP/1.1" 404 3769 "-" "-"
52.168.149.57 - - [26/Apr/2025:08:31:15 -0400] "GET /wp-includes/Requests/about.php HTTP/1.1" 404 3789 "-" "-"
52.168.149.57 - - [26/Apr/2025:08:31:15 -0400] "GET /wp-includes/style-engine/about.php HTTP/1.1" 404 3769 "-" "-"
52.168.149.57 - - [26/Apr/2025:08:31:15 -0400] "GET /wp-includes/rest-api/about.php HTTP/1.1" 404 3789 "-" "-"
52.168.149.57 - - [26/Apr/2025:08:31:16 -0400] "GET /wp-includes/SimplePie/about.php HTTP/1.1" 404 3791 "-" "-"
52.168.149.57 - - [26/Apr/2025:08:31:16 -0400] "GET /wp-content/banners/about.php HTTP/1.1" 404 3776 "-" "-"
52.168.149.57 - - [26/Apr/2025:08:31:16 -0400] "GET /wp-content/about.php HTTP/1.1" 404 3770 "-" "-"
52.168.149.57 - - [26/Apr/2025:08:31:16 -0400] "GET /.well-known/about.php HTTP/1.1" 404 3779 "-" "-"
52.168.149.57 - - [26/Apr/2025:08:31:16 -0400] "GET /wp-includes/Text/about.php HTTP/1.1" 404 3776 "-" "-"
52.168.149.57 - - [26/Apr/2025:08:31:17 -0400] "GET /wp-includes/ID3/about.php HTTP/1.1" 404 3781 "-" "-"
52.168.149.57 - - [26/Apr/2025:08:31:17 -0400] "GET /img/about.php HTTP/1.1" 404 3765 "-" "-"
52.168.149.57 - - [26/Apr/2025:08:31:17 -0400] "GET /wp-content/languages/about.php HTTP/1.1" 404 3789 "-" "-"
52.168.149.57 - - [26/Apr/2025:08:31:17 -0400] "GET /wp-includes/customize/about.php HTTP/1.1" 404 3790 "-" "-"
52.168.149.57 - - [26/Apr/2025:08:31:18 -0400] "GET /wp-includes.bak/html-api/about.php HTTP/1.1" 404 3771 "-" "-"
52.168.149.57 - - [26/Apr/2025:08:31:18 -0400] "GET /wp-includes/widgets/about.php HTTP/1.1" 404 3780 "-" "-"
52.168.149.57 - - [26/Apr/2025:08:31:18 -0400] "GET /wp-includes/IXR/about.php HTTP/1.1" 404 3782 "-" "-"
52.168.149.57 - - [26/Apr/2025:08:31:18 -0400] "GET /wp-admin/js/about.php HTTP/1.1" 404 3780 "-" "-"
52.168.149.57 - - [26/Apr/2025:08:31:18 -0400] "GET /.well-known/pki-validation/about.php HTTP/1.1" 404 1251 "-" "-"
52.168.149.57 - - [26/Apr/2025:08:31:19 -0400] "GET /wp-includes/pomo/about.php HTTP/1.1" 404 3774 "-" "-"
52.168.149.57 - - [26/Apr/2025:08:31:19 -0400] "GET /wp-includes/block-patterns/about.php HTTP/1.1" 404 3775 "-" "-"
52.168.149.57 - - [26/Apr/2025:08:31:19 -0400] "GET /wp-content/updraft/about.php HTTP/1.1" 404 3778 "-" "-"
52.168.149.57 - - [26/Apr/2025:08:31:19 -0400] "GET /wp-content/upgrade-temp-backup/about.php HTTP/1.1" 404 3790 "-" "-"
52.168.149.57 - - [26/Apr/2025:08:31:20 -0400] "GET /wp-content/themes/about.php HTTP/1.1" 404 3765 "-" "-"
52.168.149.57 - - [26/Apr/2025:08:31:20 -0400] "GET /wp-admin/includes/about.php HTTP/1.1" 404 3766 "-" "-"
52.168.149.57 - - [26/Apr/2025:08:31:20 -0400] "GET /images/about.php HTTP/1.1" 404 3767 "-" "-"
52.168.149.57 - - [26/Apr/2025:08:31:20 -0400] "GET /wp-content/blogs.dir/about.php HTTP/1.1" 404 3792 "-" "-"
52.168.149.57 - - [26/Apr/2025:08:31:20 -0400] "GET /wp-includes/images/about.php HTTP/1.1" 404 3771 "-" "-"
52.168.149.57 - - [26/Apr/2025:08:31:21 -0400] "GET /cgi-bin/about.php HTTP/1.1" 404 3770 "-" "-"
52.168.149.57 - - [26/Apr/2025:08:31:21 -0400] "GET /wp-content/gallery/about.php HTTP/1.1" 404 3777 "-" "-"
52.168.149.57 - - [26/Apr/2025:08:31:21 -0400] "GET /wp-includes/blocks/about.php HTTP/1.1" 404 3774 "-" "-"
52.168.149.57 - - [26/Apr/2025:08:31:22 -0400] "GET /wp-admin/css/about.php HTTP/1.1" 404 3789 "-" "-"
52.168.149.57 - - [26/Apr/2025:08:31:22 -0400] "GET /wp-admin/images/about.php HTTP/1.1" 404 3781 "-" "-"
52.168.149.57 - - [26/Apr/2025:08:31:22 -0400] "GET /.well-known/pki-validation/cloud.php HTTP/1.1" 404 1251 "-" "-"
52.168.149.57 - - [26/Apr/2025:08:31:23 -0400] "GET /.well-known/acme-challenge/cloud.php HTTP/1.1" 404 3780 "-" "-"
52.168.149.57 - - [26/Apr/2025:08:31:23 -0400] "GET /wp-admin/network/cloud.php HTTP/1.1" 404 3777 "-" "-"
52.168.149.57 - - [26/Apr/2025:08:31:24 -0400] "GET /cloud.php HTTP/1.1" 404 3768 "-" "-"
52.168.149.57 - - [26/Apr/2025:08:31:24 -0400] "GET /cgi-bin/cloud.php HTTP/1.1" 404 3769 "-" "-"
52.168.149.57 - - [26/Apr/2025:08:31:24 -0400] "GET /wp-content/updates.php HTTP/1.1" 404 3788 "-" "-"
52.168.149.57 - - [26/Apr/2025:08:31:25 -0400] "GET /css/cloud.php HTTP/1.1" 404 3763 "-" "-"
52.168.149.57 - - [26/Apr/2025:08:31:25 -0400] "GET /wp-admin/user/cloud.php HTTP/1.1" 404 3791 "-" "-"
52.168.149.57 - - [26/Apr/2025:08:31:25 -0400] "GET /img/cloud.php HTTP/1.1" 404 3765 "-" "-"
52.168.149.57 - - [26/Apr/2025:08:31:26 -0400] "GET /wp-admin/css/colors/coffee/cloud.php HTTP/1.1" 404 3782 "-" "-"
52.168.149.57 - - [26/Apr/2025:08:31:26 -0400] "GET /wp-admin/images/cloud.php HTTP/1.1" 404 3780 "-" "-"
52.168.149.57 - - [26/Apr/2025:08:31:26 -0400] "GET /avaa.php HTTP/1.1" 404 3771 "-" "-"
52.168.149.57 - - [26/Apr/2025:08:31:26 -0400] "GET /images/cloud.php HTTP/1.1" 404 3767 "-" "-"
52.168.149.57 - - [26/Apr/2025:08:31:27 -0400] "GET /wp-admin/js/widgets/cloud.php HTTP/1.1" 404 3784 "-" "-"
52.168.149.57 - - [26/Apr/2025:08:31:27 -0400] "GET /wp-includes/Requests/Text/admin.php HTTP/1.1" 404 3767 "-" "-"
52.168.149.57 - - [26/Apr/2025:08:31:27 -0400] "GET /wp-admin/css/colors/cloud.php HTTP/1.1" 404 3784 "-" "-"
52.168.149.57 - - [26/Apr/2025:08:31:28 -0400] "GET /wp-admin/includes/cloud.php HTTP/1.1" 404 3766 "-" "-"
52.168.149.57 - - [26/Apr/2025:08:31:28 -0400] "GET /wp-admin/css/colors/blue/cloud.php HTTP/1.1" 404 3773 "-" "-"
52.168.149.57 - - [26/Apr/2025:08:31:28 -0400] "GET /wp-admin/cloud.php HTTP/1.1" 404 3761 "-" "-"
52.168.149.57 - - [26/Apr/2025:08:31:29 -0400] "GET /updates.php HTTP/1.1" 404 3746 "-" "-"
52.168.149.57 - - [26/Apr/2025:08:31:29 -0400] "GET /libraries/legacy/updates.php HTTP/1.1" 404 3778 "-" "-"
52.168.149.57 - - [26/Apr/2025:08:31:29 -0400] "GET /libraries/phpmailer/updates.php HTTP/1.1" 404 3794 "-" "-"
52.168.149.57 - - [26/Apr/2025:08:31:29 -0400] "GET /libraries/vendor/updates.php HTTP/1.1" 404 3779 "-" "-"
52.168.149.57 - - [26/Apr/2025:08:31:30 -0400] "GET /alfa-rex.php7 HTTP/1.1" 404 3765 "-" "-"
52.168.149.57 - - [26/Apr/2025:08:31:30 -0400] "GET /alfanew.php HTTP/1.1" 404 3746 "-" "-"
52.168.149.57 - - [26/Apr/2025:08:31:30 -0400] "GET /wp-content/plugins/Cache/Cache.php HTTP/1.1" 404 3768 "-" "-"
52.168.149.57 - - [26/Apr/2025:08:31:31 -0400] "GET /wp-admin/js/widgets/about.php7 HTTP/1.1" 404 3795 "-" "-"
52.168.149.57 - - [26/Apr/2025:08:31:31 -0400] "GET /wp-p.php7 HTTP/1.1" 404 3770 "-" "-"
52.168.149.57 - - [26/Apr/2025:08:31:31 -0400] "GET /wp-admin/repeater.php HTTP/1.1" 404 3778 "-" "-"
52.168.149.57 - - [26/Apr/2025:08:31:31 -0400] "GET /wp-includes/repeater.php HTTP/1.1" 404 3781 "-" "-"
52.168.149.57 - - [26/Apr/2025:08:31:32 -0400] "GET /wp-content/repeater.php HTTP/1.1" 404 3788 "-" "-"
52.168.149.57 - - [26/Apr/2025:08:31:32 -0400] "GET /wsoyanz.php HTTP/1.1" 404 3747 "-" "-"
52.168.149.57 - - [26/Apr/2025:08:31:32 -0400] "GET /yanz.php HTTP/1.1" 404 3771 "-" "-"
52.168.149.57 - - [26/Apr/2025:08:31:32 -0400] "GET /wp-content/plugins/seoo/wsoyanz.php HTTP/1.1" 404 3766 "-" "-"
52.168.149.57 - - [26/Apr/2025:08:31:32 -0400] "GET /wp-content/plugins/seoo/wsoyanz1.php HTTP/1.1" 404 3779 "-" "-"
52.168.149.57 - - [26/Apr/2025:08:31:33 -0400] "GET /cache-compat.php HTTP/1.1" 404 3768 "-" "-"
52.168.149.57 - - [26/Apr/2025:08:31:33 -0400] "GET /ajax-actions.php HTTP/1.1" 404 3769 "-" "-"
52.168.149.57 - - [26/Apr/2025:08:31:34 -0400] "GET /wp-admin/ajax-actions.php HTTP/1.1" 404 3783 "-" "-"
52.168.149.57 - - [26/Apr/2025:08:31:34 -0400] "GET /wp-consar.php HTTP/1.1" 404 3765 "-" "-"
52.168.149.57 - - [26/Apr/2025:08:31:34 -0400] "GET /repeater.php HTTP/1.1" 404 3761 "-" "-"
52.168.149.57 - - [26/Apr/2025:08:31:35 -0400] "GET /admin-post.php HTTP/1.1" 404 3774 "-" "-"
52.168.149.57 - - [26/Apr/2025:08:31:35 -0400] "GET /wp-admin/maint/maint/ajax-actions.php HTTP/1.1" 404 3783 "-" "-"
52.168.149.57 - - [26/Apr/2025:08:31:35 -0400] "GET /wp-admin/dropdown.php HTTP/1.1" 404 3775 "-" "-"
52.168.149.57 - - [26/Apr/2025:08:31:35 -0400] "GET /wp-admin/css/index.php HTTP/1.1" 404 3720 "-" "-"
52.168.149.57 - - [26/Apr/2025:08:31:36 -0400] "GET /about.php HTTP/1.1" 404 3769 "-" "-"
52.168.149.57 - - [26/Apr/2025:08:31:36 -0400] "GET /about.php7 HTTP/1.1" 404 3758 "-" "-"
52.168.149.57 - - [26/Apr/2025:08:31:36 -0400] "GET /alfanew.php7 HTTP/1.1" 404 3764 "-" "-"
52.168.149.57 - - [26/Apr/2025:08:31:37 -0400] "GET /adminfuns.php7 HTTP/1.1" 404 3774 "-" "-"
52.168.149.57 - - [26/Apr/2025:08:31:37 -0400] "GET /ebs.php7 HTTP/1.1" 404 3771 "-" "-"
52.168.149.57 - - [26/Apr/2025:08:31:37 -0400] "GET /ws.php7 HTTP/1.1" 404 3777 "-" "-"
52.168.149.57 - - [26/Apr/2025:08:31:38 -0400] "GET /alfanew2.php7 HTTP/1.1" 404 3765 "-" "-"
52.168.149.57 - - [26/Apr/2025:08:31:38 -0400] "GET /alfa-rex2.php7 HTTP/1.1" 404 3775 "-" "-"
52.168.149.57 - - [26/Apr/2025:08:31:38 -0400] "GET /wp-admin/images/index.php HTTP/1.1" 404 3735 "-" "-"
52.168.149.57 - - [26/Apr/2025:08:31:38 -0400] "GET /wp-admin/css/colors/index.php HTTP/1.1" 404 3749 "-" "-"
52.168.149.57 - - [26/Apr/2025:08:31:38 -0400] "GET /wp-content/themes/pridmag/db.php HTTP/1.1" 404 3776 "-" "-"
52.168.149.57 - - [26/Apr/2025:08:31:39 -0400] "GET /wp-content/themes/seotheme/mar.php HTTP/1.1" 404 3768 "-" "-"
52.168.149.57 - - [26/Apr/2025:08:31:39 -0400] "GET /wp-content/plugins/linkpreview/db.php HTTP/1.1" 404 3781 "-" "-"
52.168.149.57 - - [26/Apr/2025:08:31:39 -0400] "GET /wp-content/themes/seotheme/db.php HTTP/1.1" 404 3777 "-" "-"
52.168.149.57 - - [26/Apr/2025:08:31:39 -0400] "GET /wp-content/plugins/seoplugins/db.php HTTP/1.1" 404 3775 "-" "-"
52.168.149.57 - - [26/Apr/2025:08:31:40 -0400] "GET /.well-known/pki-validation/xmrlpc.php HTTP/1.1" 404 1251 "-" "-"
52.168.149.57 - - [26/Apr/2025:08:31:40 -0400] "GET /.well-known/acme-challenge/xmrlpc.php HTTP/1.1" 404 3783 "-" "-"
52.168.149.57 - - [26/Apr/2025:08:31:40 -0400] "GET /wp-admin/network/xmrlpc.php HTTP/1.1" 404 3769 "-" "-"
52.168.149.57 - - [26/Apr/2025:08:31:40 -0400] "GET /xmrlpc.php HTTP/1.1" 404 3758 "-" "-"
52.168.149.57 - - [26/Apr/2025:08:31:40 -0400] "GET /cgi-bin/xmrlpc.php HTTP/1.1" 404 3757 "-" "-"
52.168.149.57 - - [26/Apr/2025:08:31:41 -0400] "GET /css/xmrlpc.php HTTP/1.1" 404 3774 "-" "-"
52.168.149.57 - - [26/Apr/2025:08:31:41 -0400] "GET /wp-admin/user/xmrlpc.php HTTP/1.1" 404 3788 "-" "-"
52.168.149.57 - - [26/Apr/2025:08:31:41 -0400] "GET /img/xmrlpc.php HTTP/1.1" 404 3776 "-" "-"
52.168.149.57 - - [26/Apr/2025:08:31:41 -0400] "GET /wp-admin/css/colors/coffee/xmrlpc.php HTTP/1.1" 404 3784 "-" "-"
52.168.149.57 - - [26/Apr/2025:08:31:41 -0400] "GET /wp-admin/images/xmrlpc.php HTTP/1.1" 404 3776 "-" "-"
52.168.149.57 - - [26/Apr/2025:08:31:42 -0400] "GET /images/xmrlpc.php HTTP/1.1" 404 3770 "-" "-"
52.168.149.57 - - [26/Apr/2025:08:31:42 -0400] "GET /wp-admin/js/widgets/xmrlpc.php HTTP/1.1" 404 3795 "-" "-"
52.168.149.57 - - [26/Apr/2025:08:31:42 -0400] "GET /wp-admin/css/colors/xmrlpc.php HTTP/1.1" 404 3792 "-" "-"
52.168.149.57 - - [26/Apr/2025:08:31:42 -0400] "GET /wp-admin/includes/xmrlpc.php HTTP/1.1" 404 3776 "-" "-"
52.168.149.57 - - [26/Apr/2025:08:31:42 -0400] "GET /wp-admin/css/colors/blue/xmrlpc.php HTTP/1.1" 404 3769 "-" "-"
52.168.149.57 - - [26/Apr/2025:08:31:42 -0400] "GET /wp-admin/xmrlpc.php HTTP/1.1" 404 3755 "-" "-"
52.168.149.57 - - [26/Apr/2025:08:31:42 -0400] "GET /smaxx.php HTTP/1.1" 404 3769 "-" "-"
52.168.149.57 - - [26/Apr/2025:08:31:43 -0400] "GET /wp-admin/smaxx.php HTTP/1.1" 404 3761 "-" "-"
52.168.149.57 - - [26/Apr/2025:08:31:43 -0400] "GET /wp-content/plugins/WordPressCore/smaxx.php HTTP/1.1" 404 3776 "-" "-"
52.168.149.57 - - [26/Apr/2025:08:31:43 -0400] "GET /wp-includes/images/smaxx.php HTTP/1.1" 404 3771 "-" "-"
52.168.149.57 - - [26/Apr/2025:08:31:43 -0400] "GET /wp-content/plugins/core-plugin/smaxx.php HTTP/1.1" 404 3784 "-" "-"
52.168.149.57 - - [26/Apr/2025:08:31:43 -0400] "GET /wp-includes/smaxx.php HTTP/1.1" 404 3774 "-" "-"
52.168.149.57 - - [26/Apr/2025:08:31:44 -0400] "GET /wp-content/plugins/smaxx.php HTTP/1.1" 404 3775 "-" "-"
52.168.149.57 - - [26/Apr/2025:08:31:44 -0400] "GET /xt/smaxx.php HTTP/1.1" 404 3764 "-" "-"
52.168.149.57 - - [26/Apr/2025:08:31:44 -0400] "GET /wp-content/smaxx.php HTTP/1.1" 404 3771 "-" "-"
52.168.149.57 - - [26/Apr/2025:08:31:45 -0400] "GET /wp-content/themes/twentyfive/smaxx.php HTTP/1.1" 404 3788 "-" "-"
52.168.149.57 - - [26/Apr/2025:08:31:45 -0400] "GET /wp-content/upgrade/sx.php HTTP/1.1" 404 3782 "-" "-"
52.168.149.57 - - [26/Apr/2025:08:31:46 -0400] "GET /.well-known/pki-validation/sx.php HTTP/1.1" 404 1251 "-" "-"
52.168.149.57 - - [26/Apr/2025:08:31:46 -0400] "GET /wp-admin/user/sx.php HTTP/1.1" 404 3773 "-" "-"
52.168.149.57 - - [26/Apr/2025:08:31:46 -0400] "GET /wp-includes/ID3/sx.php HTTP/1.1" 404 3788 "-" "-"
52.168.149.57 - - [26/Apr/2025:08:31:46 -0400] "GET /wp-includes/blocks/sx.php HTTP/1.1" 404 3779 "-" "-"
52.168.149.57 - - [26/Apr/2025:08:31:47 -0400] "GET /wp-includes/sx.php HTTP/1.1" 404 3756 "-" "-"
52.168.149.57 - - [26/Apr/2025:08:31:47 -0400] "GET /wp-admin/sx.php HTTP/1.1" 404 3778 "-" "-"
52.168.149.57 - - [26/Apr/2025:08:31:47 -0400] "GET /wp-content/plugins/fix/sx.php HTTP/1.1" 404 3781 "-" "-"
52.168.149.57 - - [26/Apr/2025:08:31:47 -0400] "GET /wp-admin/includes/sx.php HTTP/1.1" 404 3783 "-" "-"
52.168.149.57 - - [26/Apr/2025:08:31:48 -0400] "GET /cgi-bin/sx.php HTTP/1.1" 404 3772 "-" "-"
52.168.149.57 - - [26/Apr/2025:08:31:48 -0400] "GET /wp-admin/css/sx.php HTTP/1.1" 404 3755 "-" "-"
52.168.149.57 - - [26/Apr/2025:08:31:48 -0400] "GET /wp-admin/network/sx.php HTTP/1.1" 404 3790 "-" "-"
52.168.149.57 - - [26/Apr/2025:08:31:48 -0400] "GET /wp-includes/block-supports/sx.php HTTP/1.1" 404 3777 "-" "-"
52.168.149.57 - - [26/Apr/2025:08:31:48 -0400] "GET /wp-includes/IXR/sx.php HTTP/1.1" 404 3787 "-" "-"
52.168.149.57 - - [26/Apr/2025:08:31:49 -0400] "GET /.well-known/sx.php HTTP/1.1" 404 3762 "-" "-"
52.168.149.57 - - [26/Apr/2025:08:31:49 -0400] "GET /wp-includes/js/tinymce/skins/lightgray/fonts/sx.php HTTP/1.1" 404 3774 "-" "-"
52.168.149.57 - - [26/Apr/2025:08:31:49 -0400] "GET /wp-content/sx.php HTTP/1.1" 404 3771 "-" "-"
52.168.149.57 - - [26/Apr/2025:08:31:49 -0400] "GET /wp-content/plugins/elementor/sx.php HTTP/1.1" 404 3764 "-" "-"
52.168.149.57 - - [26/Apr/2025:08:31:49 -0400] "GET /.well-known/acme-challenge/sx.php HTTP/1.1" 404 3780 "-" "-"
52.168.149.57 - - [26/Apr/2025:08:31:50 -0400] "GET /wp-includes/js/jcrop/sx.php HTTP/1.1" 404 3766 "-" "-"
52.168.149.57 - - [26/Apr/2025:08:31:50 -0400] "GET /wp-includes/rest-api/sx.php HTTP/1.1" 404 3766 "-" "-"
52.168.149.57 - - [26/Apr/2025:08:31:50 -0400] "GET /wp-admin/images/sx.php HTTP/1.1" 404 3787 "-" "-"
52.168.149.57 - - [26/Apr/2025:08:31:50 -0400] "GET /wp-admin/css/colors/blue/blue.php HTTP/1.1" 404 3781 "-" "-"
52.168.149.57 - - [26/Apr/2025:08:31:50 -0400] "GET /chosen HTTP/1.1" 404 3771 "-" "-"
52.168.149.57 - - [26/Apr/2025:08:31:50 -0400] "GET /wp-content/plugins/fix/up.php HTTP/1.1" 404 3781 "-" "-"
52.168.149.57 - - [26/Apr/2025:08:31:51 -0400] "GET /install.php HTTP/1.1" 404 3746 "-" "-"
52.168.149.57 - - [26/Apr/2025:08:31:51 -0400] "GET /wp-includes/images/include.php HTTP/1.1" 404 3782 "-" "-"
52.168.149.57 - - [26/Apr/2025:08:31:51 -0400] "GET /wp-content/themes/wp-classic/inc/index.php HTTP/1.1" 404 3749 "-" "-"
52.168.149.57 - - [26/Apr/2025:08:31:51 -0400] "GET /assets/images/1p.php HTTP/1.1" 404 3769 "-" "-"
52.168.149.57 - - [26/Apr/2025:08:31:53 -0400] "GET /class.api.php HTTP/1.1" 404 3764 "-" "-"
52.168.149.57 - - [26/Apr/2025:08:31:53 -0400] "GET /plugin.php HTTP/1.1" 404 3756 "-" "-"
66.249.73.234 - - [26/Apr/2025:08:31:53 -0400] "GET /86530883.shtml HTTP/1.1" 404 3775 "-" "Mozilla/5.0 (Linux; Android 6.0.1; Nexus 5X Build/MMB29P) AppleWebKit/537.36 (KHTML, like Gecko) Chrome/135.0.7049.95 Mobile Safari/537.36 (compatible; GoogleOther)"
52.168.149.57 - - [26/Apr/2025:08:31:53 -0400] "GET /wp-mail.php HTTP/1.1" 404 3746 "-" "-"
52.168.149.57 - - [26/Apr/2025:08:31:53 -0400] "GET /cong.php HTTP/1.1" 404 3770 "-" "-"
52.168.149.57 - - [26/Apr/2025:08:31:53 -0400] "GET /wp-content/index.php HTTP/1.1" 404 3739 "-" "-"
52.168.149.57 - - [26/Apr/2025:08:31:54 -0400] "GET /.well-known/acme-challenge/xmrlpc.php HTTP/1.1" 404 3783 "-" "-"
52.168.149.57 - - [26/Apr/2025:08:31:54 -0400] "GET /wp-configs.php HTTP/1.1" 404 3776 "-" "-"
52.168.149.57 - - [26/Apr/2025:08:31:54 -0400] "GET /defaults.php HTTP/1.1" 404 3761 "-" "-"
52.168.149.57 - - [26/Apr/2025:08:31:54 -0400] "GET /input.php HTTP/1.1" 404 3769 "-" "-"
52.168.149.57 - - [26/Apr/2025:08:31:55 -0400] "GET /admin-ajax.php HTTP/1.1" 404 3775 "-" "-"
52.168.149.57 - - [26/Apr/2025:08:31:55 -0400] "GET /0z.php HTTP/1.1" 404 3772 "-" "-"
52.168.149.57 - - [26/Apr/2025:08:31:55 -0400] "GET /media.php HTTP/1.1" 404 3769 "-" "-"
52.168.149.57 - - [26/Apr/2025:08:31:55 -0400] "GET /chosen.php HTTP/1.1" 404 3758 "-" "-"
52.168.149.57 - - [26/Apr/2025:08:31:55 -0400] "GET /wp-includes/fonts/wp-login.php HTTP/1.1" 404 3787 "-" "-"
52.168.149.57 - - [26/Apr/2025:08:31:56 -0400] "GET /wp-admin/users.php HTTP/1.1" 404 3761 "-" "-"
52.168.149.57 - - [26/Apr/2025:08:31:56 -0400] "GET /wp-content/uploads/cache.php HTTP/1.1" 404 3777 "-" "-"
52.168.149.57 - - [26/Apr/2025:08:31:56 -0400] "GET /.wp-cli/wp-login.php HTTP/1.1" 404 3772 "-" "-"
52.168.149.57 - - [26/Apr/2025:08:31:56 -0400] "GET /authorize.php HTTP/1.1" 404 3764 "-" "-"
52.168.149.57 - - [26/Apr/2025:08:31:57 -0400] "GET /wp-admin/css/colors/blue/CasperExV1.php HTTP/1.1" 404 3801 "-" "-"
52.168.149.57 - - [26/Apr/2025:08:31:57 -0400] "GET /wp-admin/includes/users.php HTTP/1.1" 404 3766 "-" "-"
52.168.149.57 - - [26/Apr/2025:08:31:57 -0400] "GET /wp.php HTTP/1.1" 404 3771 "-" "-"
52.168.149.57 - - [26/Apr/2025:08:31:57 -0400] "GET /wp-content/plugins/WordPressCore/include.php HTTP/1.1" 404 3778 "-" "-"
52.168.149.57 - - [26/Apr/2025:08:31:57 -0400] "GET /themes.php HTTP/1.1" 404 3756 "-" "-"
52.168.149.57 - - [26/Apr/2025:08:31:57 -0400] "GET /wp-admin/network/index.php HTTP/1.1" 404 3776 "-" "-"
52.168.149.57 - - [26/Apr/2025:08:31:58 -0400] "GET /wp-content/plugins/WordPressCore/blkfqnikz.php HTTP/1.1" 404 3794 "-" "-"
52.168.149.57 - - [26/Apr/2025:08:31:58 -0400] "GET /wp/wp-admin/includes/class-wp-page-mvb2yr.php HTTP/1.1" 404 3782 "-" "-"
52.168.149.57 - - [26/Apr/2025:08:31:58 -0400] "GET /st.php HTTP/1.1" 404 3771 "-" "-"
52.168.149.57 - - [26/Apr/2025:08:31:58 -0400] "GET /wp-includes/images/smilies/about.php HTTP/1.1" 404 3775 "-" "-"
52.168.149.57 - - [26/Apr/2025:08:31:58 -0400] "GET /ynz.PhP7 HTTP/1.1" 404 3772 "-" "-"
52.168.149.57 - - [26/Apr/2025:08:31:58 -0400] "GET /wp-content/style-css.php HTTP/1.1" 404 3784 "-" "-"
52.168.149.57 - - [26/Apr/2025:08:31:59 -0400] "GET /wp-includes/IXR/wp-login.php HTTP/1.1" 404 3773 "-" "-"
52.168.149.57 - - [26/Apr/2025:08:31:59 -0400] "GET /.well-known/acme-challenge/about.php HTTP/1.1" 404 3781 "-" "-"
52.168.149.57 - - [26/Apr/2025:08:31:59 -0400] "GET /wordpress/wp-includes/IXR/allez.php HTTP/1.1" 404 3764 "-" "-"
52.168.149.57 - - [26/Apr/2025:08:31:59 -0400] "GET /rendixd.php HTTP/1.1" 404 3747 "-" "-"
52.168.149.57 - - [26/Apr/2025:08:31:59 -0400] "GET /wp-admin/css/admin.php HTTP/1.1" 404 3788 "-" "-"
52.168.149.57 - - [26/Apr/2025:08:32:00 -0400] "GET /filefuns.php HTTP/1.1" 404 3764 "-" "-"
52.168.149.57 - - [26/Apr/2025:08:32:00 -0400] "GET /options.php HTTP/1.1" 404 3745 "-" "-"
52.168.149.57 - - [26/Apr/2025:08:32:00 -0400] "GET /wp-includes/js/tinymce/skins/lightgray/img/index.php HTTP/1.1" 404 3757 "-" "-"
52.168.149.57 - - [26/Apr/2025:08:32:00 -0400] "GET /edit.php HTTP/1.1" 404 3770 "-" "-"
52.168.149.57 - - [26/Apr/2025:08:32:00 -0400] "GET /user.php HTTP/1.1" 404 3770 "-" "-"
52.168.149.57 - - [26/Apr/2025:08:32:01 -0400] "GET /worm0.PhP7 HTTP/1.1" 404 3759 "-" "-"
52.168.149.57 - - [26/Apr/2025:08:32:01 -0400] "GET /wp-includes/js/tinymce/skins/wordpress/images/index.php HTTP/1.1" 404 3744 "-" "-"
52.168.149.57 - - [26/Apr/2025:08:32:01 -0400] "GET /.well-known//.well-known/owlmailer.php HTTP/1.1" 404 3786 "-" "-"
52.168.149.57 - - [26/Apr/2025:08:32:01 -0400] "GET /wp-content/uploads/cong.php HTTP/1.1" 404 3768 "-" "-"
52.168.149.57 - - [26/Apr/2025:08:32:01 -0400] "GET /01.php HTTP/1.1" 404 3771 "-" "-"
52.168.149.57 - - [26/Apr/2025:08:32:02 -0400] "GET /wp-content/uploads/wp-login.php.suspected HTTP/1.1" 404 3783 "-" "-"
52.168.149.57 - - [26/Apr/2025:08:32:02 -0400] "GET /wp-includes/rest-api/endpoints/html.php HTTP/1.1" 404 3794 "-" "-"
52.168.149.57 - - [26/Apr/2025:08:32:02 -0400] "GET /wp-admin/js/widgets/cong.php HTTP/1.1" 404 3780 "-" "-"
52.168.149.57 - - [26/Apr/2025:08:32:02 -0400] "GET /doc.php HTTP/1.1" 404 3777 "-" "-"
52.168.149.57 - - [26/Apr/2025:08:32:02 -0400] "GET /link.php HTTP/1.1" 404 3771 "-" "-"
52.168.149.57 - - [26/Apr/2025:08:32:02 -0400] "GET /autoload_classmap.php HTTP/1.1" 404 3780 "-" "-"
52.168.149.57 - - [26/Apr/2025:08:32:03 -0400] "GET /wp-admin/js/privacy-tools.min.php HTTP/1.1" 404 3780 "-" "-"
66.249.73.233 - - [26/Apr/2025:08:32:03 -0400] "GET /140582924.shtml HTTP/1.1" 404 3773 "-" "Mozilla/5.0 (compatible; Googlebot/2.1; +http://www.google.com/bot.html)"
52.168.149.57 - - [26/Apr/2025:08:32:03 -0400] "GET /wp-includes/pomo/wp-login.php HTTP/1.1" 404 3781 "-" "-"
52.168.149.57 - - [26/Apr/2025:08:32:03 -0400] "GET /db.php HTTP/1.1" 404 3771 "-" "-"
52.168.149.57 - - [26/Apr/2025:08:32:03 -0400] "GET /wp-content/uploads/error_log.php HTTP/1.1" 404 3779 "-" "-"
52.168.149.57 - - [26/Apr/2025:08:32:03 -0400] "GET /google.php HTTP/1.1" 404 3757 "-" "-"
52.168.149.57 - - [26/Apr/2025:08:32:04 -0400] "GET /wp-includes/pomo/fgertreyersd.php.suspected HTTP/1.1" 404 3760 "-" "-"
52.168.149.57 - - [26/Apr/2025:08:32:04 -0400] "GET /wp-includes/Requests/dropdown.php HTTP/1.1" 404 3775 "-" "-"
52.168.149.57 - - [26/Apr/2025:08:32:04 -0400] "GET /wp-content/install.php HTTP/1.1" 404 3787 "-" "-"
52.168.149.57 - - [26/Apr/2025:08:32:04 -0400] "GET /.well-known/admin.php HTTP/1.1" 404 3780 "-" "-"
52.168.149.57 - - [26/Apr/2025:08:32:04 -0400] "GET /revision.php HTTP/1.1" 404 3760 "-" "-"
52.168.149.57 - - [26/Apr/2025:08:32:04 -0400] "GET /css/sgd.php HTTP/1.1" 404 3745 "-" "-"
52.168.149.57 - - [26/Apr/2025:08:32:04 -0400] "GET /wp-content/plugins/index.php HTTP/1.1" 404 3751 "-" "-"
66.249.73.226 - - [26/Apr/2025:08:33:25 -0400] "GET /350392674.shtml HTTP/1.1" 404 3777 "-" "Mozilla/5.0 (compatible; Googlebot/2.1; +http://www.google.com/bot.html)"
66.249.73.226 - - [26/Apr/2025:08:33:44 -0400] "GET /216686400.shtml HTTP/1.1" 404 3777 "-" "Mozilla/5.0 (compatible; Googlebot/2.1; +http://www.google.com/bot.html)"
105.116.9.129 - - [26/Apr/2025:08:33:46 -0400] "GET /?utm_medium=referral_profile&utm_source=clutch.co HTTP/1.1" 200 10871 "-" "Mozilla/5.0 (Linux; Android 10; K) AppleWebKit/537.36 (KHTML, like Gecko) Chrome/133.0.0.0 Mobile Safari/537.36"
66.249.73.225 - - [26/Apr/2025:08:33:55 -0400] "GET /47844443.shtml HTTP/1.1" 404 3773 "-" "Mozilla/5.0 (compatible; Googlebot/2.1; +http://www.google.com/bot.html)"
105.116.9.129 - - [26/Apr/2025:08:34:39 -0400] "GET / HTTP/1.1" 200 10871 "https://www.google.com/" "Mozilla/5.0 (Linux; Android 10; K) AppleWebKit/537.36 (KHTML, like Gecko) Chrome/133.0.0.0 Mobile Safari/537.36"
66.249.73.226 - - [26/Apr/2025:08:35:10 -0400] "GET /369742216.shtml HTTP/1.1" 404 3777 "-" "Mozilla/5.0 (Linux; Android 6.0.1; Nexus 5X Build/MMB29P) AppleWebKit/537.36 (KHTML, like Gecko) Chrome/135.0.7049.114 Mobile Safari/537.36 (compatible; Googlebot/2.1; +http://www.google.com/bot.html)"
66.249.73.226 - - [26/Apr/2025:08:35:18 -0400] "GET /150442851.shtml HTTP/1.1" 404 3779 "-" "Mozilla/5.0 (Linux; Android 6.0.1; Nexus 5X Build/MMB29P) AppleWebKit/537.36 (KHTML, like Gecko) Chrome/135.0.7049.114 Mobile Safari/537.36 (compatible; Googlebot/2.1; +http://www.google.com/bot.html)"
66.249.73.225 - - [26/Apr/2025:08:35:53 -0400] "GET /zhHant/product/surugaya/42364590?campaign_uid=f64d716db5e979ed2f947dbaf4296895b951ae7f HTTP/1.1" 404 3777 "-" "Mozilla/5.0 (Linux; Android 6.0.1; Nexus 5X Build/MMB29P) AppleWebKit/537.36 (KHTML, like Gecko) Chrome/135.0.7049.95 Mobile Safari/537.36 (compatible; GoogleOther)"
66.249.73.225 - - [26/Apr/2025:08:36:00 -0400] "GET /14700933.shtml HTTP/1.1" 404 3774 "-" "Mozilla/5.0 (Linux; Android 6.0.1; Nexus 5X Build/MMB29P) AppleWebKit/537.36 (KHTML, like Gecko) Chrome/135.0.7049.114 Mobile Safari/537.36 (compatible; Googlebot/2.1; +http://www.google.com/bot.html)"
66.249.73.227 - - [26/Apr/2025:08:38:36 -0400] "GET /202922163.shtml HTTP/1.1" 404 3780 "-" "Mozilla/5.0 (Linux; Android 6.0.1; Nexus 5X Build/MMB29P) AppleWebKit/537.36 (KHTML, like Gecko) Chrome/135.0.7049.95 Mobile Safari/537.36 (compatible; Googlebot/2.1; +http://www.google.com/bot.html)"
66.249.73.226 - - [26/Apr/2025:08:39:01 -0400] "GET /372012844.shtml HTTP/1.1" 404 3778 "-" "Mozilla/5.0 (compatible; Googlebot/2.1; +http://www.google.com/bot.html)"
66.249.73.225 - - [26/Apr/2025:08:39:53 -0400] "GET /319259978.shtml HTTP/1.1" 404 3777 "-" "Mozilla/5.0 (Linux; Android 6.0.1; Nexus 5X Build/MMB29P) AppleWebKit/537.36 (KHTML, like Gecko) Chrome/135.0.7049.95 Mobile Safari/537.36 (compatible; GoogleOther)"
66.249.73.226 - - [26/Apr/2025:08:40:48 -0400] "GET /324722027.shtml HTTP/1.1" 404 3776 "-" "Mozilla/5.0 (Linux; Android 6.0.1; Nexus 5X Build/MMB29P) AppleWebKit/537.36 (KHTML, like Gecko) Chrome/135.0.7049.114 Mobile Safari/537.36 (compatible; Googlebot/2.1; +http://www.google.com/bot.html)"
66.249.73.226 - - [26/Apr/2025:08:40:51 -0400] "GET /80949907.shtml HTTP/1.1" 404 3773 "-" "Mozilla/5.0 (compatible; Googlebot/2.1; +http://www.google.com/bot.html)"
66.249.73.227 - - [26/Apr/2025:08:41:54 -0400] "GET /robots.txt HTTP/1.1" 304 0 "-" "Mozilla/5.0 (compatible; Googlebot/2.1; +http://www.google.com/bot.html)"
66.249.73.226 - - [26/Apr/2025:08:41:54 -0400] "GET /358170679.shtml HTTP/1.1" 404 3779 "-" "Mozilla/5.0 (Linux; Android 6.0.1; Nexus 5X Build/MMB29P) AppleWebKit/537.36 (KHTML, like Gecko) Chrome/135.0.7049.95 Mobile Safari/537.36 (compatible; GoogleOther)"
66.249.73.225 - - [26/Apr/2025:08:41:55 -0400] "GET /25542205.shtml HTTP/1.1" 404 3774 "-" "Mozilla/5.0 (compatible; Googlebot/2.1; +http://www.google.com/bot.html)"
2a03:2880:f800:: - - [26/Apr/2025:08:42:15 -0400] "GET /direct-buy-listings/11 HTTP/1.1" 302 168 "-" "meta-externalagent/1.1 (+https://developers.facebook.com/docs/sharing/webmasters/crawler)"
66.249.73.226 - - [26/Apr/2025:08:43:15 -0400] "GET /122152136.shtml HTTP/1.1" 404 3778 "-" "Mozilla/5.0 (Linux; Android 6.0.1; Nexus 5X Build/MMB29P) AppleWebKit/537.36 (KHTML, like Gecko) Chrome/135.0.7049.114 Mobile Safari/537.36 (compatible; Googlebot/2.1; +http://www.google.com/bot.html)"
66.249.73.226 - - [26/Apr/2025:08:43:53 -0400] "GET /366803252.shtml HTTP/1.1" 404 3774 "-" "Mozilla/5.0 (Linux; Android 6.0.1; Nexus 5X Build/MMB29P) AppleWebKit/537.36 (KHTML, like Gecko) Chrome/135.0.7049.95 Mobile Safari/537.36 (compatible; GoogleOther)"
66.249.73.227 - - [26/Apr/2025:08:44:29 -0400] "GET /pcmypage?callback=product%2Fdetail%2F27420006 HTTP/1.1" 404 3765 "-" "Mozilla/5.0 (compatible; Googlebot/2.1; +http://www.google.com/bot.html)"
66.249.73.226 - - [26/Apr/2025:08:44:45 -0400] "GET /238642037.shtml HTTP/1.1" 404 3775 "-" "Mozilla/5.0 (compatible; Googlebot/2.1; +http://www.google.com/bot.html)"
66.249.73.227 - - [26/Apr/2025:08:45:53 -0400] "GET /299011482.shtml HTTP/1.1" 404 3776 "-" "Mozilla/5.0 (Linux; Android 6.0.1; Nexus 5X Build/MMB29P) AppleWebKit/537.36 (KHTML, like Gecko) Chrome/135.0.7049.95 Mobile Safari/537.36 (compatible; GoogleOther)"
66.249.73.225 - - [26/Apr/2025:08:46:43 -0400] "GET /250191324.shtml HTTP/1.1" 404 3772 "-" "Mozilla/5.0 (Linux; Android 6.0.1; Nexus 5X Build/MMB29P) AppleWebKit/537.36 (KHTML, like Gecko) Chrome/135.0.7049.95 Mobile Safari/537.36 (compatible; Googlebot/2.1; +http://www.google.com/bot.html)"
105.112.204.47 - - [26/Apr/2025:08:46:46 -0400] "GET /businessupdate HTTP/1.1" 200 7892 "-" "Mozilla/5.0 (Windows NT 10.0; Win64; x64) AppleWebKit/537.36 (KHTML, like Gecko) Chrome/135.0.0.0 Safari/537.36"
169.60.2.122 - - [26/Apr/2025:08:48:28 -0400] "GET /businessupdate HTTP/1.1" 200 7831 "-" "Mozilla/5.0 (Windows NT 10.0; Win64; x64) AppleWebKit/537.36 (KHTML, like Gecko) Chrome/60.0.3112.113 Safari/537.36"
169.60.2.107 - - [26/Apr/2025:08:48:28 -0400] "GET /businessupdate HTTP/1.1" 200 7830 "-" "Mozilla/5.0 (Windows NT 10.0; Win64; x64) AppleWebKit/537.36 (KHTML, like Gecko) Chrome/60.0.3112.113 Safari/537.36"
66.249.73.225 - - [26/Apr/2025:08:48:52 -0400] "GET /9017718.shtml HTTP/1.1" 404 3766 "-" "Mozilla/5.0 (Linux; Android 6.0.1; Nexus 5X Build/MMB29P) AppleWebKit/537.36 (KHTML, like Gecko) Chrome/135.0.7049.95 Mobile Safari/537.36 (compatible; GoogleOther)"
105.112.204.47 - - [26/Apr/2025:08:50:39 -0400] "GET /businessupdate HTTP/1.1" 200 7167 "-" "Mozilla/5.0 (Windows NT 10.0; Win64; x64) AppleWebKit/537.36 (KHTML, like Gecko) Chrome/135.0.0.0 Safari/537.36"
66.249.73.226 - - [26/Apr/2025:08:51:11 -0400] "GET /pcmypage?callback=product%2Fdetail%2F81482832 HTTP/1.1" 404 3769 "-" "Mozilla/5.0 (Linux; Android 6.0.1; Nexus 5X Build/MMB29P) AppleWebKit/537.36 (KHTML, like Gecko) Chrome/135.0.7049.95 Mobile Safari/537.36 (compatible; Googlebot/2.1; +http://www.google.com/bot.html)"
66.249.73.227 - - [26/Apr/2025:08:51:13 -0400] "GET /127327849.shtml HTTP/1.1" 404 3779 "-" "Mozilla/5.0 (compatible; Googlebot/2.1; +http://www.google.com/bot.html)"
66.249.73.227 - - [26/Apr/2025:08:52:52 -0400] "GET /284115764.shtml HTTP/1.1" 404 3780 "-" "Mozilla/5.0 (Linux; Android 6.0.1; Nexus 5X Build/MMB29P) AppleWebKit/537.36 (KHTML, like Gecko) Chrome/135.0.7049.95 Mobile Safari/537.36 (compatible; GoogleOther)"
66.249.73.225 - - [26/Apr/2025:08:52:55 -0400] "GET /80582614.shtml HTTP/1.1" 404 3775 "-" "Mozilla/5.0 (compatible; Googlebot/2.1; +http://www.google.com/bot.html)"
66.249.73.227 - - [26/Apr/2025:08:53:50 -0400] "GET /329417204.shtml HTTP/1.1" 404 3775 "-" "Mozilla/5.0 (Linux; Android 6.0.1; Nexus 5X Build/MMB29P) AppleWebKit/537.36 (KHTML, like Gecko) Chrome/135.0.7049.95 Mobile Safari/537.36 (compatible; Googlebot/2.1; +http://www.google.com/bot.html)"
105.112.204.47 - - [26/Apr/2025:08:55:28 -0400] "GET /businessupdate HTTP/1.1" 200 8119 "-" "Mozilla/5.0 (Windows NT 10.0; Win64; x64) AppleWebKit/537.36 (KHTML, like Gecko) Chrome/135.0.0.0 Safari/537.36"
105.112.204.47 - - [26/Apr/2025:08:55:47 -0400] "GET /businessupdate HTTP/1.1" 200 8119 "-" "Mozilla/5.0 (Windows NT 10.0; Win64; x64) AppleWebKit/537.36 (KHTML, like Gecko) Chrome/135.0.0.0 Safari/537.36"
105.112.204.47 - - [26/Apr/2025:08:55:58 -0400] "GET /businessupdate HTTP/1.1" 200 8047 "-" "Mozilla/5.0 (Windows NT 10.0; Win64; x64) AppleWebKit/537.36 (KHTML, like Gecko) Chrome/135.0.0.0 Safari/537.36"
66.249.73.235 - - [26/Apr/2025:08:56:52 -0400] "GET /pcmypage?callback=product%2Fdetail%2F78172112 HTTP/1.1" 404 3767 "-" "Mozilla/5.0 (Linux; Android 6.0.1; Nexus 5X Build/MMB29P) AppleWebKit/537.36 (KHTML, like Gecko) Chrome/135.0.7049.95 Mobile Safari/537.36 (compatible; GoogleOther)"
66.249.73.235 - - [26/Apr/2025:08:57:02 -0400] "GET /195308885.shtml HTTP/1.1" 404 3779 "-" "Mozilla/5.0 (Linux; Android 6.0.1; Nexus 5X Build/MMB29P) AppleWebKit/537.36 (KHTML, like Gecko) Chrome/135.0.7049.95 Mobile Safari/537.36 (compatible; Googlebot/2.1; +http://www.google.com/bot.html)"
66.249.73.234 - - [26/Apr/2025:08:58:21 -0400] "GET /pcmypage?callback=product%2Fdetail%2F84345703 HTTP/1.1" 404 3767 "-" "Mozilla/5.0 (Linux; Android 6.0.1; Nexus 5X Build/MMB29P) AppleWebKit/537.36 (KHTML, like Gecko) Chrome/135.0.7049.114 Mobile Safari/537.36 (compatible; Googlebot/2.1; +http://www.google.com/bot.html)"
66.249.73.235 - - [26/Apr/2025:09:00:05 -0400] "GET /58696204.shtml HTTP/1.1" 404 3774 "-" "Mozilla/5.0 (compatible; Googlebot/2.1; +http://www.google.com/bot.html)"
66.249.73.234 - - [26/Apr/2025:09:01:33 -0400] "GET /148268787.shtml HTTP/1.1" 404 3779 "-" "Mozilla/5.0 (Linux; Android 6.0.1; Nexus 5X Build/MMB29P) AppleWebKit/537.36 (KHTML, like Gecko) Chrome/135.0.7049.114 Mobile Safari/537.36 (compatible; Googlebot/2.1; +http://www.google.com/bot.html)"
66.249.73.235 - - [26/Apr/2025:09:01:34 -0400] "GET /251685046.shtml HTTP/1.1" 404 3779 "-" "Mozilla/5.0 (compatible; Googlebot/2.1; +http://www.google.com/bot.html)"
66.249.73.235 - - [26/Apr/2025:09:02:09 -0400] "GET /146808752.shtml HTTP/1.1" 404 3775 "-" "Mozilla/5.0 (Linux; Android 6.0.1; Nexus 5X Build/MMB29P) AppleWebKit/537.36 (KHTML, like Gecko) Chrome/135.0.7049.114 Mobile Safari/537.36 (compatible; Googlebot/2.1; +http://www.google.com/bot.html)"
66.249.73.233 - - [26/Apr/2025:09:02:18 -0400] "GET /83050269.shtml HTTP/1.1" 404 3775 "-" "Mozilla/5.0 (Linux; Android 6.0.1; Nexus 5X Build/MMB29P) AppleWebKit/537.36 (KHTML, like Gecko) Chrome/135.0.7049.95 Mobile Safari/537.36 (compatible; Googlebot/2.1; +http://www.google.com/bot.html)"
66.249.73.233 - - [26/Apr/2025:09:02:52 -0400] "GET /zhHant/product/surugaya/65179789?campaign_uid=f64d716db5e979ed2f947dbaf4296895b951ae7f HTTP/1.1" 404 3778 "-" "Mozilla/5.0 (Linux; Android 6.0.1; Nexus 5X Build/MMB29P) AppleWebKit/537.36 (KHTML, like Gecko) Chrome/135.0.7049.95 Mobile Safari/537.36 (compatible; GoogleOther)"
66.249.73.233 - - [26/Apr/2025:09:02:56 -0400] "GET /306444487.shtml HTTP/1.1" 404 3780 "-" "Mozilla/5.0 (Linux; Android 6.0.1; Nexus 5X Build/MMB29P) AppleWebKit/537.36 (KHTML, like Gecko) Chrome/135.0.7049.95 Mobile Safari/537.36 (compatible; GoogleOther)"
105.112.204.47 - - [26/Apr/2025:09:04:14 -0400] "GET /businessupdate HTTP/1.1" 200 9040 "-" "Mozilla/5.0 (Windows NT 10.0; Win64; x64) AppleWebKit/537.36 (KHTML, like Gecko) Chrome/135.0.0.0 Safari/537.36"
105.112.204.47 - - [26/Apr/2025:09:04:46 -0400] "GET /businessupdate HTTP/1.1" 200 8047 "-" "Mozilla/5.0 (Windows NT 10.0; Win64; x64) AppleWebKit/537.36 (KHTML, like Gecko) Chrome/135.0.0.0 Safari/537.36"
66.249.73.233 - - [26/Apr/2025:09:04:56 -0400] "GET /281431837.shtml HTTP/1.1" 404 3777 "-" "Mozilla/5.0 (Linux; Android 6.0.1; Nexus 5X Build/MMB29P) AppleWebKit/537.36 (KHTML, like Gecko) Chrome/135.0.7049.95 Mobile Safari/537.36 (compatible; GoogleOther)"
105.112.204.47 - - [26/Apr/2025:09:05:18 -0400] "GET /businessupdate HTTP/1.1" 200 8047 "-" "Mozilla/5.0 (Windows NT 10.0; Win64; x64) AppleWebKit/537.36 (KHTML, like Gecko) Chrome/135.0.0.0 Safari/537.36"
105.112.204.47 - - [26/Apr/2025:09:05:44 -0400] "GET /businessupdate HTTP/1.1" 200 7167 "-" "Mozilla/5.0 (Windows NT 10.0; Win64; x64) AppleWebKit/537.36 (KHTML, like Gecko) Chrome/135.0.0.0 Safari/537.36"
66.249.73.225 - - [26/Apr/2025:09:08:14 -0400] "GET /147924267.shtml HTTP/1.1" 404 3777 "-" "Mozilla/5.0 (Linux; Android 6.0.1; Nexus 5X Build/MMB29P) AppleWebKit/537.36 (KHTML, like Gecko) Chrome/135.0.7049.95 Mobile Safari/537.36 (compatible; Googlebot/2.1; +http://www.google.com/bot.html)"
105.116.9.129 - - [26/Apr/2025:09:08:26 -0400] "GET / HTTP/1.1" 200 10871 "https://www.google.com/" "Mozilla/5.0 (Linux; Android 10; K) AppleWebKit/537.36 (KHTML, like Gecko) Chrome/133.0.0.0 Mobile Safari/537.36"
