52.169.149.126 - - [26/Apr/2025:09:20:31 -0400] "GET /wp-includes/theme-compat/x2.php HTTP/1.1" 404 6821 "-" "-"
52.169.149.126 - - [26/Apr/2025:09:20:31 -0400] "GET /wp-includes/themes.php HTTP/1.1" 404 6821 "-" "-"
52.169.149.126 - - [26/Apr/2025:09:20:32 -0400] "GET /wp-includes/upload.php HTTP/1.1" 404 6821 "-" "-"
52.169.149.126 - - [26/Apr/2025:09:20:33 -0400] "GET /wp-includes/widgets/ HTTP/1.1" 301 795 "-" "-"
52.169.149.126 - - [26/Apr/2025:09:20:33 -0400] "GET /public/wp-includes/widgets HTTP/1.1" 404 6830 "-" "-"
52.169.149.126 - - [26/Apr/2025:09:20:34 -0400] "GET /wp-includes/widgets//class-wp-widget-tag.php HTTP/1.1" 404 6821 "-" "-"
52.169.149.126 - - [26/Apr/2025:09:20:34 -0400] "GET /wp-includes/widgets/about.php HTTP/1.1" 404 6821 "-" "-"
52.169.149.126 - - [26/Apr/2025:09:20:35 -0400] "GET /wp-includes/widgets/about.php?p= HTTP/1.1" 404 6821 "-" "-"
52.169.149.126 - - [26/Apr/2025:09:20:36 -0400] "GET /wp-includes/widgets/index.php HTTP/1.1" 404 6825 "-" "-"
114.119.131.35 - - [26/Apr/2025:09:20:36 -0400] "GET /course/-data-science-with-r- HTTP/1.1" 200 10266 "https://certfee.com/instructor-details/1001/course.html" "Mozilla/5.0 (Linux; Android 7.0;) AppleWebKit/537.36 (KHTML, like Gecko) Mobile Safari/537.36 (compatible; PetalBot;+https://webmaster.petalsearch.com/site/petalbot)"
52.169.149.126 - - [26/Apr/2025:09:20:37 -0400] "GET /wp-includes/widgets/xBrain.php HTTP/1.1" 404 6821 "-" "-"
52.169.149.126 - - [26/Apr/2025:09:20:37 -0400] "GET /wp-includes/wjacfltdmPx.php HTTP/1.1" 404 6821 "-" "-"
52.169.149.126 - - [26/Apr/2025:09:20:38 -0400] "GET /wp-includes/wp-activate.php HTTP/1.1" 404 6821 "-" "-"
52.169.149.126 - - [26/Apr/2025:09:20:38 -0400] "GET /wp-includes/wp-atom.php HTTP/1.1" 404 6821 "-" "-"
52.169.149.126 - - [26/Apr/2025:09:20:39 -0400] "GET /wp-includes/wp-class.php HTTP/1.1" 404 6821 "-" "-"
52.169.149.126 - - [26/Apr/2025:09:20:40 -0400] "GET /wp-includes/wp-class.php/wp-content/uploads/wp_live_chat/ HTTP/1.1" 301 795 "-" "-"
52.169.149.126 - - [26/Apr/2025:09:20:40 -0400] "GET /public/wp-includes/wp-class.php/wp-content/uploads/wp_live_chat HTTP/1.1" 404 6830 "-" "-"
52.169.149.126 - - [26/Apr/2025:09:20:41 -0400] "GET /wp-includes/wp-class.php/wp-content/uploads/wplivechat/ HTTP/1.1" 301 795 "-" "-"
52.169.149.126 - - [26/Apr/2025:09:20:41 -0400] "GET /public/wp-includes/wp-class.php/wp-content/uploads/wplivechat HTTP/1.1" 404 6830 "-" "-"
52.169.149.126 - - [26/Apr/2025:09:20:42 -0400] "GET /wp-includes/wp-error_log.php HTTP/1.1" 404 6821 "-" "-"
52.169.149.126 - - [26/Apr/2025:09:20:43 -0400] "GET /wp-includes/wp-includes_function.php HTTP/1.1" 404 6821 "-" "-"
52.169.149.126 - - [26/Apr/2025:09:20:43 -0400] "GET /wp-includes/wp-load.php HTTP/1.1" 404 6821 "-" "-"
52.169.149.126 - - [26/Apr/2025:09:20:44 -0400] "GET /wp-includes/wp-login.php HTTP/1.1" 404 6821 "-" "-"
52.169.149.126 - - [26/Apr/2025:09:20:45 -0400] "GET /wp-includes/wp-shell.php HTTP/1.1" 404 6821 "-" "-"
52.169.149.126 - - [26/Apr/2025:09:20:45 -0400] "GET /wp-includes/x2.php HTTP/1.1" 404 6821 "-" "-"
52.169.149.126 - - [26/Apr/2025:09:20:46 -0400] "GET /wp-index.php HTTP/1.1" 200 14133 "-" "-"
52.169.149.126 - - [26/Apr/2025:09:20:47 -0400] "GET /wp-info.php HTTP/1.1" 404 6821 "-" "-"
52.169.149.126 - - [26/Apr/2025:09:20:48 -0400] "GET /wp-json/wp/v2/posts?cmd=system HTTP/1.1" 404 6821 "-" "-"
52.169.149.126 - - [26/Apr/2025:09:20:49 -0400] "GET /wp-l0gin.php HTTP/1.1" 404 6821 "-" "-"
52.169.149.126 - - [26/Apr/2025:09:20:49 -0400] "GET /wp-links.php HTTP/1.1" 404 6821 "-" "-"
52.169.149.126 - - [26/Apr/2025:09:20:50 -0400] "GET /wp-load.php HTTP/1.1" 404 6821 "-" "-"
52.169.149.126 - - [26/Apr/2025:09:20:51 -0400] "GET /wp-login.php HTTP/1.1" 404 6821 "-" "-"
52.169.149.126 - - [26/Apr/2025:09:20:51 -0400] "GET /wp-mail.php HTTP/1.1" 404 6821 "-" "-"
52.169.149.126 - - [26/Apr/2025:09:20:52 -0400] "GET /wp-mail.php/ HTTP/1.1" 301 795 "-" "-"
52.169.149.126 - - [26/Apr/2025:09:20:52 -0400] "GET /public/wp-mail.php HTTP/1.1" 404 6830 "-" "-"
52.169.149.126 - - [26/Apr/2025:09:20:53 -0400] "GET /wp-mail.php/wp-includes/ID3/.info.php HTTP/1.1" 404 6821 "-" "-"
52.169.149.126 - - [26/Apr/2025:09:20:54 -0400] "GET /wp-mail.php/wp-includes/ID3/class-config.php HTTP/1.1" 404 6821 "-" "-"
52.169.149.126 - - [26/Apr/2025:09:20:54 -0400] "GET /wp-mail.php/wp-includes/ID3/rk2.php HTTP/1.1" 404 6821 "-" "-"
52.169.149.126 - - [26/Apr/2025:09:20:55 -0400] "GET /wp-one.php HTTP/1.1" 404 6821 "-" "-"
52.169.149.126 - - [26/Apr/2025:09:20:56 -0400] "GET /wp-post.php HTTP/1.1" 404 6821 "-" "-"
52.169.149.126 - - [26/Apr/2025:09:20:57 -0400] "GET /wp-scripts.php HTTP/1.1" 404 6821 "-" "-"
52.169.149.126 - - [26/Apr/2025:09:20:57 -0400] "GET /wp-seo.php HTTP/1.1" 404 6821 "-" "-"
52.169.149.126 - - [26/Apr/2025:09:20:58 -0400] "GET /wp-settings.php HTTP/1.1" 404 6821 "-" "-"
52.169.149.126 - - [26/Apr/2025:09:20:59 -0400] "GET /wp-signin.php HTTP/1.1" 404 6821 "-" "-"
52.169.149.126 - - [26/Apr/2025:09:21:00 -0400] "GET /wp-signup.php HTTP/1.1" 404 6821 "-" "-"
52.169.149.126 - - [26/Apr/2025:09:21:00 -0400] "GET /wp-theme.php HTTP/1.1" 404 6821 "-" "-"
52.169.149.126 - - [26/Apr/2025:09:21:01 -0400] "GET /wp-trackback.php HTTP/1.1" 404 6821 "-" "-"
52.169.149.126 - - [26/Apr/2025:09:21:02 -0400] "GET /wp-uploads.php HTTP/1.1" 404 6821 "-" "-"
52.169.149.126 - - [26/Apr/2025:09:21:03 -0400] "GET /wp-wso.php HTTP/1.1" 404 6821 "-" "-"
52.169.149.126 - - [26/Apr/2025:09:21:03 -0400] "GET /wp.php HTTP/1.1" 404 6821 "-" "-"
52.169.149.126 - - [26/Apr/2025:09:21:04 -0400] "GET /wp.php?p= HTTP/1.1" 404 6821 "-" "-"
52.169.149.126 - - [26/Apr/2025:09:21:05 -0400] "GET /wp2.php HTTP/1.1" 404 6821 "-" "-"
52.169.149.126 - - [26/Apr/2025:09:21:06 -0400] "GET /wp_class_datalib.php HTTP/1.1" 404 6821 "-" "-"
52.169.149.126 - - [26/Apr/2025:09:21:07 -0400] "GET /wp_wrong_datlib.php HTTP/1.1" 404 6821 "-" "-"
52.169.149.126 - - [26/Apr/2025:09:21:07 -0400] "GET /ws.php HTTP/1.1" 404 6821 "-" "-"
52.169.149.126 - - [26/Apr/2025:09:21:08 -0400] "GET /ws.php?p= HTTP/1.1" 404 6821 "-" "-"
52.169.149.126 - - [26/Apr/2025:09:21:09 -0400] "GET /wsa.php HTTP/1.1" 404 6821 "-" "-"
52.169.149.126 - - [26/Apr/2025:09:21:10 -0400] "GET /wso.php HTTP/1.1" 404 6821 "-" "-"
52.169.149.126 - - [26/Apr/2025:09:21:10 -0400] "GET /wso112233.php HTTP/1.1" 404 6821 "-" "-"
52.169.149.126 - - [26/Apr/2025:09:21:11 -0400] "GET /wso2.php HTTP/1.1" 404 6821 "-" "-"
52.169.149.126 - - [26/Apr/2025:09:21:12 -0400] "GET /wsoyanz.php HTTP/1.1" 404 6821 "-" "-"
52.169.149.126 - - [26/Apr/2025:09:21:13 -0400] "GET /x.php HTTP/1.1" 404 6821 "-" "-"
52.169.149.126 - - [26/Apr/2025:09:21:13 -0400] "GET /x/index.php HTTP/1.1" 200 14270 "-" "-"
52.169.149.126 - - [26/Apr/2025:09:21:15 -0400] "GET /x2.php HTTP/1.1" 404 6821 "-" "-"
52.169.149.126 - - [26/Apr/2025:09:21:15 -0400] "GET /xindex.php HTTP/1.1" 200 14176 "-" "-"
52.169.149.126 - - [26/Apr/2025:09:21:16 -0400] "GET /xl.php HTTP/1.1" 404 6821 "-" "-"
52.169.149.126 - - [26/Apr/2025:09:21:17 -0400] "GET /xleet-shell.php HTTP/1.1" 404 6821 "-" "-"
52.169.149.126 - - [26/Apr/2025:09:21:18 -0400] "GET /xleet.php HTTP/1.1" 404 6821 "-" "-"
52.169.149.126 - - [26/Apr/2025:09:21:19 -0400] "GET /xml.php HTTP/1.1" 404 6821 "-" "-"
52.169.149.126 - - [26/Apr/2025:09:21:20 -0400] "GET /xmrlpc.php?p= HTTP/1.1" 404 6821 "-" "-"
52.169.149.126 - - [26/Apr/2025:09:21:21 -0400] "GET /xx.php HTTP/1.1" 404 6821 "-" "-"
52.169.149.126 - - [26/Apr/2025:09:21:22 -0400] "GET /xxx.php HTTP/1.1" 404 6821 "-" "-"
52.169.149.126 - - [26/Apr/2025:09:21:22 -0400] "GET /xz.php HTTP/1.1" 404 6821 "-" "-"
52.169.149.126 - - [26/Apr/2025:09:21:23 -0400] "GET /y7.php HTTP/1.1" 404 6821 "-" "-"
52.169.149.126 - - [26/Apr/2025:09:21:24 -0400] "GET /yanz.php HTTP/1.1" 404 6821 "-" "-"
52.169.149.126 - - [26/Apr/2025:09:21:25 -0400] "GET /ynz.PhP7 HTTP/1.1" 404 6821 "-" "-"
52.169.149.126 - - [26/Apr/2025:09:21:25 -0400] "GET /yq7.php HTTP/1.1" 404 6821 "-" "-"
52.169.149.126 - - [26/Apr/2025:09:21:26 -0400] "GET /z.php HTTP/1.1" 404 6821 "-" "-"
52.169.149.126 - - [26/Apr/2025:09:21:27 -0400] "GET /z63.php HTTP/1.1" 404 6821 "-" "-"
52.169.149.126 - - [26/Apr/2025:09:21:28 -0400] "GET /zT.php HTTP/1.1" 404 6821 "-" "-"
52.169.149.126 - - [26/Apr/2025:09:21:29 -0400] "GET /zqBSIrn38Ja.php HTTP/1.1" 404 6821 "-" "-"
52.169.149.126 - - [26/Apr/2025:09:21:30 -0400] "GET /zwso.php HTTP/1.1" 404 6821 "-" "-"
52.169.149.126 - - [26/Apr/2025:09:21:31 -0400] "GET /zz.php HTTP/1.1" 404 6821 "-" "-"
52.167.144.232 - - [26/Apr/2025:09:22:34 -0400] "GET /blog/the-hidden-costs-of-studying-abroad-what-students-should-know-before-moving HTTP/1.1" 200 12076 "-" "Mozilla/5.0 AppleWebKit/537.36 (KHTML, like Gecko; compatible; bingbot/2.0; +http://www.bing.com/bingbot.htm) Chrome/116.0.1938.76 Safari/537.36"
114.119.154.77 - - [26/Apr/2025:09:22:41 -0400] "GET /blog/how-virtual-reality-is-transforming-the-study-abroad-experience HTTP/1.1" 200 10750 "https://certfee.com/blog?page=2" "Mozilla/5.0 (Linux; Android 7.0;) AppleWebKit/537.36 (KHTML, like Gecko) Mobile Safari/537.36 (compatible; PetalBot;+https://webmaster.petalsearch.com/site/petalbot)"
185.191.171.8 - - [26/Apr/2025:09:22:46 -0400] "GET /public/course/artificial-intelligence-in-huma-resource-management- HTTP/1.1" 200 10322 "-" "Mozilla/5.0 (compatible; SemrushBot/7~bl; +http://www.semrush.com/bot.html)"
84.17.48.159 - - [26/Apr/2025:09:22:51 -0400] "GET / HTTP/1.1" 200 14102 "https://certfee.com/" "Mozilla/5.0 (Windows NT 10.0; Win64; x64) AppleWebKit/537.36 (KHTML, like Gecko) Chrome/131.0.0.0 Safari/537.36 Avast/131.0.0.0"
84.17.48.159 - - [26/Apr/2025:09:22:53 -0400] "GET /contact HTTP/1.1" 200 7248 "https://certfee.com/contact" "Mozilla/5.0 (Windows NT 10.0; Win64; x64) AppleWebKit/537.36 (KHTML, like Gecko) Chrome/131.0.0.0 Safari/537.36 Avast/131.0.0.0"
84.17.48.159 - - [26/Apr/2025:09:22:55 -0400] "POST /contact HTTP/1.1" 405 595 "https://certfee.com/contact" "Mozilla/5.0 (Windows NT 10.0; Win64; x64) AppleWebKit/537.36 (KHTML, like Gecko) Chrome/131.0.0.0 Safari/537.36 Avast/131.0.0.0"
85.208.96.208 - - [26/Apr/2025:09:23:23 -0400] "GET /public/instructor-details/course.html HTTP/1.1" 404 6880 "-" "Mozilla/5.0 (compatible; SemrushBot/7~bl; +http://www.semrush.com/bot.html)"
114.119.131.35 - - [26/Apr/2025:09:24:45 -0400] "GET /blog/how-to-get-an-online-degree-that-employers-respect HTTP/1.1" 200 11814 "https://certfee.com/blog?category=industry-job-trends" "Mozilla/5.0 (Linux; Android 7.0;) AppleWebKit/537.36 (KHTML, like Gecko) Mobile Safari/537.36 (compatible; PetalBot;+https://webmaster.petalsearch.com/site/petalbot)"
114.119.146.94 - - [26/Apr/2025:09:26:49 -0400] "GET /blog/do-scholarship-winners-have-a-strategy-insider-tips-from-past-recipients HTTP/1.1" 200 11269 "https://certfee.com/blog?category=industry-insights-and-trends" "Mozilla/5.0 (Linux; Android 7.0;) AppleWebKit/537.36 (KHTML, like Gecko) Mobile Safari/537.36 (compatible; PetalBot;+https://webmaster.petalsearch.com/site/petalbot)"
85.208.96.208 - - [26/Apr/2025:09:26:56 -0400] "GET /robots.txt HTTP/1.1" 304 0 "-" "Mozilla/5.0 (compatible; SemrushBot/7~bl; +http://www.semrush.com/bot.html)"
85.208.96.198 - - [26/Apr/2025:09:26:56 -0400] "GET /public/blog/the-role-of-internships-in-gaining-global-work-experience HTTP/1.1" 200 11679 "-" "Mozilla/5.0 (compatible; SemrushBot/7~bl; +http://www.semrush.com/bot.html)"
2a03:2880:f800:19:: - - [26/Apr/2025:09:27:11 -0400] "GET /blog/fully-funded-scholarships-for-international-students-in-nigeria- HTTP/1.1" 200 11438 "-" "meta-externalagent/1.1 (+https://developers.facebook.com/docs/sharing/webmasters/crawler)"
2403:6a40:0:16:1802:8cff:fef6:f791 - - [26/Apr/2025:09:28:15 -0400] "GET /wp-login.php?wpe-login=true HTTP/1.1" 404 6836 "-" "Go-http-client/2.0"
2403:6a40:0:16:1802:8cff:fef6:f791 - - [26/Apr/2025:09:28:16 -0400] "POST /wp-login.php?wpe-login=true HTTP/1.1" 404 6836 "https://www.certfee.com/wp-login.php" "Mozilla/5.0 (Windows NT 10.0; Win64; x64) AppleWebKit/537.36 (KHTML, like Gecko) Chrome/103.0.0.0 Safari/537.36"
66.249.79.228 - - [26/Apr/2025:09:28:29 -0400] "GET /blog/what-to-do-if-you-dont-get-a-scholarship-for-study-abroad HTTP/1.1" 200 11711 "-" "Mozilla/5.0 (Linux; Android 6.0.1; Nexus 5X Build/MMB29P) AppleWebKit/537.36 (KHTML, like Gecko) Chrome/135.0.7049.95 Mobile Safari/537.36 (compatible; Googlebot/2.1; +http://www.google.com/bot.html)"
114.119.131.35 - - [26/Apr/2025:09:28:53 -0400] "GET /blog/best-scholarships-for-studying-in-europe HTTP/1.1" 200 11597 "https://certfee.com/blog?page=12" "Mozilla/5.0 (Linux; Android 7.0;) AppleWebKit/537.36 (KHTML, like Gecko) Mobile Safari/537.36 (compatible; PetalBot;+https://webmaster.petalsearch.com/site/petalbot)"
185.191.171.2 - - [26/Apr/2025:09:31:56 -0400] "GET /public/instructor-details/1002/course.html HTTP/1.1" 200 11147 "-" "Mozilla/5.0 (compatible; SemrushBot/7~bl; +http://www.semrush.com/bot.html)"
54.36.149.52 - - [26/Apr/2025:09:32:18 -0400] "GET /blog/best-scholarships-for-firstgeneration-college-students HTTP/1.1" 200 10188 "-" "Mozilla/5.0 (compatible; AhrefsBot/7.0; +http://ahrefs.com/robot/)"
102.223.229.226 - - [26/Apr/2025:09:36:53 -0400] "GET /wp-admin HTTP/1.1" 404 6836 "-" "Mozilla/5.0 (Windows NT 10.0; Win64; x64) AppleWebKit/537.36 (KHTML, like Gecko) Chrome/115.0.0.0 Safari/537.36 Edg/115.0.1901.203"
66.249.79.168 - - [26/Apr/2025:09:37:02 -0400] "GET /sign-in/?redirect_to=http%3A%2F%2Fteplovye-zavesy.ru/746/9425/568fe01/ HTTP/1.1" 301 795 "-" "Mozilla/5.0 (Linux; Android 6.0.1; Nexus 5X Build/MMB29P) AppleWebKit/537.36 (KHTML, like Gecko) Chrome/135.0.7049.95 Mobile Safari/537.36 (compatible; GoogleOther)"
66.249.79.169 - - [26/Apr/2025:09:37:22 -0400] "GET /public/sign-in?redirect_to=http%3A%2F%2Fteplovye-zavesy.ru/746/9425/568fe01/ HTTP/1.1" 404 6832 "-" "Mozilla/5.0 (Linux; Android 6.0.1; Nexus 5X Build/MMB29P) AppleWebKit/537.36 (KHTML, like Gecko) Chrome/135.0.7049.95 Mobile Safari/537.36 (compatible; GoogleOther)"
57.154.175.5 - - [26/Apr/2025:09:37:30 -0400] "GET / HTTP/1.1" 200 14167 "-" "Mozilla/5.0 AppleWebKit/537.36 (KHTML, like Gecko); compatible; ChatGPT-User/1.0; +https://openai.com/bot"
66.249.79.235 - - [26/Apr/2025:09:38:29 -0400] "GET /blog/scholarships-for-students-who-want-to-study-in-nonenglish-speaking-countries HTTP/1.1" 200 11460 "-" "Mozilla/5.0 (Linux; Android 6.0.1; Nexus 5X Build/MMB29P) AppleWebKit/537.36 (KHTML, like Gecko) Chrome/135.0.7049.95 Mobile Safari/537.36 (compatible; Googlebot/2.1; +http://www.google.com/bot.html)"
47.79.197.222 - - [26/Apr/2025:09:38:54 -0400] "GET /course/osha-essential-forklifter-operations-safety- HTTP/1.1" 200 10183 "https://www.google.com/" "Mozilla/5.0 (Linux; Android 10; K) AppleWebKit/537.36 (KHTML, like Gecko) Chrome/132.0.0.0 Mobile Safari/537.36"
185.191.171.8 - - [26/Apr/2025:09:40:34 -0400] "GET /public/blog/emerging-job-market-trends-what-to-expect-in-2025 HTTP/1.1" 200 11675 "-" "Mozilla/5.0 (compatible; SemrushBot/7~bl; +http://www.semrush.com/bot.html)"
85.208.96.203 - - [26/Apr/2025:09:43:35 -0400] "GET /public/course/public-speaking HTTP/1.1" 200 10169 "-" "Mozilla/5.0 (compatible; SemrushBot/7~bl; +http://www.semrush.com/bot.html)"
85.208.96.210 - - [26/Apr/2025:09:43:58 -0400] "GET /public/quick-connect/1003 HTTP/1.1" 405 595 "-" "Mozilla/5.0 (compatible; SemrushBot/7~bl; +http://www.semrush.com/bot.html)"
135.237.131.220 - - [26/Apr/2025:09:45:21 -0400] "GET / HTTP/1.1" 200 14172 "-" "Mozilla/5.0 AppleWebKit/537.36 (KHTML, like Gecko); compatible; ChatGPT-User/1.0; +https://openai.com/bot"
47.79.214.202 - - [26/Apr/2025:09:45:33 -0400] "GET / HTTP/1.1" 200 14204 "https://www.google.com/" "Mozilla/5.0 (Windows NT 10.0; Win64; x64) AppleWebKit/537.36 (KHTML, like Gecko) Chrome/133.0.0.0 Safari/537.36 Edg/133.0.0.0"
85.208.96.210 - - [26/Apr/2025:09:47:07 -0400] "GET /public/blog/why-employers-value-international-education HTTP/1.1" 200 10989 "-" "Mozilla/5.0 (compatible; SemrushBot/7~bl; +http://www.semrush.com/bot.html)"
66.249.79.173 - - [26/Apr/2025:09:47:31 -0400] "GET /wp-maiI.php/swerte99-lucky-lottery.html HTTP/1.1" 404 6836 "-" "Mozilla/5.0 (Linux; Android 6.0.1; Nexus 5X Build/MMB29P) AppleWebKit/537.36 (KHTML, like Gecko) Chrome/135.0.7049.95 Mobile Safari/537.36 (compatible; Googlebot/2.1; +http://www.google.com/bot.html)"
2001:4ca0:108:42::24 - - [26/Apr/2025:09:48:57 -0400] "GET /robots.txt HTTP/1.1" 304 0 "-" "Mozilla/5.0 (Windows NT 10.0; Win64; x64) AppleWebKit/537.36 (KHTML, like Gecko) Chrome/103.0.5060.134 Safari/537.36"
188.212.135.196 - - [26/Apr/2025:09:50:39 -0400] "GET / HTTP/1.1" 200 14207 "-" "Mozilla/5.0 (Windows NT 10.0; Win64; x64) AppleWebKit/537.36 (KHTML, like Gecko) Chrome/113.0.0.0 Safari/537.36"
188.212.135.169 - - [26/Apr/2025:09:50:44 -0400] "GET / HTTP/1.1" 200 14191 "-" "Mozilla/5.0 (Windows NT 10.0; Win64; x64) AppleWebKit/537.36 (KHTML, like Gecko) Chrome/113.0.0.0 Safari/537.36"
40.116.73.211 - - [26/Apr/2025:09:50:58 -0400] "GET / HTTP/1.1" 200 14117 "-" "Mozilla/5.0 AppleWebKit/537.36 (KHTML, like Gecko); compatible; ChatGPT-User/1.0; +https://openai.com/bot"
216.244.66.200 - - [26/Apr/2025:09:51:02 -0400] "GET /public/events/list?tribe-bar-date=2022-02-02&ical=1 HTTP/1.1" 404 6832 "-" "Mozilla/5.0 (compatible; DotBot/1.2; +https://opensiteexplorer.org/dotbot; help@moz.com)"
216.244.66.200 - - [26/Apr/2025:09:51:09 -0400] "GET /public/events/list?tribe-bar-date=2022-06-08&ical=1 HTTP/1.1" 404 6832 "-" "Mozilla/5.0 (compatible; DotBot/1.2; +https://opensiteexplorer.org/dotbot; help@moz.com)"
66.249.79.172 - - [26/Apr/2025:09:52:32 -0400] "GET /course/phlebotomist-training HTTP/1.1" 200 10537 "-" "Mozilla/5.0 (Linux; Android 6.0.1; Nexus 5X Build/MMB29P) AppleWebKit/537.36 (KHTML, like Gecko) Chrome/135.0.7049.95 Mobile Safari/537.36 (compatible; Googlebot/2.1; +http://www.google.com/bot.html)"
66.249.79.234 - - [26/Apr/2025:09:52:33 -0400] "GET /blog/the-role-of-online-learning-in-global-education HTTP/1.1" 200 11823 "-" "Mozilla/5.0 (Linux; Android 6.0.1; Nexus 5X Build/MMB29P) AppleWebKit/537.36 (KHTML, like Gecko) Chrome/135.0.7049.95 Mobile Safari/537.36 (compatible; Googlebot/2.1; +http://www.google.com/bot.html)"
66.249.79.234 - - [26/Apr/2025:09:52:35 -0400] "GET /frontend/js/jquery.magnific-popup.min.js HTTP/1.1" 200 7043 "https://www.certfee.com/" "Mozilla/5.0 (Linux; Android 6.0.1; Nexus 5X Build/MMB29P) AppleWebKit/537.36 (KHTML, like Gecko) Chrome/134.0.6998.165 Mobile Safari/537.36 (compatible; Googlebot/2.1; +http://www.google.com/bot.html)"
66.249.79.235 - - [26/Apr/2025:09:52:37 -0400] "GET /frontend/img/icons/lock.svg HTTP/1.1" 200 457 "https://www.certfee.com/" "Mozilla/5.0 (Linux; Android 6.0.1; Nexus 5X Build/MMB29P) AppleWebKit/537.36 (KHTML, like Gecko) Chrome/134.0.6998.165 Mobile Safari/537.36 (compatible; Googlebot/2.1; +http://www.google.com/bot.html)"
51.222.253.5 - - [26/Apr/2025:09:54:01 -0400] "GET /instructor-details/1004 HTTP/1.1" 200 10738 "-" "Mozilla/5.0 (compatible; AhrefsBot/7.0; +http://ahrefs.com/robot/)"
66.249.79.234 - - [26/Apr/2025:09:55:20 -0400] "GET / HTTP/1.1" 200 14183 "-" "Mozilla/5.0 (compatible; Googlebot/2.1; +http://www.google.com/bot.html)"
66.249.79.233 - - [26/Apr/2025:09:55:24 -0400] "GET /frontend/css/spacing.css HTTP/1.1" 200 484 "https://certfee.com/" "Mozilla/5.0 AppleWebKit/537.36 (KHTML, like Gecko; compatible; Googlebot/2.1; +http://www.google.com/bot.html) Chrome/134.0.6998.165 Safari/537.36"
66.249.79.233 - - [26/Apr/2025:09:55:24 -0400] "GET /global/js/jquery-3.7.1.min.js HTTP/1.1" 200 29739 "https://certfee.com/" "Mozilla/5.0 AppleWebKit/537.36 (KHTML, like Gecko; compatible; Googlebot/2.1; +http://www.google.com/bot.html) Chrome/134.0.6998.165 Safari/537.36"
66.249.79.234 - - [26/Apr/2025:09:55:25 -0400] "GET /frontend/js/jquery.marquee.min.js HTTP/1.1" 304 0 "https://certfee.com/" "Mozilla/5.0 AppleWebKit/537.36 (KHTML, like Gecko; compatible; Googlebot/2.1; +http://www.google.com/bot.html) Chrome/134.0.6998.165 Safari/537.36"
66.249.79.233 - - [26/Apr/2025:09:55:25 -0400] "GET /frontend/js/plyr.min.js HTTP/1.1" 200 31405 "https://certfee.com/" "Mozilla/5.0 AppleWebKit/537.36 (KHTML, like Gecko; compatible; Googlebot/2.1; +http://www.google.com/bot.html) Chrome/134.0.6998.165 Safari/537.36"
66.249.79.233 - - [26/Apr/2025:09:55:26 -0400] "GET /frontend/js/proper.min.js HTTP/1.1" 304 0 "https://certfee.com/" "Mozilla/5.0 AppleWebKit/537.36 (KHTML, like Gecko; compatible; Googlebot/2.1; +http://www.google.com/bot.html) Chrome/134.0.6998.165 Safari/537.36"
66.249.79.233 - - [26/Apr/2025:09:55:27 -0400] "GET /frontend/js/jquery.magnific-popup.min.js HTTP/1.1" 200 7043 "https://certfee.com/" "Mozilla/5.0 AppleWebKit/537.36 (KHTML, like Gecko; compatible; Googlebot/2.1; +http://www.google.com/bot.html) Chrome/134.0.6998.165 Safari/537.36"
66.249.79.233 - - [26/Apr/2025:09:55:27 -0400] "GET /frontend/js/default/cart.js?v=1.6.0 HTTP/1.1" 200 818 "https://certfee.com/" "Mozilla/5.0 AppleWebKit/537.36 (KHTML, like Gecko; compatible; Googlebot/2.1; +http://www.google.com/bot.html) Chrome/134.0.6998.165 Safari/537.36"
66.249.79.233 - - [26/Apr/2025:09:55:28 -0400] "GET /frontend/js/select2.min.js HTTP/1.1" 200 18573 "https://certfee.com/" "Mozilla/5.0 AppleWebKit/537.36 (KHTML, like Gecko; compatible; Googlebot/2.1; +http://www.google.com/bot.html) Chrome/134.0.6998.165 Safari/537.36"
66.249.79.233 - - [26/Apr/2025:09:55:28 -0400] "GET /global/toastr/toastr.min.js HTTP/1.1" 304 0 "https://certfee.com/" "Mozilla/5.0 AppleWebKit/537.36 (KHTML, like Gecko; compatible; Googlebot/2.1; +http://www.google.com/bot.html) Chrome/134.0.6998.165 Safari/537.36"
66.249.79.233 - - [26/Apr/2025:09:55:29 -0400] "GET /frontend/js/jquery.circleType.js HTTP/1.1" 200 1158 "https://certfee.com/" "Mozilla/5.0 AppleWebKit/537.36 (KHTML, like Gecko; compatible; Googlebot/2.1; +http://www.google.com/bot.html) Chrome/134.0.6998.165 Safari/537.36"
66.249.79.233 - - [26/Apr/2025:09:55:29 -0400] "GET /frontend/js/tween-max.min.js HTTP/1.1" 304 0 "https://certfee.com/" "Mozilla/5.0 AppleWebKit/537.36 (KHTML, like Gecko; compatible; Googlebot/2.1; +http://www.google.com/bot.html) Chrome/134.0.6998.165 Safari/537.36"
66.249.79.233 - - [26/Apr/2025:09:55:30 -0400] "GET /frontend/img/icons/right_arrow.svg HTTP/1.1" 200 151 "https://certfee.com/" "Mozilla/5.0 AppleWebKit/537.36 (KHTML, like Gecko; compatible; Googlebot/2.1; +http://www.google.com/bot.html) Chrome/134.0.6998.165 Safari/537.36"
66.249.79.233 - - [26/Apr/2025:09:55:30 -0400] "GET /frontend/js/sweetalert.js HTTP/1.1" 304 0 "https://certfee.com/" "Mozilla/5.0 AppleWebKit/537.36 (KHTML, like Gecko; compatible; Googlebot/2.1; +http://www.google.com/bot.html) Chrome/134.0.6998.165 Safari/537.36"
66.249.79.233 - - [26/Apr/2025:09:55:31 -0400] "GET /frontend/js/cookieconsent.min.js HTTP/1.1" 304 0 "https://certfee.com/" "Mozilla/5.0 AppleWebKit/537.36 (KHTML, like Gecko; compatible; Googlebot/2.1; +http://www.google.com/bot.html) Chrome/134.0.6998.165 Safari/537.36"
66.249.79.233 - - [26/Apr/2025:09:55:31 -0400] "GET /frontend/js/swiper-bundle.min.js HTTP/1.1" 200 39475 "https://certfee.com/" "Mozilla/5.0 AppleWebKit/537.36 (KHTML, like Gecko; compatible; Googlebot/2.1; +http://www.google.com/bot.html) Chrome/134.0.6998.165 Safari/537.36"
66.249.79.233 - - [26/Apr/2025:09:55:32 -0400] "GET /frontend/js/default/frontend.js?v=1.6.0 HTTP/1.1" 200 2260 "https://certfee.com/" "Mozilla/5.0 AppleWebKit/537.36 (KHTML, like Gecko; compatible; Googlebot/2.1; +http://www.google.com/bot.html) Chrome/134.0.6998.165 Safari/537.36"
66.249.79.233 - - [26/Apr/2025:09:55:32 -0400] "GET /frontend/js/svg-inject.min.js HTTP/1.1" 304 0 "https://certfee.com/" "Mozilla/5.0 AppleWebKit/537.36 (KHTML, like Gecko; compatible; Googlebot/2.1; +http://www.google.com/bot.html) Chrome/134.0.6998.165 Safari/537.36"
66.249.79.233 - - [26/Apr/2025:09:55:33 -0400] "GET /frontend/js/main.js?v=1.6.0 HTTP/1.1" 304 0 "https://certfee.com/" "Mozilla/5.0 AppleWebKit/537.36 (KHTML, like Gecko; compatible; Googlebot/2.1; +http://www.google.com/bot.html) Chrome/134.0.6998.165 Safari/537.36"
66.249.79.233 - - [26/Apr/2025:09:55:33 -0400] "GET /frontend/js/bootstrap.min.js HTTP/1.1" 304 0 "https://certfee.com/" "Mozilla/5.0 AppleWebKit/537.36 (KHTML, like Gecko; compatible; Googlebot/2.1; +http://www.google.com/bot.html) Chrome/134.0.6998.165 Safari/537.36"
66.249.79.233 - - [26/Apr/2025:09:55:33 -0400] "GET /frontend/js/jquery.appear.js HTTP/1.1" 200 1234 "https://certfee.com/" "Mozilla/5.0 AppleWebKit/537.36 (KHTML, like Gecko; compatible; Googlebot/2.1; +http://www.google.com/bot.html) Chrome/134.0.6998.165 Safari/537.36"
66.249.79.233 - - [26/Apr/2025:09:55:34 -0400] "GET /global/nice-select/jquery.nice-select.min.js HTTP/1.1" 200 930 "https://certfee.com/" "Mozilla/5.0 AppleWebKit/537.36 (KHTML, like Gecko; compatible; Googlebot/2.1; +http://www.google.com/bot.html) Chrome/134.0.6998.165 Safari/537.36"
66.249.79.233 - - [26/Apr/2025:09:55:34 -0400] "GET /frontend/js/vivus.min.js HTTP/1.1" 304 0 "https://certfee.com/" "Mozilla/5.0 AppleWebKit/537.36 (KHTML, like Gecko; compatible; Googlebot/2.1; +http://www.google.com/bot.html) Chrome/134.0.6998.165 Safari/537.36"
66.249.79.233 - - [26/Apr/2025:09:55:35 -0400] "GET /frontend/js/jquery.odometer.min.js HTTP/1.1" 304 0 "https://certfee.com/" "Mozilla/5.0 AppleWebKit/537.36 (KHTML, like Gecko; compatible; Googlebot/2.1; +http://www.google.com/bot.html) Chrome/134.0.6998.165 Safari/537.36"
66.249.79.233 - - [26/Apr/2025:09:55:35 -0400] "GET /vendor/laravel-filemanager/js/stand-alone-button.js HTTP/1.1" 304 0 "https://certfee.com/" "Mozilla/5.0 AppleWebKit/537.36 (KHTML, like Gecko; compatible; Googlebot/2.1; +http://www.google.com/bot.html) Chrome/134.0.6998.165 Safari/537.36"
66.249.79.233 - - [26/Apr/2025:09:55:36 -0400] "GET /frontend/js/jquery.lettering.min.js HTTP/1.1" 200 428 "https://certfee.com/" "Mozilla/5.0 AppleWebKit/537.36 (KHTML, like Gecko; compatible; Googlebot/2.1; +http://www.google.com/bot.html) Chrome/134.0.6998.165 Safari/537.36"
66.249.79.233 - - [26/Apr/2025:09:55:36 -0400] "GET /frontend/js/wow.min.js HTTP/1.1" 200 2572 "https://certfee.com/" "Mozilla/5.0 AppleWebKit/537.36 (KHTML, like Gecko; compatible; Googlebot/2.1; +http://www.google.com/bot.html) Chrome/134.0.6998.165 Safari/537.36"
66.249.79.233 - - [26/Apr/2025:09:55:37 -0400] "GET /frontend/js/tinymce/js/tinymce/tinymce.min.js HTTP/1.1" 200 138506 "https://certfee.com/" "Mozilla/5.0 AppleWebKit/537.36 (KHTML, like Gecko; compatible; Googlebot/2.1; +http://www.google.com/bot.html) Chrome/134.0.6998.165 Safari/537.36"
66.249.79.233 - - [26/Apr/2025:09:55:37 -0400] "GET /frontend/js/tg-cursor.min.js HTTP/1.1" 304 0 "https://certfee.com/" "Mozilla/5.0 AppleWebKit/537.36 (KHTML, like Gecko; compatible; Googlebot/2.1; +http://www.google.com/bot.html) Chrome/134.0.6998.165 Safari/537.36"
66.249.79.233 - - [26/Apr/2025:09:55:38 -0400] "GET /frontend/js/imagesloaded.pkgd.min.js HTTP/1.1" 304 0 "https://certfee.com/" "Mozilla/5.0 AppleWebKit/537.36 (KHTML, like Gecko; compatible; Googlebot/2.1; +http://www.google.com/bot.html) Chrome/134.0.6998.165 Safari/537.36"
66.249.79.233 - - [26/Apr/2025:09:55:38 -0400] "GET /frontend/js/aos.js HTTP/1.1" 304 0 "https://certfee.com/" "Mozilla/5.0 AppleWebKit/537.36 (KHTML, like Gecko; compatible; Googlebot/2.1; +http://www.google.com/bot.html) Chrome/134.0.6998.165 Safari/537.36"
66.249.79.233 - - [26/Apr/2025:09:55:39 -0400] "GET /frontend/js/bootstrap-datepicker.min.js HTTP/1.1" 304 0 "https://certfee.com/" "Mozilla/5.0 AppleWebKit/537.36 (KHTML, like Gecko; compatible; Googlebot/2.1; +http://www.google.com/bot.html) Chrome/134.0.6998.165 Safari/537.36"
66.249.79.233 - - [26/Apr/2025:09:55:40 -0400] "GET /frontend/fonts/fa-brands-400.woff2 HTTP/1.1" 200 76736 "https://certfee.com/frontend/css/fontawesome-all.min.css" "Mozilla/5.0 AppleWebKit/537.36 (KHTML, like Gecko; compatible; Googlebot/2.1; +http://www.google.com/bot.html) Chrome/134.0.6998.165 Safari/537.36"
66.249.79.233 - - [26/Apr/2025:09:58:58 -0400] "GET /blog/how-to-find-internships-as-an-international-student HTTP/1.1" 200 11542 "-" "Mozilla/5.0 (Linux; Android 6.0.1; Nexus 5X Build/MMB29P) AppleWebKit/537.36 (KHTML, like Gecko) Chrome/135.0.7049.95 Mobile Safari/537.36 (compatible; Googlebot/2.1; +http://www.google.com/bot.html)"
66.249.79.173 - - [26/Apr/2025:09:59:00 -0400] "GET /wp-maiI.php/Balato8-lottery-dice-game.html HTTP/1.1" 404 6836 "-" "Mozilla/5.0 (Linux; Android 6.0.1; Nexus 5X Build/MMB29P) AppleWebKit/537.36 (KHTML, like Gecko) Chrome/135.0.7049.95 Mobile Safari/537.36 (compatible; Googlebot/2.1; +http://www.google.com/bot.html)"
185.191.171.6 - - [26/Apr/2025:09:59:08 -0400] "GET /public/course/computer-science-fundamentals HTTP/1.1" 200 10204 "-" "Mozilla/5.0 (compatible; SemrushBot/7~bl; +http://www.semrush.com/bot.html)"
185.191.171.15 - - [26/Apr/2025:10:02:24 -0400] "GET /public/forget-password HTTP/1.1" 405 595 "-" "Mozilla/5.0 (compatible; SemrushBot/7~bl; +http://www.semrush.com/bot.html)"
2001:19f0:4401:78f:5400:4ff:feda:a950 - - [26/Apr/2025:10:02:37 -0400] "GET /wp-includes/ALFA_DATA/alfacgiapi/ HTTP/1.1" 301 795 "http://certfee.com/wp-includes/ALFA_DATA/alfacgiapi/" "Mozilla/5.0 (Windows NT 10.0; Win64; x64) AppleWebKit/537.36 (KHTML, like Gecko) Chrome/87.0.4280.141 Safari/537.36"
2001:19f0:4401:78f:5400:4ff:feda:a950 - - [26/Apr/2025:10:02:37 -0400] "GET /public/wp-includes/ALFA_DATA/alfacgiapi HTTP/1.1" 404 6830 "https://certfee.com/wp-includes/ALFA_DATA/alfacgiapi/" "Mozilla/5.0 (Windows NT 10.0; Win64; x64) AppleWebKit/537.36 (KHTML, like Gecko) Chrome/87.0.4280.141 Safari/537.36"
2403:6a40:0:16:1802:8cff:fef6:f791 - - [26/Apr/2025:10:03:44 -0400] "GET /wp-login.php?wpe-login=true HTTP/1.1" 404 6836 "-" "Go-http-client/2.0"
2403:6a40:0:16:1802:8cff:fef6:f791 - - [26/Apr/2025:10:03:45 -0400] "POST /wp-login.php?wpe-login=true HTTP/1.1" 404 6836 "https://www.certfee.com/wp-login.php" "Mozilla/5.0 (Windows NT 10.0; Win64; x64) AppleWebKit/537.36 (KHTML, like Gecko) Chrome/103.0.0.0 Safari/537.36"
66.249.79.228 - - [26/Apr/2025:10:06:01 -0400] "GET /blog/how-to-get-a-needbased-scholarship-for-colleg HTTP/1.1" 200 11336 "-" "Mozilla/5.0 (Linux; Android 6.0.1; Nexus 5X Build/MMB29P) AppleWebKit/537.36 (KHTML, like Gecko) Chrome/135.0.7049.95 Mobile Safari/537.36 (compatible; Googlebot/2.1; +http://www.google.com/bot.html)"
139.180.217.13 - - [26/Apr/2025:10:07:25 -0400] "GET /wp-content/uploads/alm_templates/ALFA_DATA/alfacgiapi/ HTTP/1.1" 301 795 "-" "Mozilla/5.0 (Windows NT 10.0; Win64; x64) AppleWebKit/537.36 (KHTML, like Gecko) Chrome/87.0.4280.141 Safari/537.36"
139.180.217.13 - - [26/Apr/2025:10:07:25 -0400] "GET /public/wp-content/uploads/alm_templates/ALFA_DATA/alfacgiapi HTTP/1.1" 404 6830 "https://certfee.com/wp-content/uploads/alm_templates/ALFA_DATA/alfacgiapi/" "Mozilla/5.0 (Windows NT 10.0; Win64; x64) AppleWebKit/537.36 (KHTML, like Gecko) Chrome/87.0.4280.141 Safari/537.36"
2001:19f0:4401:78f:5400:4ff:feda:a950 - - [26/Apr/2025:10:08:39 -0400] "GET /ALFA_DATA/alfacgiapi/ HTTP/1.1" 301 795 "-" "Mozilla/5.0 (Windows NT 10.0; Win64; x64) AppleWebKit/537.36 (KHTML, like Gecko) Chrome/87.0.4280.141 Safari/537.36"
2001:19f0:4401:78f:5400:4ff:feda:a950 - - [26/Apr/2025:10:08:39 -0400] "GET /public/ALFA_DATA/alfacgiapi HTTP/1.1" 404 6830 "https://certfee.com/ALFA_DATA/alfacgiapi/" "Mozilla/5.0 (Windows NT 10.0; Win64; x64) AppleWebKit/537.36 (KHTML, like Gecko) Chrome/87.0.4280.141 Safari/537.36"
85.208.96.210 - - [26/Apr/2025:10:09:06 -0400] "GET /public/course/phlebotomist-training HTTP/1.1" 200 10519 "-" "Mozilla/5.0 (compatible; SemrushBot/7~bl; +http://www.semrush.com/bot.html)"
185.191.171.3 - - [26/Apr/2025:10:09:11 -0400] "GET /public/course/stress-management-techniques HTTP/1.1" 200 10392 "-" "Mozilla/5.0 (compatible; SemrushBot/7~bl; +http://www.semrush.com/bot.html)"
185.191.171.12 - - [26/Apr/2025:10:10:14 -0400] "GET /public/course/-photography-for-beginners- HTTP/1.1" 200 10302 "-" "Mozilla/5.0 (compatible; SemrushBot/7~bl; +http://www.semrush.com/bot.html)"
185.191.171.3 - - [26/Apr/2025:10:10:31 -0400] "GET /public/blog/the-role-of-online-learning-in-global-education HTTP/1.1" 200 11856 "-" "Mozilla/5.0 (compatible; SemrushBot/7~bl; +http://www.semrush.com/bot.html)"
185.243.99.6 - - [26/Apr/2025:10:10:41 -0400] "POST /wp-login.php HTTP/1.1" 404 6836 "-" "Mozilla/5.0 (Windows NT 6.3; Win64; x64; rv:106.0.4) Gecko/20100101 Firefox/106.0.4"
185.191.171.1 - - [26/Apr/2025:10:11:25 -0400] "GET /public/course/fire-protection-and-prevention HTTP/1.1" 200 10113 "-" "Mozilla/5.0 (compatible; SemrushBot/7~bl; +http://www.semrush.com/bot.html)"
2001:19f0:4401:78f:5400:4ff:feda:a950 - - [26/Apr/2025:10:11:50 -0400] "GET /cgi-bin/ALFA_DATA/alfacgiapi/ HTTP/1.1" 301 795 "-" "Mozilla/5.0 (Windows NT 10.0; Win64; x64) AppleWebKit/537.36 (KHTML, like Gecko) Chrome/87.0.4280.141 Safari/537.36"
2001:19f0:4401:78f:5400:4ff:feda:a950 - - [26/Apr/2025:10:11:51 -0400] "GET /public/ALFA_DATA/alfacgiapi HTTP/1.1" 404 6830 "https://certfee.com/cgi-bin/ALFA_DATA/alfacgiapi/" "Mozilla/5.0 (Windows NT 10.0; Win64; x64) AppleWebKit/537.36 (KHTML, like Gecko) Chrome/87.0.4280.141 Safari/537.36"
66.249.79.227 - - [26/Apr/2025:10:11:57 -0400] "GET / HTTP/1.1" 200 14203 "-" "Mozilla/5.0 (compatible; Googlebot/2.1; +http://www.google.com/bot.html)"
66.249.79.227 - - [26/Apr/2025:10:12:02 -0400] "GET /frontend/js/swiper-bundle.min.js HTTP/1.1" 304 0 "https://certfee.com/" "Mozilla/5.0 AppleWebKit/537.36 (KHTML, like Gecko; compatible; Googlebot/2.1; +http://www.google.com/bot.html) Chrome/134.0.6998.165 Safari/537.36"
66.249.79.173 - - [26/Apr/2025:10:12:03 -0400] "GET /wp-maiI.php/Betlead-big-bingo.html HTTP/1.1" 404 6836 "-" "Mozilla/5.0 (Linux; Android 6.0.1; Nexus 5X Build/MMB29P) AppleWebKit/537.36 (KHTML, like Gecko) Chrome/135.0.7049.95 Mobile Safari/537.36 (compatible; Googlebot/2.1; +http://www.google.com/bot.html)"
85.208.96.208 - - [26/Apr/2025:10:12:03 -0400] "GET /public/course/mastering-supervision-skills-and-strategies-for-effective-leadership HTTP/1.1" 200 10407 "-" "Mozilla/5.0 (compatible; SemrushBot/7~bl; +http://www.semrush.com/bot.html)"
66.249.79.227 - - [26/Apr/2025:10:12:04 -0400] "GET /frontend/js/jquery.circleType.js HTTP/1.1" 304 0 "https://certfee.com/" "Mozilla/5.0 AppleWebKit/537.36 (KHTML, like Gecko; compatible; Googlebot/2.1; +http://www.google.com/bot.html) Chrome/134.0.6998.165 Safari/537.36"
66.249.79.226 - - [26/Apr/2025:10:12:05 -0400] "GET /frontend/js/aos.js HTTP/1.1" 304 0 "https://certfee.com/" "Mozilla/5.0 AppleWebKit/537.36 (KHTML, like Gecko; compatible; Googlebot/2.1; +http://www.google.com/bot.html) Chrome/134.0.6998.165 Safari/537.36"
66.249.79.226 - - [26/Apr/2025:10:12:06 -0400] "GET /vendor/laravel-filemanager/js/stand-alone-button.js HTTP/1.1" 200 498 "https://certfee.com/" "Mozilla/5.0 AppleWebKit/537.36 (KHTML, like Gecko; compatible; Googlebot/2.1; +http://www.google.com/bot.html) Chrome/134.0.6998.165 Safari/537.36"
66.249.79.226 - - [26/Apr/2025:10:12:07 -0400] "GET /frontend/js/jquery.lettering.min.js HTTP/1.1" 200 428 "https://certfee.com/" "Mozilla/5.0 AppleWebKit/537.36 (KHTML, like Gecko; compatible; Googlebot/2.1; +http://www.google.com/bot.html) Chrome/134.0.6998.165 Safari/537.36"
66.249.79.226 - - [26/Apr/2025:10:12:09 -0400] "GET /frontend/js/vivus.min.js HTTP/1.1" 304 0 "https://certfee.com/" "Mozilla/5.0 AppleWebKit/537.36 (KHTML, like Gecko; compatible; Googlebot/2.1; +http://www.google.com/bot.html) Chrome/134.0.6998.165 Safari/537.36"
66.249.79.226 - - [26/Apr/2025:10:12:10 -0400] "GET /frontend/js/default/cart.js?v=1.6.0 HTTP/1.1" 304 0 "https://certfee.com/" "Mozilla/5.0 AppleWebKit/537.36 (KHTML, like Gecko; compatible; Googlebot/2.1; +http://www.google.com/bot.html) Chrome/134.0.6998.165 Safari/537.36"
66.249.79.226 - - [26/Apr/2025:10:12:11 -0400] "GET /frontend/js/jquery.appear.js HTTP/1.1" 200 1234 "https://certfee.com/" "Mozilla/5.0 AppleWebKit/537.36 (KHTML, like Gecko; compatible; Googlebot/2.1; +http://www.google.com/bot.html) Chrome/134.0.6998.165 Safari/537.36"
66.249.79.226 - - [26/Apr/2025:10:12:12 -0400] "GET /frontend/js/bootstrap.min.js HTTP/1.1" 304 0 "https://certfee.com/" "Mozilla/5.0 AppleWebKit/537.36 (KHTML, like Gecko; compatible; Googlebot/2.1; +http://www.google.com/bot.html) Chrome/134.0.6998.165 Safari/537.36"
66.249.79.226 - - [26/Apr/2025:10:12:14 -0400] "GET /course/depression-symptoms-types-and-supports HTTP/1.1" 200 10394 "-" "Mozilla/5.0 (Linux; Android 6.0.1; Nexus 5X Build/MMB29P) AppleWebKit/537.36 (KHTML, like Gecko) Chrome/135.0.7049.95 Mobile Safari/537.36 (compatible; Googlebot/2.1; +http://www.google.com/bot.html)"
66.249.79.226 - - [26/Apr/2025:10:12:17 -0400] "GET /frontend/img/icons/course_icon04.svg HTTP/1.1" 200 1163 "https://certfee.com/course/depression-symptoms-types-and-supports" "Mozilla/5.0 (Linux; Android 6.0.1; Nexus 5X Build/MMB29P) AppleWebKit/537.36 (KHTML, like Gecko) Chrome/134.0.6998.165 Mobile Safari/537.36 (compatible; Googlebot/2.1; +http://www.google.com/bot.html)"
40.84.221.239 - - [26/Apr/2025:10:12:56 -0400] "GET / HTTP/1.1" 200 0 "-" "Mozilla/5.0 AppleWebKit/537.36 (KHTML, like Gecko); compatible; ChatGPT-User/1.0; +https://openai.com/bot"
2001:19f0:4401:78f:5400:4ff:feda:a950 - - [26/Apr/2025:10:13:02 -0400] "GET /wp/ALFA_DATA/alfacgiapi/ HTTP/1.1" 301 795 "-" "Mozilla/5.0 (Windows NT 10.0; Win64; x64) AppleWebKit/537.36 (KHTML, like Gecko) Chrome/87.0.4280.141 Safari/537.36"
2001:19f0:4401:78f:5400:4ff:feda:a950 - - [26/Apr/2025:10:13:02 -0400] "GET /public/wp/ALFA_DATA/alfacgiapi HTTP/1.1" 404 6830 "https://certfee.com/wp/ALFA_DATA/alfacgiapi/" "Mozilla/5.0 (Windows NT 10.0; Win64; x64) AppleWebKit/537.36 (KHTML, like Gecko) Chrome/87.0.4280.141 Safari/537.36"
2001:19f0:4401:78f:5400:4ff:feda:a950 - - [26/Apr/2025:10:16:44 -0400] "GET /blog/ALFA_DATA/alfacgiapi/ HTTP/1.1" 301 795 "-" "Mozilla/5.0 (Windows NT 10.0; Win64; x64) AppleWebKit/537.36 (KHTML, like Gecko) Chrome/87.0.4280.141 Safari/537.36"
2001:19f0:4401:78f:5400:4ff:feda:a950 - - [26/Apr/2025:10:16:44 -0400] "GET /public/blog/ALFA_DATA/alfacgiapi HTTP/1.1" 404 6830 "https://certfee.com/blog/ALFA_DATA/alfacgiapi/" "Mozilla/5.0 (Windows NT 10.0; Win64; x64) AppleWebKit/537.36 (KHTML, like Gecko) Chrome/87.0.4280.141 Safari/537.36"
52.167.144.166 - - [26/Apr/2025:10:16:59 -0400] "GET /career/ HTTP/1.1" 301 795 "-" "Mozilla/5.0 AppleWebKit/537.36 (KHTML, like Gecko; compatible; bingbot/2.0; +http://www.bing.com/bingbot.htm) Chrome/116.0.1938.76 Safari/537.36"
52.167.144.166 - - [26/Apr/2025:10:17:12 -0400] "GET /lessons/custom-audience-and-lookalike-audience/?ld-lesson-page=5 HTTP/1.1" 301 795 "-" "Mozilla/5.0 AppleWebKit/537.36 (KHTML, like Gecko; compatible; bingbot/2.0; +http://www.bing.com/bingbot.htm) Chrome/116.0.1938.76 Safari/537.36"
66.249.79.160 - - [26/Apr/2025:10:17:12 -0400] "GET / HTTP/1.1" 200 14214 "-" "Mozilla/5.0 (compatible; Googlebot/2.1; +http://www.google.com/bot.html)"
51.222.253.10 - - [26/Apr/2025:10:17:13 -0400] "GET /blog?page=2 HTTP/1.1" 200 8745 "-" "Mozilla/5.0 (compatible; AhrefsBot/7.0; +http://ahrefs.com/robot/)"
66.249.79.226 - - [26/Apr/2025:10:17:16 -0400] "GET /frontend/css/plyr.css HTTP/1.1" 200 5017 "https://www.certfee.com/" "Mozilla/5.0 AppleWebKit/537.36 (KHTML, like Gecko; compatible; Googlebot/2.1; +http://www.google.com/bot.html) Chrome/134.0.6998.165 Safari/537.36"
66.249.79.226 - - [26/Apr/2025:10:17:17 -0400] "GET /frontend/css/bootstrap-datepicker.min.css HTTP/1.1" 200 1884 "https://www.certfee.com/" "Mozilla/5.0 AppleWebKit/537.36 (KHTML, like Gecko; compatible; Googlebot/2.1; +http://www.google.com/bot.html) Chrome/134.0.6998.165 Safari/537.36"
66.249.79.228 - - [26/Apr/2025:10:17:18 -0400] "GET /global/js/jquery-3.7.1.min.js HTTP/1.1" 200 29739 "https://www.certfee.com/" "Mozilla/5.0 AppleWebKit/537.36 (KHTML, like Gecko; compatible; Googlebot/2.1; +http://www.google.com/bot.html) Chrome/134.0.6998.165 Safari/537.36"
66.249.79.226 - - [26/Apr/2025:10:17:20 -0400] "GET /frontend/js/imagesloaded.pkgd.min.js HTTP/1.1" 200 1712 "https://www.certfee.com/" "Mozilla/5.0 AppleWebKit/537.36 (KHTML, like Gecko; compatible; Googlebot/2.1; +http://www.google.com/bot.html) Chrome/134.0.6998.165 Safari/537.36"
66.249.79.226 - - [26/Apr/2025:10:17:23 -0400] "GET /frontend/js/jquery.magnific-popup.min.js HTTP/1.1" 200 7043 "https://www.certfee.com/" "Mozilla/5.0 AppleWebKit/537.36 (KHTML, like Gecko; compatible; Googlebot/2.1; +http://www.google.com/bot.html) Chrome/134.0.6998.165 Safari/537.36"
66.249.79.173 - - [26/Apr/2025:10:17:25 -0400] "GET /vendor/laravel-filemanager/js/stand-alone-button.js HTTP/1.1" 200 498 "https://www.certfee.com/" "Mozilla/5.0 AppleWebKit/537.36 (KHTML, like Gecko; compatible; Googlebot/2.1; +http://www.google.com/bot.html) Chrome/134.0.6998.165 Safari/537.36"
66.249.79.226 - - [26/Apr/2025:10:17:26 -0400] "GET /frontend/js/select2.min.js HTTP/1.1" 304 0 "https://www.certfee.com/" "Mozilla/5.0 AppleWebKit/537.36 (KHTML, like Gecko; compatible; Googlebot/2.1; +http://www.google.com/bot.html) Chrome/134.0.6998.165 Safari/537.36"
66.249.79.226 - - [26/Apr/2025:10:17:27 -0400] "GET /frontend/js/vivus.min.js HTTP/1.1" 200 3989 "https://www.certfee.com/" "Mozilla/5.0 AppleWebKit/537.36 (KHTML, like Gecko; compatible; Googlebot/2.1; +http://www.google.com/bot.html) Chrome/134.0.6998.165 Safari/537.36"
66.249.79.226 - - [26/Apr/2025:10:17:28 -0400] "GET /frontend/js/tinymce/js/tinymce/tinymce.min.js HTTP/1.1" 200 138506 "https://www.certfee.com/" "Mozilla/5.0 AppleWebKit/537.36 (KHTML, like Gecko; compatible; Googlebot/2.1; +http://www.google.com/bot.html) Chrome/134.0.6998.165 Safari/537.36"
66.249.79.226 - - [26/Apr/2025:10:17:29 -0400] "GET /frontend/js/bootstrap.min.js HTTP/1.1" 200 15931 "https://www.certfee.com/" "Mozilla/5.0 AppleWebKit/537.36 (KHTML, like Gecko; compatible; Googlebot/2.1; +http://www.google.com/bot.html) Chrome/134.0.6998.165 Safari/537.36"
66.249.79.172 - - [26/Apr/2025:10:17:32 -0400] "GET /course/occupational-workplace-health-and-safety-for-mini-industry HTTP/1.1" 200 10149 "-" "Mozilla/5.0 (Linux; Android 6.0.1; Nexus 5X Build/MMB29P) AppleWebKit/537.36 (KHTML, like Gecko) Chrome/135.0.7049.95 Mobile Safari/537.36 (compatible; Googlebot/2.1; +http://www.google.com/bot.html)"
2001:19f0:4401:78f:5400:4ff:feda:a950 - - [26/Apr/2025:10:18:12 -0400] "GET /wordpress/ALFA_DATA/alfacgiapi/ HTTP/1.1" 301 795 "-" "Mozilla/5.0 (Windows NT 10.0; Win64; x64) AppleWebKit/537.36 (KHTML, like Gecko) Chrome/87.0.4280.141 Safari/537.36"
2001:19f0:4401:78f:5400:4ff:feda:a950 - - [26/Apr/2025:10:18:13 -0400] "GET /public/wordpress/ALFA_DATA/alfacgiapi HTTP/1.1" 404 6830 "https://certfee.com/wordpress/ALFA_DATA/alfacgiapi/" "Mozilla/5.0 (Windows NT 10.0; Win64; x64) AppleWebKit/537.36 (KHTML, like Gecko) Chrome/87.0.4280.141 Safari/537.36"
66.249.79.228 - - [26/Apr/2025:10:19:04 -0400] "GET /blog/how-to-adapt-to-a-new-culture-when-studying-overseas HTTP/1.1" 200 11225 "-" "Mozilla/5.0 (Linux; Android 6.0.1; Nexus 5X Build/MMB29P) AppleWebKit/537.36 (KHTML, like Gecko) Chrome/135.0.7049.95 Mobile Safari/537.36 (compatible; Googlebot/2.1; +http://www.google.com/bot.html)"
2001:19f0:4401:78f:5400:4ff:feda:a950 - - [26/Apr/2025:10:19:11 -0400] "GET /admin/ALFA_DATA/alfacgiapi/ HTTP/1.1" 301 795 "-" "Mozilla/5.0 (Windows NT 10.0; Win64; x64) AppleWebKit/537.36 (KHTML, like Gecko) Chrome/87.0.4280.141 Safari/537.36"
2001:19f0:4401:78f:5400:4ff:feda:a950 - - [26/Apr/2025:10:19:12 -0400] "GET /public/admin/ALFA_DATA/alfacgiapi HTTP/1.1" 404 6830 "https://certfee.com/admin/ALFA_DATA/alfacgiapi/" "Mozilla/5.0 (Windows NT 10.0; Win64; x64) AppleWebKit/537.36 (KHTML, like Gecko) Chrome/87.0.4280.141 Safari/537.36"
85.208.96.203 - - [26/Apr/2025:10:20:02 -0400] "GET /public/course/graphic-design-with-canva HTTP/1.1" 200 10391 "-" "Mozilla/5.0 (compatible; SemrushBot/7~bl; +http://www.semrush.com/bot.html)"
85.208.98.29 - - [26/Apr/2025:10:20:17 -0400] "GET /how-to-become-a-nurse/ HTTP/1.1" 301 795 "-" "Mozilla/5.0 (compatible; SemrushBot-BA; +http://www.semrush.com/bot.html)"
85.208.98.29 - - [26/Apr/2025:10:20:17 -0400] "GET /public/how-to-become-a-nurse HTTP/1.1" 404 6832 "https://www.certfee.com/how-to-become-a-nurse/" "Mozilla/5.0 (compatible; SemrushBot-BA; +http://www.semrush.com/bot.html)"
2001:19f0:4401:78f:5400:4ff:feda:a950 - - [26/Apr/2025:10:21:01 -0400] "GET /ALFA_DATA/ HTTP/1.1" 301 795 "-" "Mozilla/5.0 (Windows NT 10.0; Win64; x64) AppleWebKit/537.36 (KHTML, like Gecko) Chrome/87.0.4280.141 Safari/537.36"
2001:19f0:4401:78f:5400:4ff:feda:a950 - - [26/Apr/2025:10:21:01 -0400] "GET /public/ALFA_DATA HTTP/1.1" 404 6830 "https://certfee.com/ALFA_DATA/" "Mozilla/5.0 (Windows NT 10.0; Win64; x64) AppleWebKit/537.36 (KHTML, like Gecko) Chrome/87.0.4280.141 Safari/537.36"
2001:19f0:4401:78f:5400:4ff:feda:a950 - - [26/Apr/2025:10:22:33 -0400] "GET /Uploads/ HTTP/1.1" 301 795 "-" "Mozilla/5.0 (Windows NT 10.0; Win64; x64) AppleWebKit/537.36 (KHTML, like Gecko) Chrome/87.0.4280.141 Safari/537.36"
2001:19f0:4401:78f:5400:4ff:feda:a950 - - [26/Apr/2025:10:22:33 -0400] "GET /public/Uploads HTTP/1.1" 404 6830 "https://certfee.com/Uploads/" "Mozilla/5.0 (Windows NT 10.0; Win64; x64) AppleWebKit/537.36 (KHTML, like Gecko) Chrome/87.0.4280.141 Safari/537.36"
140.228.23.146 - - [26/Apr/2025:10:22:50 -0400] "GET /public/blog HTTP/1.1" 200 8451 "-" "Mozilla/5.0 (Macintosh; Intel Mac OS X 10_7_3) AppleWebKit/535.22 (KHTML, like Gecko) Chrome/19.0.1047.0 Safari/535.22"
43.153.123.3 - - [26/Apr/2025:10:23:05 -0400] "GET / HTTP/1.1" 200 14266 "http://certfee.com" "Mozilla/5.0 (iPhone; CPU iPhone OS 13_2_3 like Mac OS X) AppleWebKit/605.1.15 (KHTML, like Gecko) Version/13.0.3 Mobile/15E148 Safari/604.1"
2001:19f0:4401:78f:5400:4ff:feda:a950 - - [26/Apr/2025:10:24:17 -0400] "GET /upload/ HTTP/1.1" 403 1242 "-" "Mozilla/5.0 (Windows NT 10.0; Win64; x64) AppleWebKit/537.36 (KHTML, like Gecko) Chrome/87.0.4280.141 Safari/537.36"
85.208.96.201 - - [26/Apr/2025:10:24:21 -0400] "GET /public/course/photoshop-for-beginners- HTTP/1.1" 200 10310 "-" "Mozilla/5.0 (compatible; SemrushBot/7~bl; +http://www.semrush.com/bot.html)"
2001:19f0:4401:78f:5400:4ff:feda:a950 - - [26/Apr/2025:10:24:57 -0400] "GET /admin/uploads/ HTTP/1.1" 301 795 "-" "Mozilla/5.0 (Windows NT 10.0; Win64; x64) AppleWebKit/537.36 (KHTML, like Gecko) Chrome/87.0.4280.141 Safari/537.36"
2001:19f0:4401:78f:5400:4ff:feda:a950 - - [26/Apr/2025:10:24:58 -0400] "GET /public/admin/uploads HTTP/1.1" 404 6830 "https://certfee.com/admin/uploads/" "Mozilla/5.0 (Windows NT 10.0; Win64; x64) AppleWebKit/537.36 (KHTML, like Gecko) Chrome/87.0.4280.141 Safari/537.36"
37.46.117.90 - - [26/Apr/2025:10:25:48 -0400] "GET /wp-login.php HTTP/1.1" 404 6836 "https://www.certfee.com" "Mozilla/5.0 (Windows NT 10.0; rv:78.0) Gecko/20100101 Firefox/78.0"
156.228.81.231 - - [26/Apr/2025:10:25:58 -0400] "GET /wp-login.php HTTP/1.1" 404 6836 "https://www.certfee.com" "Mozilla/5.0 (Windows NT 10.0; rv:91.0) Gecko/20100101 Firefox/91.0"
66.249.79.233 - - [26/Apr/2025:10:25:58 -0400] "GET /blog/making-the-most-of-your-online-degree-experience HTTP/1.1" 200 11793 "-" "Mozilla/5.0 (Linux; Android 6.0.1; Nexus 5X Build/MMB29P) AppleWebKit/537.36 (KHTML, like Gecko) Chrome/135.0.7049.95 Mobile Safari/537.36 (compatible; Googlebot/2.1; +http://www.google.com/bot.html)"
156.249.138.200 - - [26/Apr/2025:10:26:07 -0400] "GET /wp-login.php HTTP/1.1" 404 6836 "https://www.certfee.com" "Mozilla/5.0 (Macintosh; Intel Mac OS X 10_10_1) AppleWebKit/537.36 (KHTML, like Gecko) Chrome/39.0.2171.95 Safari/537.36"
156.249.138.200 - - [26/Apr/2025:10:26:11 -0400] "POST /wp-login.php?wpe-login=true&hide_my_wp=1&hmwp_do=login&login=1 HTTP/1.1" 404 6836 "https://www.certfee.com" "Mozilla/5.0 (Macintosh; Intel Mac OS X 10_10_1) AppleWebKit/537.36 (KHTML, like Gecko) Chrome/39.0.2171.95 Safari/537.36"
2001:19f0:4401:78f:5400:4ff:feda:a950 - - [26/Apr/2025:10:26:59 -0400] "GET /Admin/uploads/ HTTP/1.1" 301 795 "-" "Mozilla/5.0 (Windows NT 10.0; Win64; x64) AppleWebKit/537.36 (KHTML, like Gecko) Chrome/87.0.4280.141 Safari/537.36"
2001:19f0:4401:78f:5400:4ff:feda:a950 - - [26/Apr/2025:10:27:00 -0400] "GET /public/Admin/uploads HTTP/1.1" 404 6830 "https://certfee.com/Admin/uploads/" "Mozilla/5.0 (Windows NT 10.0; Win64; x64) AppleWebKit/537.36 (KHTML, like Gecko) Chrome/87.0.4280.141 Safari/537.36"
2001:19f0:4401:78f:5400:4ff:feda:a950 - - [26/Apr/2025:10:28:01 -0400] "GET /admin/ HTTP/1.1" 301 795 "-" "Mozilla/5.0 (Windows NT 10.0; Win64; x64) AppleWebKit/537.36 (KHTML, like Gecko) Chrome/87.0.4280.141 Safari/537.36"
2001:19f0:4401:78f:5400:4ff:feda:a950 - - [26/Apr/2025:10:28:01 -0400] "GET /public/admin HTTP/1.1" 302 169 "https://certfee.com/admin/" "Mozilla/5.0 (Windows NT 10.0; Win64; x64) AppleWebKit/537.36 (KHTML, like Gecko) Chrome/87.0.4280.141 Safari/537.36"
2001:19f0:4401:78f:5400:4ff:feda:a950 - - [26/Apr/2025:10:28:03 -0400] "GET /public/admin/login HTTP/1.1" 200 1140 "https://certfee.com/public/admin" "Mozilla/5.0 (Windows NT 10.0; Win64; x64) AppleWebKit/537.36 (KHTML, like Gecko) Chrome/87.0.4280.141 Safari/537.36"
57.154.175.3 - - [26/Apr/2025:10:28:38 -0400] "GET / HTTP/1.1" 200 14146 "-" "Mozilla/5.0 AppleWebKit/537.36 (KHTML, like Gecko); compatible; ChatGPT-User/1.0; +https://openai.com/bot"
185.191.171.10 - - [26/Apr/2025:10:29:17 -0400] "GET /public/course/pediatric-first-aid HTTP/1.1" 200 10230 "-" "Mozilla/5.0 (compatible; SemrushBot/7~bl; +http://www.semrush.com/bot.html)"
139.180.217.13 - - [26/Apr/2025:10:29:59 -0400] "GET /assets/ HTTP/1.1" 301 795 "-" "Mozilla/5.0 (Windows NT 10.0; Win64; x64) AppleWebKit/537.36 (KHTML, like Gecko) Chrome/87.0.4280.141 Safari/537.36"
