154.83.103.202 - - [26/Apr/2025:14:50:29 -0400] "GET /package-lock.json HTTP/1.1" 404 6821 "-" "Mozilla/5.0 (Windows NT 10.0; Win64; x64) AppleWebKit/537.36 (KHTML, like Gecko) Chrome/91.0.4472.124 Safari/537.36"
52.169.149.163 - - [26/Apr/2025:14:50:30 -0400] "GET /public/assets/images HTTP/1.1" 404 6824 "-" "-"
79.2.93.196 - - [26/Apr/2025:14:50:30 -0400] "POST /newsletter-request HTTP/1.1" 302 153 "-" "Mozilla/5.0 (Windows NT 10.0; Win64; x64) AppleWebKit/537.36 (KHTML, like Gecko) Chrome/120.0.0.0 Safari/537.36"
154.83.103.202 - - [26/Apr/2025:14:50:30 -0400] "GET /package/dynamic_js/048fa3053c370aea887f517323b190398c2fe523327c29711d24c2fe4c29fabc/thee-autoblogger/live/404/xnull/xfalse/xfalse/en_us/xfalse/xfalse/dynamic.js HTTP/1.1" 404 6821 "-" "Mozilla/5.0 (Windows NT 10.0; Win64; x64) AppleWebKit/537.36 (KHTML, like Gecko) Chrome/91.0.4472.124 Safari/537.36"
52.169.149.163 - - [26/Apr/2025:14:50:31 -0400] "GET /assets/images//NOFmvAjT.php HTTP/1.1" 404 6825 "-" "-"
154.83.103.202 - - [26/Apr/2025:14:50:32 -0400] "GET /package/dynamic_js/052355b33aa284cc76967061007eac6fefae9d406040fa0cba0cae3b11173189/thee-autoblogger/live/404/xnull/xfalse/xfalse/en_us/xfalse/xfalse/dynamic.js HTTP/1.1" 404 6821 "-" "Mozilla/5.0 (Windows NT 10.0; Win64; x64) AppleWebKit/537.36 (KHTML, like Gecko) Chrome/91.0.4472.124 Safari/537.36"
52.169.149.163 - - [26/Apr/2025:14:50:32 -0400] "GET /assets/images//niil.php HTTP/1.1" 404 6825 "-" "-"
79.2.93.196 - - [26/Apr/2025:14:50:32 -0400] "GET / HTTP/1.1" 200 14236 "https://certfee.com/newsletter-request" "Mozilla/5.0 (Windows NT 10.0; Win64; x64) AppleWebKit/537.36 (KHTML, like Gecko) Chrome/120.0.0.0 Safari/537.36"
52.169.149.163 - - [26/Apr/2025:14:50:33 -0400] "GET /assets/images//scan.php HTTP/1.1" 404 6825 "-" "-"
154.83.103.202 - - [26/Apr/2025:14:50:33 -0400] "GET /package/dynamic_js/11530e64f1040d92633c20c26d4c19fe92c2d9a22fffc9631b6101840a55a101/niche-links/live/404/xnull/xfalse/xfalse/en_us/xfalse/xfalse/dynamic.js HTTP/1.1" 404 6821 "-" "Mozilla/5.0 (Windows NT 10.0; Win64; x64) AppleWebKit/537.36 (KHTML, like Gecko) Chrome/91.0.4472.124 Safari/537.36"
52.169.149.163 - - [26/Apr/2025:14:50:34 -0400] "GET /assets/images/1741753877buyyx.php7 HTTP/1.1" 404 6825 "-" "-"
154.83.103.202 - - [26/Apr/2025:14:50:34 -0400] "GET /package/dynamic_js/185fc49e7cbfb81d04d4e36e96846104f364cc4dcf202d9da8ef4f93547a646d/interpali/live/404/xnull/xfalse/xfalse/de_de/xfalse/xfalse/dynamic.js HTTP/1.1" 404 6821 "-" "Mozilla/5.0 (Windows NT 10.0; Win64; x64) AppleWebKit/537.36 (KHTML, like Gecko) Chrome/91.0.4472.124 Safari/537.36"
52.169.149.163 - - [26/Apr/2025:14:50:35 -0400] "GET /assets/images/28c5400b0b.php HTTP/1.1" 404 6825 "-" "-"
80.85.246.140 - - [26/Apr/2025:14:50:35 -0400] "GET /blog HTTP/1.1" 200 8419 "-" "Mozilla/5.0 (Macintosh; Intel Mac OS X 10_15_7) AppleWebKit/537.36 (KHTML, like Gecko) Chrome/133.0.0.0 Safari/537.36"
154.83.103.202 - - [26/Apr/2025:14:50:35 -0400] "GET /package/dynamic_js/2a3f09a40c9d3d29b51271b66fac894cdd514948311a82e82a458b43b4f8ff9b/applypass/live/404/xnull/xfalse/xfalse/en_us/xfalse/xfalse/dynamic.js HTTP/1.1" 404 6821 "-" "Mozilla/5.0 (Windows NT 10.0; Win64; x64) AppleWebKit/537.36 (KHTML, like Gecko) Chrome/91.0.4472.124 Safari/537.36"
52.169.149.163 - - [26/Apr/2025:14:50:36 -0400] "GET /assets/images/doc.php HTTP/1.1" 404 6825 "-" "-"
52.169.149.163 - - [26/Apr/2025:14:50:37 -0400] "GET /assets/images/wp-login.php HTTP/1.1" 404 6825 "-" "-"
80.85.246.140 - - [26/Apr/2025:14:50:37 -0400] "GET /blog/the-science-of-memory-how-to-retain-information-more-effectively HTTP/1.1" 200 11306 "-" "Mozilla/5.0 (Macintosh; Intel Mac OS X 10_15_7) AppleWebKit/537.36 (KHTML, like Gecko) Chrome/133.0.0.0 Safari/537.36"
154.83.103.202 - - [26/Apr/2025:14:50:37 -0400] "GET /package/dynamic_js/2b53c5ae6721d896f729102fbb2fb0f35196a11f5124ad2b509705367f9be49c/jwmlog2/live/404/xnull/xfalse/xfalse/pt_br/xfalse/xfalse/dynamic.js HTTP/1.1" 404 6821 "-" "Mozilla/5.0 (Windows NT 10.0; Win64; x64) AppleWebKit/537.36 (KHTML, like Gecko) Chrome/91.0.4472.124 Safari/537.36"
52.169.149.163 - - [26/Apr/2025:14:50:38 -0400] "GET /assets/index.php HTTP/1.1" 200 14258 "-" "-"
154.83.103.202 - - [26/Apr/2025:14:50:38 -0400] "GET /package/dynamic_js/36b55042526fc51c735e1ac51f845e93c8d813af2fb6ad5c92d6fbcb2a03b0c4/meu-ingresso-2023/live/404/xnull/xfalse/xfalse/pt_br/xfalse/xfalse/dynamic.js HTTP/1.1" 404 6821 "-" "Mozilla/5.0 (Windows NT 10.0; Win64; x64) AppleWebKit/537.36 (KHTML, like Gecko) Chrome/91.0.4472.124 Safari/537.36"
52.169.149.163 - - [26/Apr/2025:14:50:39 -0400] "GET /assets/vendor/bootstrap/css/ HTTP/1.1" 301 795 "-" "-"
80.85.246.140 - - [26/Apr/2025:14:50:39 -0400] "GET /blog/how-to-improve-your-focus-and-concentration-while-studying HTTP/1.1" 200 10423 "-" "Mozilla/5.0 (Macintosh; Intel Mac OS X 10_15_7) AppleWebKit/537.36 (KHTML, like Gecko) Chrome/133.0.0.0 Safari/537.36"
52.169.149.163 - - [26/Apr/2025:14:50:39 -0400] "GET /public/assets/vendor/bootstrap/css HTTP/1.1" 404 6824 "-" "-"
154.83.103.202 - - [26/Apr/2025:14:50:39 -0400] "GET /package/dynamic_js/48c889d4f074be3c11d2a9aa14999e5c81e431800b5d4350cfc8b530999f8f57/isystempro2/live/404/xnull/xfalse/xfalse/pt_br/xfalse/xfalse/dynamic.js HTTP/1.1" 404 6821 "-" "Mozilla/5.0 (Windows NT 10.0; Win64; x64) AppleWebKit/537.36 (KHTML, like Gecko) Chrome/91.0.4472.124 Safari/537.36"
52.169.149.163 - - [26/Apr/2025:14:50:40 -0400] "GET /assets/xp.php HTTP/1.1" 404 6825 "-" "-"
154.83.103.202 - - [26/Apr/2025:14:50:41 -0400] "GET /package/dynamic_js/744aa7a9e0404e5ec9c1b3f4d4c2f063351d79e547f96be7c67518970f0bb51c/applypass/live/404/xnull/xfalse/xfalse/en_us/xfalse/xfalse/dynamic.js HTTP/1.1" 404 6821 "-" "Mozilla/5.0 (Windows NT 10.0; Win64; x64) AppleWebKit/537.36 (KHTML, like Gecko) Chrome/91.0.4472.124 Safari/537.36"
80.85.246.140 - - [26/Apr/2025:14:50:41 -0400] "GET /blog/best-productivity-apps-for-students-to-stay-organized HTTP/1.1" 200 10899 "-" "Mozilla/5.0 (Macintosh; Intel Mac OS X 10_15_7) AppleWebKit/537.36 (KHTML, like Gecko) Chrome/133.0.0.0 Safari/537.36"
52.169.149.163 - - [26/Apr/2025:14:50:42 -0400] "GET /atomlib.php HTTP/1.1" 404 6825 "-" "-"
154.83.103.202 - - [26/Apr/2025:14:50:42 -0400] "GET /package/dynamic_js/784245312a05d33ae694c74388342d13cd25c74fdb72c84a0b8f0c20fb1b9baf/thee-autoblogger/live/404/xnull/xfalse/xfalse/en_us/xfalse/xfalse/dynamic.js HTTP/1.1" 404 6821 "-" "Mozilla/5.0 (Windows NT 10.0; Win64; x64) AppleWebKit/537.36 (KHTML, like Gecko) Chrome/91.0.4472.124 Safari/537.36"
52.169.149.163 - - [26/Apr/2025:14:50:43 -0400] "GET /autoload_classmap.php HTTP/1.1" 404 6825 "-" "-"
80.85.246.140 - - [26/Apr/2025:14:50:43 -0400] "GET /blog?page=2 HTTP/1.1" 200 8734 "-" "Mozilla/5.0 (Macintosh; Intel Mac OS X 10_15_7) AppleWebKit/537.36 (KHTML, like Gecko) Chrome/133.0.0.0 Safari/537.36"
154.83.103.202 - - [26/Apr/2025:14:50:44 -0400] "GET /package/dynamic_js/7c2dd93aed15103586508689b0926f22cb22615eaa7027d6a140541577df9c26/ademypro/live/404/xnull/xfalse/xfalse/en_us/xfalse/xfalse/dynamic.js HTTP/1.1" 404 6821 "-" "Mozilla/5.0 (Windows NT 10.0; Win64; x64) AppleWebKit/537.36 (KHTML, like Gecko) Chrome/91.0.4472.124 Safari/537.36"
52.169.149.163 - - [26/Apr/2025:14:50:44 -0400] "GET /autoload_classmap.php?p= HTTP/1.1" 404 6825 "-" "-"
52.169.149.163 - - [26/Apr/2025:14:50:44 -0400] "GET /avaa.php HTTP/1.1" 404 6825 "-" "-"
154.83.103.202 - - [26/Apr/2025:14:50:45 -0400] "GET /package/dynamic_js/81361875dcdb133893cbb29f77487781bd31d666647c61421b96dfa6e873787f/unicesumaradmissaodigital/live/404/xnull/xfalse/xfalse/pt_br/xfalse/xfalse/dynamic.js HTTP/1.1" 404 6821 "-" "Mozilla/5.0 (Windows NT 10.0; Win64; x64) AppleWebKit/537.36 (KHTML, like Gecko) Chrome/91.0.4472.124 Safari/537.36"
80.85.246.140 - - [26/Apr/2025:14:50:44 -0400] "GET /blog?page=3 HTTP/1.1" 200 8739 "-" "Mozilla/5.0 (Macintosh; Intel Mac OS X 10_15_7) AppleWebKit/537.36 (KHTML, like Gecko) Chrome/133.0.0.0 Safari/537.36"
52.169.149.163 - - [26/Apr/2025:14:50:45 -0400] "GET /b.php HTTP/1.1" 404 6825 "-" "-"
52.169.149.163 - - [26/Apr/2025:14:50:46 -0400] "GET /b0.php HTTP/1.1" 404 6825 "-" "-"
80.85.246.140 - - [26/Apr/2025:14:50:46 -0400] "GET /blog?page=4 HTTP/1.1" 200 8780 "-" "Mozilla/5.0 (Macintosh; Intel Mac OS X 10_15_7) AppleWebKit/537.36 (KHTML, like Gecko) Chrome/133.0.0.0 Safari/537.36"
52.169.149.163 - - [26/Apr/2025:14:50:47 -0400] "GET /bQmw.php HTTP/1.1" 404 6825 "-" "-"
52.169.149.163 - - [26/Apr/2025:14:50:48 -0400] "GET /backup.php HTTP/1.1" 404 6825 "-" "-"
80.85.246.140 - - [26/Apr/2025:14:50:48 -0400] "GET /blog?page=5 HTTP/1.1" 200 8812 "-" "Mozilla/5.0 (Macintosh; Intel Mac OS X 10_15_7) AppleWebKit/537.36 (KHTML, like Gecko) Chrome/133.0.0.0 Safari/537.36"
52.169.149.163 - - [26/Apr/2025:14:50:48 -0400] "GET /baindex.php HTTP/1.1" 200 14201 "-" "-"
52.169.149.163 - - [26/Apr/2025:14:50:50 -0400] "GET /bak.php HTTP/1.1" 404 6825 "-" "-"
80.85.246.140 - - [26/Apr/2025:14:50:50 -0400] "GET /blog?page=6 HTTP/1.1" 200 8781 "-" "Mozilla/5.0 (Macintosh; Intel Mac OS X 10_15_7) AppleWebKit/537.36 (KHTML, like Gecko) Chrome/133.0.0.0 Safari/537.36"
52.169.149.163 - - [26/Apr/2025:14:50:50 -0400] "GET /bala.php HTTP/1.1" 404 6825 "-" "-"
80.85.246.140 - - [26/Apr/2025:14:50:51 -0400] "GET /blog?page=7 HTTP/1.1" 200 8775 "-" "Mozilla/5.0 (Macintosh; Intel Mac OS X 10_15_7) AppleWebKit/537.36 (KHTML, like Gecko) Chrome/133.0.0.0 Safari/537.36"
52.169.149.163 - - [26/Apr/2025:14:50:51 -0400] "GET /baxa1.phP8 HTTP/1.1" 404 6825 "-" "-"
52.169.149.163 - - [26/Apr/2025:14:50:52 -0400] "GET /bb.php HTTP/1.1" 404 6825 "-" "-"
52.169.149.163 - - [26/Apr/2025:14:50:53 -0400] "GET /ben.php HTTP/1.1" 404 6825 "-" "-"
52.169.149.163 - - [26/Apr/2025:14:50:54 -0400] "GET /bitrix/admin/htmleditor2/natural.php HTTP/1.1" 404 6825 "-" "-"
52.169.149.163 - - [26/Apr/2025:14:50:55 -0400] "GET /blog.php HTTP/1.1" 404 6825 "-" "-"
52.169.149.163 - - [26/Apr/2025:14:50:56 -0400] "GET /blog/fw.php HTTP/1.1" 404 6963 "-" "-"
80.85.246.140 - - [26/Apr/2025:14:50:56 -0400] "GET /blog?page=8 HTTP/1.1" 200 8709 "-" "Mozilla/5.0 (Macintosh; Intel Mac OS X 10_15_7) AppleWebKit/537.36 (KHTML, like Gecko) Chrome/133.0.0.0 Safari/537.36"
52.169.149.163 - - [26/Apr/2025:14:50:56 -0400] "GET /blog/wp-includes/index.php HTTP/1.1" 404 6848 "-" "-"
52.169.149.163 - - [26/Apr/2025:14:50:57 -0400] "GET /bob.php?p= HTTP/1.1" 404 6825 "-" "-"
80.85.246.140 - - [26/Apr/2025:14:50:58 -0400] "GET /blog?page=9 HTTP/1.1" 200 8844 "-" "Mozilla/5.0 (Macintosh; Intel Mac OS X 10_15_7) AppleWebKit/537.36 (KHTML, like Gecko) Chrome/133.0.0.0 Safari/537.36"
52.169.149.163 - - [26/Apr/2025:14:50:58 -0400] "GET /brU.php HTTP/1.1" 404 6825 "-" "-"
52.169.149.163 - - [26/Apr/2025:14:50:59 -0400] "GET /browse.php HTTP/1.1" 404 6825 "-" "-"
52.169.149.163 - - [26/Apr/2025:14:51:00 -0400] "GET /bs1.php HTTP/1.1" 404 6825 "-" "-"
80.85.246.140 - - [26/Apr/2025:14:51:00 -0400] "GET /blog?page=10 HTTP/1.1" 200 8742 "-" "Mozilla/5.0 (Macintosh; Intel Mac OS X 10_15_7) AppleWebKit/537.36 (KHTML, like Gecko) Chrome/133.0.0.0 Safari/537.36"
52.169.149.163 - - [26/Apr/2025:14:51:01 -0400] "GET /bs1.php?d=2f7777772f3030396437 HTTP/1.1" 404 6825 "-" "-"
52.169.149.163 - - [26/Apr/2025:14:51:02 -0400] "GET /buy.php HTTP/1.1" 404 6825 "-" "-"
52.169.149.163 - - [26/Apr/2025:14:51:03 -0400] "GET /buy.php?p= HTTP/1.1" 404 6825 "-" "-"
52.169.149.163 - - [26/Apr/2025:14:51:04 -0400] "GET /byp.php HTTP/1.1" 404 6825 "-" "-"
52.169.149.163 - - [26/Apr/2025:14:51:05 -0400] "GET /bypass.php HTTP/1.1" 404 6825 "-" "-"
80.85.246.140 - - [26/Apr/2025:14:51:05 -0400] "GET /blog?page=13 HTTP/1.1" 200 8707 "-" "Mozilla/5.0 (Macintosh; Intel Mac OS X 10_15_7) AppleWebKit/537.36 (KHTML, like Gecko) Chrome/133.0.0.0 Safari/537.36"
52.169.149.163 - - [26/Apr/2025:14:51:06 -0400] "GET /c.php HTTP/1.1" 404 6825 "-" "-"
52.169.149.163 - - [26/Apr/2025:14:51:07 -0400] "GET /cZkmtUnJVfi.php HTTP/1.1" 404 6825 "-" "-"
80.85.246.140 - - [26/Apr/2025:14:51:07 -0400] "GET /blog?page=14 HTTP/1.1" 200 8480 "-" "Mozilla/5.0 (Macintosh; Intel Mac OS X 10_15_7) AppleWebKit/537.36 (KHTML, like Gecko) Chrome/133.0.0.0 Safari/537.36"
52.169.149.163 - - [26/Apr/2025:14:51:08 -0400] "GET /cache/b/c/e/b/mdtcshwavxn.php HTTP/1.1" 404 6825 "-" "-"
80.85.246.140 - - [26/Apr/2025:14:51:09 -0400] "GET /blog?category=global-education-trends HTTP/1.1" 200 7890 "-" "Mozilla/5.0 (Macintosh; Intel Mac OS X 10_15_7) AppleWebKit/537.36 (KHTML, like Gecko) Chrome/133.0.0.0 Safari/537.36"
52.169.149.163 - - [26/Apr/2025:14:51:09 -0400] "GET /cache/d/d/b/d/zwdlhkfyupn.php HTTP/1.1" 404 6825 "-" "-"
52.169.149.163 - - [26/Apr/2025:14:51:10 -0400] "GET /cache/d/h/d/f/ukstnfjlbov.php HTTP/1.1" 404 6825 "-" "-"
52.169.149.163 - - [26/Apr/2025:14:51:12 -0400] "GET /cache/e/e/e/b/abkiszpjdfx.php HTTP/1.1" 404 6825 "-" "-"
80.85.246.140 - - [26/Apr/2025:14:51:11 -0400] "GET /blog?category=industry-job-trends HTTP/1.1" 200 8591 "-" "Mozilla/5.0 (Macintosh; Intel Mac OS X 10_15_7) AppleWebKit/537.36 (KHTML, like Gecko) Chrome/133.0.0.0 Safari/537.36"
52.169.149.163 - - [26/Apr/2025:14:51:13 -0400] "GET /cache/g/a/d/b/qtrxajmpgek.php HTTP/1.1" 404 6825 "-" "-"
80.85.246.140 - - [26/Apr/2025:14:51:14 -0400] "GET /blog?category=industry-insights-and-trends HTTP/1.1" 200 8731 "-" "Mozilla/5.0 (Macintosh; Intel Mac OS X 10_15_7) AppleWebKit/537.36 (KHTML, like Gecko) Chrome/133.0.0.0 Safari/537.36"
52.169.149.163 - - [26/Apr/2025:14:51:14 -0400] "GET /cache/g/c/h/b/tfuoqlvyakp.php HTTP/1.1" 404 6825 "-" "-"
52.169.149.163 - - [26/Apr/2025:14:51:16 -0400] "GET /cc.php HTTP/1.1" 404 6825 "-" "-"
154.83.103.202 - - [26/Apr/2025:14:51:16 -0400] "GET /package/dynamic_js/90a4f2e10656f9e1c80c0c66836218eead17a96e4dc8d49fb049fd00b90721ac/isystempro2/live/404/xnull/xfalse/xfalse/pt_br/xfalse/xfalse/dynamic.js HTTP/1.1" 404 6821 "-" "Mozilla/5.0 (Windows NT 10.0; Win64; x64) AppleWebKit/537.36 (KHTML, like Gecko) Chrome/91.0.4472.124 Safari/537.36"
80.85.246.140 - - [26/Apr/2025:14:51:16 -0400] "GET /blog?category=tech-skills-and-tools HTTP/1.1" 200 7955 "-" "Mozilla/5.0 (Macintosh; Intel Mac OS X 10_15_7) AppleWebKit/537.36 (KHTML, like Gecko) Chrome/133.0.0.0 Safari/537.36"
52.169.149.163 - - [26/Apr/2025:14:51:17 -0400] "GET /cd.php HTTP/1.1" 404 6825 "-" "-"
52.169.149.163 - - [26/Apr/2025:14:51:18 -0400] "GET /cgi-bin/ HTTP/1.1" 301 795 "-" "-"
154.83.103.202 - - [26/Apr/2025:14:51:17 -0400] "GET /package/dynamic_js/91bffd6b1bd42ff8acc67240c7a8b382e6c9639de98968c71d922e9248601390/crewlab-coachingtools/live/404/xnull/xfalse/xfalse/en_us/xfalse/xfalse/dynamic.js HTTP/1.1" 404 6821 "-" "Mozilla/5.0 (Windows NT 10.0; Win64; x64) AppleWebKit/537.36 (KHTML, like Gecko) Chrome/91.0.4472.124 Safari/537.36"
52.169.149.163 - - [26/Apr/2025:14:51:18 -0400] "GET /public/cgi-bin HTTP/1.1" 404 6824 "-" "-"
154.83.103.202 - - [26/Apr/2025:14:51:19 -0400] "GET /package/dynamic_js/a8d0dbecfae07a8db959506db9dc23249690674e7d34c9ff8fd0ada5a3c9ee54/meu-ingresso-2023/live/404/xnull/xfalse/xfalse/pt_br/xfalse/xfalse/dynamic.js HTTP/1.1" 404 6821 "-" "Mozilla/5.0 (Windows NT 10.0; Win64; x64) AppleWebKit/537.36 (KHTML, like Gecko) Chrome/91.0.4472.124 Safari/537.36"
52.169.149.163 - - [26/Apr/2025:14:51:19 -0400] "GET /cgi-bin/about.php HTTP/1.1" 404 6825 "-" "-"
52.169.149.163 - - [26/Apr/2025:14:51:20 -0400] "GET /cgi-bin/admin.php HTTP/1.1" 404 6825 "-" "-"
154.83.103.202 - - [26/Apr/2025:14:51:20 -0400] "GET /package/dynamic_js/af58896ce0256c58237b9bb2007f484e1439d89eeeda8499ab2488b301c046b3/petgenius/live/404/xnull/xfalse/xfalse/en_us/xfalse/xfalse/dynamic.js HTTP/1.1" 404 6821 "-" "Mozilla/5.0 (Windows NT 10.0; Win64; x64) AppleWebKit/537.36 (KHTML, like Gecko) Chrome/91.0.4472.124 Safari/537.36"
52.169.149.163 - - [26/Apr/2025:14:51:21 -0400] "GET /cgi-bin/b.php HTTP/1.1" 404 6825 "-" "-"
154.83.103.202 - - [26/Apr/2025:14:51:22 -0400] "GET /package/dynamic_js/cf757dcb0590456003b71427e18f8d45aa0fbb53a193e37cb6beccf0db6c843e/xxpressio/live/404/xnull/xfalse/xfalse/en_us/xfalse/xfalse/dynamic.js HTTP/1.1" 404 6821 "-" "Mozilla/5.0 (Windows NT 10.0; Win64; x64) AppleWebKit/537.36 (KHTML, like Gecko) Chrome/91.0.4472.124 Safari/537.36"
52.169.149.163 - - [26/Apr/2025:14:51:23 -0400] "GET /cgi-bin/bak.php?p= HTTP/1.1" 404 6825 "-" "-"
52.169.149.163 - - [26/Apr/2025:14:51:23 -0400] "GET /cgi-bin/cgi-bin/about.php HTTP/1.1" 404 6825 "-" "-"
154.83.103.202 - - [26/Apr/2025:14:51:24 -0400] "GET /package/dynamic_js/e313c55db568951985459b8dc72a601bb19d68a4d9e27bb8bec8988c6534528e/unicesumaradmissaodigital/live/404/xnull/xfalse/xfalse/pt_br/xfalse/xfalse/dynamic.js HTTP/1.1" 404 6821 "-" "Mozilla/5.0 (Windows NT 10.0; Win64; x64) AppleWebKit/537.36 (KHTML, like Gecko) Chrome/91.0.4472.124 Safari/537.36"
80.85.246.140 - - [26/Apr/2025:14:51:24 -0400] "GET /login HTTP/1.1" 200 7218 "-" "Mozilla/5.0 (Macintosh; Intel Mac OS X 10_15_7) AppleWebKit/537.36 (KHTML, like Gecko) Chrome/133.0.0.0 Safari/537.36"
52.169.149.163 - - [26/Apr/2025:14:51:25 -0400] "GET /cgi-bin/cloud.php HTTP/1.1" 404 6825 "-" "-"
154.83.103.202 - - [26/Apr/2025:14:51:25 -0400] "GET /package/dynamic_js/e5b1aee992cb23b01a4716f2ca28034d950c65a9e9d5e136bbede53863b86857/nextadelivery/live/404/xnull/xfalse/xfalse/en_us/xfalse/xfalse/dynamic.js HTTP/1.1" 404 6821 "-" "Mozilla/5.0 (Windows NT 10.0; Win64; x64) AppleWebKit/537.36 (KHTML, like Gecko) Chrome/91.0.4472.124 Safari/537.36"
80.85.246.140 - - [26/Apr/2025:14:51:26 -0400] "GET /forgot-password HTTP/1.1" 200 7065 "-" "Mozilla/5.0 (Macintosh; Intel Mac OS X 10_15_7) AppleWebKit/537.36 (KHTML, like Gecko) Chrome/133.0.0.0 Safari/537.36"
52.169.149.163 - - [26/Apr/2025:14:51:27 -0400] "GET /cgi-bin/file.php HTTP/1.1" 404 6825 "-" "-"
154.83.103.202 - - [26/Apr/2025:14:51:27 -0400] "GET /package/dynamic_js/e929402614901c2ef599d15bc501af6dfbba1f5d843a7a80a273082588eeea94/sobreloja/live/404/xnull/xfalse/xfalse/pt_br/xfalse/xfalse/dynamic.js HTTP/1.1" 404 6821 "-" "Mozilla/5.0 (Windows NT 10.0; Win64; x64) AppleWebKit/537.36 (KHTML, like Gecko) Chrome/91.0.4472.124 Safari/537.36"
154.83.103.202 - - [26/Apr/2025:14:51:29 -0400] "GET /packages/api/.env HTTP/1.1" 403 1242 "-" "Mozilla/5.0 (Windows NT 10.0; Win64; x64) AppleWebKit/537.36 (KHTML, like Gecko) Chrome/91.0.4472.124 Safari/537.36"
154.83.103.202 - - [26/Apr/2025:14:51:29 -0400] "GET /packages/app/.env HTTP/1.1" 403 1242 "-" "Mozilla/5.0 (Windows NT 10.0; Win64; x64) AppleWebKit/537.36 (KHTML, like Gecko) Chrome/91.0.4472.124 Safari/537.36"
52.169.149.163 - - [26/Apr/2025:14:51:28 -0400] "GET /cgi-bin/head.php HTTP/1.1" 404 6825 "-" "-"
154.83.103.202 - - [26/Apr/2025:14:51:29 -0400] "GET /packages/client/.env HTTP/1.1" 403 1242 "-" "Mozilla/5.0 (Windows NT 10.0; Win64; x64) AppleWebKit/537.36 (KHTML, like Gecko) Chrome/91.0.4472.124 Safari/537.36"
154.83.103.202 - - [26/Apr/2025:14:51:29 -0400] "GET /packages/frontend/.env HTTP/1.1" 403 1242 "-" "Mozilla/5.0 (Windows NT 10.0; Win64; x64) AppleWebKit/537.36 (KHTML, like Gecko) Chrome/91.0.4472.124 Safari/537.36"
154.83.103.202 - - [26/Apr/2025:14:51:29 -0400] "GET /packages/plugin-analytics/src/fixtures/analytics-ga-key/.env HTTP/1.1" 403 1242 "-" "Mozilla/5.0 (Windows NT 10.0; Win64; x64) AppleWebKit/537.36 (KHTML, like Gecko) Chrome/91.0.4472.124 Safari/537.36"
154.83.103.202 - - [26/Apr/2025:14:51:29 -0400] "GET /packages/plugin-qiankun/examples/app1/.env HTTP/1.1" 403 1242 "-" "Mozilla/5.0 (Windows NT 10.0; Win64; x64) AppleWebKit/537.36 (KHTML, like Gecko) Chrome/91.0.4472.124 Safari/537.36"
52.169.149.163 - - [26/Apr/2025:14:51:29 -0400] "GET /cgi-bin/index.php HTTP/1.1" 404 6848 "-" "-"
154.83.103.202 - - [26/Apr/2025:14:51:30 -0400] "GET /packages/plugin-qiankun/examples/app2/.env HTTP/1.1" 403 1242 "-" "Mozilla/5.0 (Windows NT 10.0; Win64; x64) AppleWebKit/537.36 (KHTML, like Gecko) Chrome/91.0.4472.124 Safari/537.36"
154.83.103.202 - - [26/Apr/2025:14:51:30 -0400] "GET /packages/plugin-qiankun/examples/app3/.env HTTP/1.1" 403 1242 "-" "Mozilla/5.0 (Windows NT 10.0; Win64; x64) AppleWebKit/537.36 (KHTML, like Gecko) Chrome/91.0.4472.124 Safari/537.36"
154.83.103.202 - - [26/Apr/2025:14:51:30 -0400] "GET /packages/plugin-qiankun/examples/master/.env HTTP/1.1" 403 1242 "-" "Mozilla/5.0 (Windows NT 10.0; Win64; x64) AppleWebKit/537.36 (KHTML, like Gecko) Chrome/91.0.4472.124 Safari/537.36"
154.83.103.202 - - [26/Apr/2025:14:51:30 -0400] "GET /packages/react-scripts/fixtures/kitchensink/template/.env HTTP/1.1" 403 1242 "-" "Mozilla/5.0 (Windows NT 10.0; Win64; x64) AppleWebKit/537.36 (KHTML, like Gecko) Chrome/91.0.4472.124 Safari/537.36"
154.83.103.202 - - [26/Apr/2025:14:51:31 -0400] "GET /packages/styled-ui-docs/.env HTTP/1.1" 403 1242 "-" "Mozilla/5.0 (Windows NT 10.0; Win64; x64) AppleWebKit/537.36 (KHTML, like Gecko) Chrome/91.0.4472.124 Safari/537.36"
52.169.149.163 - - [26/Apr/2025:14:51:30 -0400] "GET /cgi-bin/index.php?p= HTTP/1.1" 404 6848 "-" "-"
154.83.103.202 - - [26/Apr/2025:14:51:31 -0400] "GET /packages/web/.env HTTP/1.1" 403 1242 "-" "Mozilla/5.0 (Windows NT 10.0; Win64; x64) AppleWebKit/537.36 (KHTML, like Gecko) Chrome/91.0.4472.124 Safari/537.36"
154.83.103.202 - - [26/Apr/2025:14:51:31 -0400] "GET /packed/.env HTTP/1.1" 403 1242 "-" "Mozilla/5.0 (Windows NT 10.0; Win64; x64) AppleWebKit/537.36 (KHTML, like Gecko) Chrome/91.0.4472.124 Safari/537.36"
79.2.93.196 - - [26/Apr/2025:14:51:30 -0400] "POST /forget-password HTTP/1.1" 500 2003 "-" "Mozilla/5.0 (Windows NT 10.0; Win64; x64) AppleWebKit/537.36 (KHTML, like Gecko) Chrome/120.0.0.0 Safari/537.36"
154.83.103.202 - - [26/Apr/2025:14:51:31 -0400] "GET /page-editor/.env HTTP/1.1" 403 1242 "-" "Mozilla/5.0 (Windows NT 10.0; Win64; x64) AppleWebKit/537.36 (KHTML, like Gecko) Chrome/91.0.4472.124 Safari/537.36"
52.169.149.163 - - [26/Apr/2025:14:51:31 -0400] "GET /cgi-bin/index.php?p=&upload HTTP/1.1" 404 6848 "-" "-"
80.85.246.140 - - [26/Apr/2025:14:51:32 -0400] "GET /register HTTP/1.1" 200 7206 "-" "Mozilla/5.0 (Macintosh; Intel Mac OS X 10_15_7) AppleWebKit/537.36 (KHTML, like Gecko) Chrome/133.0.0.0 Safari/537.36"
52.169.149.163 - - [26/Apr/2025:14:51:32 -0400] "GET /cgi-bin/moon.php HTTP/1.1" 404 6825 "-" "-"
154.83.103.202 - - [26/Apr/2025:14:51:33 -0400] "GET /panel/.env HTTP/1.1" 403 1242 "-" "Mozilla/5.0 (Windows NT 10.0; Win64; x64) AppleWebKit/537.36 (KHTML, like Gecko) Chrome/91.0.4472.124 Safari/537.36"
154.83.103.202 - - [26/Apr/2025:14:51:33 -0400] "GET /parity/.env HTTP/1.1" 403 1242 "-" "Mozilla/5.0 (Windows NT 10.0; Win64; x64) AppleWebKit/537.36 (KHTML, like Gecko) Chrome/91.0.4472.124 Safari/537.36"
154.83.103.202 - - [26/Apr/2025:14:51:33 -0400] "GET /Passportjs/.env HTTP/1.1" 403 1242 "-" "Mozilla/5.0 (Windows NT 10.0; Win64; x64) AppleWebKit/537.36 (KHTML, like Gecko) Chrome/91.0.4472.124 Safari/537.36"
154.83.103.202 - - [26/Apr/2025:14:51:33 -0400] "GET /patchwork/.env HTTP/1.1" 403 1242 "-" "Mozilla/5.0 (Windows NT 10.0; Win64; x64) AppleWebKit/537.36 (KHTML, like Gecko) Chrome/91.0.4472.124 Safari/537.36"
154.83.103.202 - - [26/Apr/2025:14:51:34 -0400] "GET /path/.env HTTP/1.1" 403 1242 "-" "Mozilla/5.0 (Windows NT 10.0; Win64; x64) AppleWebKit/537.36 (KHTML, like Gecko) Chrome/91.0.4472.124 Safari/537.36"
52.169.149.163 - - [26/Apr/2025:14:51:33 -0400] "GET /cgi-bin/users.php HTTP/1.1" 404 6825 "-" "-"
154.83.103.202 - - [26/Apr/2025:14:51:34 -0400] "GET /pfbe/.env HTTP/1.1" 403 1242 "-" "Mozilla/5.0 (Windows NT 10.0; Win64; x64) AppleWebKit/537.36 (KHTML, like Gecko) Chrome/91.0.4472.124 Safari/537.36"
79.2.93.196 - - [26/Apr/2025:14:51:34 -0400] "POST /register HTTP/1.1" 302 162 "-" "Mozilla/5.0 (Windows NT 10.0; Win64; x64) AppleWebKit/537.36 (KHTML, like Gecko) Chrome/120.0.0.0 Safari/537.36"
52.169.149.163 - - [26/Apr/2025:14:51:34 -0400] "GET /cgi-bin/wp-login.php HTTP/1.1" 404 6825 "-" "-"
52.169.149.163 - - [26/Apr/2025:14:51:35 -0400] "GET /cgi-bin/xmrlpc.php HTTP/1.1" 404 6825 "-" "-"
154.83.103.202 - - [26/Apr/2025:14:51:35 -0400] "GET /php-info.php HTTP/1.1" 404 6821 "-" "Mozilla/5.0 (Windows NT 10.0; Win64; x64) AppleWebKit/537.36 (KHTML, like Gecko) Chrome/91.0.4472.124 Safari/537.36"
52.169.149.163 - - [26/Apr/2025:14:51:36 -0400] "GET /chosen HTTP/1.1" 404 6825 "-" "-"
154.83.103.202 - - [26/Apr/2025:14:51:36 -0400] "GET /php.ini HTTP/1.1" 404 6821 "-" "Mozilla/5.0 (Windows NT 10.0; Win64; x64) AppleWebKit/537.36 (KHTML, like Gecko) Chrome/91.0.4472.124 Safari/537.36"
52.169.149.163 - - [26/Apr/2025:14:51:37 -0400] "GET /chosen.php HTTP/1.1" 404 6825 "-" "-"
154.83.103.202 - - [26/Apr/2025:14:51:37 -0400] "GET /php.php HTTP/1.1" 404 6821 "-" "Mozilla/5.0 (Windows NT 10.0; Win64; x64) AppleWebKit/537.36 (KHTML, like Gecko) Chrome/91.0.4472.124 Safari/537.36"
79.2.93.196 - - [26/Apr/2025:14:51:37 -0400] "GET /register HTTP/1.1" 200 7317 "https://certfee.com/register" "Mozilla/5.0 (Windows NT 10.0; Win64; x64) AppleWebKit/537.36 (KHTML, like Gecko) Chrome/120.0.0.0 Safari/537.36"
52.169.149.163 - - [26/Apr/2025:14:51:38 -0400] "GET /chosen.php?p= HTTP/1.1" 404 6825 "-" "-"
154.83.103.202 - - [26/Apr/2025:14:51:38 -0400] "GET /php1.php HTTP/1.1" 404 6821 "-" "Mozilla/5.0 (Windows NT 10.0; Win64; x64) AppleWebKit/537.36 (KHTML, like Gecko) Chrome/91.0.4472.124 Safari/537.36"
52.169.149.163 - - [26/Apr/2025:14:51:39 -0400] "GET /chosen/ HTTP/1.1" 301 795 "-" "-"
52.169.149.163 - - [26/Apr/2025:14:51:39 -0400] "GET /public/chosen HTTP/1.1" 404 6824 "-" "-"
154.83.103.202 - - [26/Apr/2025:14:51:39 -0400] "GET /php52/phpinfo.php HTTP/1.1" 404 6821 "-" "Mozilla/5.0 (Windows NT 10.0; Win64; x64) AppleWebKit/537.36 (KHTML, like Gecko) Chrome/91.0.4472.124 Safari/537.36"
80.85.246.140 - - [26/Apr/2025:14:51:39 -0400] "GET /courses?main_category=design HTTP/1.1" 200 7750 "-" "Mozilla/5.0 (Macintosh; Intel Mac OS X 10_15_7) AppleWebKit/537.36 (KHTML, like Gecko) Chrome/133.0.0.0 Safari/537.36"
154.83.103.202 - - [26/Apr/2025:14:51:40 -0400] "GET /php_info.php HTTP/1.1" 404 6821 "-" "Mozilla/5.0 (Windows NT 10.0; Win64; x64) AppleWebKit/537.36 (KHTML, like Gecko) Chrome/91.0.4472.124 Safari/537.36"
52.169.149.163 - - [26/Apr/2025:14:51:40 -0400] "GET /chosen?p= HTTP/1.1" 404 6825 "-" "-"
154.83.103.202 - - [26/Apr/2025:14:51:41 -0400] "GET /phpcustom_info/phpinfo.php HTTP/1.1" 404 6821 "-" "Mozilla/5.0 (Windows NT 10.0; Win64; x64) AppleWebKit/537.36 (KHTML, like Gecko) Chrome/91.0.4472.124 Safari/537.36"
52.169.149.163 - - [26/Apr/2025:14:51:41 -0400] "GET /cjfuns.php HTTP/1.1" 404 6825 "-" "-"
52.169.149.163 - - [26/Apr/2025:14:51:42 -0400] "GET /class-php HTTP/1.1" 404 6825 "-" "-"
80.85.246.140 - - [26/Apr/2025:14:51:42 -0400] "GET /course/artificial-intelligence-for-supply-chains-and-logistics HTTP/1.1" 200 10315 "-" "Mozilla/5.0 (Macintosh; Intel Mac OS X 10_15_7) AppleWebKit/537.36 (KHTML, like Gecko) Chrome/133.0.0.0 Safari/537.36"
52.169.149.163 - - [26/Apr/2025:14:51:43 -0400] "GET /class-wp-lock.php HTTP/1.1" 404 6825 "-" "-"
154.83.103.202 - - [26/Apr/2025:14:51:44 -0400] "GET /phpinfo HTTP/1.1" 404 6821 "-" "Mozilla/5.0 (Windows NT 10.0; Win64; x64) AppleWebKit/537.36 (KHTML, like Gecko) Chrome/91.0.4472.124 Safari/537.36"
52.169.149.163 - - [26/Apr/2025:14:51:44 -0400] "GET /class.api.php HTTP/1.1" 404 6825 "-" "-"
80.85.246.140 - - [26/Apr/2025:14:51:44 -0400] "GET /blog/how-cultural-differences-impact-learning-abroad HTTP/1.1" 200 11199 "-" "Mozilla/5.0 (Macintosh; Intel Mac OS X 10_15_7) AppleWebKit/537.36 (KHTML, like Gecko) Chrome/133.0.0.0 Safari/537.36"
154.83.103.202 - - [26/Apr/2025:14:51:45 -0400] "GET /phpinfo.html HTTP/1.1" 404 6821 "-" "Mozilla/5.0 (Windows NT 10.0; Win64; x64) AppleWebKit/537.36 (KHTML, like Gecko) Chrome/91.0.4472.124 Safari/537.36"
52.169.149.163 - - [26/Apr/2025:14:51:45 -0400] "GET /class.api.php?p= HTTP/1.1" 404 6825 "-" "-"
154.83.103.202 - - [26/Apr/2025:14:51:46 -0400] "GET /phpinfo.php HTTP/1.1" 404 6821 "-" "Mozilla/5.0 (Windows NT 10.0; Win64; x64) AppleWebKit/537.36 (KHTML, like Gecko) Chrome/91.0.4472.124 Safari/537.36"
52.169.149.163 - - [26/Apr/2025:14:51:46 -0400] "GET /classsmtps.php HTTP/1.1" 404 6825 "-" "-"
154.83.103.202 - - [26/Apr/2025:14:51:47 -0400] "GET /phpinfo.php3 HTTP/1.1" 404 6821 "-" "Mozilla/5.0 (Windows NT 10.0; Win64; x64) AppleWebKit/537.36 (KHTML, like Gecko) Chrome/91.0.4472.124 Safari/537.36"
52.169.149.163 - - [26/Apr/2025:14:51:47 -0400] "GET /classwithtostring.php HTTP/1.1" 404 6825 "-" "-"
52.169.149.163 - - [26/Apr/2025:14:51:48 -0400] "GET /classwithtostring.php/rbzccnnp.php/ HTTP/1.1" 301 795 "-" "-"
154.83.103.202 - - [26/Apr/2025:14:51:48 -0400] "GET /phpinfo.php4 HTTP/1.1" 404 6821 "-" "Mozilla/5.0 (Windows NT 10.0; Win64; x64) AppleWebKit/537.36 (KHTML, like Gecko) Chrome/91.0.4472.124 Safari/537.36"
52.169.149.163 - - [26/Apr/2025:14:51:49 -0400] "GET /public/classwithtostring.php/rbzccnnp.php HTTP/1.1" 404 6824 "-" "-"
154.83.103.202 - - [26/Apr/2025:14:51:49 -0400] "GET /phpinfo.php5 HTTP/1.1" 404 6821 "-" "Mozilla/5.0 (Windows NT 10.0; Win64; x64) AppleWebKit/537.36 (KHTML, like Gecko) Chrome/91.0.4472.124 Safari/537.36"
80.85.246.140 - - [26/Apr/2025:14:51:49 -0400] "GET /blog?category=study-tips-and-productivity-hacks HTTP/1.1" 200 8376 "-" "Mozilla/5.0 (Macintosh; Intel Mac OS X 10_15_7) AppleWebKit/537.36 (KHTML, like Gecko) Chrome/133.0.0.0 Safari/537.36"
52.169.149.163 - - [26/Apr/2025:14:51:50 -0400] "GET /classwithtostring.php?p= HTTP/1.1" 404 6825 "-" "-"
154.83.103.202 - - [26/Apr/2025:14:51:50 -0400] "GET /phpinfo.txt HTTP/1.1" 404 6821 "-" "Mozilla/5.0 (Windows NT 10.0; Win64; x64) AppleWebKit/537.36 (KHTML, like Gecko) Chrome/91.0.4472.124 Safari/537.36"
52.169.149.163 - - [26/Apr/2025:14:51:51 -0400] "GET /click.php HTTP/1.1" 404 6825 "-" "-"
154.83.103.202 - - [26/Apr/2025:14:51:52 -0400] "GET /phpinfo/info.php HTTP/1.1" 404 6821 "-" "Mozilla/5.0 (Windows NT 10.0; Win64; x64) AppleWebKit/537.36 (KHTML, like Gecko) Chrome/91.0.4472.124 Safari/537.36"
52.169.149.163 - - [26/Apr/2025:14:51:52 -0400] "GET /click.php?p= HTTP/1.1" 404 6825 "-" "-"
80.85.246.140 - - [26/Apr/2025:14:51:52 -0400] "GET /blog/how-immigration-laws-affect-international-students HTTP/1.1" 200 11458 "-" "Mozilla/5.0 (Macintosh; Intel Mac OS X 10_15_7) AppleWebKit/537.36 (KHTML, like Gecko) Chrome/133.0.0.0 Safari/537.36"
154.83.103.202 - - [26/Apr/2025:14:51:53 -0400] "GET /phpinfo/phpinfo.php HTTP/1.1" 404 6821 "-" "Mozilla/5.0 (Windows NT 10.0; Win64; x64) AppleWebKit/537.36 (KHTML, like Gecko) Chrome/91.0.4472.124 Safari/537.36"
52.169.149.163 - - [26/Apr/2025:14:51:53 -0400] "GET /cloud.php HTTP/1.1" 404 6825 "-" "-"
80.85.246.140 - - [26/Apr/2025:14:51:54 -0400] "GET /blog/are-virtual-study-abroad-programs-worth-it HTTP/1.1" 200 11527 "-" "Mozilla/5.0 (Macintosh; Intel Mac OS X 10_15_7) AppleWebKit/537.36 (KHTML, like Gecko) Chrome/133.0.0.0 Safari/537.36"
52.169.149.163 - - [26/Apr/2025:14:51:55 -0400] "GET /cms.php HTTP/1.1" 404 6825 "-" "-"
52.169.149.163 - - [26/Apr/2025:14:51:56 -0400] "GET /comment.php HTTP/1.1" 404 6825 "-" "-"
154.83.103.202 - - [26/Apr/2025:14:51:56 -0400] "GET /phpinfo1.php HTTP/1.1" 404 6821 "-" "Mozilla/5.0 (Windows NT 10.0; Win64; x64) AppleWebKit/537.36 (KHTML, like Gecko) Chrome/91.0.4472.124 Safari/537.36"
52.169.149.163 - - [26/Apr/2025:14:51:57 -0400] "GET /components/ HTTP/1.1" 301 795 "-" "-"
80.85.246.140 - - [26/Apr/2025:14:51:56 -0400] "GET /blog/how-to-manage-money-while-studying-abroad HTTP/1.1" 200 11102 "-" "Mozilla/5.0 (Macintosh; Intel Mac OS X 10_15_7) AppleWebKit/537.36 (KHTML, like Gecko) Chrome/133.0.0.0 Safari/537.36"
52.169.149.163 - - [26/Apr/2025:14:51:57 -0400] "GET /public/components HTTP/1.1" 404 6824 "-" "-"
52.169.149.163 - - [26/Apr/2025:14:51:58 -0400] "GET /conf_upload.php HTTP/1.1" 404 6825 "-" "-"
52.169.149.163 - - [26/Apr/2025:14:51:59 -0400] "GET /config.php HTTP/1.1" 404 6825 "-" "-"
154.83.103.202 - - [26/Apr/2025:14:51:59 -0400] "GET /phpinfo2.php HTTP/1.1" 404 6821 "-" "Mozilla/5.0 (Windows NT 10.0; Win64; x64) AppleWebKit/537.36 (KHTML, like Gecko) Chrome/91.0.4472.124 Safari/537.36"
52.169.149.163 - - [26/Apr/2025:14:52:00 -0400] "GET /config.php7 HTTP/1.1" 404 6825 "-" "-"
52.169.149.163 - - [26/Apr/2025:14:52:01 -0400] "GET /configs.php HTTP/1.1" 404 6825 "-" "-"
80.85.246.140 - - [26/Apr/2025:14:52:02 -0400] "GET /blog/how-exchange-programs-benefit-students HTTP/1.1" 200 11220 "-" "Mozilla/5.0 (Macintosh; Intel Mac OS X 10_15_7) AppleWebKit/537.36 (KHTML, like Gecko) Chrome/133.0.0.0 Safari/537.36"
154.83.103.202 - - [26/Apr/2025:14:52:02 -0400] "GET /phpinfo3.php HTTP/1.1" 404 6821 "-" "Mozilla/5.0 (Windows NT 10.0; Win64; x64) AppleWebKit/537.36 (KHTML, like Gecko) Chrome/91.0.4472.124 Safari/537.36"
52.169.149.163 - - [26/Apr/2025:14:52:02 -0400] "GET /cong.php HTTP/1.1" 404 6825 "-" "-"
66.249.79.234 - - [26/Apr/2025:14:52:03 -0400] "GET /course/workstation-ergonomics HTTP/1.1" 200 10055 "-" "Mozilla/5.0 (Linux; Android 6.0.1; Nexus 5X Build/MMB29P) AppleWebKit/537.36 (KHTML, like Gecko) Chrome/135.0.7049.95 Mobile Safari/537.36 (compatible; Googlebot/2.1; +http://www.google.com/bot.html)"
154.83.103.202 - - [26/Apr/2025:14:52:03 -0400] "GET /phpinfo4.php HTTP/1.1" 404 6821 "-" "Mozilla/5.0 (Windows NT 10.0; Win64; x64) AppleWebKit/537.36 (KHTML, like Gecko) Chrome/91.0.4472.124 Safari/537.36"
52.169.149.163 - - [26/Apr/2025:14:52:04 -0400] "GET /cong.php?p= HTTP/1.1" 404 6825 "-" "-"
80.85.246.140 - - [26/Apr/2025:14:52:04 -0400] "GET /blog/how-ai-is-changing-learning-for-international-students HTTP/1.1" 200 12039 "-" "Mozilla/5.0 (Macintosh; Intel Mac OS X 10_15_7) AppleWebKit/537.36 (KHTML, like Gecko) Chrome/133.0.0.0 Safari/537.36"
52.169.149.163 - - [26/Apr/2025:14:52:05 -0400] "GET /contact.php HTTP/1.1" 404 6825 "-" "-"
154.83.103.202 - - [26/Apr/2025:14:52:04 -0400] "GET /phpinfodev.php HTTP/1.1" 404 6821 "-" "Mozilla/5.0 (Windows NT 10.0; Win64; x64) AppleWebKit/537.36 (KHTML, like Gecko) Chrome/91.0.4472.124 Safari/537.36"
52.169.149.163 - - [26/Apr/2025:14:52:06 -0400] "GET /contacts.php HTTP/1.1" 404 6825 "-" "-"
154.83.103.202 - - [26/Apr/2025:14:52:06 -0400] "GET /phpinfos.php HTTP/1.1" 404 6821 "-" "Mozilla/5.0 (Windows NT 10.0; Win64; x64) AppleWebKit/537.36 (KHTML, like Gecko) Chrome/91.0.4472.124 Safari/537.36"
154.83.103.202 - - [26/Apr/2025:14:52:07 -0400] "GET /phpMyAdmin/ HTTP/1.1" 301 795 "-" "Mozilla/5.0 (Windows NT 10.0; Win64; x64) AppleWebKit/537.36 (KHTML, like Gecko) Chrome/91.0.4472.124 Safari/537.36"
52.169.149.163 - - [26/Apr/2025:14:52:07 -0400] "GET /content.php HTTP/1.1" 404 6825 "-" "-"
154.83.103.202 - - [26/Apr/2025:14:52:07 -0400] "GET /public/phpMyAdmin HTTP/1.1" 404 6830 "-" "Mozilla/5.0 (Windows NT 10.0; Win64; x64) AppleWebKit/537.36 (KHTML, like Gecko) Chrome/91.0.4472.124 Safari/537.36"
52.169.149.163 - - [26/Apr/2025:14:52:08 -0400] "GET /content.php888 HTTP/1.1" 404 6825 "-" "-"
154.83.103.202 - - [26/Apr/2025:14:52:08 -0400] "GET /phpsysinfo HTTP/1.1" 404 6821 "-" "Mozilla/5.0 (Windows NT 10.0; Win64; x64) AppleWebKit/537.36 (KHTML, like Gecko) Chrome/91.0.4472.124 Safari/537.36"
52.169.149.163 - - [26/Apr/2025:14:52:09 -0400] "GET /cpouchon/ORTHOSKIM HTTP/1.1" 404 6825 "-" "-"
80.85.246.140 - - [26/Apr/2025:14:52:09 -0400] "GET /contact HTTP/1.1" 200 7229 "-" "Mozilla/5.0 (Macintosh; Intel Mac OS X 10_15_7) AppleWebKit/537.36 (KHTML, like Gecko) Chrome/133.0.0.0 Safari/537.36"
154.83.103.202 - - [26/Apr/2025:14:52:09 -0400] "GET /phpsysinfo.php HTTP/1.1" 404 6821 "-" "Mozilla/5.0 (Windows NT 10.0; Win64; x64) AppleWebKit/537.36 (KHTML, like Gecko) Chrome/91.0.4472.124 Safari/537.36"
52.169.149.163 - - [26/Apr/2025:14:52:10 -0400] "GET /css.php HTTP/1.1" 404 6825 "-" "-"
154.83.103.202 - - [26/Apr/2025:14:52:10 -0400] "GET /phpsysinfo/info.php HTTP/1.1" 404 6821 "-" "Mozilla/5.0 (Windows NT 10.0; Win64; x64) AppleWebKit/537.36 (KHTML, like Gecko) Chrome/91.0.4472.124 Safari/537.36"
154.83.103.202 - - [26/Apr/2025:14:52:11 -0400] "GET /phpsysinfo/phpinfo.php HTTP/1.1" 404 6821 "-" "Mozilla/5.0 (Windows NT 10.0; Win64; x64) AppleWebKit/537.36 (KHTML, like Gecko) Chrome/91.0.4472.124 Safari/537.36"
52.169.149.163 - - [26/Apr/2025:14:52:11 -0400] "GET /css.php/cloud.php HTTP/1.1" 404 6825 "-" "-"
154.83.103.202 - - [26/Apr/2025:14:52:12 -0400] "GET /phpsysinfo/phpsysinfo.php HTTP/1.1" 404 6821 "-" "Mozilla/5.0 (Windows NT 10.0; Win64; x64) AppleWebKit/537.36 (KHTML, like Gecko) Chrome/91.0.4472.124 Safari/537.36"
52.169.149.163 - - [26/Apr/2025:14:52:12 -0400] "GET /css.php?p= HTTP/1.1" 404 6825 "-" "-"
52.169.149.163 - - [26/Apr/2025:14:52:13 -0400] "GET /css/.tmp/ HTTP/1.1" 301 795 "-" "-"
154.83.103.202 - - [26/Apr/2025:14:52:13 -0400] "GET /phptest.php HTTP/1.1" 404 6821 "-" "Mozilla/5.0 (Windows NT 10.0; Win64; x64) AppleWebKit/537.36 (KHTML, like Gecko) Chrome/91.0.4472.124 Safari/537.36"
79.2.93.196 - - [26/Apr/2025:14:52:13 -0400] "POST /contact HTTP/1.1" 405 595 "-" "Mozilla/5.0 (Macintosh; Intel Mac OS X 10_15_7) AppleWebKit/537.36 (KHTML, like Gecko) Chrome/133.0.0.0 Safari/537.36"
52.169.149.163 - - [26/Apr/2025:14:52:14 -0400] "GET /public/css/.tmp HTTP/1.1" 404 6824 "-" "-"
54.36.148.97 - - [26/Apr/2025:14:52:14 -0400] "GET /blog/balancing-online-learning-work-and-personal-life-a-practical-guide HTTP/1.1" 200 11893 "-" "Mozilla/5.0 (compatible; AhrefsBot/7.0; +http://ahrefs.com/robot/)"
154.83.103.202 - - [26/Apr/2025:14:52:14 -0400] "GET /phpversion.php HTTP/1.1" 404 6821 "-" "Mozilla/5.0 (Windows NT 10.0; Win64; x64) AppleWebKit/537.36 (KHTML, like Gecko) Chrome/91.0.4472.124 Safari/537.36"
52.169.149.163 - - [26/Apr/2025:14:52:15 -0400] "GET /css/ALFA_DATA/alfacgiapi/perl.alfa.php HTTP/1.1" 404 6825 "-" "-"
79.2.93.196 - - [26/Apr/2025:14:52:16 -0400] "POST /contact HTTP/1.1" 405 595 "-" "Mozilla/5.0 (Windows NT 10.0; Win64; x64) AppleWebKit/537.36 (KHTML, like Gecko) Chrome/120.0.0.0 Safari/537.36"
154.83.103.202 - - [26/Apr/2025:14:52:16 -0400] "GET /pi.php HTTP/1.1" 404 6821 "-" "Mozilla/5.0 (Windows NT 10.0; Win64; x64) AppleWebKit/537.36 (KHTML, like Gecko) Chrome/91.0.4472.124 Safari/537.36"
52.169.149.163 - - [26/Apr/2025:14:52:16 -0400] "GET /css/admin.php HTTP/1.1" 404 6825 "-" "-"
154.83.103.202 - - [26/Apr/2025:14:52:17 -0400] "GET /pi.php5 HTTP/1.1" 404 6821 "-" "Mozilla/5.0 (Windows NT 10.0; Win64; x64) AppleWebKit/537.36 (KHTML, like Gecko) Chrome/91.0.4472.124 Safari/537.36"
154.83.103.202 - - [26/Apr/2025:14:52:18 -0400] "GET /pictures/.env HTTP/1.1" 403 1242 "-" "Mozilla/5.0 (Windows NT 10.0; Win64; x64) AppleWebKit/537.36 (KHTML, like Gecko) Chrome/91.0.4472.124 Safari/537.36"
52.169.149.163 - - [26/Apr/2025:14:52:18 -0400] "GET /css/cloud.php HTTP/1.1" 404 6825 "-" "-"
154.83.103.202 - - [26/Apr/2025:14:52:19 -0400] "GET /pinfo.php HTTP/1.1" 404 6821 "-" "Mozilla/5.0 (Windows NT 10.0; Win64; x64) AppleWebKit/537.36 (KHTML, like Gecko) Chrome/91.0.4472.124 Safari/537.36"
154.83.103.202 - - [26/Apr/2025:14:52:19 -0400] "GET /platform/.env HTTP/1.1" 403 1242 "-" "Mozilla/5.0 (Windows NT 10.0; Win64; x64) AppleWebKit/537.36 (KHTML, like Gecko) Chrome/91.0.4472.124 Safari/537.36"
154.83.103.202 - - [26/Apr/2025:14:52:19 -0400] "GET /playground/.env HTTP/1.1" 403 1242 "-" "Mozilla/5.0 (Windows NT 10.0; Win64; x64) AppleWebKit/537.36 (KHTML, like Gecko) Chrome/91.0.4472.124 Safari/537.36"
52.169.149.163 - - [26/Apr/2025:14:52:19 -0400] "GET /css/cong.php HTTP/1.1" 404 6825 "-" "-"
154.83.103.202 - - [26/Apr/2025:14:52:20 -0400] "GET /plugin_static/.env HTTP/1.1" 403 1242 "-" "Mozilla/5.0 (Windows NT 10.0; Win64; x64) AppleWebKit/537.36 (KHTML, like Gecko) Chrome/91.0.4472.124 Safari/537.36"
154.83.103.202 - - [26/Apr/2025:14:52:20 -0400] "GET /plugins/.env HTTP/1.1" 403 1242 "-" "Mozilla/5.0 (Windows NT 10.0; Win64; x64) AppleWebKit/537.36 (KHTML, like Gecko) Chrome/91.0.4472.124 Safari/537.36"
52.169.149.163 - - [26/Apr/2025:14:52:20 -0400] "GET /css/default.php HTTP/1.1" 404 6825 "-" "-"
154.83.103.202 - - [26/Apr/2025:14:52:21 -0400] "GET /post-deployment/.vscode/.env HTTP/1.1" 403 1242 "-" "Mozilla/5.0 (Windows NT 10.0; Win64; x64) AppleWebKit/537.36 (KHTML, like Gecko) Chrome/91.0.4472.124 Safari/537.36"
52.169.149.163 - - [26/Apr/2025:14:52:21 -0400] "GET /css/index.php HTTP/1.1" 200 14195 "-" "-"
52.169.149.163 - - [26/Apr/2025:14:52:22 -0400] "GET /css/nop.php HTTP/1.1" 404 6825 "-" "-"
154.83.103.202 - - [26/Apr/2025:14:52:23 -0400] "GET /postfixadmin/.env HTTP/1.1" 403 1242 "-" "Mozilla/5.0 (Windows NT 10.0; Win64; x64) AppleWebKit/537.36 (KHTML, like Gecko) Chrome/91.0.4472.124 Safari/537.36"
154.83.103.202 - - [26/Apr/2025:14:52:23 -0400] "GET /prestashop/.env HTTP/1.1" 403 1242 "-" "Mozilla/5.0 (Windows NT 10.0; Win64; x64) AppleWebKit/537.36 (KHTML, like Gecko) Chrome/91.0.4472.124 Safari/537.36"
154.83.103.202 - - [26/Apr/2025:14:52:24 -0400] "GET /preview-env/.env HTTP/1.1" 403 1242 "-" "Mozilla/5.0 (Windows NT 10.0; Win64; x64) AppleWebKit/537.36 (KHTML, like Gecko) Chrome/91.0.4472.124 Safari/537.36"
154.83.103.202 - - [26/Apr/2025:14:52:24 -0400] "GET /preview/.env HTTP/1.1" 403 1242 "-" "Mozilla/5.0 (Windows NT 10.0; Win64; x64) AppleWebKit/537.36 (KHTML, like Gecko) Chrome/91.0.4472.124 Safari/537.36"
52.169.149.163 - - [26/Apr/2025:14:52:23 -0400] "GET /css/wp-login.php HTTP/1.1" 404 6825 "-" "-"
154.83.103.202 - - [26/Apr/2025:14:52:24 -0400] "GET /price_hawk_client/.env HTTP/1.1" 403 1242 "-" "Mozilla/5.0 (Windows NT 10.0; Win64; x64) AppleWebKit/537.36 (KHTML, like Gecko) Chrome/91.0.4472.124 Safari/537.36"
154.83.103.202 - - [26/Apr/2025:14:52:24 -0400] "GET /prisma/.env HTTP/1.1" 403 1242 "-" "Mozilla/5.0 (Windows NT 10.0; Win64; x64) AppleWebKit/537.36 (KHTML, like Gecko) Chrome/91.0.4472.124 Safari/537.36"
154.83.103.202 - - [26/Apr/2025:14:52:25 -0400] "GET /private/.env HTTP/1.1" 403 1242 "-" "Mozilla/5.0 (Windows NT 10.0; Win64; x64) AppleWebKit/537.36 (KHTML, like Gecko) Chrome/91.0.4472.124 Safari/537.36"
52.169.149.163 - - [26/Apr/2025:14:52:24 -0400] "GET /csv.php HTTP/1.1" 404 6825 "-" "-"
154.83.103.202 - - [26/Apr/2025:14:52:25 -0400] "GET /processor/.env HTTP/1.1" 403 1242 "-" "Mozilla/5.0 (Windows NT 10.0; Win64; x64) AppleWebKit/537.36 (KHTML, like Gecko) Chrome/91.0.4472.124 Safari/537.36"
154.83.103.202 - - [26/Apr/2025:14:52:25 -0400] "GET /prod/.env HTTP/1.1" 403 1242 "-" "Mozilla/5.0 (Windows NT 10.0; Win64; x64) AppleWebKit/537.36 (KHTML, like Gecko) Chrome/91.0.4472.124 Safari/537.36"
52.169.149.163 - - [26/Apr/2025:14:52:25 -0400] "GET /custom-background.php HTTP/1.1" 404 6825 "-" "-"
154.83.103.202 - - [26/Apr/2025:14:52:27 -0400] "GET /product/.env.staging HTTP/1.1" 403 1242 "-" "Mozilla/5.0 (Windows NT 10.0; Win64; x64) AppleWebKit/537.36 (KHTML, like Gecko) Chrome/91.0.4472.124 Safari/537.36"
52.169.149.163 - - [26/Apr/2025:14:52:26 -0400] "GET /cux.php HTTP/1.1" 404 6825 "-" "-"
154.83.103.202 - - [26/Apr/2025:14:52:27 -0400] "GET /production/.env HTTP/1.1" 403 1242 "-" "Mozilla/5.0 (Windows NT 10.0; Win64; x64) AppleWebKit/537.36 (KHTML, like Gecko) Chrome/91.0.4472.124 Safari/537.36"
154.83.103.202 - - [26/Apr/2025:14:52:27 -0400] "GET /projbackend/.env HTTP/1.1" 403 1242 "-" "Mozilla/5.0 (Windows NT 10.0; Win64; x64) AppleWebKit/537.36 (KHTML, like Gecko) Chrome/91.0.4472.124 Safari/537.36"
154.83.103.202 - - [26/Apr/2025:14:52:28 -0400] "GET /project/.env HTTP/1.1" 403 1242 "-" "Mozilla/5.0 (Windows NT 10.0; Win64; x64) AppleWebKit/537.36 (KHTML, like Gecko) Chrome/91.0.4472.124 Safari/537.36"
52.169.149.163 - - [26/Apr/2025:14:52:27 -0400] "GET /d.php HTTP/1.1" 404 6825 "-" "-"
154.83.103.202 - - [26/Apr/2025:14:52:28 -0400] "GET /project_root/.env HTTP/1.1" 403 1242 "-" "Mozilla/5.0 (Windows NT 10.0; Win64; x64) AppleWebKit/537.36 (KHTML, like Gecko) Chrome/91.0.4472.124 Safari/537.36"
154.83.103.202 - - [26/Apr/2025:14:52:29 -0400] "GET /protected/.env HTTP/1.1" 403 1242 "-" "Mozilla/5.0 (Windows NT 10.0; Win64; x64) AppleWebKit/537.36 (KHTML, like Gecko) Chrome/91.0.4472.124 Safari/537.36"
154.83.103.202 - - [26/Apr/2025:14:52:29 -0400] "GET /psnlink/.env HTTP/1.1" 403 1242 "-" "Mozilla/5.0 (Windows NT 10.0; Win64; x64) AppleWebKit/537.36 (KHTML, like Gecko) Chrome/91.0.4472.124 Safari/537.36"
154.83.103.202 - - [26/Apr/2025:14:52:29 -0400] "GET /pt2/countries/src/.env HTTP/1.1" 403 1242 "-" "Mozilla/5.0 (Windows NT 10.0; Win64; x64) AppleWebKit/537.36 (KHTML, like Gecko) Chrome/91.0.4472.124 Safari/537.36"
52.169.149.163 - - [26/Apr/2025:14:52:28 -0400] "GET /d8Q4AflCtoJ.php HTTP/1.1" 404 6825 "-" "-"
154.83.103.202 - - [26/Apr/2025:14:52:29 -0400] "GET /pt8/library-backend-gql/.env HTTP/1.1" 403 1242 "-" "Mozilla/5.0 (Windows NT 10.0; Win64; x64) AppleWebKit/537.36 (KHTML, like Gecko) Chrome/91.0.4472.124 Safari/537.36"
154.83.103.202 - - [26/Apr/2025:14:52:29 -0400] "GET /pub/.env HTTP/1.1" 403 1242 "-" "Mozilla/5.0 (Windows NT 10.0; Win64; x64) AppleWebKit/537.36 (KHTML, like Gecko) Chrome/91.0.4472.124 Safari/537.36"
154.83.103.202 - - [26/Apr/2025:14:52:30 -0400] "GET /public/.env HTTP/1.1" 403 1242 "-" "Mozilla/5.0 (Windows NT 10.0; Win64; x64) AppleWebKit/537.36 (KHTML, like Gecko) Chrome/91.0.4472.124 Safari/537.36"
52.169.149.163 - - [26/Apr/2025:14:52:29 -0400] "GET /data.php HTTP/1.1" 404 6825 "-" "-"
154.83.103.202 - - [26/Apr/2025:14:52:30 -0400] "GET /public/system HTTP/1.1" 404 6830 "-" "Mozilla/5.0 (Windows NT 10.0; Win64; x64) AppleWebKit/537.36 (KHTML, like Gecko) Chrome/91.0.4472.124 Safari/537.36"
154.83.103.202 - - [26/Apr/2025:14:52:31 -0400] "GET /public_html/.env HTTP/1.1" 403 1242 "-" "Mozilla/5.0 (Windows NT 10.0; Win64; x64) AppleWebKit/537.36 (KHTML, like Gecko) Chrome/91.0.4472.124 Safari/537.36"
154.83.103.202 - - [26/Apr/2025:14:52:31 -0400] "GET /public_root/.env HTTP/1.1" 403 1242 "-" "Mozilla/5.0 (Windows NT 10.0; Win64; x64) AppleWebKit/537.36 (KHTML, like Gecko) Chrome/91.0.4472.124 Safari/537.36"
52.169.149.163 - - [26/Apr/2025:14:52:30 -0400] "GET /data/.backup.php HTTP/1.1" 404 6825 "-" "-"
154.83.103.202 - - [26/Apr/2025:14:52:31 -0400] "GET /q.php HTTP/1.1" 404 6821 "-" "Mozilla/5.0 (Windows NT 10.0; Win64; x64) AppleWebKit/537.36 (KHTML, like Gecko) Chrome/91.0.4472.124 Safari/537.36"
52.169.149.163 - - [26/Apr/2025:14:52:31 -0400] "GET /db.php HTTP/1.1" 404 6825 "-" "-"
154.83.103.202 - - [26/Apr/2025:14:52:32 -0400] "GET /qq.php HTTP/1.1" 404 6821 "-" "Mozilla/5.0 (Windows NT 10.0; Win64; x64) AppleWebKit/537.36 (KHTML, like Gecko) Chrome/91.0.4472.124 Safari/537.36"
52.169.149.163 - - [26/Apr/2025:14:52:32 -0400] "GET /defaul1.php HTTP/1.1" 404 6825 "-" "-"
154.83.103.202 - - [26/Apr/2025:14:52:33 -0400] "GET /question2/.env HTTP/1.1" 403 1242 "-" "Mozilla/5.0 (Windows NT 10.0; Win64; x64) AppleWebKit/537.36 (KHTML, like Gecko) Chrome/91.0.4472.124 Safari/537.36"
154.83.103.202 - - [26/Apr/2025:14:52:33 -0400] "GET /qv-frontend/.env HTTP/1.1" 403 1242 "-" "Mozilla/5.0 (Windows NT 10.0; Win64; x64) AppleWebKit/537.36 (KHTML, like Gecko) Chrome/91.0.4472.124 Safari/537.36"
154.83.103.202 - - [26/Apr/2025:14:52:33 -0400] "GET /rabbitmq-cluster/.env HTTP/1.1" 403 1242 "-" "Mozilla/5.0 (Windows NT 10.0; Win64; x64) AppleWebKit/537.36 (KHTML, like Gecko) Chrome/91.0.4472.124 Safari/537.36"
154.83.103.202 - - [26/Apr/2025:14:52:33 -0400] "GET /rails-api/react-app/.env HTTP/1.1" 403 1242 "-" "Mozilla/5.0 (Windows NT 10.0; Win64; x64) AppleWebKit/537.36 (KHTML, like Gecko) Chrome/91.0.4472.124 Safari/537.36"
154.83.103.202 - - [26/Apr/2025:14:52:34 -0400] "GET /rails/.env HTTP/1.1" 403 1242 "-" "Mozilla/5.0 (Windows NT 10.0; Win64; x64) AppleWebKit/537.36 (KHTML, like Gecko) Chrome/91.0.4472.124 Safari/537.36"
52.169.149.163 - - [26/Apr/2025:14:52:33 -0400] "GET /default.php HTTP/1.1" 404 6825 "-" "-"
52.169.149.163 - - [26/Apr/2025:14:52:34 -0400] "GET /defaults.php HTTP/1.1" 404 6825 "-" "-"
154.83.103.202 - - [26/Apr/2025:14:52:35 -0400] "GET /rasax/.env HTTP/1.1" 403 1242 "-" "Mozilla/5.0 (Windows NT 10.0; Win64; x64) AppleWebKit/537.36 (KHTML, like Gecko) Chrome/91.0.4472.124 Safari/537.36"
154.83.103.202 - - [26/Apr/2025:14:52:35 -0400] "GET /react/.env HTTP/1.1" 403 1242 "-" "Mozilla/5.0 (Windows NT 10.0; Win64; x64) AppleWebKit/537.36 (KHTML, like Gecko) Chrome/91.0.4472.124 Safari/537.36"
154.83.103.202 - - [26/Apr/2025:14:52:35 -0400] "GET /react_todo/.env HTTP/1.1" 403 1242 "-" "Mozilla/5.0 (Windows NT 10.0; Win64; x64) AppleWebKit/537.36 (KHTML, like Gecko) Chrome/91.0.4472.124 Safari/537.36"
52.169.149.163 - - [26/Apr/2025:14:52:35 -0400] "GET /dg6Umx2OrVh.php HTTP/1.1" 404 6825 "-" "-"
154.83.103.202 - - [26/Apr/2025:14:52:36 -0400] "GET /redmine/.env HTTP/1.1" 403 1242 "-" "Mozilla/5.0 (Windows NT 10.0; Win64; x64) AppleWebKit/537.36 (KHTML, like Gecko) Chrome/91.0.4472.124 Safari/537.36"
154.83.103.202 - - [26/Apr/2025:14:52:36 -0400] "GET /repo/.env HTTP/1.1" 403 1242 "-" "Mozilla/5.0 (Windows NT 10.0; Win64; x64) AppleWebKit/537.36 (KHTML, like Gecko) Chrome/91.0.4472.124 Safari/537.36"
154.83.103.202 - - [26/Apr/2025:14:52:36 -0400] "GET /repos/.env HTTP/1.1" 403 1242 "-" "Mozilla/5.0 (Windows NT 10.0; Win64; x64) AppleWebKit/537.36 (KHTML, like Gecko) Chrome/91.0.4472.124 Safari/537.36"
154.83.103.202 - - [26/Apr/2025:14:52:36 -0400] "GET /repository/.env HTTP/1.1" 403 1242 "-" "Mozilla/5.0 (Windows NT 10.0; Win64; x64) AppleWebKit/537.36 (KHTML, like Gecko) Chrome/91.0.4472.124 Safari/537.36"
154.83.103.202 - - [26/Apr/2025:14:52:36 -0400] "GET /resources/.env HTTP/1.1" 403 1242 "-" "Mozilla/5.0 (Windows NT 10.0; Win64; x64) AppleWebKit/537.36 (KHTML, like Gecko) Chrome/91.0.4472.124 Safari/537.36"
52.169.149.163 - - [26/Apr/2025:14:52:36 -0400] "GET /doc.php HTTP/1.1" 404 6825 "-" "-"
154.83.103.202 - - [26/Apr/2025:14:52:37 -0400] "GET /resources/docker/.env HTTP/1.1" 403 1242 "-" "Mozilla/5.0 (Windows NT 10.0; Win64; x64) AppleWebKit/537.36 (KHTML, like Gecko) Chrome/91.0.4472.124 Safari/537.36"
154.83.103.202 - - [26/Apr/2025:14:52:37 -0400] "GET /resources/docker/mysql/.env HTTP/1.1" 403 1242 "-" "Mozilla/5.0 (Windows NT 10.0; Win64; x64) AppleWebKit/537.36 (KHTML, like Gecko) Chrome/91.0.4472.124 Safari/537.36"
